[INFO] cloning repository https://github.com/iFeyz/ingestor-gateway
[INFO] running `Command { std: "git" "-c" "credential.helper=" "-c" "credential.helper=/workspace/cargo-home/bin/git-credential-null" "clone" "--bare" "https://github.com/iFeyz/ingestor-gateway" "/workspace/cache/git-repos/https%3A%2F%2Fgithub.com%2FiFeyz%2Fingestor-gateway", kill_on_drop: false }`
[INFO] [stderr] Cloning into bare repository '/workspace/cache/git-repos/https%3A%2F%2Fgithub.com%2FiFeyz%2Fingestor-gateway'...
[INFO] running `Command { std: "git" "rev-parse" "HEAD", kill_on_drop: false }`
[INFO] [stdout] cd57c7788d539303cde4fba75c52ca3e1fc2dae8
[INFO] testing iFeyz/ingestor-gateway against 1.100.0-beta.1 for beta-1.100-2
[INFO] running `Command { std: "git" "clone" "/workspace/cache/git-repos/https%3A%2F%2Fgithub.com%2FiFeyz%2Fingestor-gateway" "/workspace/builds/worker-6-tc2/source", kill_on_drop: false }`
[INFO] [stderr] Cloning into '/workspace/builds/worker-6-tc2/source'...
[INFO] [stderr] done.
[INFO] started tweaking git repo https://github.com/iFeyz/ingestor-gateway
[INFO] finished tweaking git repo https://github.com/iFeyz/ingestor-gateway
[INFO] tweaked toml for git repo https://github.com/iFeyz/ingestor-gateway written to /workspace/builds/worker-6-tc2/source/Cargo.toml
[INFO] validating manifest of git repo https://github.com/iFeyz/ingestor-gateway on toolchain 1.100.0-beta.1
[INFO] running `Command { std: CARGO_HOME="/workspace/cargo-home" RUSTUP_HOME="/workspace/rustup-home" "/workspace/cargo-home/bin/cargo" "+1.100.0-beta.1" "metadata" "--manifest-path" "Cargo.toml" "--no-deps", kill_on_drop: false }`
[INFO] crate git repo https://github.com/iFeyz/ingestor-gateway already has a lockfile, it will not be regenerated
[INFO] running `Command { std: CARGO_HOME="/workspace/cargo-home" RUSTUP_HOME="/workspace/rustup-home" "/workspace/cargo-home/bin/cargo" "+1.100.0-beta.1" "fetch" "--manifest-path" "Cargo.toml", kill_on_drop: false }`
[INFO] [stderr]     Blocking waiting for file lock on package cache
[ERROR] error running command: no output for 300 seconds
[INFO] testing iFeyz/ingestor-gateway against 1.100.0-beta.1 for beta-1.100-2
[INFO] running `Command { std: "git" "clone" "/workspace/cache/git-repos/https%3A%2F%2Fgithub.com%2FiFeyz%2Fingestor-gateway" "/workspace/builds/worker-6-tc2/source", kill_on_drop: false }`
[INFO] [stderr] Cloning into '/workspace/builds/worker-6-tc2/source'...
[INFO] [stderr] done.
[INFO] started tweaking git repo https://github.com/iFeyz/ingestor-gateway
[INFO] finished tweaking git repo https://github.com/iFeyz/ingestor-gateway
[INFO] tweaked toml for git repo https://github.com/iFeyz/ingestor-gateway written to /workspace/builds/worker-6-tc2/source/Cargo.toml
[INFO] validating manifest of git repo https://github.com/iFeyz/ingestor-gateway on toolchain 1.100.0-beta.1
[INFO] running `Command { std: CARGO_HOME="/workspace/cargo-home" RUSTUP_HOME="/workspace/rustup-home" "/workspace/cargo-home/bin/cargo" "+1.100.0-beta.1" "metadata" "--manifest-path" "Cargo.toml" "--no-deps", kill_on_drop: false }`
[INFO] crate git repo https://github.com/iFeyz/ingestor-gateway already has a lockfile, it will not be regenerated
[INFO] running `Command { std: CARGO_HOME="/workspace/cargo-home" RUSTUP_HOME="/workspace/rustup-home" "/workspace/cargo-home/bin/cargo" "+1.100.0-beta.1" "fetch" "--manifest-path" "Cargo.toml", kill_on_drop: false }`
[INFO] [stderr]     Blocking waiting for file lock on package cache
[ERROR] error running command: no output for 300 seconds
[INFO] testing iFeyz/ingestor-gateway against 1.100.0-beta.1 for beta-1.100-2
[INFO] running `Command { std: "git" "clone" "/workspace/cache/git-repos/https%3A%2F%2Fgithub.com%2FiFeyz%2Fingestor-gateway" "/workspace/builds/worker-6-tc2/source", kill_on_drop: false }`
[INFO] [stderr] Cloning into '/workspace/builds/worker-6-tc2/source'...
[INFO] [stderr] done.
[INFO] started tweaking git repo https://github.com/iFeyz/ingestor-gateway
[INFO] finished tweaking git repo https://github.com/iFeyz/ingestor-gateway
[INFO] tweaked toml for git repo https://github.com/iFeyz/ingestor-gateway written to /workspace/builds/worker-6-tc2/source/Cargo.toml
[INFO] validating manifest of git repo https://github.com/iFeyz/ingestor-gateway on toolchain 1.100.0-beta.1
[INFO] running `Command { std: CARGO_HOME="/workspace/cargo-home" RUSTUP_HOME="/workspace/rustup-home" "/workspace/cargo-home/bin/cargo" "+1.100.0-beta.1" "metadata" "--manifest-path" "Cargo.toml" "--no-deps", kill_on_drop: false }`
[INFO] crate git repo https://github.com/iFeyz/ingestor-gateway already has a lockfile, it will not be regenerated
[INFO] running `Command { std: CARGO_HOME="/workspace/cargo-home" RUSTUP_HOME="/workspace/rustup-home" "/workspace/cargo-home/bin/cargo" "+1.100.0-beta.1" "fetch" "--manifest-path" "Cargo.toml", kill_on_drop: false }`
[INFO] [stderr]     Blocking waiting for file lock on package cache
[INFO] [stderr]     Blocking waiting for file lock on package cache
[INFO] running `Command { std: "docker" "create" "-v" "/var/lib/crater-agent-workspace/builds/worker-6-tc2/source:/opt/rustwide/workdir:ro,Z" "-v" "/var/lib/crater-agent-workspace/builds/worker-6-tc2/target:/opt/rustwide/target:rw,Z" "-v" "/var/lib/crater-agent-workspace/cargo-home:/opt/rustwide/cargo-home:ro,Z" "-v" "/var/lib/crater-agent-workspace/rustup-home:/opt/rustwide/rustup-home:ro,Z" "-m" "1610612736" "--network" "none" "ghcr.io/rust-lang/crates-build-env/linux@sha256:3111399a4047eeb3a02b7a90e478d715f38a8c6669b5c4b49d30a17385265909" "sleep" "infinity", kill_on_drop: false }`
[INFO] [stdout] 8ff7249e3c6025e2481d14602b61252916bf532a47d285b25d3c0b5265c32518
[INFO] running `Command { std: "docker" "start" "8ff7249e3c6025e2481d14602b61252916bf532a47d285b25d3c0b5265c32518", kill_on_drop: false }`
[INFO] running `Command { std: "docker" "inspect" "8ff7249e3c6025e2481d14602b61252916bf532a47d285b25d3c0b5265c32518", kill_on_drop: false }`
[INFO] running `Command { std: "docker" "exec" "-e" "SOURCE_DIR=/opt/rustwide/workdir" "-e" "CARGO_HOME=/opt/rustwide/cargo-home" "-e" "RUSTUP_HOME=/opt/rustwide/rustup-home" "-e" "CARGO_TARGET_DIR=/opt/rustwide/target" "-w" "/opt/rustwide/workdir" "--user" "0:0" "8ff7249e3c6025e2481d14602b61252916bf532a47d285b25d3c0b5265c32518" "/opt/rustwide/cargo-home/bin/cargo" "+1.100.0-beta.1" "metadata" "--no-deps" "--format-version=1", kill_on_drop: false }`
[INFO] running `Command { std: "docker" "inspect" "8ff7249e3c6025e2481d14602b61252916bf532a47d285b25d3c0b5265c32518", kill_on_drop: false }`
[INFO] running `Command { std: "docker" "exec" "-e" "SOURCE_DIR=/opt/rustwide/workdir" "-e" "CARGO_HOME=/opt/rustwide/cargo-home" "-e" "RUSTUP_HOME=/opt/rustwide/rustup-home" "-e" "CARGO_TARGET_DIR=/opt/rustwide/target" "-e" "CARGO_INCREMENTAL=0" "-e" "RUST_BACKTRACE=full" "-e" "RUSTFLAGS=--cap-lints=warn" "-e" "RUSTDOCFLAGS=--cap-lints=warn" "-w" "/opt/rustwide/workdir" "--user" "0:0" "8ff7249e3c6025e2481d14602b61252916bf532a47d285b25d3c0b5265c32518" "/opt/rustwide/cargo-home/bin/cargo" "+1.100.0-beta.1" "build" "--frozen" "--message-format=json", kill_on_drop: false }`
[INFO] [stderr] warning: output filename collision at /opt/rustwide/target/debug/test_client
[INFO] [stderr]   |
[INFO] [stderr]   = note: the bin target `test_client` in package `ingestor v0.1.0 (/opt/rustwide/workdir/ingestor)` has the same output filename as the bin target `test_client` in package `gateway v0.1.0 (/opt/rustwide/workdir/gateway)`
[INFO] [stderr]   = note: this may become a hard error in the future; see <https://github.com/rust-lang/cargo/issues/6313>
[INFO] [stderr]   = help: consider changing their names to be unique or compiling them separately
[INFO] [stderr] warning: output filename collision at /opt/rustwide/target/debug/test_client.dwp
[INFO] [stderr]   |
[INFO] [stderr]   = note: the bin target `test_client` in package `ingestor v0.1.0 (/opt/rustwide/workdir/ingestor)` has the same output filename as the bin target `test_client` in package `gateway v0.1.0 (/opt/rustwide/workdir/gateway)`
[INFO] [stderr]   = note: this may become a hard error in the future; see <https://github.com/rust-lang/cargo/issues/6313>
[INFO] [stderr]   = help: consider changing their names to be unique or compiling them separately
[INFO] [stderr]    Compiling proc-macro2 v1.0.103
[INFO] [stderr]    Compiling unicode-ident v1.0.22
[INFO] [stderr]    Compiling quote v1.0.42
[INFO] [stderr]    Compiling libc v0.2.178
[INFO] [stderr]    Compiling serde_core v1.0.228
[INFO] [stderr]    Compiling serde v1.0.228
[INFO] [stderr]    Compiling memchr v2.7.6
[INFO] [stderr]    Compiling find-msvc-tools v0.1.5
[INFO] [stderr]    Compiling slab v0.4.11
[INFO] [stderr]    Compiling futures-io v0.3.31
[INFO] [stderr]    Compiling zerocopy v0.8.31
[INFO] [stderr]    Compiling either v1.15.0
[INFO] [stderr]    Compiling anyhow v1.0.100
[INFO] [stderr]    Compiling tracing-core v0.1.35
[INFO] [stderr]    Compiling crypto-common v0.1.7
[INFO] [stderr]    Compiling ahash v0.7.8
[INFO] [stderr]    Compiling indexmap v2.12.1
[INFO] [stderr]    Compiling digest v0.10.7
[INFO] [stderr]    Compiling cc v1.2.49
[INFO] [stderr]    Compiling itertools v0.14.0
[INFO] [stderr]    Compiling semver v1.0.27
[INFO] [stderr]    Compiling base64ct v1.8.1
[INFO] [stderr]    Compiling num-traits v0.2.19
[INFO] [stderr]    Compiling ucd-trie v0.1.7
[INFO] [stderr]    Compiling const-oid v0.9.6
[INFO] [stderr]    Compiling pem-rfc7468 v0.7.0
[INFO] [stderr]    Compiling rustc_version v0.4.1
[INFO] [stderr]    Compiling signature v2.2.0
[INFO] [stderr]    Compiling aho-corasick v1.1.4
[INFO] [stderr]    Compiling pest v2.8.4
[INFO] [stderr]    Compiling rustix v1.1.2
[INFO] [stderr]    Compiling der v0.7.10
[INFO] [stderr]    Compiling curve25519-dalek v4.1.3
[INFO] [stderr]    Compiling regex-syntax v0.8.8
[INFO] [stderr]    Compiling linux-raw-sys v0.11.0
[INFO] [stderr]    Compiling bytes v1.11.0
[INFO] [stderr]    Compiling byteorder v1.5.0
[INFO] [stderr]    Compiling syn v2.0.111
[INFO] [stderr]    Compiling serde_json v1.0.145
[INFO] [stderr]    Compiling bitflags v2.10.0
[INFO] [stderr]    Compiling rustls v0.21.12
[INFO] [stderr]    Compiling data-encoding v2.9.0
[INFO] [stderr]    Compiling getrandom v0.2.16
[INFO] [stderr]    Compiling parking_lot_core v0.9.12
[INFO] [stderr]    Compiling socket2 v0.6.1
[INFO] [stderr]    Compiling mio v1.1.1
[INFO] [stderr]    Compiling signal-hook-registry v1.4.7
[INFO] [stderr]    Compiling rand_core v0.6.4
[INFO] [stderr]    Compiling parking_lot v0.12.5
[INFO] [stderr]    Compiling ring v0.17.14
[INFO] [stderr]    Compiling openssl-sys v0.9.111
[INFO] [stderr]    Compiling hashbrown v0.12.3
[INFO] [stderr]    Compiling pest_meta v2.8.4
[INFO] [stderr]    Compiling spki v0.7.3
[INFO] [stderr]    Compiling prettyplease v0.2.37
[INFO] [stderr]    Compiling ppv-lite86 v0.2.21
[INFO] [stderr]    Compiling getrandom v0.3.4
[INFO] [stderr]    Compiling pkcs8 v0.10.2
[INFO] [stderr]    Compiling ring v0.16.20
[INFO] [stderr]    Compiling ed25519 v2.2.3
[INFO] [stderr]    Compiling sha2 v0.10.9
[INFO] [stderr]    Compiling fastrand v2.3.0
[INFO] [stderr]    Compiling rand_chacha v0.3.1
[INFO] [stderr]    Compiling fixedbitset v0.5.7
[INFO] [stderr]    Compiling dlv-list v0.3.0
[INFO] [stderr]    Compiling openssl v0.10.75
[INFO] [stderr]    Compiling rustversion v1.0.22
[INFO] [stderr]    Compiling regex-automata v0.4.13
[INFO] [stderr]    Compiling rand v0.8.5
[INFO] [stderr]    Compiling ordered-multimap v0.4.3
[INFO] [stderr]    Compiling signatory v0.27.1
[INFO] [stderr]    Compiling petgraph v0.7.1
[INFO] [stderr]    Compiling socket2 v0.5.10
[INFO] [stderr]    Compiling num-integer v0.1.46
[INFO] [stderr]    Compiling indexmap v1.9.3
[INFO] [stderr]    Compiling num-conv v0.1.0
[INFO] [stderr]    Compiling spin v0.5.2
[INFO] [stderr]    Compiling time-core v0.1.6
[INFO] [stderr]    Compiling untrusted v0.7.1
[INFO] [stderr]    Compiling sync_wrapper v1.0.2
[INFO] [stderr]    Compiling bitflags v1.3.2
[INFO] [stderr]    Compiling linked-hash-map v0.5.6
[INFO] [stderr]    Compiling multimap v0.10.1
[INFO] [stderr]    Compiling base64 v0.13.1
[INFO] [stderr]    Compiling yaml-rust v0.4.5
[INFO] [stderr]    Compiling native-tls v0.2.14
[INFO] [stderr]    Compiling nom v7.1.3
[INFO] [stderr]    Compiling backon v1.6.0
[INFO] [stderr]    Compiling deranged v0.5.5
[INFO] [stderr]    Compiling nuid v0.5.0
[INFO] [stderr]    Compiling num-bigint v0.4.6
[INFO] [stderr]    Compiling rust-ini v0.18.0
[INFO] [stderr]    Compiling tempfile v3.23.0
[INFO] [stderr]    Compiling rustls-native-certs v0.6.3
[INFO] [stderr]    Compiling sharded-slab v0.1.7
[INFO] [stderr]    Compiling tracing-log v0.2.0
[INFO] [stderr]    Compiling itertools v0.13.0
[INFO] [stderr]    Compiling regex v1.12.2
[INFO] [stderr]    Compiling thread_local v1.1.9
[INFO] [stderr]    Compiling sha1_smol v1.0.1
[INFO] [stderr]    Compiling hashbrown v0.14.5
[INFO] [stderr]    Compiling pathdiff v0.2.3
[INFO] [stderr]    Compiling arc-swap v1.7.1
[INFO] [stderr]    Compiling iana-time-zone v0.1.64
[INFO] [stderr]    Compiling nu-ansi-term v0.50.3
[INFO] [stderr]    Compiling chrono v0.4.42
[INFO] [stderr]    Compiling dashmap v5.5.3
[INFO] [stderr]    Compiling matchit v0.7.3
[INFO] [stderr]    Compiling sha1 v0.10.6
[INFO] [stderr]    Compiling utf-8 v0.7.6
[INFO] [stderr]    Compiling uuid v1.19.0
[INFO] [stderr]    Compiling synstructure v0.13.2
[INFO] [stderr]    Compiling pest_generator v2.8.4
[INFO] [stderr]    Compiling serde_derive v1.0.228
[INFO] [stderr]    Compiling zerofrom-derive v0.1.6
[INFO] [stderr]    Compiling yoke-derive v0.8.1
[INFO] [stderr]    Compiling tokio-macros v2.6.0
[INFO] [stderr]    Compiling zerovec-derive v0.11.2
[INFO] [stderr]    Compiling displaydoc v0.2.5
[INFO] [stderr]    Compiling futures-macro v0.3.31
[INFO] [stderr]    Compiling tracing-attributes v0.1.31
[INFO] [stderr]    Compiling prost-derive v0.13.5
[INFO] [stderr]    Compiling pin-project-internal v1.1.10
[INFO] [stderr]    Compiling async-trait v0.1.89
[INFO] [stderr]    Compiling thiserror-impl v1.0.69
[INFO] [stderr]    Compiling curve25519-dalek-derive v0.1.1
[INFO] [stderr]    Compiling pest_derive v2.8.4
[INFO] [stderr]    Compiling openssl-macros v0.1.1
[INFO] [stderr]    Compiling futures-util v0.3.31
[INFO] [stderr]    Compiling rustls-webpki v0.101.7
[INFO] [stderr]    Compiling sct v0.7.1
[INFO] [stderr]    Compiling matchers v0.2.0
[INFO] [stderr]    Compiling serde_repr v0.1.20
[INFO] [stderr]    Compiling async-stream-impl v0.3.6
[INFO] [stderr]    Compiling pin-project v1.1.10
[INFO] [stderr]    Compiling tracing v0.1.43
[INFO] [stderr]    Compiling zerofrom v0.1.6
[INFO] [stderr]    Compiling yoke v0.8.1
[INFO] [stderr]    Compiling tracing-subscriber v0.3.22
[INFO] [stderr]    Compiling prost v0.13.5
[INFO] [stderr]    Compiling zerovec v0.11.5
[INFO] [stderr]    Compiling zerotrie v0.2.3
[INFO] [stderr]    Compiling async-stream v0.3.6
[INFO] [stderr]    Compiling thiserror v1.0.69
[INFO] [stderr]    Compiling ed25519-dalek v2.2.0
[INFO] [stderr]    Compiling nkeys v0.3.2
[INFO] [stderr]    Compiling prost-types v0.13.5
[INFO] [stderr]    Compiling tinystr v0.8.2
[INFO] [stderr]    Compiling potential_utf v0.1.4
[INFO] [stderr]    Compiling icu_locale_core v2.1.1
[INFO] [stderr]    Compiling icu_collections v2.1.1
[INFO] [stderr]    Compiling icu_provider v2.1.1
[INFO] [stderr]    Compiling icu_normalizer v2.1.1
[INFO] [stderr]    Compiling icu_properties v2.1.2
[INFO] [stderr]    Compiling json5 v0.4.1
[INFO] [stderr]    Compiling toml v0.5.11
[INFO] [stderr]    Compiling serde_nanos v0.1.4
[INFO] [stderr]    Compiling ron v0.7.1
[INFO] [stderr]    Compiling time v0.3.44
[INFO] [stderr]    Compiling prost-build v0.13.5
[INFO] [stderr]    Compiling futures-executor v0.3.31
[INFO] [stderr]    Compiling tower v0.5.2
[INFO] [stderr]    Compiling futures v0.3.31
[INFO] [stderr]    Compiling tokio v1.48.0
[INFO] [stderr]    Compiling http v1.4.0
[INFO] [stderr]    Compiling http v0.2.12
[INFO] [stderr]    Compiling tonic-build v0.12.3
[INFO] [stderr]    Compiling config v0.13.4
[INFO] [stderr]    Compiling gateway v0.1.0 (/opt/rustwide/workdir/gateway)
[INFO] [stderr]    Compiling http-body v1.0.1
[INFO] [stderr]    Compiling idna_adapter v1.2.1
[INFO] [stderr]    Compiling http-body-util v0.1.3
[INFO] [stderr]    Compiling idna v1.1.0
[INFO] [stderr]    Compiling axum-core v0.4.5
[INFO] [stderr]    Compiling url v2.5.7
[INFO] [stderr]    Compiling tungstenite v0.21.0
[INFO] [stderr]    Compiling axum v0.7.9
[INFO] [stderr]    Compiling tokio-util v0.7.17
[INFO] [stderr]    Compiling tokio-retry v0.3.0
[INFO] [stderr]    Compiling tokio-rustls v0.24.1
[INFO] [stderr]    Compiling tokio-stream v0.1.17
[INFO] [stderr]    Compiling tokio-native-tls v0.3.1
[INFO] [stderr]    Compiling tokio-tungstenite v0.21.0
[INFO] [stderr]    Compiling async-nats v0.32.1
[INFO] [stderr]    Compiling h2 v0.4.12
[INFO] [stderr]    Compiling combine v4.6.7
[INFO] [stderr]    Compiling tower v0.4.13
[INFO] [stderr]    Compiling hyper v1.8.1
[INFO] [stderr]    Compiling hyper-util v0.1.19
[INFO] [stderr]    Compiling redis v0.27.6
[INFO] [stderr]    Compiling hyper-timeout v0.5.2
[INFO] [stderr]    Compiling tonic v0.12.3
[INFO] [stdout] warning: unused import: `Subscriber`
[INFO] [stdout]  --> gateway/src/nats/dispatcher.rs:2:26
[INFO] [stdout]   |
[INFO] [stdout] 2 | use async_nats::{Client, Subscriber};
[INFO] [stdout]   |                          ^^^^^^^^^^
[INFO] [stdout]   |
[INFO] [stdout]   = note: `#[warn(unused_imports)]` (part of `#[warn(unused)]`) on by default
[INFO] [stdout] 
[INFO] [stdout] 
[INFO] [stdout] warning: unused import: `chrono`
[INFO] [stdout]  --> gateway/src/nats/dispatcher.rs:5:5
[INFO] [stdout]   |
[INFO] [stdout] 5 | use chrono;
[INFO] [stdout]   |     ^^^^^^
[INFO] [stdout] 
[INFO] [stdout] 
[INFO] [stdout] error[E0277]: the trait bound `!: FromRedisValue` is not satisfied
[INFO] [stdout]     --> gateway/src/redis/coordinator.rs:92:18
[INFO] [stdout]      |
[INFO] [stdout]   92 |             conn.set_ex(
[INFO] [stdout]      |                  ^^^^^^ the trait `FromRedisValue` is not implemented for `!`
[INFO] [stdout]      |
[INFO] [stdout]      = help: the following other types implement trait `FromRedisValue`:
[INFO] [stdout]                ()
[INFO] [stdout]                (T12,)
[INFO] [stdout]                (T11, T12)
[INFO] [stdout]                (T10, T11, T12)
[INFO] [stdout]                (T9, T10, T11, T12)
[INFO] [stdout]                (T8, T9, T10, T11, T12)
[INFO] [stdout]                (T7, T8, T9, T10, T11, T12)
[INFO] [stdout]                (T6, T7, T8, T9, T10, T11, T12)
[INFO] [stdout]              and 51 others
[INFO] [stdout]      = note: this error might have been caused by changes to Rust's type-inference algorithm (see issue #148922 <https://github.com/rust-lang/rust/issues/148922> for more information)
[INFO] [stdout]      = help: you might have intended to use the type `()` here instead
[INFO] [stdout] note: required by a bound in `redis::AsyncCommands::set_ex`
[INFO] [stdout]     --> /opt/rustwide/cargo-home/registry/src/index.crates.io-1949cf8c6b5b557f/redis-0.27.6/src/commands/macros.rs:177:25
[INFO] [stdout]      |
[INFO] [stdout]  167 |           pub trait AsyncCommands : crate::aio::ConnectionLike + Send + Sized {
[INFO] [stdout] ...
[INFO] [stdout]  177 |                       RV: FromRedisValue,
[INFO] [stdout]      |                           ^^^^^^^^^^^^^^ required by this bound in `AsyncCommands::set_ex`
[INFO] [stdout]      |
[INFO] [stdout]     ::: /opt/rustwide/cargo-home/registry/src/index.crates.io-1949cf8c6b5b557f/redis-0.27.6/src/commands/mod.rs:136:1
[INFO] [stdout]      |
[INFO] [stdout]  136 | / implement_commands! {
[INFO] [stdout]  137 | |     'a
[INFO] [stdout] ...    |
[INFO] [stdout]  178 | |     fn set_ex<K: ToRedisArgs, V: ToRedisArgs>(key: K, value: V, seconds: u64) {
[INFO] [stdout] ...    |
[INFO] [stdout] 2194 | | }
[INFO] [stdout]      | |_- in this macro invocation
[INFO] [stdout]      = note: this error originates in the macro `implement_commands` (in Nightly builds, run with -Z macro-backtrace for more info)
[INFO] [stdout] 
[INFO] [stdout] 
[INFO] [stdout] error[E0277]: the trait bound `!: FromRedisValue` is not satisfied
[INFO] [stdout]     --> gateway/src/redis/coordinator.rs:147:18
[INFO] [stdout]      |
[INFO] [stdout]  147 |             conn.del(&ttl_key).await?;
[INFO] [stdout]      |                  ^^^ the trait `FromRedisValue` is not implemented for `!`
[INFO] [stdout]      |
[INFO] [stdout]      = help: the following other types implement trait `FromRedisValue`:
[INFO] [stdout]                ()
[INFO] [stdout]                (T12,)
[INFO] [stdout]                (T11, T12)
[INFO] [stdout]                (T10, T11, T12)
[INFO] [stdout]                (T9, T10, T11, T12)
[INFO] [stdout]                (T8, T9, T10, T11, T12)
[INFO] [stdout]                (T7, T8, T9, T10, T11, T12)
[INFO] [stdout]                (T6, T7, T8, T9, T10, T11, T12)
[INFO] [stdout]              and 51 others
[INFO] [stdout]      = note: this error might have been caused by changes to Rust's type-inference algorithm (see issue #148922 <https://github.com/rust-lang/rust/issues/148922> for more information)
[INFO] [stdout]      = help: you might have intended to use the type `()` here instead
[INFO] [stdout] note: required by a bound in `redis::AsyncCommands::del`
[INFO] [stdout]     --> /opt/rustwide/cargo-home/registry/src/index.crates.io-1949cf8c6b5b557f/redis-0.27.6/src/commands/macros.rs:177:25
[INFO] [stdout]      |
[INFO] [stdout]  167 |           pub trait AsyncCommands : crate::aio::ConnectionLike + Send + Sized {
[INFO] [stdout] ...
[INFO] [stdout]  177 |                       RV: FromRedisValue,
[INFO] [stdout]      |                           ^^^^^^^^^^^^^^ required by this bound in `AsyncCommands::del`
[INFO] [stdout]      |
[INFO] [stdout]     ::: /opt/rustwide/cargo-home/registry/src/index.crates.io-1949cf8c6b5b557f/redis-0.27.6/src/commands/mod.rs:136:1
[INFO] [stdout]      |
[INFO] [stdout]  136 | / implement_commands! {
[INFO] [stdout]  137 | |     'a
[INFO] [stdout] ...    |
[INFO] [stdout]  213 | |     fn del<K: ToRedisArgs>(key: K) {
[INFO] [stdout] ...    |
[INFO] [stdout] 2194 | | }
[INFO] [stdout]      | |_- in this macro invocation
[INFO] [stdout]      = note: this error originates in the macro `implement_commands` (in Nightly builds, run with -Z macro-backtrace for more info)
[INFO] [stdout] 
[INFO] [stdout] 
[INFO] [stdout] error[E0277]: the trait bound `!: FromRedisValue` is not satisfied
[INFO] [stdout]     --> gateway/src/redis/coordinator.rs:150:22
[INFO] [stdout]      |
[INFO] [stdout]  150 |                 conn.hdel(&key, &field).await?;
[INFO] [stdout]      |                      ^^^^ the trait `FromRedisValue` is not implemented for `!`
[INFO] [stdout]      |
[INFO] [stdout]      = help: the following other types implement trait `FromRedisValue`:
[INFO] [stdout]                ()
[INFO] [stdout]                (T12,)
[INFO] [stdout]                (T11, T12)
[INFO] [stdout]                (T10, T11, T12)
[INFO] [stdout]                (T9, T10, T11, T12)
[INFO] [stdout]                (T8, T9, T10, T11, T12)
[INFO] [stdout]                (T7, T8, T9, T10, T11, T12)
[INFO] [stdout]                (T6, T7, T8, T9, T10, T11, T12)
[INFO] [stdout]              and 51 others
[INFO] [stdout]      = note: this error might have been caused by changes to Rust's type-inference algorithm (see issue #148922 <https://github.com/rust-lang/rust/issues/148922> for more information)
[INFO] [stdout]      = help: you might have intended to use the type `()` here instead
[INFO] [stdout] note: required by a bound in `redis::AsyncCommands::hdel`
[INFO] [stdout]     --> /opt/rustwide/cargo-home/registry/src/index.crates.io-1949cf8c6b5b557f/redis-0.27.6/src/commands/macros.rs:177:25
[INFO] [stdout]      |
[INFO] [stdout]  167 |           pub trait AsyncCommands : crate::aio::ConnectionLike + Send + Sized {
[INFO] [stdout] ...
[INFO] [stdout]  177 |                       RV: FromRedisValue,
[INFO] [stdout]      |                           ^^^^^^^^^^^^^^ required by this bound in `AsyncCommands::hdel`
[INFO] [stdout]      |
[INFO] [stdout]     ::: /opt/rustwide/cargo-home/registry/src/index.crates.io-1949cf8c6b5b557f/redis-0.27.6/src/commands/mod.rs:136:1
[INFO] [stdout]      |
[INFO] [stdout]  136 | / implement_commands! {
[INFO] [stdout]  137 | |     'a
[INFO] [stdout] ...    |
[INFO] [stdout]  384 | |     fn hdel<K: ToRedisArgs, F: ToRedisArgs>(key: K, field: F) {
[INFO] [stdout] ...    |
[INFO] [stdout] 2194 | | }
[INFO] [stdout]      | |_- in this macro invocation
[INFO] [stdout]      = note: this error originates in the macro `implement_commands` (in Nightly builds, run with -Z macro-backtrace for more info)
[INFO] [stdout] 
[INFO] [stdout] 
[INFO] [stdout] error[E0277]: the trait bound `!: FromRedisValue` is not satisfied
[INFO] [stdout]     --> gateway/src/redis/coordinator.rs:244:42
[INFO] [stdout]      |
[INFO] [stdout]  244 | ...                   conn.hdel(&key, &field).await?;
[INFO] [stdout]      |                            ^^^^ the trait `FromRedisValue` is not implemented for `!`
[INFO] [stdout]      |
[INFO] [stdout]      = help: the following other types implement trait `FromRedisValue`:
[INFO] [stdout]                ()
[INFO] [stdout]                (T12,)
[INFO] [stdout]                (T11, T12)
[INFO] [stdout]                (T10, T11, T12)
[INFO] [stdout]                (T9, T10, T11, T12)
[INFO] [stdout]                (T8, T9, T10, T11, T12)
[INFO] [stdout]                (T7, T8, T9, T10, T11, T12)
[INFO] [stdout]                (T6, T7, T8, T9, T10, T11, T12)
[INFO] [stdout]              and 51 others
[INFO] [stdout]      = note: this error might have been caused by changes to Rust's type-inference algorithm (see issue #148922 <https://github.com/rust-lang/rust/issues/148922> for more information)
[INFO] [stdout]      = help: you might have intended to use the type `()` here instead
[INFO] [stdout] note: required by a bound in `redis::AsyncCommands::hdel`
[INFO] [stdout]     --> /opt/rustwide/cargo-home/registry/src/index.crates.io-1949cf8c6b5b557f/redis-0.27.6/src/commands/macros.rs:177:25
[INFO] [stdout]      |
[INFO] [stdout]  167 |           pub trait AsyncCommands : crate::aio::ConnectionLike + Send + Sized {
[INFO] [stdout] ...
[INFO] [stdout]  177 |                       RV: FromRedisValue,
[INFO] [stdout]      |                           ^^^^^^^^^^^^^^ required by this bound in `AsyncCommands::hdel`
[INFO] [stdout]      |
[INFO] [stdout]     ::: /opt/rustwide/cargo-home/registry/src/index.crates.io-1949cf8c6b5b557f/redis-0.27.6/src/commands/mod.rs:136:1
[INFO] [stdout]      |
[INFO] [stdout]  136 | / implement_commands! {
[INFO] [stdout]  137 | |     'a
[INFO] [stdout] ...    |
[INFO] [stdout]  384 | |     fn hdel<K: ToRedisArgs, F: ToRedisArgs>(key: K, field: F) {
[INFO] [stdout] ...    |
[INFO] [stdout] 2194 | | }
[INFO] [stdout]      | |_- in this macro invocation
[INFO] [stdout]      = note: this error originates in the macro `implement_commands` (in Nightly builds, run with -Z macro-backtrace for more info)
[INFO] [stdout] 
[INFO] [stdout] 
[INFO] [stdout] error[E0277]: the trait bound `!: FromRedisValue` is not satisfied
[INFO] [stdout]     --> gateway/src/redis/coordinator.rs:275:14
[INFO] [stdout]      |
[INFO] [stdout]  275 |         conn.del(key).await?;
[INFO] [stdout]      |              ^^^ the trait `FromRedisValue` is not implemented for `!`
[INFO] [stdout]      |
[INFO] [stdout]      = help: the following other types implement trait `FromRedisValue`:
[INFO] [stdout]                ()
[INFO] [stdout]                (T12,)
[INFO] [stdout]                (T11, T12)
[INFO] [stdout]                (T10, T11, T12)
[INFO] [stdout]                (T9, T10, T11, T12)
[INFO] [stdout]                (T8, T9, T10, T11, T12)
[INFO] [stdout]                (T7, T8, T9, T10, T11, T12)
[INFO] [stdout]                (T6, T7, T8, T9, T10, T11, T12)
[INFO] [stdout]              and 51 others
[INFO] [stdout]      = note: this error might have been caused by changes to Rust's type-inference algorithm (see issue #148922 <https://github.com/rust-lang/rust/issues/148922> for more information)
[INFO] [stdout]      = help: you might have intended to use the type `()` here instead
[INFO] [stdout] note: required by a bound in `redis::AsyncCommands::del`
[INFO] [stdout]     --> /opt/rustwide/cargo-home/registry/src/index.crates.io-1949cf8c6b5b557f/redis-0.27.6/src/commands/macros.rs:177:25
[INFO] [stdout]      |
[INFO] [stdout]  167 |           pub trait AsyncCommands : crate::aio::ConnectionLike + Send + Sized {
[INFO] [stdout] ...
[INFO] [stdout]  177 |                       RV: FromRedisValue,
[INFO] [stdout]      |                           ^^^^^^^^^^^^^^ required by this bound in `AsyncCommands::del`
[INFO] [stdout]      |
[INFO] [stdout]     ::: /opt/rustwide/cargo-home/registry/src/index.crates.io-1949cf8c6b5b557f/redis-0.27.6/src/commands/mod.rs:136:1
[INFO] [stdout]      |
[INFO] [stdout]  136 | / implement_commands! {
[INFO] [stdout]  137 | |     'a
[INFO] [stdout] ...    |
[INFO] [stdout]  213 | |     fn del<K: ToRedisArgs>(key: K) {
[INFO] [stdout] ...    |
[INFO] [stdout] 2194 | | }
[INFO] [stdout]      | |_- in this macro invocation
[INFO] [stdout]      = note: this error originates in the macro `implement_commands` (in Nightly builds, run with -Z macro-backtrace for more info)
[INFO] [stdout] 
[INFO] [stdout] 
[INFO] [stdout] warning: unused variable: `gateway_id`
[INFO] [stdout]   --> gateway/src/core/types.rs:25:30
[INFO] [stdout]    |
[INFO] [stdout] 25 |     pub fn to_ttl_key(&self, gateway_id: &str) -> String {
[INFO] [stdout]    |                              ^^^^^^^^^^ help: if this is intentional, prefix it with an underscore: `_gateway_id`
[INFO] [stdout]    |
[INFO] [stdout]    = note: `#[warn(unused_variables)]` (part of `#[warn(unused)]`) on by default
[INFO] [stdout] 
[INFO] [stdout] 
[INFO] [stdout] For more information about this error, try `rustc --explain E0277`.
[INFO] [stdout] 
[INFO] [stderr] error: could not compile `gateway` (lib) due to 5 previous errors; 3 warnings emitted
[INFO] [stderr] warning: build failed, waiting for other jobs to finish...
[INFO] running `Command { std: "docker" "inspect" "8ff7249e3c6025e2481d14602b61252916bf532a47d285b25d3c0b5265c32518", kill_on_drop: false }`
[INFO] running `Command { std: "docker" "rm" "-f" "8ff7249e3c6025e2481d14602b61252916bf532a47d285b25d3c0b5265c32518", kill_on_drop: false }`
[INFO] [stdout] 8ff7249e3c6025e2481d14602b61252916bf532a47d285b25d3c0b5265c32518
