[INFO] cloning repository https://github.com/hjosugi/iroha-zip
[INFO] running `Command { std: "git" "-c" "credential.helper=" "-c" "credential.helper=/workspace/cargo-home/bin/git-credential-null" "clone" "--bare" "https://github.com/hjosugi/iroha-zip" "/workspace/cache/git-repos/https%3A%2F%2Fgithub.com%2Fhjosugi%2Firoha-zip", kill_on_drop: false }`
[INFO] [stderr] Cloning into bare repository '/workspace/cache/git-repos/https%3A%2F%2Fgithub.com%2Fhjosugi%2Firoha-zip'...
[INFO] running `Command { std: "git" "rev-parse" "HEAD", kill_on_drop: false }`
[INFO] [stdout] f1c4be45d5baaa3fbd841add44d013fe9ce3e7aa
[INFO] testing hjosugi/iroha-zip against 1.100.0-beta.1 for beta-1.100-2
[INFO] running `Command { std: "git" "clone" "/workspace/cache/git-repos/https%3A%2F%2Fgithub.com%2Fhjosugi%2Firoha-zip" "/workspace/builds/worker-6-tc2/source", kill_on_drop: false }`
[INFO] [stderr] Cloning into '/workspace/builds/worker-6-tc2/source'...
[INFO] [stderr] done.
[INFO] removed /workspace/builds/worker-6-tc2/source/rust-toolchain.toml
[INFO] started tweaking git repo https://github.com/hjosugi/iroha-zip
[INFO] finished tweaking git repo https://github.com/hjosugi/iroha-zip
[INFO] tweaked toml for git repo https://github.com/hjosugi/iroha-zip written to /workspace/builds/worker-6-tc2/source/Cargo.toml
[INFO] validating manifest of git repo https://github.com/hjosugi/iroha-zip on toolchain 1.100.0-beta.1
[INFO] running `Command { std: CARGO_HOME="/workspace/cargo-home" RUSTUP_HOME="/workspace/rustup-home" "/workspace/cargo-home/bin/cargo" "+1.100.0-beta.1" "metadata" "--manifest-path" "Cargo.toml" "--no-deps", kill_on_drop: false }`
[INFO] crate git repo https://github.com/hjosugi/iroha-zip already has a lockfile, it will not be regenerated
[INFO] running `Command { std: CARGO_HOME="/workspace/cargo-home" RUSTUP_HOME="/workspace/rustup-home" "/workspace/cargo-home/bin/cargo" "+1.100.0-beta.1" "fetch" "--manifest-path" "Cargo.toml", kill_on_drop: false }`
[INFO] running `Command { std: "docker" "create" "-v" "/var/lib/crater-agent-workspace/builds/worker-6-tc2/source:/opt/rustwide/workdir:ro,Z" "-v" "/var/lib/crater-agent-workspace/builds/worker-6-tc2/target:/opt/rustwide/target:rw,Z" "-v" "/var/lib/crater-agent-workspace/cargo-home:/opt/rustwide/cargo-home:ro,Z" "-v" "/var/lib/crater-agent-workspace/rustup-home:/opt/rustwide/rustup-home:ro,Z" "-m" "1610612736" "--network" "none" "ghcr.io/rust-lang/crates-build-env/linux@sha256:3111399a4047eeb3a02b7a90e478d715f38a8c6669b5c4b49d30a17385265909" "sleep" "infinity", kill_on_drop: false }`
[INFO] [stdout] d1baa199434959985a799e2babb441f43c213c64128cd9fad556428e2d16ff85
[INFO] running `Command { std: "docker" "start" "d1baa199434959985a799e2babb441f43c213c64128cd9fad556428e2d16ff85", kill_on_drop: false }`
[INFO] running `Command { std: "docker" "inspect" "d1baa199434959985a799e2babb441f43c213c64128cd9fad556428e2d16ff85", kill_on_drop: false }`
[INFO] running `Command { std: "docker" "exec" "-e" "SOURCE_DIR=/opt/rustwide/workdir" "-e" "CARGO_HOME=/opt/rustwide/cargo-home" "-e" "RUSTUP_HOME=/opt/rustwide/rustup-home" "-e" "CARGO_TARGET_DIR=/opt/rustwide/target" "-w" "/opt/rustwide/workdir" "--user" "0:0" "d1baa199434959985a799e2babb441f43c213c64128cd9fad556428e2d16ff85" "/opt/rustwide/cargo-home/bin/cargo" "+1.100.0-beta.1" "metadata" "--no-deps" "--format-version=1", kill_on_drop: false }`
[INFO] running `Command { std: "docker" "inspect" "d1baa199434959985a799e2babb441f43c213c64128cd9fad556428e2d16ff85", kill_on_drop: false }`
[INFO] running `Command { std: "docker" "exec" "-e" "SOURCE_DIR=/opt/rustwide/workdir" "-e" "CARGO_HOME=/opt/rustwide/cargo-home" "-e" "RUSTUP_HOME=/opt/rustwide/rustup-home" "-e" "CARGO_TARGET_DIR=/opt/rustwide/target" "-e" "CARGO_INCREMENTAL=0" "-e" "RUST_BACKTRACE=full" "-e" "RUSTFLAGS=--cap-lints=warn" "-e" "RUSTDOCFLAGS=--cap-lints=warn" "-w" "/opt/rustwide/workdir" "--user" "0:0" "d1baa199434959985a799e2babb441f43c213c64128cd9fad556428e2d16ff85" "/opt/rustwide/cargo-home/bin/cargo" "+1.100.0-beta.1" "build" "--frozen" "--message-format=json", kill_on_drop: false }`
[INFO] [stderr]    Compiling proc-macro2 v1.0.107
[INFO] [stderr]    Compiling serde_core v1.0.229
[INFO] [stderr]    Compiling winnow v1.0.4
[INFO] [stderr]    Compiling hybrid-array v0.4.14
[INFO] [stderr]    Compiling libc v0.2.189
[INFO] [stderr]    Compiling cpufeatures v0.3.0
[INFO] [stderr]    Compiling serde_json v1.0.151
[INFO] [stderr]    Compiling iroha-zip v0.6.3 (/opt/rustwide/workdir)
[INFO] [stderr]    Compiling memchr v2.8.3
[INFO] [stderr]    Compiling toml_writer v1.1.2+spec-1.1.0
[INFO] [stderr]    Compiling zeroize v1.9.0
[INFO] [stderr]    Compiling clap_builder v4.6.6
[INFO] [stderr]    Compiling toml_parser v1.1.3+spec-1.1.0
[INFO] [stderr]    Compiling quote v1.0.47
[INFO] [stderr]    Compiling block-buffer v0.12.1
[INFO] [stderr]    Compiling crypto-common v0.2.2
[INFO] [stderr]    Compiling syn v3.0.3
[INFO] [stderr]    Compiling digest v0.11.3
[INFO] [stderr]    Compiling sha1 v0.11.0
[INFO] [stderr]    Compiling sha2 v0.11.0
[INFO] [stderr]    Compiling serde_spanned v1.1.1
[INFO] [stderr]    Compiling toml_datetime v1.1.1+spec-1.1.0
[INFO] [stderr]    Compiling toml v1.1.4+spec-1.1.0
[INFO] [stderr]    Compiling clap_derive v4.6.4
[INFO] [stderr]    Compiling serde_derive v1.0.229
[INFO] [stderr]    Compiling clap v4.6.6
[INFO] [stderr]    Compiling serde v1.0.229
[INFO] [stderr]     Finished `dev` profile [unoptimized + debuginfo] target(s) in 25.22s
[INFO] running `Command { std: "docker" "inspect" "d1baa199434959985a799e2babb441f43c213c64128cd9fad556428e2d16ff85", kill_on_drop: false }`
[INFO] running `Command { std: "docker" "exec" "-e" "SOURCE_DIR=/opt/rustwide/workdir" "-e" "CARGO_HOME=/opt/rustwide/cargo-home" "-e" "RUSTUP_HOME=/opt/rustwide/rustup-home" "-e" "CARGO_TARGET_DIR=/opt/rustwide/target" "-e" "CARGO_INCREMENTAL=0" "-e" "RUST_BACKTRACE=full" "-e" "RUSTFLAGS=--cap-lints=warn" "-e" "RUSTDOCFLAGS=--cap-lints=warn" "-w" "/opt/rustwide/workdir" "--user" "0:0" "d1baa199434959985a799e2babb441f43c213c64128cd9fad556428e2d16ff85" "/opt/rustwide/cargo-home/bin/cargo" "+1.100.0-beta.1" "test" "--frozen" "--no-run" "--message-format=json", kill_on_drop: false }`
[INFO] [stderr]    Compiling iroha-zip v0.6.3 (/opt/rustwide/workdir)
[INFO] [stderr]     Finished `test` profile [unoptimized + debuginfo] target(s) in 9.81s
[INFO] running `Command { std: "docker" "inspect" "d1baa199434959985a799e2babb441f43c213c64128cd9fad556428e2d16ff85", kill_on_drop: false }`
[INFO] running `Command { std: "docker" "exec" "-e" "SOURCE_DIR=/opt/rustwide/workdir" "-e" "CARGO_HOME=/opt/rustwide/cargo-home" "-e" "RUSTUP_HOME=/opt/rustwide/rustup-home" "-e" "CARGO_TARGET_DIR=/opt/rustwide/target" "-e" "CARGO_INCREMENTAL=0" "-e" "RUST_BACKTRACE=full" "-e" "RUSTFLAGS=--cap-lints=warn" "-e" "RUSTDOCFLAGS=--cap-lints=warn" "-w" "/opt/rustwide/workdir" "--user" "0:0" "d1baa199434959985a799e2babb441f43c213c64128cd9fad556428e2d16ff85" "/opt/rustwide/cargo-home/bin/cargo" "+1.100.0-beta.1" "test" "--frozen", kill_on_drop: false }`
[INFO] [stderr]     Finished `test` profile [unoptimized + debuginfo] target(s) in 0.10s
[INFO] [stderr]      Running unittests src/lib.rs (/opt/rustwide/target/debug/build/iroha-zip/be169a50a8a223e6/out/iroha_zip-be169a50a8a223e6)
[INFO] [stdout] 
[INFO] [stdout] running 39 tests
[INFO] [stdout] test backend_evidence::tests::package_verification_code_matches_spdx_algorithm ... ok
[INFO] [stdout] test create::tests::creation_uses_one_fixed_pax_source_without_path_rewrite ... ok
[INFO] [stdout] test password::tests::secret_rejects_empty_invalid_and_oversized_values_without_echoing_them ... ok
[INFO] [stdout] test create::tests::verified_archive_same_size_mutation_is_rejected_before_publication ... ok
[INFO] [stdout] test config::tests::replacement_failure_restores_the_previous_configuration ... ok
[INFO] [stdout] test create::tests::creation_requests_utf8_names_for_formats_with_a_header_charset_option ... ok
[INFO] [stdout] test password::tests::cancellation_returns_before_any_password_is_prepared ... ok
[INFO] [stdout] test password::tests::process_spec_debug_never_contains_the_secret ... ok
[INFO] [stdout] test password::tests::secret_formatting_is_always_redacted ... ok
[INFO] [stdout] test config::tests::restoration_failure_preserves_a_named_recovery_backup ... ok
[INFO] [stdout] test isolation::tests::network_probe_reports_observed_success_and_failure ... ok
[INFO] [stdout] test staging::tests::raw_stream_extensions_select_a_fixed_filter_and_safe_output_name ... ok
[INFO] [stdout] test create::tests::verified_archive_identity_replacement_is_rejected_before_publication ... ok
[INFO] [stdout] test policy::tests::only_created_archive_preflight_can_ignore_one_exact_root_marker ... ok
[INFO] [stdout] test pax::tests::archive_paths_use_portable_separators_and_directory_markers ... ok
[INFO] [stdout] test platform::generic::tests::directory_snapshot_is_bounded_and_detects_path_replacement ... ok
[INFO] [stdout] test platform::generic::tests::unsandboxed_staging_seal_is_explicitly_detection_only_and_scoped ... ok
[INFO] [stdout] test staging::tests::compound_and_non_raw_archives_do_not_use_the_raw_stream_path ... ok
[INFO] [stdout] test password::tests::utf8_transport_is_bounded_and_has_one_line_ending ... ok
[INFO] [stdout] test transfer::tests::audited_tree_copy_rejects_empty_directory_identity_replacement ... ok
[INFO] [stdout] test platform::generic::tests::process_scratch_must_be_empty_before_removal ... ok
[INFO] [stdout] test windows_command_line::tests::command_line_has_one_terminal_nul_and_a_bounded_length ... ok
[INFO] [stdout] test windows_command_line::tests::quoted_arguments_round_trip ... ok
[INFO] [stdout] test backend_evidence::tests::rejects_payload_sbom_inventory_and_evidence_tree_drift ... ok
[INFO] [stdout] test transfer::tests::post_handoff_audit_records_identity_replacement_with_identical_bytes ... ok
[INFO] [stdout] test transfer::tests::best_effort_handoff_failure_is_explicit_but_required_failure_is_fatal ... ok
[INFO] [stdout] test transfer::tests::post_handoff_fingerprint_detects_same_size_content_mutation ... ok
[INFO] [stdout] test transfer::tests::successful_handoff_is_reported_without_claiming_a_clean_verdict ... ok
[INFO] [stdout] test util::tests::lowercase_hex_encoding_is_padded_and_canonical ... ok
[INFO] [stdout] test pax::tests::pax_record_declares_its_exact_byte_length ... ok
[INFO] [stdout] test platform::generic::tests::explicit_failure_cleanup_preserves_the_error_and_removes_the_root ... ok
[INFO] [stdout] test windows_command_line::tests::quoting_round_trips_a_small_exhaustive_alphabet ... ok
[INFO] [stdout] test transfer::tests::audited_tree_copy_rejects_identity_replacement_with_identical_bytes ... ok
[INFO] [stdout] test transfer::tests::audited_tree_copy_rejects_same_size_mutation_after_audit ... ok
[INFO] [stdout] test transfer::tests::audited_tree_copy_rejects_symbolic_link_replacement_after_audit ... ok
[INFO] [stdout] test backend_evidence::tests::rejects_tampered_notice_and_missing_provenance ... ok
[INFO] [stdout] test backend_evidence::tests::verifies_supported_and_explicitly_unsupported_evidence ... ok
[INFO] [stdout] test windows_command_line::tests::rejects_ambiguous_or_unrepresentable_input ... ok
[INFO] [stdout] test transfer::tests::unavailable_handoff_obeys_publication_policy_and_cleans_partial_tree ... ok
[INFO] [stdout] 
[INFO] [stdout] test result: ok. 39 passed; 0 failed; 0 ignored; 0 measured; 0 filtered out; finished in 0.04s
[INFO] [stdout] 
[INFO] [stderr]      Running unittests src/main.rs (/opt/rustwide/target/debug/build/iroha-zip/b633cbe83ed29e4f/out/iroha_zip-b633cbe83ed29e4f)
[INFO] [stdout] 
[INFO] [stdout] running 0 tests
[INFO] [stderr]      Running unittests src/bin/iroha-zip-settings.rs (/opt/rustwide/target/debug/build/iroha-zip/d127ca85b3baa9b4/out/iroha_zip_settings-d127ca85b3baa9b4)
[INFO] [stdout] 
[INFO] [stdout] test result: ok. 0 passed; 0 failed; 0 ignored; 0 measured; 0 filtered out; finished in 0.00s
[INFO] [stdout] 
[INFO] [stdout] 
[INFO] [stdout] running 0 tests
[INFO] [stdout] 
[INFO] [stdout] test result: ok. 0 passed; 0 failed; 0 ignored; 0 measured; 0 filtered out; finished in 0.00s
[INFO] [stdout] 
[INFO] [stderr]      Running unittests src/bin/iroha-zip-shell.rs (/opt/rustwide/target/debug/build/iroha-zip/742dee61c74eef9b/out/iroha_zip_shell-742dee61c74eef9b)
[INFO] [stdout] 
[INFO] [stdout] running 2 tests
[INFO] [stdout] test tests::trust_handoff_warning_is_bilingual_and_keeps_technical_details ... ok
[INFO] [stdout] test tests::every_shell_error_category_has_english_and_japanese_context ... ok
[INFO] [stderr]      Running tests/archive_listing.rs (/opt/rustwide/target/debug/build/iroha-zip/0d7f376172f4b0ee/out/archive_listing-0d7f376172f4b0ee)
[INFO] [stdout] 
[INFO] [stdout] test result: ok. 2 passed; 0 failed; 0 ignored; 0 measured; 0 filtered out; finished in 0.01s
[INFO] [stdout] 
[INFO] [stdout] 
[INFO] [stdout] running 4 tests
[INFO] [stdout] test rejects_duplicates_and_case_aliases_across_separator_styles ... ok
[INFO] [stdout] test enforces_listing_count_depth_and_path_limits ... ok
[INFO] [stdout] test rejects_unsafe_raw_archive_names_before_backend_normalization ... ok
[INFO] [stdout] test accepts_normalized_files_and_directory_markers ... ok
[INFO] [stdout] 
[INFO] [stdout] test result: ok. 4 passed; 0 failed; 0 ignored; 0 measured; 0 filtered out; finished in 0.00s
[INFO] [stdout] 
[INFO] [stderr]      Running tests/archive_names.rs (/opt/rustwide/target/debug/build/iroha-zip/5dc9494c7fc9005f/out/archive_names-5dc9494c7fc9005f)
[INFO] [stdout] 
[INFO] [stdout] running 3 tests
[INFO] [stdout] test strips_simple_extension_and_keeps_useful_name ... ok
[INFO] [stderr]      Running tests/backend_manifest.rs (/opt/rustwide/target/debug/build/iroha-zip/340af220ff47b465/out/backend_manifest-340af220ff47b465)
[INFO] [stdout] test strips_compound_archive_extensions_case_insensitively ... ok
[INFO] [stdout] test unsafe_windows_destination_names_fall_back_safely ... ok
[INFO] [stdout] 
[INFO] [stdout] test result: ok. 3 passed; 0 failed; 0 ignored; 0 measured; 0 filtered out; finished in 0.00s
[INFO] [stdout] 
[INFO] [stdout] 
[INFO] [stdout] running 9 tests
[INFO] [stdout] test rejects_invalid_hashes_duplicate_paths_and_unknown_records ... ok
[INFO] [stdout] test bundle_verification_requires_an_exact_regular_file_tree ... ok
[INFO] [stdout] test rejects_missing_or_ambiguous_required_entries ... ok
[INFO] [stdout] test parses_crlf_comments_and_normalizes_hash_case ... ok
[INFO] [stdout] test copied_entry_count_includes_each_distinct_parent_directory ... ok
[INFO] [stdout] test rejects_non_normalized_or_windows_unsafe_paths ... ok
[INFO] [stdout] test dll_candidate_list_contains_only_manifest_pinned_libraries ... ok
[INFO] [stdout] test bundle_verification_rejects_a_digest_mismatch ... ok
[INFO] [stdout] test rejects_invalid_utf8_and_bounded_resource_overflows ... ok
[INFO] [stderr]      Running tests/cli.rs (/opt/rustwide/target/debug/build/iroha-zip/d9621110d4dd8890/out/cli-d9621110d4dd8890)
[INFO] [stdout] 
[INFO] [stdout] test result: ok. 9 passed; 0 failed; 0 ignored; 0 measured; 0 filtered out; finished in 0.11s
[INFO] [stdout] 
[INFO] [stdout] 
[INFO] [stdout] running 10 tests
[INFO] [stdout] test command_name_matches_the_application_name ... ok
[INFO] [stdout] test extraction_accepts_an_explicit_encoding_override ... ok
[INFO] [stdout] test isolation_report_is_available_for_machine_readable_windows_evidence ... ok
[INFO] [stdout] test extraction_uses_configuration_encoding_when_not_overridden ... ok
[INFO] [stdout] test preview_uses_the_same_encoding_and_isolation_controls_as_extract ... ok
[INFO] [stdout] test extraction_accepts_repeated_preview_relative_selections ... ok
[INFO] [stdout] test backend_evidence_validation_can_require_a_supported_source ... ok
[INFO] [stdout] test settings_subcommand_is_available ... ok
[INFO] [stdout] test password_is_requested_only_by_a_boolean_flag ... ok
[INFO] [stdout] test internal_failure_probes_are_hidden_but_parseable ... ok
[INFO] [stdout] 
[INFO] [stdout] test result: ok. 10 passed; 0 failed; 0 ignored; 0 measured; 0 filtered out; finished in 0.02s
[INFO] [stdout] 
[INFO] [stderr]      Running tests/config.rs (/opt/rustwide/target/debug/build/iroha-zip/6736d61e31625212/out/config-6736d61e31625212)
[INFO] [stdout] 
[INFO] [stdout] running 12 tests
[INFO] [stdout] test attachment_handoff_policy_is_explicit_and_unknown_values_are_rejected ... ok
[INFO] [stdout] test lpac_mode_is_explicit_and_unknown_modes_are_rejected ... ok
[INFO] [stdout] test missing_new_fields_use_safe_defaults ... ok
[INFO] [stdout] test documented_example_is_complete_and_valid ... ok
[INFO] [stdout] test unknown_configuration_fields_are_rejected ... ok
[INFO] [stdout] test validation_rejects_unsafe_or_inconsistent_limits ... ok
[INFO] [stdout] test default_config_round_trips_through_toml ... ok
[INFO] [stdout] test default_configuration_uses_the_application_directory ... ok
[INFO] [stdout] test concurrent_saves_leave_one_complete_configuration_and_no_staging_files ... ok
[INFO] [stdout] test invalid_configuration_is_not_written ... ok
[INFO] [stdout] test save_replaces_configuration_and_preserves_all_settings ... ok
[INFO] [stdout] test concurrent_default_creation_reports_exactly_one_creator ... ok
[INFO] [stdout] 
[INFO] [stdout] test result: ok. 12 passed; 0 failed; 0 ignored; 0 measured; 0 filtered out; finished in 0.03s
[INFO] [stdout] 
[INFO] [stderr]      Running tests/create_verification.rs (/opt/rustwide/target/debug/build/iroha-zip/ccc93f028d67b11c/out/create_verification-ccc93f028d67b11c)
[INFO] [stdout] 
[INFO] [stdout] running 9 tests
[INFO] [stdout] test real_libarchive_converts_the_bounded_pax_source_for_all_create_formats ... ignored, requires /usr/bin/bsdtar from a system libarchive installation
[INFO] [stdout] test backend_source_mutation_cannot_publish ... ok
[INFO] [stdout] test backend_scratch_residue_cannot_reach_verification_or_publication ... ok
[INFO] [stdout] test reextraction_content_mismatch_cannot_publish ... FAILED
[INFO] [stdout] test unsafe_created_member_listing_cannot_reach_extraction_or_publication ... ok
[INFO] [stdout] test empty_source_root_marker_is_verified_without_weakening_external_listing_policy ... ok
[INFO] [stdout] test verification_compares_the_full_root_without_destination_name_stripping ... ok
[INFO] [stdout] test staged_tree_metadata_does_not_consume_the_source_single_file_limit ... ok
[INFO] [stdout] test created_archive_is_reextracted_and_matched_before_publication ... ok
[INFO] [stdout] 
[INFO] [stdout] failures:
[INFO] [stdout] 
[INFO] [stdout] ---- reextraction_content_mismatch_cannot_publish stdout ----
[INFO] [stdout] 
[INFO] [stdout] thread 'reextraction_content_mismatch_cannot_publish' (1401) panicked at tests/create_verification.rs:232:5:
[INFO] [stdout] assertion failed: error.contains("does not reproduce the audited source tree")
[INFO] [stdout] stack backtrace:
[INFO] [stdout]    0:     0x5b0b839253f1 - std[617be2ca0a6fd877]::backtrace_rs::backtrace::libunwind::trace
[INFO] [stdout]                                at /rustc/e3feeb59cd1bdd011a2bfcc0747b55125d9b8527/library/std/src/../../backtrace/src/backtrace/libunwind.rs:117:9
[INFO] [stdout]    1:     0x5b0b839253f1 - std[617be2ca0a6fd877]::backtrace_rs::backtrace::trace_unsynchronized::<std[617be2ca0a6fd877]::sys::backtrace::_print_fmt::{closure#1}>
[INFO] [stdout]                                at /rustc/e3feeb59cd1bdd011a2bfcc0747b55125d9b8527/library/std/src/../../backtrace/src/backtrace/mod.rs:66:14
[INFO] [stdout]    2:     0x5b0b839253f1 - std[617be2ca0a6fd877]::sys::backtrace::_print_fmt
[INFO] [stdout]                                at /rustc/e3feeb59cd1bdd011a2bfcc0747b55125d9b8527/library/std/src/sys/backtrace.rs:74:9
[INFO] [stdout]    3:     0x5b0b839253f1 - <<std[617be2ca0a6fd877]::sys::backtrace::BacktraceLock>::print::DisplayBacktrace as core[a373ad73a504971]::fmt::Display>::fmt
[INFO] [stdout]                                at /rustc/e3feeb59cd1bdd011a2bfcc0747b55125d9b8527/library/std/src/sys/backtrace.rs:44:26
[INFO] [stdout]    4:     0x5b0b8393ae2a - <core[a373ad73a504971]::fmt::rt::Argument>::fmt
[INFO] [stdout]                                at /rustc/e3feeb59cd1bdd011a2bfcc0747b55125d9b8527/library/core/src/fmt/rt.rs:152:76
[INFO] [stdout]    5:     0x5b0b8393ae2a - core[a373ad73a504971]::fmt::write
[INFO] [stdout]    6:     0x5b0b839299ac - core[a373ad73a504971]::io::write::default_write_fmt::<alloc[2e1b2a31b91974c5]::vec::Vec<u8>>
[INFO] [stdout]                                at /rustc/e3feeb59cd1bdd011a2bfcc0747b55125d9b8527/library/core/src/io/write.rs:402:11
[INFO] [stdout]    7:     0x5b0b839299ac - <alloc[2e1b2a31b91974c5]::vec::Vec<u8> as core[a373ad73a504971]::io::write::Write>::write_fmt
[INFO] [stdout]                                at /rustc/e3feeb59cd1bdd011a2bfcc0747b55125d9b8527/library/core/src/io/write.rs:335:13
[INFO] [stdout]    8:     0x5b0b838fdbe6 - <std[617be2ca0a6fd877]::sys::backtrace::BacktraceLock>::print
[INFO] [stdout]                                at /rustc/e3feeb59cd1bdd011a2bfcc0747b55125d9b8527/library/std/src/sys/backtrace.rs:47:9
[INFO] [stdout]    9:     0x5b0b838fdbe6 - std[617be2ca0a6fd877]::panicking::default_hook::{closure#0}
[INFO] [stdout]                                at /rustc/e3feeb59cd1bdd011a2bfcc0747b55125d9b8527/library/std/src/panicking.rs:289:27
[INFO] [stdout]   10:     0x5b0b8391b9f9 - std[617be2ca0a6fd877]::panicking::default_hook
[INFO] [stdout]                                at /rustc/e3feeb59cd1bdd011a2bfcc0747b55125d9b8527/library/std/src/panicking.rs:313:9
[INFO] [stdout]   11:     0x5b0b83734cc0 - <alloc[2e1b2a31b91974c5]::boxed::Box<dyn for<'a, 'b> core[a373ad73a504971]::ops::function::Fn<(&'a std[617be2ca0a6fd877]::panic::PanicHookInfo<'b>,), Output = ()> + core[a373ad73a504971]::marker::Sync + core[a373ad73a504971]::marker::Send> as core[a373ad73a504971]::ops::function::Fn<(&std[617be2ca0a6fd877]::panic::PanicHookInfo,)>>::call
[INFO] [stdout]                                at /rustc/e3feeb59cd1bdd011a2bfcc0747b55125d9b8527/library/alloc/src/boxed.rs:2328:9
[INFO] [stdout]   12:     0x5b0b83734cc0 - test[aada8e7e76ba119b]::test_main_inner::{closure#0}
[INFO] [stdout]                                at /rustc/e3feeb59cd1bdd011a2bfcc0747b55125d9b8527/library/test/src/lib.rs:137:21
[INFO] [stdout]   13:     0x5b0b8391bbb2 - <alloc[2e1b2a31b91974c5]::boxed::Box<dyn for<'a, 'b> core[a373ad73a504971]::ops::function::Fn<(&'a std[617be2ca0a6fd877]::panic::PanicHookInfo<'b>,), Output = ()> + core[a373ad73a504971]::marker::Sync + core[a373ad73a504971]::marker::Send> as core[a373ad73a504971]::ops::function::Fn<(&std[617be2ca0a6fd877]::panic::PanicHookInfo,)>>::call
[INFO] [stdout]                                at /rustc/e3feeb59cd1bdd011a2bfcc0747b55125d9b8527/library/alloc/src/boxed.rs:2328:9
[INFO] [stdout]   14:     0x5b0b8391bbb2 - std[617be2ca0a6fd877]::panicking::panic_with_hook
[INFO] [stdout]                                at /rustc/e3feeb59cd1bdd011a2bfcc0747b55125d9b8527/library/std/src/panicking.rs:819:13
[INFO] [stdout]   15:     0x5b0b838fdcc4 - std[617be2ca0a6fd877]::panicking::panic_handler::{closure#0}
[INFO] [stdout]                                at /rustc/e3feeb59cd1bdd011a2bfcc0747b55125d9b8527/library/std/src/panicking.rs:678:13
[INFO] [stdout]   16:     0x5b0b838f64e9 - std[617be2ca0a6fd877]::sys::backtrace::__rust_end_short_backtrace::<std[617be2ca0a6fd877]::panicking::panic_handler::{closure#0}, !>
[INFO] [stdout]                                at /rustc/e3feeb59cd1bdd011a2bfcc0747b55125d9b8527/library/std/src/sys/backtrace.rs:182:18
[INFO] [stdout]   17:     0x5b0b838fe95d - __rustc[ea4f61d10b84890b]::rust_begin_unwind
[INFO] [stdout]                                at /rustc/e3feeb59cd1bdd011a2bfcc0747b55125d9b8527/library/std/src/panicking.rs:676:5
[INFO] [stdout]   18:     0x5b0b8393b61c - core[a373ad73a504971]::panicking::panic_fmt
[INFO] [stdout]                                at /rustc/e3feeb59cd1bdd011a2bfcc0747b55125d9b8527/library/core/src/panicking.rs:80:14
[INFO] [stdout]   19:     0x5b0b8393b5e2 - core[a373ad73a504971]::panicking::panic
[INFO] [stdout]                                at /rustc/e3feeb59cd1bdd011a2bfcc0747b55125d9b8527/library/core/src/panicking.rs:150:5
[INFO] [stdout]   20:     0x5b0b837228e0 - create_verification[c6d0540fd893aff4]::reextraction_content_mismatch_cannot_publish
[INFO] [stdout]                                at /opt/rustwide/workdir/tests/create_verification.rs:232:5
[INFO] [stdout]   21:     0x5b0b83720d47 - create_verification[c6d0540fd893aff4]::reextraction_content_mismatch_cannot_publish::{closure#0}
[INFO] [stdout]                                at /opt/rustwide/workdir/tests/create_verification.rs:215:50
[INFO] [stdout]   22:     0x5b0b83727fd6 - <create_verification[c6d0540fd893aff4]::reextraction_content_mismatch_cannot_publish::{closure#0} as core[a373ad73a504971]::ops::function::FnOnce<()>>::call_once
[INFO] [stdout]                                at /rustc/e3feeb59cd1bdd011a2bfcc0747b55125d9b8527/library/core/src/ops/function.rs:250:5
[INFO] [stdout]   23:     0x5b0b8372810b - <fn() -> core[a373ad73a504971]::result::Result<(), alloc[2e1b2a31b91974c5]::string::String> as core[a373ad73a504971]::ops::function::FnOnce<()>>::call_once
[INFO] [stdout]                                at /rustc/e3feeb59cd1bdd011a2bfcc0747b55125d9b8527/library/core/src/ops/function.rs:250:5
[INFO] [stdout]   24:     0x5b0b8372810b - test[aada8e7e76ba119b]::__rust_begin_short_backtrace::<core[a373ad73a504971]::result::Result<(), alloc[2e1b2a31b91974c5]::string::String>, fn() -> core[a373ad73a504971]::result::Result<(), alloc[2e1b2a31b91974c5]::string::String>>
[INFO] [stdout]                                at /rustc/e3feeb59cd1bdd011a2bfcc0747b55125d9b8527/library/test/src/lib.rs:701:18
[INFO] [stdout]   25:     0x5b0b837352e5 - test[aada8e7e76ba119b]::run_test_in_process::{closure#0}
[INFO] [stdout]                                at /rustc/e3feeb59cd1bdd011a2bfcc0747b55125d9b8527/library/test/src/lib.rs:724:74
[INFO] [stdout]   26:     0x5b0b837352e5 - <core[a373ad73a504971]::panic::unwind_safe::AssertUnwindSafe<test[aada8e7e76ba119b]::run_test_in_process::{closure#0}> as core[a373ad73a504971]::ops::function::FnOnce<()>>::call_once
[INFO] [stdout]                                at /rustc/e3feeb59cd1bdd011a2bfcc0747b55125d9b8527/library/core/src/panic/unwind_safe.rs:275:9
[INFO] [stdout]   27:     0x5b0b837352e5 - std[617be2ca0a6fd877]::panicking::catch_unwind::do_call::<core[a373ad73a504971]::panic::unwind_safe::AssertUnwindSafe<test[aada8e7e76ba119b]::run_test_in_process::{closure#0}>, core[a373ad73a504971]::result::Result<(), alloc[2e1b2a31b91974c5]::string::String>>
[INFO] [stdout]                                at /rustc/e3feeb59cd1bdd011a2bfcc0747b55125d9b8527/library/std/src/panicking.rs:573:43
[INFO] [stdout]   28:     0x5b0b837352e5 - std[617be2ca0a6fd877]::panicking::catch_unwind::<core[a373ad73a504971]::result::Result<(), alloc[2e1b2a31b91974c5]::string::String>, core[a373ad73a504971]::panic::unwind_safe::AssertUnwindSafe<test[aada8e7e76ba119b]::run_test_in_process::{closure#0}>>
[INFO] [stdout]                                at /rustc/e3feeb59cd1bdd011a2bfcc0747b55125d9b8527/library/std/src/panicking.rs:541:19
[INFO] [stdout]   29:     0x5b0b837352e5 - std[617be2ca0a6fd877]::panic::catch_unwind::<core[a373ad73a504971]::panic::unwind_safe::AssertUnwindSafe<test[aada8e7e76ba119b]::run_test_in_process::{closure#0}>, core[a373ad73a504971]::result::Result<(), alloc[2e1b2a31b91974c5]::string::String>>
[INFO] [stdout]                                at /rustc/e3feeb59cd1bdd011a2bfcc0747b55125d9b8527/library/std/src/panic.rs:359:14
[INFO] [stdout]   30:     0x5b0b837352e5 - test[aada8e7e76ba119b]::run_test_in_process
[INFO] [stdout]                                at /rustc/e3feeb59cd1bdd011a2bfcc0747b55125d9b8527/library/test/src/lib.rs:724:27
[INFO] [stdout]   31:     0x5b0b837352e5 - test[aada8e7e76ba119b]::run_test::{closure#0}
[INFO] [stdout]                                at /rustc/e3feeb59cd1bdd011a2bfcc0747b55125d9b8527/library/test/src/lib.rs:645:43
[INFO] [stdout]   32:     0x5b0b8372ebd4 - test[aada8e7e76ba119b]::run_test::{closure#1}
[INFO] [stdout]                                at /rustc/e3feeb59cd1bdd011a2bfcc0747b55125d9b8527/library/test/src/lib.rs:675:41
[INFO] [stdout]   33:     0x5b0b8372ebd4 - std[617be2ca0a6fd877]::sys::backtrace::__rust_begin_short_backtrace::<test[aada8e7e76ba119b]::run_test::{closure#1}, ()>
[INFO] [stdout]                                at /rustc/e3feeb59cd1bdd011a2bfcc0747b55125d9b8527/library/std/src/sys/backtrace.rs:166:18
[INFO] [stdout]   34:     0x5b0b83738372 - std[617be2ca0a6fd877]::thread::lifecycle::spawn_unchecked::<test[aada8e7e76ba119b]::run_test::{closure#1}, ()>::{closure#1}::{closure#0}
[INFO] [stdout]                                at /rustc/e3feeb59cd1bdd011a2bfcc0747b55125d9b8527/library/std/src/thread/lifecycle.rs:70:13
[INFO] [stdout]   35:     0x5b0b83738372 - <core[a373ad73a504971]::panic::unwind_safe::AssertUnwindSafe<std[617be2ca0a6fd877]::thread::lifecycle::spawn_unchecked<test[aada8e7e76ba119b]::run_test::{closure#1}, ()>::{closure#1}::{closure#0}> as core[a373ad73a504971]::ops::function::FnOnce<()>>::call_once
[INFO] [stdout]                                at /rustc/e3feeb59cd1bdd011a2bfcc0747b55125d9b8527/library/core/src/panic/unwind_safe.rs:275:9
[INFO] [stdout]   36:     0x5b0b83738372 - std[617be2ca0a6fd877]::panicking::catch_unwind::do_call::<core[a373ad73a504971]::panic::unwind_safe::AssertUnwindSafe<std[617be2ca0a6fd877]::thread::lifecycle::spawn_unchecked<test[aada8e7e76ba119b]::run_test::{closure#1}, ()>::{closure#1}::{closure#0}>, ()>
[INFO] [stdout]                                at /rustc/e3feeb59cd1bdd011a2bfcc0747b55125d9b8527/library/std/src/panicking.rs:573:43
[INFO] [stdout]   37:     0x5b0b83738372 - std[617be2ca0a6fd877]::panicking::catch_unwind::<(), core[a373ad73a504971]::panic::unwind_safe::AssertUnwindSafe<std[617be2ca0a6fd877]::thread::lifecycle::spawn_unchecked<test[aada8e7e76ba119b]::run_test::{closure#1}, ()>::{closure#1}::{closure#0}>>
[INFO] [stdout]                                at /rustc/e3feeb59cd1bdd011a2bfcc0747b55125d9b8527/library/std/src/panicking.rs:541:19
[INFO] [stdout]   38:     0x5b0b83738372 - std[617be2ca0a6fd877]::panic::catch_unwind::<core[a373ad73a504971]::panic::unwind_safe::AssertUnwindSafe<std[617be2ca0a6fd877]::thread::lifecycle::spawn_unchecked<test[aada8e7e76ba119b]::run_test::{closure#1}, ()>::{closure#1}::{closure#0}>, ()>
[INFO] [stdout]                                at /rustc/e3feeb59cd1bdd011a2bfcc0747b55125d9b8527/library/std/src/panic.rs:359:14
[INFO] [stdout]   39:     0x5b0b83738372 - std[617be2ca0a6fd877]::thread::lifecycle::spawn_unchecked::<test[aada8e7e76ba119b]::run_test::{closure#1}, ()>::{closure#1}
[INFO] [stdout]                                at /rustc/e3feeb59cd1bdd011a2bfcc0747b55125d9b8527/library/std/src/thread/lifecycle.rs:68:26
[INFO] [stdout]   40:     0x5b0b83738372 - <std[617be2ca0a6fd877]::thread::lifecycle::spawn_unchecked<test[aada8e7e76ba119b]::run_test::{closure#1}, ()>::{closure#1} as core[a373ad73a504971]::ops::function::FnOnce<()>>::call_once::{shim:vtable#0}
[INFO] [stdout]                                at /rustc/e3feeb59cd1bdd011a2bfcc0747b55125d9b8527/library/core/src/ops/function.rs:250:5
[INFO] [stdout]   41:     0x5b0b8392469f - <alloc[2e1b2a31b91974c5]::boxed::Box<dyn core[a373ad73a504971]::ops::function::FnOnce<(), Output = ()> + core[a373ad73a504971]::marker::Send> as core[a373ad73a504971]::ops::function::FnOnce<()>>::call_once
[INFO] [stdout]                                at /rustc/e3feeb59cd1bdd011a2bfcc0747b55125d9b8527/library/alloc/src/boxed.rs:2314:9
[INFO] [stdout]   42:     0x5b0b8392469f - <std[617be2ca0a6fd877]::sys::thread::unix::Thread>::new::thread_start
[INFO] [stdout]                                at /rustc/e3feeb59cd1bdd011a2bfcc0747b55125d9b8527/library/std/src/sys/thread/unix.rs:127:17
[INFO] [stdout]   43:     0x7987e33dedfa - <unknown>
[INFO] [stdout]   44:     0x7987e34723d4 - clone
[INFO] [stdout]   45:                0x0 - <unknown>
[INFO] [stdout] 
[INFO] [stdout] 
[INFO] [stdout] failures:
[INFO] [stdout]     reextraction_content_mismatch_cannot_publish
[INFO] [stdout] 
[INFO] [stdout] test result: FAILED. 7 passed; 1 failed; 1 ignored; 0 measured; 0 filtered out; finished in 0.69s
[INFO] [stdout] 
[INFO] [stderr] error: test failed, to rerun pass `--test create_verification`
[INFO] running `Command { std: "docker" "inspect" "d1baa199434959985a799e2babb441f43c213c64128cd9fad556428e2d16ff85", kill_on_drop: false }`
[INFO] running `Command { std: "docker" "rm" "-f" "d1baa199434959985a799e2babb441f43c213c64128cd9fad556428e2d16ff85", kill_on_drop: false }`
[INFO] [stdout] d1baa199434959985a799e2babb441f43c213c64128cd9fad556428e2d16ff85
