[INFO] cloning repository https://github.com/gulldan/morfeusz-rs
[INFO] running `Command { std: "git" "-c" "credential.helper=" "-c" "credential.helper=/workspace/cargo-home/bin/git-credential-null" "clone" "--bare" "https://github.com/gulldan/morfeusz-rs" "/workspace/cache/git-repos/https%3A%2F%2Fgithub.com%2Fgulldan%2Fmorfeusz-rs", kill_on_drop: false }`
[INFO] [stderr] Cloning into bare repository '/workspace/cache/git-repos/https%3A%2F%2Fgithub.com%2Fgulldan%2Fmorfeusz-rs'...
[INFO] running `Command { std: "git" "rev-parse" "HEAD", kill_on_drop: false }`
[INFO] [stdout] 4ad438f88a4e498d66242cc1f29f5fd90aaf546a
[INFO] testing gulldan/morfeusz-rs against 1.100.0-beta.1 for beta-1.100-2
[INFO] running `Command { std: "git" "clone" "/workspace/cache/git-repos/https%3A%2F%2Fgithub.com%2Fgulldan%2Fmorfeusz-rs" "/workspace/builds/worker-6-tc2/source", kill_on_drop: false }`
[INFO] [stderr] Cloning into '/workspace/builds/worker-6-tc2/source'...
[INFO] [stderr] done.
[INFO] started tweaking git repo https://github.com/gulldan/morfeusz-rs
[INFO] finished tweaking git repo https://github.com/gulldan/morfeusz-rs
[INFO] tweaked toml for git repo https://github.com/gulldan/morfeusz-rs written to /workspace/builds/worker-6-tc2/source/Cargo.toml
[INFO] validating manifest of git repo https://github.com/gulldan/morfeusz-rs on toolchain 1.100.0-beta.1
[INFO] running `Command { std: CARGO_HOME="/workspace/cargo-home" RUSTUP_HOME="/workspace/rustup-home" "/workspace/cargo-home/bin/cargo" "+1.100.0-beta.1" "metadata" "--manifest-path" "Cargo.toml" "--no-deps", kill_on_drop: false }`
[INFO] crate git repo https://github.com/gulldan/morfeusz-rs already has a lockfile, it will not be regenerated
[INFO] running `Command { std: CARGO_HOME="/workspace/cargo-home" RUSTUP_HOME="/workspace/rustup-home" "/workspace/cargo-home/bin/cargo" "+1.100.0-beta.1" "fetch" "--manifest-path" "Cargo.toml", kill_on_drop: false }`
[INFO] running `Command { std: "docker" "create" "-v" "/var/lib/crater-agent-workspace/builds/worker-6-tc2/source:/opt/rustwide/workdir:ro,Z" "-v" "/var/lib/crater-agent-workspace/builds/worker-6-tc2/target:/opt/rustwide/target:rw,Z" "-v" "/var/lib/crater-agent-workspace/cargo-home:/opt/rustwide/cargo-home:ro,Z" "-v" "/var/lib/crater-agent-workspace/rustup-home:/opt/rustwide/rustup-home:ro,Z" "-m" "1610612736" "--network" "none" "ghcr.io/rust-lang/crates-build-env/linux@sha256:3111399a4047eeb3a02b7a90e478d715f38a8c6669b5c4b49d30a17385265909" "sleep" "infinity", kill_on_drop: false }`
[INFO] [stdout] 5daceee0bab8910b8ffc5bd0d7087cbc8a1d126c66ee3ca67fc926ca62f3dd67
[INFO] running `Command { std: "docker" "start" "5daceee0bab8910b8ffc5bd0d7087cbc8a1d126c66ee3ca67fc926ca62f3dd67", kill_on_drop: false }`
[INFO] running `Command { std: "docker" "inspect" "5daceee0bab8910b8ffc5bd0d7087cbc8a1d126c66ee3ca67fc926ca62f3dd67", kill_on_drop: false }`
[INFO] running `Command { std: "docker" "exec" "-e" "SOURCE_DIR=/opt/rustwide/workdir" "-e" "CARGO_HOME=/opt/rustwide/cargo-home" "-e" "RUSTUP_HOME=/opt/rustwide/rustup-home" "-e" "CARGO_TARGET_DIR=/opt/rustwide/target" "-w" "/opt/rustwide/workdir" "--user" "0:0" "5daceee0bab8910b8ffc5bd0d7087cbc8a1d126c66ee3ca67fc926ca62f3dd67" "/opt/rustwide/cargo-home/bin/cargo" "+1.100.0-beta.1" "metadata" "--no-deps" "--format-version=1", kill_on_drop: false }`
[INFO] running `Command { std: "docker" "inspect" "5daceee0bab8910b8ffc5bd0d7087cbc8a1d126c66ee3ca67fc926ca62f3dd67", kill_on_drop: false }`
[INFO] running `Command { std: "docker" "exec" "-e" "SOURCE_DIR=/opt/rustwide/workdir" "-e" "CARGO_HOME=/opt/rustwide/cargo-home" "-e" "RUSTUP_HOME=/opt/rustwide/rustup-home" "-e" "CARGO_TARGET_DIR=/opt/rustwide/target" "-e" "CARGO_INCREMENTAL=0" "-e" "RUST_BACKTRACE=full" "-e" "RUSTFLAGS=--cap-lints=warn" "-e" "RUSTDOCFLAGS=--cap-lints=warn" "-w" "/opt/rustwide/workdir" "--user" "0:0" "5daceee0bab8910b8ffc5bd0d7087cbc8a1d126c66ee3ca67fc926ca62f3dd67" "/opt/rustwide/cargo-home/bin/cargo" "+1.100.0-beta.1" "build" "--frozen" "--message-format=json", kill_on_drop: false }`
[INFO] [stderr]    Compiling target-lexicon v0.13.5
[INFO] [stderr]    Compiling proc-macro2 v1.0.106
[INFO] [stderr]    Compiling unicode-ident v1.0.24
[INFO] [stderr]    Compiling shlex v2.0.1
[INFO] [stderr]    Compiling morfeusz-rs v1.99.15 (/opt/rustwide/workdir/morfeusz-rs)
[INFO] [stderr]    Compiling either v1.16.0
[INFO] [stderr]    Compiling itoa v1.0.18
[INFO] [stderr]    Compiling serde_json v1.0.150
[INFO] [stderr]    Compiling once_cell v1.21.4
[INFO] [stderr]    Compiling memchr v2.8.1
[INFO] [stderr]    Compiling morfeusz-builder v1.99.15 (/opt/rustwide/workdir/builder)
[INFO] [stderr]    Compiling cc v1.2.63
[INFO] [stderr]    Compiling rayon v1.12.0
[INFO] [stderr]    Compiling pyo3-build-config v0.29.0
[INFO] [stderr]    Compiling quote v1.0.45
[INFO] [stderr]    Compiling syn v2.0.117
[INFO] [stderr]    Compiling pyo3-ffi v0.29.0
[INFO] [stderr]    Compiling pyo3 v0.29.0
[INFO] [stderr]    Compiling morfeusz2-py v1.99.15 (/opt/rustwide/workdir/python)
[INFO] [stderr]    Compiling libmimalloc-sys v0.1.49
[INFO] [stderr]    Compiling morfeusz-capi v1.99.15 (/opt/rustwide/workdir/capi)
[INFO] [stderr]    Compiling mimalloc v0.1.52
[INFO] [stderr]    Compiling morfeusz-cli v1.99.15 (/opt/rustwide/workdir/cli)
[INFO] [stderr]    Compiling pyo3-macros-backend v0.29.0
[INFO] [stderr]    Compiling serde_derive v1.0.228
[INFO] [stderr]    Compiling serde v1.0.228
[INFO] [stderr]    Compiling pyo3-macros v0.29.0
[INFO] [stderr]    Compiling morfeusz-service v1.99.15 (/opt/rustwide/workdir/service)
[INFO] [stderr]     Finished `dev` profile [unoptimized + debuginfo] target(s) in 28.72s
[INFO] running `Command { std: "docker" "inspect" "5daceee0bab8910b8ffc5bd0d7087cbc8a1d126c66ee3ca67fc926ca62f3dd67", kill_on_drop: false }`
[INFO] running `Command { std: "docker" "exec" "-e" "SOURCE_DIR=/opt/rustwide/workdir" "-e" "CARGO_HOME=/opt/rustwide/cargo-home" "-e" "RUSTUP_HOME=/opt/rustwide/rustup-home" "-e" "CARGO_TARGET_DIR=/opt/rustwide/target" "-e" "CARGO_INCREMENTAL=0" "-e" "RUST_BACKTRACE=full" "-e" "RUSTFLAGS=--cap-lints=warn" "-e" "RUSTDOCFLAGS=--cap-lints=warn" "-w" "/opt/rustwide/workdir" "--user" "0:0" "5daceee0bab8910b8ffc5bd0d7087cbc8a1d126c66ee3ca67fc926ca62f3dd67" "/opt/rustwide/cargo-home/bin/cargo" "+1.100.0-beta.1" "test" "--frozen" "--no-run" "--message-format=json", kill_on_drop: false }`
[INFO] [stderr]    Compiling morfeusz-capi v1.99.15 (/opt/rustwide/workdir/capi)
[INFO] [stderr]    Compiling morfeusz-rs v1.99.15 (/opt/rustwide/workdir/morfeusz-rs)
[INFO] [stderr]    Compiling morfeusz-service v1.99.15 (/opt/rustwide/workdir/service)
[INFO] [stderr]    Compiling morfeusz-cli v1.99.15 (/opt/rustwide/workdir/cli)
[INFO] [stderr]    Compiling morfeusz2-py v1.99.15 (/opt/rustwide/workdir/python)
[INFO] [stderr]    Compiling morfeusz-builder v1.99.15 (/opt/rustwide/workdir/builder)
[INFO] [stderr]     Finished `test` profile [unoptimized + debuginfo] target(s) in 11.77s
[INFO] running `Command { std: "docker" "inspect" "5daceee0bab8910b8ffc5bd0d7087cbc8a1d126c66ee3ca67fc926ca62f3dd67", kill_on_drop: false }`
[INFO] running `Command { std: "docker" "exec" "-e" "SOURCE_DIR=/opt/rustwide/workdir" "-e" "CARGO_HOME=/opt/rustwide/cargo-home" "-e" "RUSTUP_HOME=/opt/rustwide/rustup-home" "-e" "CARGO_TARGET_DIR=/opt/rustwide/target" "-e" "CARGO_INCREMENTAL=0" "-e" "RUST_BACKTRACE=full" "-e" "RUSTFLAGS=--cap-lints=warn" "-e" "RUSTDOCFLAGS=--cap-lints=warn" "-w" "/opt/rustwide/workdir" "--user" "0:0" "5daceee0bab8910b8ffc5bd0d7087cbc8a1d126c66ee3ca67fc926ca62f3dd67" "/opt/rustwide/cargo-home/bin/cargo" "+1.100.0-beta.1" "test" "--frozen", kill_on_drop: false }`
[INFO] [stderr]     Finished `test` profile [unoptimized + debuginfo] target(s) in 0.11s
[INFO] [stderr]      Running unittests src/lib.rs (/opt/rustwide/target/debug/build/morfeusz-builder/f2f8b05d42cf7933/out/morfeusz_builder-f2f8b05d42cf7933)
[INFO] [stdout] 
[INFO] [stdout] running 78 tests
[INFO] [stdout] test tests::accepts_legacy_empty_dict_id_after_space ... ok
[INFO] [stdout] test tests::analyzer_converter_matches_legacy_grouping_shift_and_dedup_semantics ... ok
[INFO] [stdout] test tests::encodes_analyzer_forms_like_legacy_python_builder ... ok
[INFO] [stdout] test tests::builds_minimized_simple_fsa_from_sorted_entries_like_legacy_builder ... ok
[INFO] [stdout] test tests::encodes_generator_forms_like_legacy_python_builder ... ok
[INFO] [stdout] test tests::analyzer_converter_rejects_replace_and_shift_conflict_like_legacy_assertion ... ok
[INFO] [stdout] test tests::builds_full_simple_dictionary_from_sorted_entries_like_legacy_builder ... ok
[INFO] [stdout] test tests::ignores_metadata_copyright_and_space_containing_forms ... ok
[INFO] [stdout] test tests::applies_shift_orth_magic_like_legacy_pipeline ... ok
[INFO] [stdout] test tests::converts_analyzer_entries_to_sorted_simple_fsa_entries ... ok
[INFO] [stdout] test tests::parse_qualifiers_keeps_empty_members ... ok
[INFO] [stdout] test tests::calculates_simple_graph_offsets_like_legacy_state_dfs ... ok
[INFO] [stdout] test tests::indexes_segment_types_like_legacy_segtypes_helper ... ok
[INFO] [stdout] test tests::keeps_first_dict_id_across_inputs ... ok
[INFO] [stdout] test tests::parsed_segment_rules_lookup_exposes_shift_orth_magic ... ok
[INFO] [stdout] test tests::builds_simple_dictionaries_from_source_strings ... ok
[INFO] [stdout] test tests::defaults_missing_metadata_to_empty_strings ... ok
[INFO] [stdout] test tests::encodes_unicode_analyzer_form_like_legacy_python_builder ... ok
[INFO] [stdout] test tests::generator_interpretation_sort_key_matches_legacy_python_builder ... ok
[INFO] [stdout] test tests::encodes_unicode_generator_form_like_legacy_python_builder ... ok
[INFO] [stdout] test tests::generator_converter_matches_legacy_homonym_shift_skip_and_dedup_semantics ... ok
[INFO] [stdout] test tests::preprocesses_segment_rule_calls_comments_and_operators_like_legacy_preprocessor ... ok
[INFO] [stdout] test tests::parses_segment_rule_lines_like_legacy_parser ... ok
[INFO] [stdout] test tests::parses_empty_tagset_id_like_python_regex ... ok
[INFO] [stdout] test tests::parses_three_four_and_five_field_lines ... ok
[INFO] [stdout] test tests::reads_names_and_qualifiers_with_legacy_indexes ... ok
[INFO] [stdout] test tests::preprocesses_segment_rule_conditionals_like_legacy_preprocessor ... ok
[INFO] [stdout] test tests::rejects_copyright_end_without_start ... ok
[INFO] [stdout] test tests::rejects_copyright_end_with_extra_text ... ok
[INFO] [stdout] test tests::parses_analyzer_segmentation_rules_config_like_legacy_pipeline ... ok
[INFO] [stdout] test tests::parses_generator_segmentation_rules_config_like_legacy_pipeline ... ok
[INFO] [stdout] test tests::malformed_dict_id_without_space_flows_to_line_parser_like_legacy ... ok
[INFO] [stdout] test tests::rejects_copyright_start_with_extra_text ... ok
[INFO] [stdout] test tests::rejects_empty_words_that_legacy_builder_asserts_on ... ok
[INFO] [stdout] test tests::analyzer_interpretation_sort_key_matches_legacy_python_builder ... ok
[INFO] [stdout] test tests::rejects_dict_id_containing_spaces ... ok
[INFO] [stdout] test tests::preprocesses_segment_rule_defines_like_legacy_preprocessor ... ok
[INFO] [stdout] test tests::rejects_duplicate_tag_id ... ok
[INFO] [stdout] test tests::rejects_invalid_tab_field_count ... ok
[INFO] [stdout] test tests::rejects_invalid_segmentation_rules_metadata_options ... ok
[INFO] [stdout] test tests::rejects_invalid_sorted_fsa_inputs_like_legacy_assertions ... ok
[INFO] [stdout] test tests::parses_tagset_with_legacy_tag_indexes_and_insertion_order ... ok
[INFO] [stdout] test tests::reads_dict_id_and_copyright ... ok
[INFO] [stdout] test tests::rejects_invalid_tagset_line_shape ... ok
[INFO] [stdout] test tests::rejects_dict_id_tag_without_space_separator ... ok
[INFO] [stdout] test tests::rejects_dict_id_without_value ... ok
[INFO] [stdout] test tests::rejects_empty_source_dictionary_builds ... ok
[INFO] [stdout] test tests::rejects_invalid_segment_rule_quantities_and_unknown_segment_types ... ok
[INFO] [stdout] test tests::rejects_invalid_simple_graph_references ... ok
[INFO] [stdout] test tests::rejects_invalid_simple_states_and_offsets ... ok
[INFO] [stdout] test tests::builds_simple_dictionary_from_analyzer_entries ... ok
[INFO] [stdout] test tests::rejects_text_outside_tags_section ... ok
[INFO] [stdout] test tests::rejects_duplicate_tag ... ok
[INFO] [stdout] test tests::serializes_analyzer_mixed_case_payload_like_legacy_morph_encoder ... ok
[INFO] [stdout] test tests::rejects_invalid_tag_lookup ... ok
[INFO] [stdout] test tests::rejects_segment_rules_fsa_weakness_conflicts_like_legacy_builder ... ok
[INFO] [stdout] test tests::serializes_analyzer_entry_payload_like_legacy_morph_encoder ... ok
[INFO] [stdout] test tests::serializes_legacy_numbers_strings_and_prologue ... ok
[INFO] [stdout] test tests::rejects_legacy_number_overflow ... ok
[INFO] [stdout] test tests::rejects_missing_tagset_id_in_first_line ... ok
[INFO] [stdout] test tests::serializes_non_accepting_simple_state_with_transition ... ok
[INFO] [stdout] test tests::serializes_qualifiers_map_like_legacy_serializer ... ok
[INFO] [stdout] test tests::serializes_epilogue_like_legacy_serializer ... ok
[INFO] [stdout] test tests::serializes_full_simple_dictionary_like_legacy_serializer ... ok
[INFO] [stdout] test tests::serializes_full_simple_dictionary_with_transition_data_like_legacy_serializer ... ok
[INFO] [stdout] test tests::serializes_generator_entry_payload_like_legacy_generator_encoder ... ok
[INFO] [stdout] test tests::serializes_segmentation_rules_metadata_like_legacy_rules_manager ... ok
[INFO] [stdout] test tests::serializes_simple_fsa_data_like_legacy_serializer ... ok
[INFO] [stdout] test tests::transforms_segment_rules_to_generator_like_legacy_parser ... ok
[INFO] [stdout] test tests::serializes_simple_fsa_data_with_transition_data_like_legacy_serializer ... ok
[INFO] [stdout] test tests::serializes_simple_state_like_legacy_serializer ... ok
[INFO] [stdout] test tests::serializes_simple_state_with_transition_data_like_legacy_serializer ... ok
[INFO] [stdout] test tests::serializes_tags_map_like_legacy_serializer ... ok
[INFO] [stdout] test tests::serializes_segment_rules_fsa_like_legacy_python_builder ... ok
[INFO] [stdout] test tests::split_generator_homonym_matches_legacy_rules ... ok
[INFO] [stdout] test tests::serializes_tagset_data_like_legacy_serializer ... ok
[INFO] [stdout] test tests::validates_segment_rule_shift_orth_constraints_like_legacy ... ok
[INFO] [stderr]      Running unittests src/lib.rs (/opt/rustwide/target/debug/build/morfeusz-capi/708d503d4db7313b/out/morfeusz2-708d503d4db7313b)
[INFO] [stdout] test tests::rejects_too_many_qualifier_combinations ... ok
[INFO] [stdout] 
[INFO] [stdout] test result: ok. 78 passed; 0 failed; 0 ignored; 0 measured; 0 filtered out; finished in 0.06s
[INFO] [stdout] 
[INFO] [stdout] 
[INFO] [stdout] running 9 tests
[INFO] [stdout] test tests::rejects_unknown_option_values ... ok
[INFO] [stdout] test tests::records_create_instance_error_before_instance_exists ... ok
[INFO] [stdout] test tests::exposes_version_string ... ok
[INFO] [stdout] test tests::round_trips_legacy_c_api_encodings ... ok
[INFO] [stdout] test tests::supports_keep_and_append_whitespace_options ... ok
[INFO] [stdout] test tests::round_trips_explicit_utf8_c_api_encoding ... ok
[INFO] [stdout] test tests::round_trips_legacy_c_api_utf8_bytes_declared_as_cp1250 ... ok
[INFO] [stdout] test tests::supports_continuous_token_numbering ... ok
[INFO] [stdout] test tests::analyzes_two_simple_invocations_with_sentinel ... ok
[INFO] [stdout] 
[INFO] [stdout] test result: ok. 9 passed; 0 failed; 0 ignored; 0 measured; 0 filtered out; finished in 0.01s
[INFO] [stdout] 
[INFO] [stderr]      Running tests/c_link_smoke.rs (/opt/rustwide/target/debug/build/morfeusz-capi/a91cd308877ceb47/out/c_link_smoke-a91cd308877ceb47)
[INFO] [stdout] 
[INFO] [stdout] running 2 tests
[INFO] [stdout] test c_client_links_against_rust_c_api_library ... FAILED
[INFO] [stderr] error: test failed, to rerun pass `-p morfeusz-capi --test c_link_smoke`
[INFO] [stdout] test cxx_client_links_legacy_morfeusz2_header_static_getters ... FAILED
[INFO] [stdout] 
[INFO] [stdout] failures:
[INFO] [stdout] 
[INFO] [stdout] ---- c_client_links_against_rust_c_api_library stdout ----
[INFO] [stdout] 
[INFO] [stdout] thread 'c_client_links_against_rust_c_api_library' (1575) panicked at capi/tests/c_link_smoke.rs:25:5:
[INFO] [stdout] expected C API shared library at /opt/rustwide/target/debug/build/morfeusz-capi/a91cd308877ceb47/out/libmorfeusz2.so
[INFO] [stdout] stack backtrace:
[INFO] [stdout]    0:     0x56a68c5a6591 - std[617be2ca0a6fd877]::backtrace_rs::backtrace::libunwind::trace
[INFO] [stdout]                                at /rustc/e3feeb59cd1bdd011a2bfcc0747b55125d9b8527/library/std/src/../../backtrace/src/backtrace/libunwind.rs:117:9
[INFO] [stdout]    1:     0x56a68c5a6591 - std[617be2ca0a6fd877]::backtrace_rs::backtrace::trace_unsynchronized::<std[617be2ca0a6fd877]::sys::backtrace::_print_fmt::{closure#1}>
[INFO] [stdout]                                at /rustc/e3feeb59cd1bdd011a2bfcc0747b55125d9b8527/library/std/src/../../backtrace/src/backtrace/mod.rs:66:14
[INFO] [stdout]    2:     0x56a68c5a6591 - std[617be2ca0a6fd877]::sys::backtrace::_print_fmt
[INFO] [stdout]                                at /rustc/e3feeb59cd1bdd011a2bfcc0747b55125d9b8527/library/std/src/sys/backtrace.rs:74:9
[INFO] [stdout]    3:     0x56a68c5a6591 - <<std[617be2ca0a6fd877]::sys::backtrace::BacktraceLock>::print::DisplayBacktrace as core[a373ad73a504971]::fmt::Display>::fmt
[INFO] [stdout]                                at /rustc/e3feeb59cd1bdd011a2bfcc0747b55125d9b8527/library/std/src/sys/backtrace.rs:44:26
[INFO] [stdout]    4:     0x56a68c5bab5a - <core[a373ad73a504971]::fmt::rt::Argument>::fmt
[INFO] [stdout]                                at /rustc/e3feeb59cd1bdd011a2bfcc0747b55125d9b8527/library/core/src/fmt/rt.rs:152:76
[INFO] [stdout]    5:     0x56a68c5bab5a - core[a373ad73a504971]::fmt::write
[INFO] [stdout]    6:     0x56a68c5aaa2c - core[a373ad73a504971]::io::write::default_write_fmt::<alloc[2e1b2a31b91974c5]::vec::Vec<u8>>
[INFO] [stdout]                                at /rustc/e3feeb59cd1bdd011a2bfcc0747b55125d9b8527/library/core/src/io/write.rs:402:11
[INFO] [stdout]    7:     0x56a68c5aaa2c - <alloc[2e1b2a31b91974c5]::vec::Vec<u8> as core[a373ad73a504971]::io::write::Write>::write_fmt
[INFO] [stdout]                                at /rustc/e3feeb59cd1bdd011a2bfcc0747b55125d9b8527/library/core/src/io/write.rs:335:13
[INFO] [stdout]    8:     0x56a68c580656 - <std[617be2ca0a6fd877]::sys::backtrace::BacktraceLock>::print
[INFO] [stdout]                                at /rustc/e3feeb59cd1bdd011a2bfcc0747b55125d9b8527/library/std/src/sys/backtrace.rs:47:9
[INFO] [stdout]    9:     0x56a68c580656 - std[617be2ca0a6fd877]::panicking::default_hook::{closure#0}
[INFO] [stdout]                                at /rustc/e3feeb59cd1bdd011a2bfcc0747b55125d9b8527/library/std/src/panicking.rs:289:27
[INFO] [stdout]   10:     0x56a68c59d699 - std[617be2ca0a6fd877]::panicking::default_hook
[INFO] [stdout]                                at /rustc/e3feeb59cd1bdd011a2bfcc0747b55125d9b8527/library/std/src/panicking.rs:313:9
[INFO] [stdout]   11:     0x56a68c538d40 - <alloc[2e1b2a31b91974c5]::boxed::Box<dyn for<'a, 'b> core[a373ad73a504971]::ops::function::Fn<(&'a std[617be2ca0a6fd877]::panic::PanicHookInfo<'b>,), Output = ()> + core[a373ad73a504971]::marker::Sync + core[a373ad73a504971]::marker::Send> as core[a373ad73a504971]::ops::function::Fn<(&std[617be2ca0a6fd877]::panic::PanicHookInfo,)>>::call
[INFO] [stdout]                                at /rustc/e3feeb59cd1bdd011a2bfcc0747b55125d9b8527/library/alloc/src/boxed.rs:2328:9
[INFO] [stdout]   12:     0x56a68c538d40 - test[aada8e7e76ba119b]::test_main_inner::{closure#0}
[INFO] [stdout]                                at /rustc/e3feeb59cd1bdd011a2bfcc0747b55125d9b8527/library/test/src/lib.rs:137:21
[INFO] [stdout]   13:     0x56a68c59d852 - <alloc[2e1b2a31b91974c5]::boxed::Box<dyn for<'a, 'b> core[a373ad73a504971]::ops::function::Fn<(&'a std[617be2ca0a6fd877]::panic::PanicHookInfo<'b>,), Output = ()> + core[a373ad73a504971]::marker::Sync + core[a373ad73a504971]::marker::Send> as core[a373ad73a504971]::ops::function::Fn<(&std[617be2ca0a6fd877]::panic::PanicHookInfo,)>>::call
[INFO] [stdout]                                at /rustc/e3feeb59cd1bdd011a2bfcc0747b55125d9b8527/library/alloc/src/boxed.rs:2328:9
[INFO] [stdout]   14:     0x56a68c59d852 - std[617be2ca0a6fd877]::panicking::panic_with_hook
[INFO] [stdout]                                at /rustc/e3feeb59cd1bdd011a2bfcc0747b55125d9b8527/library/std/src/panicking.rs:819:13
[INFO] [stdout]   15:     0x56a68c580702 - std[617be2ca0a6fd877]::panicking::panic_handler::{closure#0}
[INFO] [stdout]                                at /rustc/e3feeb59cd1bdd011a2bfcc0747b55125d9b8527/library/std/src/panicking.rs:685:13
[INFO] [stdout]   16:     0x56a68c5792f9 - std[617be2ca0a6fd877]::sys::backtrace::__rust_end_short_backtrace::<std[617be2ca0a6fd877]::panicking::panic_handler::{closure#0}, !>
[INFO] [stdout]                                at /rustc/e3feeb59cd1bdd011a2bfcc0747b55125d9b8527/library/std/src/sys/backtrace.rs:182:18
[INFO] [stdout]   17:     0x56a68c58130d - __rustc[ea4f61d10b84890b]::rust_begin_unwind
[INFO] [stdout]                                at /rustc/e3feeb59cd1bdd011a2bfcc0747b55125d9b8527/library/std/src/panicking.rs:676:5
[INFO] [stdout]   18:     0x56a68c5bb28c - core[a373ad73a504971]::panicking::panic_fmt
[INFO] [stdout]                                at /rustc/e3feeb59cd1bdd011a2bfcc0747b55125d9b8527/library/core/src/panicking.rs:80:14
[INFO] [stdout]   19:     0x56a68c51ef95 - c_link_smoke[c0076f914e91cb6d]::c_client_links_against_rust_c_api_library
[INFO] [stdout]                                at /opt/rustwide/workdir/capi/tests/c_link_smoke.rs:25:5
[INFO] [stdout]   20:     0x56a68c51e0d7 - c_link_smoke[c0076f914e91cb6d]::c_client_links_against_rust_c_api_library::{closure#0}
[INFO] [stdout]                                at /opt/rustwide/workdir/capi/tests/c_link_smoke.rs:10:47
[INFO] [stdout]   21:     0x56a68c52c106 - <c_link_smoke[c0076f914e91cb6d]::c_client_links_against_rust_c_api_library::{closure#0} as core[a373ad73a504971]::ops::function::FnOnce<()>>::call_once
[INFO] [stdout]                                at /rustc/e3feeb59cd1bdd011a2bfcc0747b55125d9b8527/library/core/src/ops/function.rs:250:5
[INFO] [stdout]   22:     0x56a68c52c18b - <fn() -> core[a373ad73a504971]::result::Result<(), alloc[2e1b2a31b91974c5]::string::String> as core[a373ad73a504971]::ops::function::FnOnce<()>>::call_once
[INFO] [stdout]                                at /rustc/e3feeb59cd1bdd011a2bfcc0747b55125d9b8527/library/core/src/ops/function.rs:250:5
[INFO] [stdout]   23:     0x56a68c52c18b - test[aada8e7e76ba119b]::__rust_begin_short_backtrace::<core[a373ad73a504971]::result::Result<(), alloc[2e1b2a31b91974c5]::string::String>, fn() -> core[a373ad73a504971]::result::Result<(), alloc[2e1b2a31b91974c5]::string::String>>
[INFO] [stdout]                                at /rustc/e3feeb59cd1bdd011a2bfcc0747b55125d9b8527/library/test/src/lib.rs:701:18
[INFO] [stdout]   24:     0x56a68c539365 - test[aada8e7e76ba119b]::run_test_in_process::{closure#0}
[INFO] [stdout]                                at /rustc/e3feeb59cd1bdd011a2bfcc0747b55125d9b8527/library/test/src/lib.rs:724:74
[INFO] [stdout]   25:     0x56a68c539365 - <core[a373ad73a504971]::panic::unwind_safe::AssertUnwindSafe<test[aada8e7e76ba119b]::run_test_in_process::{closure#0}> as core[a373ad73a504971]::ops::function::FnOnce<()>>::call_once
[INFO] [stdout]                                at /rustc/e3feeb59cd1bdd011a2bfcc0747b55125d9b8527/library/core/src/panic/unwind_safe.rs:275:9
[INFO] [stdout]   26:     0x56a68c539365 - std[617be2ca0a6fd877]::panicking::catch_unwind::do_call::<core[a373ad73a504971]::panic::unwind_safe::AssertUnwindSafe<test[aada8e7e76ba119b]::run_test_in_process::{closure#0}>, core[a373ad73a504971]::result::Result<(), alloc[2e1b2a31b91974c5]::string::String>>
[INFO] [stdout]                                at /rustc/e3feeb59cd1bdd011a2bfcc0747b55125d9b8527/library/std/src/panicking.rs:573:43
[INFO] [stdout]   27:     0x56a68c539365 - std[617be2ca0a6fd877]::panicking::catch_unwind::<core[a373ad73a504971]::result::Result<(), alloc[2e1b2a31b91974c5]::string::String>, core[a373ad73a504971]::panic::unwind_safe::AssertUnwindSafe<test[aada8e7e76ba119b]::run_test_in_process::{closure#0}>>
[INFO] [stdout]                                at /rustc/e3feeb59cd1bdd011a2bfcc0747b55125d9b8527/library/std/src/panicking.rs:541:19
[INFO] [stdout]   28:     0x56a68c539365 - std[617be2ca0a6fd877]::panic::catch_unwind::<core[a373ad73a504971]::panic::unwind_safe::AssertUnwindSafe<test[aada8e7e76ba119b]::run_test_in_process::{closure#0}>, core[a373ad73a504971]::result::Result<(), alloc[2e1b2a31b91974c5]::string::String>>
[INFO] [stdout]                                at /rustc/e3feeb59cd1bdd011a2bfcc0747b55125d9b8527/library/std/src/panic.rs:359:14
[INFO] [stdout]   29:     0x56a68c539365 - test[aada8e7e76ba119b]::run_test_in_process
[INFO] [stdout]                                at /rustc/e3feeb59cd1bdd011a2bfcc0747b55125d9b8527/library/test/src/lib.rs:724:27
[INFO] [stdout]   30:     0x56a68c539365 - test[aada8e7e76ba119b]::run_test::{closure#0}
[INFO] [stdout]                                at /rustc/e3feeb59cd1bdd011a2bfcc0747b55125d9b8527/library/test/src/lib.rs:645:43
[INFO] [stdout]   31:     0x56a68c532c54 - test[aada8e7e76ba119b]::run_test::{closure#1}
[INFO] [stdout]                                at /rustc/e3feeb59cd1bdd011a2bfcc0747b55125d9b8527/library/test/src/lib.rs:675:41
[INFO] [stdout]   32:     0x56a68c532c54 - std[617be2ca0a6fd877]::sys::backtrace::__rust_begin_short_backtrace::<test[aada8e7e76ba119b]::run_test::{closure#1}, ()>
[INFO] [stdout]                                at /rustc/e3feeb59cd1bdd011a2bfcc0747b55125d9b8527/library/std/src/sys/backtrace.rs:166:18
[INFO] [stdout]   33:     0x56a68c53c3f2 - std[617be2ca0a6fd877]::thread::lifecycle::spawn_unchecked::<test[aada8e7e76ba119b]::run_test::{closure#1}, ()>::{closure#1}::{closure#0}
[INFO] [stdout]                                at /rustc/e3feeb59cd1bdd011a2bfcc0747b55125d9b8527/library/std/src/thread/lifecycle.rs:70:13
[INFO] [stdout]   34:     0x56a68c53c3f2 - <core[a373ad73a504971]::panic::unwind_safe::AssertUnwindSafe<std[617be2ca0a6fd877]::thread::lifecycle::spawn_unchecked<test[aada8e7e76ba119b]::run_test::{closure#1}, ()>::{closure#1}::{closure#0}> as core[a373ad73a504971]::ops::function::FnOnce<()>>::call_once
[INFO] [stdout]                                at /rustc/e3feeb59cd1bdd011a2bfcc0747b55125d9b8527/library/core/src/panic/unwind_safe.rs:275:9
[INFO] [stdout]   35:     0x56a68c53c3f2 - std[617be2ca0a6fd877]::panicking::catch_unwind::do_call::<core[a373ad73a504971]::panic::unwind_safe::AssertUnwindSafe<std[617be2ca0a6fd877]::thread::lifecycle::spawn_unchecked<test[aada8e7e76ba119b]::run_test::{closure#1}, ()>::{closure#1}::{closure#0}>, ()>
[INFO] [stdout]                                at /rustc/e3feeb59cd1bdd011a2bfcc0747b55125d9b8527/library/std/src/panicking.rs:573:43
[INFO] [stdout]   36:     0x56a68c53c3f2 - std[617be2ca0a6fd877]::panicking::catch_unwind::<(), core[a373ad73a504971]::panic::unwind_safe::AssertUnwindSafe<std[617be2ca0a6fd877]::thread::lifecycle::spawn_unchecked<test[aada8e7e76ba119b]::run_test::{closure#1}, ()>::{closure#1}::{closure#0}>>
[INFO] [stdout]                                at /rustc/e3feeb59cd1bdd011a2bfcc0747b55125d9b8527/library/std/src/panicking.rs:541:19
[INFO] [stdout]   37:     0x56a68c53c3f2 - std[617be2ca0a6fd877]::panic::catch_unwind::<core[a373ad73a504971]::panic::unwind_safe::AssertUnwindSafe<std[617be2ca0a6fd877]::thread::lifecycle::spawn_unchecked<test[aada8e7e76ba119b]::run_test::{closure#1}, ()>::{closure#1}::{closure#0}>, ()>
[INFO] [stdout]                                at /rustc/e3feeb59cd1bdd011a2bfcc0747b55125d9b8527/library/std/src/panic.rs:359:14
[INFO] [stdout]   38:     0x56a68c53c3f2 - std[617be2ca0a6fd877]::thread::lifecycle::spawn_unchecked::<test[aada8e7e76ba119b]::run_test::{closure#1}, ()>::{closure#1}
[INFO] [stdout]                                at /rustc/e3feeb59cd1bdd011a2bfcc0747b55125d9b8527/library/std/src/thread/lifecycle.rs:68:26
[INFO] [stdout]   39:     0x56a68c53c3f2 - <std[617be2ca0a6fd877]::thread::lifecycle::spawn_unchecked<test[aada8e7e76ba119b]::run_test::{closure#1}, ()>::{closure#1} as core[a373ad73a504971]::ops::function::FnOnce<()>>::call_once::{shim:vtable#0}
[INFO] [stdout]                                at /rustc/e3feeb59cd1bdd011a2bfcc0747b55125d9b8527/library/core/src/ops/function.rs:250:5
[INFO] [stdout]   40:     0x56a68c5a5b4f - <alloc[2e1b2a31b91974c5]::boxed::Box<dyn core[a373ad73a504971]::ops::function::FnOnce<(), Output = ()> + core[a373ad73a504971]::marker::Send> as core[a373ad73a504971]::ops::function::FnOnce<()>>::call_once
[INFO] [stdout]                                at /rustc/e3feeb59cd1bdd011a2bfcc0747b55125d9b8527/library/alloc/src/boxed.rs:2314:9
[INFO] [stdout]   41:     0x56a68c5a5b4f - <std[617be2ca0a6fd877]::sys::thread::unix::Thread>::new::thread_start
[INFO] [stdout]                                at /rustc/e3feeb59cd1bdd011a2bfcc0747b55125d9b8527/library/std/src/sys/thread/unix.rs:127:17
[INFO] [stdout]   42:     0x7a7b934e9dfa - <unknown>
[INFO] [stdout]   43:     0x7a7b9357d3d4 - clone
[INFO] [stdout]   44:                0x0 - <unknown>
[INFO] [stdout] 
[INFO] [stdout] ---- cxx_client_links_legacy_morfeusz2_header_static_getters stdout ----
[INFO] [stdout] 
[INFO] [stdout] thread 'cxx_client_links_legacy_morfeusz2_header_static_getters' (1576) panicked at capi/tests/c_link_smoke.rs:350:5:
[INFO] [stdout] expected C API shared library at /opt/rustwide/target/debug/build/morfeusz-capi/a91cd308877ceb47/out/libmorfeusz2.so
[INFO] [stdout] stack backtrace:
[INFO] [stdout]    0:     0x56a68c5a6591 - std[617be2ca0a6fd877]::backtrace_rs::backtrace::libunwind::trace
[INFO] [stdout]                                at /rustc/e3feeb59cd1bdd011a2bfcc0747b55125d9b8527/library/std/src/../../backtrace/src/backtrace/libunwind.rs:117:9
[INFO] [stdout]    1:     0x56a68c5a6591 - std[617be2ca0a6fd877]::backtrace_rs::backtrace::trace_unsynchronized::<std[617be2ca0a6fd877]::sys::backtrace::_print_fmt::{closure#1}>
[INFO] [stdout]                                at /rustc/e3feeb59cd1bdd011a2bfcc0747b55125d9b8527/library/std/src/../../backtrace/src/backtrace/mod.rs:66:14
[INFO] [stdout]    2:     0x56a68c5a6591 - std[617be2ca0a6fd877]::sys::backtrace::_print_fmt
[INFO] [stdout]                                at /rustc/e3feeb59cd1bdd011a2bfcc0747b55125d9b8527/library/std/src/sys/backtrace.rs:74:9
[INFO] [stdout]    3:     0x56a68c5a6591 - <<std[617be2ca0a6fd877]::sys::backtrace::BacktraceLock>::print::DisplayBacktrace as core[a373ad73a504971]::fmt::Display>::fmt
[INFO] [stdout]                                at /rustc/e3feeb59cd1bdd011a2bfcc0747b55125d9b8527/library/std/src/sys/backtrace.rs:44:26
[INFO] [stdout]    4:     0x56a68c5bab5a - <core[a373ad73a504971]::fmt::rt::Argument>::fmt
[INFO] [stdout]                                at /rustc/e3feeb59cd1bdd011a2bfcc0747b55125d9b8527/library/core/src/fmt/rt.rs:152:76
[INFO] [stdout]    5:     0x56a68c5bab5a - core[a373ad73a504971]::fmt::write
[INFO] [stdout]    6:     0x56a68c5aaa2c - core[a373ad73a504971]::io::write::default_write_fmt::<alloc[2e1b2a31b91974c5]::vec::Vec<u8>>
[INFO] [stdout]                                at /rustc/e3feeb59cd1bdd011a2bfcc0747b55125d9b8527/library/core/src/io/write.rs:402:11
[INFO] [stdout]    7:     0x56a68c5aaa2c - <alloc[2e1b2a31b91974c5]::vec::Vec<u8> as core[a373ad73a504971]::io::write::Write>::write_fmt
[INFO] [stdout]                                at /rustc/e3feeb59cd1bdd011a2bfcc0747b55125d9b8527/library/core/src/io/write.rs:335:13
[INFO] [stdout]    8:     0x56a68c580656 - <std[617be2ca0a6fd877]::sys::backtrace::BacktraceLock>::print
[INFO] [stdout]                                at /rustc/e3feeb59cd1bdd011a2bfcc0747b55125d9b8527/library/std/src/sys/backtrace.rs:47:9
[INFO] [stdout]    9:     0x56a68c580656 - std[617be2ca0a6fd877]::panicking::default_hook::{closure#0}
[INFO] [stdout]                                at /rustc/e3feeb59cd1bdd011a2bfcc0747b55125d9b8527/library/std/src/panicking.rs:289:27
[INFO] [stdout]   10:     0x56a68c59d699 - std[617be2ca0a6fd877]::panicking::default_hook
[INFO] [stdout]                                at /rustc/e3feeb59cd1bdd011a2bfcc0747b55125d9b8527/library/std/src/panicking.rs:313:9
[INFO] [stdout]   11:     0x56a68c538d40 - <alloc[2e1b2a31b91974c5]::boxed::Box<dyn for<'a, 'b> core[a373ad73a504971]::ops::function::Fn<(&'a std[617be2ca0a6fd877]::panic::PanicHookInfo<'b>,), Output = ()> + core[a373ad73a504971]::marker::Sync + core[a373ad73a504971]::marker::Send> as core[a373ad73a504971]::ops::function::Fn<(&std[617be2ca0a6fd877]::panic::PanicHookInfo,)>>::call
[INFO] [stdout]                                at /rustc/e3feeb59cd1bdd011a2bfcc0747b55125d9b8527/library/alloc/src/boxed.rs:2328:9
[INFO] [stdout]   12:     0x56a68c538d40 - test[aada8e7e76ba119b]::test_main_inner::{closure#0}
[INFO] [stdout]                                at /rustc/e3feeb59cd1bdd011a2bfcc0747b55125d9b8527/library/test/src/lib.rs:137:21
[INFO] [stdout]   13:     0x56a68c59d852 - <alloc[2e1b2a31b91974c5]::boxed::Box<dyn for<'a, 'b> core[a373ad73a504971]::ops::function::Fn<(&'a std[617be2ca0a6fd877]::panic::PanicHookInfo<'b>,), Output = ()> + core[a373ad73a504971]::marker::Sync + core[a373ad73a504971]::marker::Send> as core[a373ad73a504971]::ops::function::Fn<(&std[617be2ca0a6fd877]::panic::PanicHookInfo,)>>::call
[INFO] [stdout]                                at /rustc/e3feeb59cd1bdd011a2bfcc0747b55125d9b8527/library/alloc/src/boxed.rs:2328:9
[INFO] [stdout]   14:     0x56a68c59d852 - std[617be2ca0a6fd877]::panicking::panic_with_hook
[INFO] [stdout]                                at /rustc/e3feeb59cd1bdd011a2bfcc0747b55125d9b8527/library/std/src/panicking.rs:819:13
[INFO] [stdout]   15:     0x56a68c580702 - std[617be2ca0a6fd877]::panicking::panic_handler::{closure#0}
[INFO] [stdout]                                at /rustc/e3feeb59cd1bdd011a2bfcc0747b55125d9b8527/library/std/src/panicking.rs:685:13
[INFO] [stdout]   16:     0x56a68c5792f9 - std[617be2ca0a6fd877]::sys::backtrace::__rust_end_short_backtrace::<std[617be2ca0a6fd877]::panicking::panic_handler::{closure#0}, !>
[INFO] [stdout]                                at /rustc/e3feeb59cd1bdd011a2bfcc0747b55125d9b8527/library/std/src/sys/backtrace.rs:182:18
[INFO] [stdout]   17:     0x56a68c58130d - __rustc[ea4f61d10b84890b]::rust_begin_unwind
[INFO] [stdout]                                at /rustc/e3feeb59cd1bdd011a2bfcc0747b55125d9b8527/library/std/src/panicking.rs:676:5
[INFO] [stdout]   18:     0x56a68c5bb28c - core[a373ad73a504971]::panicking::panic_fmt
[INFO] [stdout]                                at /rustc/e3feeb59cd1bdd011a2bfcc0747b55125d9b8527/library/core/src/panicking.rs:80:14
[INFO] [stdout]   19:     0x56a68c521505 - c_link_smoke[c0076f914e91cb6d]::cxx_client_links_legacy_morfeusz2_header_static_getters
[INFO] [stdout]                                at /opt/rustwide/workdir/capi/tests/c_link_smoke.rs:350:5
[INFO] [stdout]   20:     0x56a68c51e107 - c_link_smoke[c0076f914e91cb6d]::cxx_client_links_legacy_morfeusz2_header_static_getters::{closure#0}
[INFO] [stdout]                                at /opt/rustwide/workdir/capi/tests/c_link_smoke.rs:335:61
[INFO] [stdout]   21:     0x56a68c52c126 - <c_link_smoke[c0076f914e91cb6d]::cxx_client_links_legacy_morfeusz2_header_static_getters::{closure#0} as core[a373ad73a504971]::ops::function::FnOnce<()>>::call_once
[INFO] [stdout]                                at /rustc/e3feeb59cd1bdd011a2bfcc0747b55125d9b8527/library/core/src/ops/function.rs:250:5
[INFO] [stdout]   22:     0x56a68c52c18b - <fn() -> core[a373ad73a504971]::result::Result<(), alloc[2e1b2a31b91974c5]::string::String> as core[a373ad73a504971]::ops::function::FnOnce<()>>::call_once
[INFO] [stdout]                                at /rustc/e3feeb59cd1bdd011a2bfcc0747b55125d9b8527/library/core/src/ops/function.rs:250:5
[INFO] [stdout]   23:     0x56a68c52c18b - test[aada8e7e76ba119b]::__rust_begin_short_backtrace::<core[a373ad73a504971]::result::Result<(), alloc[2e1b2a31b91974c5]::string::String>, fn() -> core[a373ad73a504971]::result::Result<(), alloc[2e1b2a31b91974c5]::string::String>>
[INFO] [stdout]                                at /rustc/e3feeb59cd1bdd011a2bfcc0747b55125d9b8527/library/test/src/lib.rs:701:18
[INFO] [stdout]   24:     0x56a68c539365 - test[aada8e7e76ba119b]::run_test_in_process::{closure#0}
[INFO] [stdout]                                at /rustc/e3feeb59cd1bdd011a2bfcc0747b55125d9b8527/library/test/src/lib.rs:724:74
[INFO] [stdout]   25:     0x56a68c539365 - <core[a373ad73a504971]::panic::unwind_safe::AssertUnwindSafe<test[aada8e7e76ba119b]::run_test_in_process::{closure#0}> as core[a373ad73a504971]::ops::function::FnOnce<()>>::call_once
[INFO] [stdout]                                at /rustc/e3feeb59cd1bdd011a2bfcc0747b55125d9b8527/library/core/src/panic/unwind_safe.rs:275:9
[INFO] [stdout]   26:     0x56a68c539365 - std[617be2ca0a6fd877]::panicking::catch_unwind::do_call::<core[a373ad73a504971]::panic::unwind_safe::AssertUnwindSafe<test[aada8e7e76ba119b]::run_test_in_process::{closure#0}>, core[a373ad73a504971]::result::Result<(), alloc[2e1b2a31b91974c5]::string::String>>
[INFO] [stdout]                                at /rustc/e3feeb59cd1bdd011a2bfcc0747b55125d9b8527/library/std/src/panicking.rs:573:43
[INFO] [stdout]   27:     0x56a68c539365 - std[617be2ca0a6fd877]::panicking::catch_unwind::<core[a373ad73a504971]::result::Result<(), alloc[2e1b2a31b91974c5]::string::String>, core[a373ad73a504971]::panic::unwind_safe::AssertUnwindSafe<test[aada8e7e76ba119b]::run_test_in_process::{closure#0}>>
[INFO] [stdout]                                at /rustc/e3feeb59cd1bdd011a2bfcc0747b55125d9b8527/library/std/src/panicking.rs:541:19
[INFO] [stdout]   28:     0x56a68c539365 - std[617be2ca0a6fd877]::panic::catch_unwind::<core[a373ad73a504971]::panic::unwind_safe::AssertUnwindSafe<test[aada8e7e76ba119b]::run_test_in_process::{closure#0}>, core[a373ad73a504971]::result::Result<(), alloc[2e1b2a31b91974c5]::string::String>>
[INFO] [stdout]                                at /rustc/e3feeb59cd1bdd011a2bfcc0747b55125d9b8527/library/std/src/panic.rs:359:14
[INFO] [stdout]   29:     0x56a68c539365 - test[aada8e7e76ba119b]::run_test_in_process
[INFO] [stdout]                                at /rustc/e3feeb59cd1bdd011a2bfcc0747b55125d9b8527/library/test/src/lib.rs:724:27
[INFO] [stdout]   30:     0x56a68c539365 - test[aada8e7e76ba119b]::run_test::{closure#0}
[INFO] [stdout]                                at /rustc/e3feeb59cd1bdd011a2bfcc0747b55125d9b8527/library/test/src/lib.rs:645:43
[INFO] [stdout]   31:     0x56a68c532c54 - test[aada8e7e76ba119b]::run_test::{closure#1}
[INFO] [stdout]                                at /rustc/e3feeb59cd1bdd011a2bfcc0747b55125d9b8527/library/test/src/lib.rs:675:41
[INFO] [stdout]   32:     0x56a68c532c54 - std[617be2ca0a6fd877]::sys::backtrace::__rust_begin_short_backtrace::<test[aada8e7e76ba119b]::run_test::{closure#1}, ()>
[INFO] [stdout]                                at /rustc/e3feeb59cd1bdd011a2bfcc0747b55125d9b8527/library/std/src/sys/backtrace.rs:166:18
[INFO] [stdout]   33:     0x56a68c53c3f2 - std[617be2ca0a6fd877]::thread::lifecycle::spawn_unchecked::<test[aada8e7e76ba119b]::run_test::{closure#1}, ()>::{closure#1}::{closure#0}
[INFO] [stdout]                                at /rustc/e3feeb59cd1bdd011a2bfcc0747b55125d9b8527/library/std/src/thread/lifecycle.rs:70:13
[INFO] [stdout]   34:     0x56a68c53c3f2 - <core[a373ad73a504971]::panic::unwind_safe::AssertUnwindSafe<std[617be2ca0a6fd877]::thread::lifecycle::spawn_unchecked<test[aada8e7e76ba119b]::run_test::{closure#1}, ()>::{closure#1}::{closure#0}> as core[a373ad73a504971]::ops::function::FnOnce<()>>::call_once
[INFO] [stdout]                                at /rustc/e3feeb59cd1bdd011a2bfcc0747b55125d9b8527/library/core/src/panic/unwind_safe.rs:275:9
[INFO] [stdout]   35:     0x56a68c53c3f2 - std[617be2ca0a6fd877]::panicking::catch_unwind::do_call::<core[a373ad73a504971]::panic::unwind_safe::AssertUnwindSafe<std[617be2ca0a6fd877]::thread::lifecycle::spawn_unchecked<test[aada8e7e76ba119b]::run_test::{closure#1}, ()>::{closure#1}::{closure#0}>, ()>
[INFO] [stdout]                                at /rustc/e3feeb59cd1bdd011a2bfcc0747b55125d9b8527/library/std/src/panicking.rs:573:43
[INFO] [stdout]   36:     0x56a68c53c3f2 - std[617be2ca0a6fd877]::panicking::catch_unwind::<(), core[a373ad73a504971]::panic::unwind_safe::AssertUnwindSafe<std[617be2ca0a6fd877]::thread::lifecycle::spawn_unchecked<test[aada8e7e76ba119b]::run_test::{closure#1}, ()>::{closure#1}::{closure#0}>>
[INFO] [stdout]                                at /rustc/e3feeb59cd1bdd011a2bfcc0747b55125d9b8527/library/std/src/panicking.rs:541:19
[INFO] [stdout]   37:     0x56a68c53c3f2 - std[617be2ca0a6fd877]::panic::catch_unwind::<core[a373ad73a504971]::panic::unwind_safe::AssertUnwindSafe<std[617be2ca0a6fd877]::thread::lifecycle::spawn_unchecked<test[aada8e7e76ba119b]::run_test::{closure#1}, ()>::{closure#1}::{closure#0}>, ()>
[INFO] [stdout]                                at /rustc/e3feeb59cd1bdd011a2bfcc0747b55125d9b8527/library/std/src/panic.rs:359:14
[INFO] [stdout]   38:     0x56a68c53c3f2 - std[617be2ca0a6fd877]::thread::lifecycle::spawn_unchecked::<test[aada8e7e76ba119b]::run_test::{closure#1}, ()>::{closure#1}
[INFO] [stdout]                                at /rustc/e3feeb59cd1bdd011a2bfcc0747b55125d9b8527/library/std/src/thread/lifecycle.rs:68:26
[INFO] [stdout]   39:     0x56a68c53c3f2 - <std[617be2ca0a6fd877]::thread::lifecycle::spawn_unchecked<test[aada8e7e76ba119b]::run_test::{closure#1}, ()>::{closure#1} as core[a373ad73a504971]::ops::function::FnOnce<()>>::call_once::{shim:vtable#0}
[INFO] [stdout]                                at /rustc/e3feeb59cd1bdd011a2bfcc0747b55125d9b8527/library/core/src/ops/function.rs:250:5
[INFO] [stdout]   40:     0x56a68c5a5b4f - <alloc[2e1b2a31b91974c5]::boxed::Box<dyn core[a373ad73a504971]::ops::function::FnOnce<(), Output = ()> + core[a373ad73a504971]::marker::Send> as core[a373ad73a504971]::ops::function::FnOnce<()>>::call_once
[INFO] [stdout]                                at /rustc/e3feeb59cd1bdd011a2bfcc0747b55125d9b8527/library/alloc/src/boxed.rs:2314:9
[INFO] [stdout]   41:     0x56a68c5a5b4f - <std[617be2ca0a6fd877]::sys::thread::unix::Thread>::new::thread_start
[INFO] [stdout]                                at /rustc/e3feeb59cd1bdd011a2bfcc0747b55125d9b8527/library/std/src/sys/thread/unix.rs:127:17
[INFO] [stdout]   42:     0x7a7b934e9dfa - <unknown>
[INFO] [stdout]   43:     0x7a7b9357d3d4 - clone
[INFO] [stdout]   44:                0x0 - <unknown>
[INFO] [stdout] 
[INFO] [stdout] 
[INFO] [stdout] failures:
[INFO] [stdout]     c_client_links_against_rust_c_api_library
[INFO] [stdout]     cxx_client_links_legacy_morfeusz2_header_static_getters
[INFO] [stdout] 
[INFO] [stdout] test result: FAILED. 0 passed; 2 failed; 0 ignored; 0 measured; 0 filtered out; finished in 0.09s
[INFO] [stdout] 
[INFO] running `Command { std: "docker" "inspect" "5daceee0bab8910b8ffc5bd0d7087cbc8a1d126c66ee3ca67fc926ca62f3dd67", kill_on_drop: false }`
[INFO] running `Command { std: "docker" "rm" "-f" "5daceee0bab8910b8ffc5bd0d7087cbc8a1d126c66ee3ca67fc926ca62f3dd67", kill_on_drop: false }`
[INFO] [stdout] 5daceee0bab8910b8ffc5bd0d7087cbc8a1d126c66ee3ca67fc926ca62f3dd67
