[INFO] cloning repository https://github.com/fries1234/ashpd-test
[INFO] running `Command { std: "git" "-c" "credential.helper=" "-c" "credential.helper=/workspace/cargo-home/bin/git-credential-null" "clone" "--bare" "https://github.com/fries1234/ashpd-test" "/workspace/cache/git-repos/https%3A%2F%2Fgithub.com%2Ffries1234%2Fashpd-test", kill_on_drop: false }`
[INFO] [stderr] Cloning into bare repository '/workspace/cache/git-repos/https%3A%2F%2Fgithub.com%2Ffries1234%2Fashpd-test'...
[INFO] running `Command { std: "git" "rev-parse" "HEAD", kill_on_drop: false }`
[INFO] [stdout] 140e5ba2dabd55b1f84597af10d9c9603e0b9bbd
[INFO] testing fries1234/ashpd-test against 1.100.0-beta.1 for beta-1.100-2
[INFO] running `Command { std: "git" "clone" "/workspace/cache/git-repos/https%3A%2F%2Fgithub.com%2Ffries1234%2Fashpd-test" "/workspace/builds/worker-4-tc2/source", kill_on_drop: false }`
[INFO] [stderr] Cloning into '/workspace/builds/worker-4-tc2/source'...
[INFO] [stderr] done.
[INFO] started tweaking git repo https://github.com/fries1234/ashpd-test
[INFO] finished tweaking git repo https://github.com/fries1234/ashpd-test
[INFO] tweaked toml for git repo https://github.com/fries1234/ashpd-test written to /workspace/builds/worker-4-tc2/source/Cargo.toml
[INFO] validating manifest of git repo https://github.com/fries1234/ashpd-test on toolchain 1.100.0-beta.1
[INFO] running `Command { std: CARGO_HOME="/workspace/cargo-home" RUSTUP_HOME="/workspace/rustup-home" "/workspace/cargo-home/bin/cargo" "+1.100.0-beta.1" "metadata" "--manifest-path" "Cargo.toml" "--no-deps", kill_on_drop: false }`
[INFO] crate git repo https://github.com/fries1234/ashpd-test already has a lockfile, it will not be regenerated
[INFO] running `Command { std: CARGO_HOME="/workspace/cargo-home" RUSTUP_HOME="/workspace/rustup-home" "/workspace/cargo-home/bin/cargo" "+1.100.0-beta.1" "fetch" "--manifest-path" "Cargo.toml", kill_on_drop: false }`
[INFO] running `Command { std: "docker" "create" "-v" "/var/lib/crater-agent-workspace/builds/worker-4-tc2/source:/opt/rustwide/workdir:ro,Z" "-v" "/var/lib/crater-agent-workspace/builds/worker-4-tc2/target:/opt/rustwide/target:rw,Z" "-v" "/var/lib/crater-agent-workspace/cargo-home:/opt/rustwide/cargo-home:ro,Z" "-v" "/var/lib/crater-agent-workspace/rustup-home:/opt/rustwide/rustup-home:ro,Z" "-m" "1610612736" "--network" "none" "ghcr.io/rust-lang/crates-build-env/linux@sha256:3111399a4047eeb3a02b7a90e478d715f38a8c6669b5c4b49d30a17385265909" "sleep" "infinity", kill_on_drop: false }`
[INFO] [stdout] 3c6f430bf8e1d51953e8fc32147aaa0c617e0187d6f0066cf0567c0d380c19ba
[INFO] running `Command { std: "docker" "start" "3c6f430bf8e1d51953e8fc32147aaa0c617e0187d6f0066cf0567c0d380c19ba", kill_on_drop: false }`
[INFO] running `Command { std: "docker" "inspect" "3c6f430bf8e1d51953e8fc32147aaa0c617e0187d6f0066cf0567c0d380c19ba", kill_on_drop: false }`
[INFO] running `Command { std: "docker" "exec" "-e" "SOURCE_DIR=/opt/rustwide/workdir" "-e" "CARGO_HOME=/opt/rustwide/cargo-home" "-e" "RUSTUP_HOME=/opt/rustwide/rustup-home" "-e" "CARGO_TARGET_DIR=/opt/rustwide/target" "-w" "/opt/rustwide/workdir" "--user" "0:0" "3c6f430bf8e1d51953e8fc32147aaa0c617e0187d6f0066cf0567c0d380c19ba" "/opt/rustwide/cargo-home/bin/cargo" "+1.100.0-beta.1" "metadata" "--no-deps" "--format-version=1", kill_on_drop: false }`
[INFO] running `Command { std: "docker" "inspect" "3c6f430bf8e1d51953e8fc32147aaa0c617e0187d6f0066cf0567c0d380c19ba", kill_on_drop: false }`
[INFO] running `Command { std: "docker" "exec" "-e" "SOURCE_DIR=/opt/rustwide/workdir" "-e" "CARGO_HOME=/opt/rustwide/cargo-home" "-e" "RUSTUP_HOME=/opt/rustwide/rustup-home" "-e" "CARGO_TARGET_DIR=/opt/rustwide/target" "-e" "CARGO_INCREMENTAL=0" "-e" "RUST_BACKTRACE=full" "-e" "RUSTFLAGS=--cap-lints=warn" "-e" "RUSTDOCFLAGS=--cap-lints=warn" "-w" "/opt/rustwide/workdir" "--user" "0:0" "3c6f430bf8e1d51953e8fc32147aaa0c617e0187d6f0066cf0567c0d380c19ba" "/opt/rustwide/cargo-home/bin/cargo" "+1.100.0-beta.1" "build" "--frozen" "--message-format=json", kill_on_drop: false }`
[INFO] [stderr]    Compiling proc-macro2 v1.0.36
[INFO] [stderr]    Compiling unicode-xid v0.2.2
[INFO] [stderr]    Compiling syn v1.0.86
[INFO] [stderr]    Compiling libc v0.2.119
[INFO] [stderr]    Compiling futures-core v0.3.21
[INFO] [stderr]    Compiling memchr v2.4.1
[INFO] [stderr]    Compiling pin-project-lite v0.2.8
[INFO] [stderr]    Compiling once_cell v1.12.0
[INFO] [stderr]    Compiling futures-io v0.3.21
[INFO] [stderr]    Compiling log v0.4.14
[INFO] [stderr]    Compiling serde v1.0.136
[INFO] [stderr]    Compiling cache-padded v1.2.0
[INFO] [stderr]    Compiling event-listener v2.5.2
[INFO] [stderr]    Compiling slab v0.4.5
[INFO] [stderr]    Compiling value-bag v1.0.0-alpha.8
[INFO] [stderr]    Compiling fastrand v1.7.0
[INFO] [stderr]    Compiling concurrent-queue v1.2.2
[INFO] [stderr]    Compiling serde_derive v1.0.136
[INFO] [stderr]    Compiling futures-channel v0.3.21
[INFO] [stderr]    Compiling futures-task v0.3.21
[INFO] [stderr]    Compiling futures-util v0.3.21
[INFO] [stderr]    Compiling async-task v4.1.0
[INFO] [stderr]    Compiling futures-sink v0.3.21
[INFO] [stderr]    Compiling memoffset v0.6.5
[INFO] [stderr]    Compiling regex-syntax v0.6.25
[INFO] [stderr]    Compiling async-channel v1.6.1
[INFO] [stderr]    Compiling byteorder v1.4.3
[INFO] [stderr]    Compiling tracing-core v0.1.27
[INFO] [stderr]    Compiling async-trait v0.1.52
[INFO] [stderr]    Compiling async-lock v2.5.0
[INFO] [stderr]    Compiling atomic-waker v1.0.0
[INFO] [stderr]    Compiling crossbeam-utils v0.8.7
[INFO] [stderr]    Compiling easy-parallel v3.2.0
[INFO] [stderr]    Compiling sha1_smol v1.0.0
[INFO] [stderr]    Compiling ordered-stream v0.0.1
[INFO] [stderr]    Compiling async-mutex v1.4.0
[INFO] [stderr]    Compiling thread_local v1.1.4
[INFO] [stderr]    Compiling sharded-slab v0.1.4
[INFO] [stderr]    Compiling async-broadcast v0.3.4
[INFO] [stderr]    Compiling smallvec v1.8.0
[INFO] [stderr]    Compiling quote v1.0.15
[INFO] [stderr]    Compiling sha1 v0.6.1
[INFO] [stderr]    Compiling futures-lite v1.12.0
[INFO] [stderr]    Compiling aho-corasick v0.7.18
[INFO] [stderr]    Compiling async-executor v1.4.1
[INFO] [stderr]    Compiling blocking v1.1.0
[INFO] [stderr]    Compiling socket2 v0.4.4
[INFO] [stderr]    Compiling getrandom v0.2.5
[INFO] [stderr]    Compiling nix v0.23.1
[INFO] [stderr]    Compiling num_cpus v1.13.1
[INFO] [stderr]    Compiling rand_core v0.6.3
[INFO] [stderr]    Compiling rand_chacha v0.3.1
[INFO] [stderr]    Compiling rand v0.8.5
[INFO] [stderr]    Compiling regex v1.5.4
[INFO] [stderr]    Compiling toml v0.5.8
[INFO] [stderr]    Compiling ctor v0.1.21
[INFO] [stderr]    Compiling thiserror-impl v1.0.30
[INFO] [stderr]    Compiling futures-macro v0.3.21
[INFO] [stderr]    Compiling enumflags2_derive v0.7.3
[INFO] [stderr]    Compiling serde_repr v0.1.7
[INFO] [stderr]    Compiling async-recursion v0.3.2
[INFO] [stderr]    Compiling derivative v2.2.0
[INFO] [stderr]    Compiling tracing-attributes v0.1.21
[INFO] [stderr]    Compiling polling v2.2.0
[INFO] [stderr]    Compiling kv-log-macro v1.0.7
[INFO] [stderr]    Compiling tracing-log v0.1.3
[INFO] [stderr]    Compiling async-io v1.6.0
[INFO] [stderr]    Compiling tracing-subscriber v0.3.11
[INFO] [stderr]    Compiling tracing v0.1.35
[INFO] [stderr]    Compiling thiserror v1.0.30
[INFO] [stderr]    Compiling proc-macro-crate v1.1.3
[INFO] [stderr]    Compiling zvariant_derive v3.1.2
[INFO] [stderr]    Compiling zbus_macros v2.1.1
[INFO] [stderr]    Compiling async-global-executor v2.0.2
[INFO] [stderr]    Compiling async-std v1.10.0
[INFO] [stderr]    Compiling futures-executor v0.3.21
[INFO] [stderr]    Compiling futures v0.3.21
[INFO] [stderr]    Compiling enumflags2 v0.7.3
[INFO] [stderr]    Compiling zvariant v3.1.2
[INFO] [stderr]    Compiling zbus_names v2.1.0
[INFO] [stderr]    Compiling zbus v2.1.1
[INFO] [stderr]    Compiling ashpd v0.3.2
[INFO] [stdout] error[E0277]: the trait bound `for<'de> !: Deserialize<'de>` is not satisfied
[INFO] [stdout]    --> /opt/rustwide/cargo-home/registry/src/index.crates.io-1949cf8c6b5b557f/ashpd-0.3.2/src/desktop/dynamic_launcher.rs:213:9
[INFO] [stdout]     |
[INFO] [stdout] 213 | /         call_method(
[INFO] [stdout] 214 | |             self.inner(),
[INFO] [stdout] 215 | |             "Install",
[INFO] [stdout] 216 | |             &(token, desktop_file_id, desktop_entry, options),
[INFO] [stdout] 217 | |         )
[INFO] [stdout]     | |_________^ the trait `for<'de> Deserialize<'de>` is not implemented for `!`
[INFO] [stdout]     |
[INFO] [stdout]     = help: the following other types implement trait `Deserialize<'de>`:
[INFO] [stdout]               `&'a [u8]` implements `Deserialize<'de>`
[INFO] [stdout]               `&'a std::path::Path` implements `Deserialize<'de>`
[INFO] [stdout]               `&'a str` implements `Deserialize<'de>`
[INFO] [stdout]               `()` implements `Deserialize<'de>`
[INFO] [stdout]               `(T0, T1)` implements `Deserialize<'de>`
[INFO] [stdout]               `(T0, T1, T2)` implements `Deserialize<'de>`
[INFO] [stdout]               `(T0, T1, T2, T3)` implements `Deserialize<'de>`
[INFO] [stdout]               `(T0, T1, T2, T3, T4)` implements `Deserialize<'de>`
[INFO] [stdout]             and 210 others
[INFO] [stdout]     = note: this error might have been caused by changes to Rust's type-inference algorithm (see issue #148922 <https://github.com/rust-lang/rust/issues/148922> for more information)
[INFO] [stdout]     = help: you might have intended to use the type `()` here instead
[INFO] [stdout] note: required by a bound in `call_method`
[INFO] [stdout]    --> /opt/rustwide/cargo-home/registry/src/index.crates.io-1949cf8c6b5b557f/ashpd-0.3.2/src/helpers.rs:129:8
[INFO] [stdout]     |
[INFO] [stdout] 123 | pub(crate) async fn call_method<R, B>(
[INFO] [stdout] ...
[INFO] [stdout] 129 |     R: for<'de> Deserialize<'de> + Type,
[INFO] [stdout]     |        ^^^^^^^^^^^^^^^^^^^^^^^^^ required by this bound in `call_method`
[INFO] [stdout] 
[INFO] [stdout] 
[INFO] [stdout] error[E0277]: the trait bound `!: zbus::zvariant::Type` is not satisfied
[INFO] [stdout]    --> /opt/rustwide/cargo-home/registry/src/index.crates.io-1949cf8c6b5b557f/ashpd-0.3.2/src/desktop/dynamic_launcher.rs:213:9
[INFO] [stdout]     |
[INFO] [stdout] 213 | /         call_method(
[INFO] [stdout] 214 | |             self.inner(),
[INFO] [stdout] 215 | |             "Install",
[INFO] [stdout] 216 | |             &(token, desktop_file_id, desktop_entry, options),
[INFO] [stdout] 217 | |         )
[INFO] [stdout]     | |_________^ the trait `zbus::zvariant::Type` is not implemented for `!`
[INFO] [stdout]     |
[INFO] [stdout]     = help: the following other types implement trait `zbus::zvariant::Type`:
[INFO] [stdout]               &T
[INFO] [stdout]               ()
[INFO] [stdout]               (T0, T1)
[INFO] [stdout]               (T0, T1, T2)
[INFO] [stdout]               (T0, T1, T2, T3)
[INFO] [stdout]               (T0, T1, T2, T3, T4)
[INFO] [stdout]               (T0, T1, T2, T3, T4, T5)
[INFO] [stdout]               (T0, T1, T2, T3, T4, T5, T6)
[INFO] [stdout]             and 138 others
[INFO] [stdout]     = note: this error might have been caused by changes to Rust's type-inference algorithm (see issue #148922 <https://github.com/rust-lang/rust/issues/148922> for more information)
[INFO] [stdout]     = help: you might have intended to use the type `()` here instead
[INFO] [stdout] note: required by a bound in `call_method`
[INFO] [stdout]    --> /opt/rustwide/cargo-home/registry/src/index.crates.io-1949cf8c6b5b557f/ashpd-0.3.2/src/helpers.rs:129:36
[INFO] [stdout]     |
[INFO] [stdout] 123 | pub(crate) async fn call_method<R, B>(
[INFO] [stdout] ...
[INFO] [stdout] 129 |     R: for<'de> Deserialize<'de> + Type,
[INFO] [stdout]     |                                    ^^^^ required by this bound in `call_method`
[INFO] [stdout] 
[INFO] [stdout] 
[INFO] [stdout] error[E0277]: the trait bound `for<'de> !: Deserialize<'de>` is not satisfied
[INFO] [stdout]    --> /opt/rustwide/cargo-home/registry/src/index.crates.io-1949cf8c6b5b557f/ashpd-0.3.2/src/desktop/dynamic_launcher.rs:230:9
[INFO] [stdout]     |
[INFO] [stdout] 230 |         call_method(self.inner(), "Uninstall", &(desktop_file_id, options)).await?;
[INFO] [stdout]     |         ^^^^^^^^^^^^^^^^^^^^^^^^^^^^^^^^^^^^^^^^^^^^^^^^^^^^^^^^^^^^^^^^^^^ the trait `for<'de> Deserialize<'de>` is not implemented for `!`
[INFO] [stdout]     |
[INFO] [stdout]     = help: the following other types implement trait `Deserialize<'de>`:
[INFO] [stdout]               `&'a [u8]` implements `Deserialize<'de>`
[INFO] [stdout]               `&'a std::path::Path` implements `Deserialize<'de>`
[INFO] [stdout]               `&'a str` implements `Deserialize<'de>`
[INFO] [stdout]               `()` implements `Deserialize<'de>`
[INFO] [stdout]               `(T0, T1)` implements `Deserialize<'de>`
[INFO] [stdout]               `(T0, T1, T2)` implements `Deserialize<'de>`
[INFO] [stdout]               `(T0, T1, T2, T3)` implements `Deserialize<'de>`
[INFO] [stdout]               `(T0, T1, T2, T3, T4)` implements `Deserialize<'de>`
[INFO] [stdout]             and 210 others
[INFO] [stdout]     = note: this error might have been caused by changes to Rust's type-inference algorithm (see issue #148922 <https://github.com/rust-lang/rust/issues/148922> for more information)
[INFO] [stdout]     = help: you might have intended to use the type `()` here instead
[INFO] [stdout] note: required by a bound in `call_method`
[INFO] [stdout]    --> /opt/rustwide/cargo-home/registry/src/index.crates.io-1949cf8c6b5b557f/ashpd-0.3.2/src/helpers.rs:129:8
[INFO] [stdout]     |
[INFO] [stdout] 123 | pub(crate) async fn call_method<R, B>(
[INFO] [stdout] ...
[INFO] [stdout] 129 |     R: for<'de> Deserialize<'de> + Type,
[INFO] [stdout]     |        ^^^^^^^^^^^^^^^^^^^^^^^^^ required by this bound in `call_method`
[INFO] [stdout] 
[INFO] [stdout] 
[INFO] [stdout] error[E0277]: the trait bound `!: zbus::zvariant::Type` is not satisfied
[INFO] [stdout]    --> /opt/rustwide/cargo-home/registry/src/index.crates.io-1949cf8c6b5b557f/ashpd-0.3.2/src/desktop/dynamic_launcher.rs:230:9
[INFO] [stdout]     |
[INFO] [stdout] 230 |         call_method(self.inner(), "Uninstall", &(desktop_file_id, options)).await?;
[INFO] [stdout]     |         ^^^^^^^^^^^^^^^^^^^^^^^^^^^^^^^^^^^^^^^^^^^^^^^^^^^^^^^^^^^^^^^^^^^ the trait `zbus::zvariant::Type` is not implemented for `!`
[INFO] [stdout]     |
[INFO] [stdout]     = help: the following other types implement trait `zbus::zvariant::Type`:
[INFO] [stdout]               &T
[INFO] [stdout]               ()
[INFO] [stdout]               (T0, T1)
[INFO] [stdout]               (T0, T1, T2)
[INFO] [stdout]               (T0, T1, T2, T3)
[INFO] [stdout]               (T0, T1, T2, T3, T4)
[INFO] [stdout]               (T0, T1, T2, T3, T4, T5)
[INFO] [stdout]               (T0, T1, T2, T3, T4, T5, T6)
[INFO] [stdout]             and 138 others
[INFO] [stdout]     = note: this error might have been caused by changes to Rust's type-inference algorithm (see issue #148922 <https://github.com/rust-lang/rust/issues/148922> for more information)
[INFO] [stdout]     = help: you might have intended to use the type `()` here instead
[INFO] [stdout] note: required by a bound in `call_method`
[INFO] [stdout]    --> /opt/rustwide/cargo-home/registry/src/index.crates.io-1949cf8c6b5b557f/ashpd-0.3.2/src/helpers.rs:129:36
[INFO] [stdout]     |
[INFO] [stdout] 123 | pub(crate) async fn call_method<R, B>(
[INFO] [stdout] ...
[INFO] [stdout] 129 |     R: for<'de> Deserialize<'de> + Type,
[INFO] [stdout]     |                                    ^^^^ required by this bound in `call_method`
[INFO] [stdout] 
[INFO] [stdout] 
[INFO] [stdout] For more information about this error, try `rustc --explain E0277`.
[INFO] [stdout] 
[INFO] [stderr] error: could not compile `ashpd` (lib) due to 4 previous errors
[INFO] running `Command { std: "docker" "inspect" "3c6f430bf8e1d51953e8fc32147aaa0c617e0187d6f0066cf0567c0d380c19ba", kill_on_drop: false }`
[INFO] running `Command { std: "docker" "rm" "-f" "3c6f430bf8e1d51953e8fc32147aaa0c617e0187d6f0066cf0567c0d380c19ba", kill_on_drop: false }`
[INFO] [stdout] 3c6f430bf8e1d51953e8fc32147aaa0c617e0187d6f0066cf0567c0d380c19ba
