[INFO] cloning repository https://github.com/featbit/featbit-rust-sdk
[INFO] running `Command { std: "git" "-c" "credential.helper=" "-c" "credential.helper=/workspace/cargo-home/bin/git-credential-null" "clone" "--bare" "https://github.com/featbit/featbit-rust-sdk" "/workspace/cache/git-repos/https%3A%2F%2Fgithub.com%2Ffeatbit%2Ffeatbit-rust-sdk", kill_on_drop: false }`
[INFO] [stderr] Cloning into bare repository '/workspace/cache/git-repos/https%3A%2F%2Fgithub.com%2Ffeatbit%2Ffeatbit-rust-sdk'...
[INFO] running `Command { std: "git" "rev-parse" "HEAD", kill_on_drop: false }`
[INFO] [stdout] d59711c0c6cab471cb254406727e6e509840d93a
[INFO] testing featbit/featbit-rust-sdk against 1.100.0-beta.1 for beta-1.100-2
[INFO] running `Command { std: "git" "clone" "/workspace/cache/git-repos/https%3A%2F%2Fgithub.com%2Ffeatbit%2Ffeatbit-rust-sdk" "/workspace/builds/worker-7-tc2/source", kill_on_drop: false }`
[INFO] [stderr] Cloning into '/workspace/builds/worker-7-tc2/source'...
[INFO] [stderr] done.
[INFO] removed /workspace/builds/worker-7-tc2/source/rust-toolchain.toml
[INFO] started tweaking git repo https://github.com/featbit/featbit-rust-sdk
[INFO] finished tweaking git repo https://github.com/featbit/featbit-rust-sdk
[INFO] tweaked toml for git repo https://github.com/featbit/featbit-rust-sdk written to /workspace/builds/worker-7-tc2/source/Cargo.toml
[INFO] validating manifest of git repo https://github.com/featbit/featbit-rust-sdk on toolchain 1.100.0-beta.1
[INFO] running `Command { std: CARGO_HOME="/workspace/cargo-home" RUSTUP_HOME="/workspace/rustup-home" "/workspace/cargo-home/bin/cargo" "+1.100.0-beta.1" "metadata" "--manifest-path" "Cargo.toml" "--no-deps", kill_on_drop: false }`
[INFO] crate git repo https://github.com/featbit/featbit-rust-sdk already has a lockfile, it will not be regenerated
[INFO] running `Command { std: CARGO_HOME="/workspace/cargo-home" RUSTUP_HOME="/workspace/rustup-home" "/workspace/cargo-home/bin/cargo" "+1.100.0-beta.1" "fetch" "--manifest-path" "Cargo.toml", kill_on_drop: false }`
[INFO] running `Command { std: "docker" "create" "-v" "/var/lib/crater-agent-workspace/builds/worker-7-tc2/source:/opt/rustwide/workdir:ro,Z" "-v" "/var/lib/crater-agent-workspace/builds/worker-7-tc2/target:/opt/rustwide/target:rw,Z" "-v" "/var/lib/crater-agent-workspace/cargo-home:/opt/rustwide/cargo-home:ro,Z" "-v" "/var/lib/crater-agent-workspace/rustup-home:/opt/rustwide/rustup-home:ro,Z" "-m" "1610612736" "--network" "none" "ghcr.io/rust-lang/crates-build-env/linux@sha256:3111399a4047eeb3a02b7a90e478d715f38a8c6669b5c4b49d30a17385265909" "sleep" "infinity", kill_on_drop: false }`
[INFO] [stdout] 6adbddb7d5320b7e71e8ecae6c5fc531a6de06b969e8b679a24c97ef265f1950
[INFO] running `Command { std: "docker" "start" "6adbddb7d5320b7e71e8ecae6c5fc531a6de06b969e8b679a24c97ef265f1950", kill_on_drop: false }`
[INFO] running `Command { std: "docker" "inspect" "6adbddb7d5320b7e71e8ecae6c5fc531a6de06b969e8b679a24c97ef265f1950", kill_on_drop: false }`
[INFO] running `Command { std: "docker" "exec" "-e" "SOURCE_DIR=/opt/rustwide/workdir" "-e" "CARGO_HOME=/opt/rustwide/cargo-home" "-e" "RUSTUP_HOME=/opt/rustwide/rustup-home" "-e" "CARGO_TARGET_DIR=/opt/rustwide/target" "-w" "/opt/rustwide/workdir" "--user" "0:0" "6adbddb7d5320b7e71e8ecae6c5fc531a6de06b969e8b679a24c97ef265f1950" "/opt/rustwide/cargo-home/bin/cargo" "+1.100.0-beta.1" "metadata" "--no-deps" "--format-version=1", kill_on_drop: false }`
[INFO] running `Command { std: "docker" "inspect" "6adbddb7d5320b7e71e8ecae6c5fc531a6de06b969e8b679a24c97ef265f1950", kill_on_drop: false }`
[INFO] running `Command { std: "docker" "exec" "-e" "SOURCE_DIR=/opt/rustwide/workdir" "-e" "CARGO_HOME=/opt/rustwide/cargo-home" "-e" "RUSTUP_HOME=/opt/rustwide/rustup-home" "-e" "CARGO_TARGET_DIR=/opt/rustwide/target" "-e" "CARGO_INCREMENTAL=0" "-e" "RUST_BACKTRACE=full" "-e" "RUSTFLAGS=--cap-lints=warn" "-e" "RUSTDOCFLAGS=--cap-lints=warn" "-w" "/opt/rustwide/workdir" "--user" "0:0" "6adbddb7d5320b7e71e8ecae6c5fc531a6de06b969e8b679a24c97ef265f1950" "/opt/rustwide/cargo-home/bin/cargo" "+1.100.0-beta.1" "build" "--frozen" "--message-format=json", kill_on_drop: false }`
[INFO] [stderr]    Compiling syn v2.0.119
[INFO] [stderr]    Compiling libc v0.2.188
[INFO] [stderr]    Compiling bytes v1.12.1
[INFO] [stderr]    Compiling futures-core v0.3.33
[INFO] [stderr]    Compiling shlex v2.0.1
[INFO] [stderr]    Compiling smallvec v1.15.2
[INFO] [stderr]    Compiling syn v3.0.2
[INFO] [stderr]    Compiling zeroize v1.9.0
[INFO] [stderr]    Compiling typenum v1.20.1
[INFO] [stderr]    Compiling futures-sink v0.3.33
[INFO] [stderr]    Compiling getrandom v0.3.4
[INFO] [stderr]    Compiling rustls v0.23.42
[INFO] [stderr]    Compiling futures-task v0.3.33
[INFO] [stderr]    Compiling zerocopy v0.8.55
[INFO] [stderr]    Compiling serde_core v1.0.229
[INFO] [stderr]    Compiling thiserror v2.0.19
[INFO] [stderr]    Compiling num-traits v0.2.19
[INFO] [stderr]    Compiling tracing v0.1.44
[INFO] [stderr]    Compiling rustls-pki-types v1.15.0
[INFO] [stderr]    Compiling cc v1.3.0
[INFO] [stderr]    Compiling futures-channel v0.3.33
[INFO] [stderr]    Compiling sync_wrapper v1.0.2
[INFO] [stderr]    Compiling crossbeam-utils v0.8.22
[INFO] [stderr]    Compiling log v0.4.33
[INFO] [stderr]    Compiling rustversion v1.0.23
[INFO] [stderr]    Compiling zmij v1.0.23
[INFO] [stderr]    Compiling aho-corasick v1.1.4
[INFO] [stderr]    Compiling serde_json v1.0.151
[INFO] [stderr]    Compiling data-encoding v2.11.0
[INFO] [stderr]    Compiling bitflags v2.13.1
[INFO] [stderr]    Compiling regex-syntax v0.8.11
[INFO] [stderr]    Compiling http v1.4.2
[INFO] [stderr]    Compiling rustls-native-certs v0.8.4
[INFO] [stderr]    Compiling arc-swap v1.9.2
[INFO] [stderr]    Compiling generic-array v0.14.7
[INFO] [stderr]    Compiling crossbeam-channel v0.5.16
[INFO] [stderr]    Compiling chrono v0.4.45
[INFO] [stderr]    Compiling ring v0.17.14
[INFO] [stderr]    Compiling http-body v1.1.0
[INFO] [stderr]    Compiling http-body-util v0.1.4
[INFO] [stderr]    Compiling mio v1.2.2
[INFO] [stderr]    Compiling socket2 v0.6.5
[INFO] [stderr]    Compiling getrandom v0.2.17
[INFO] [stderr]    Compiling crypto-common v0.1.7
[INFO] [stderr]    Compiling block-buffer v0.10.4
[INFO] [stderr]    Compiling parking_lot_core v0.9.12
[INFO] [stderr]    Compiling digest v0.10.7
[INFO] [stderr]    Compiling rand_core v0.9.5
[INFO] [stderr]    Compiling sha1 v0.10.7
[INFO] [stderr]    Compiling md-5 v0.10.6
[INFO] [stderr]    Compiling parking_lot v0.12.5
[INFO] [stderr]    Compiling thiserror-impl v2.0.19
[INFO] [stderr]    Compiling serde_derive v1.0.229
[INFO] [stderr]    Compiling regex-automata v0.4.16
[INFO] [stderr]    Compiling opentelemetry v0.32.0
[INFO] [stderr]    Compiling synstructure v0.13.2
[INFO] [stderr]    Compiling ppv-lite86 v0.2.21
[INFO] [stderr]    Compiling serde v1.0.229
[INFO] [stderr]    Compiling zerovec-derive v0.11.3
[INFO] [stderr]    Compiling displaydoc v0.2.6
[INFO] [stderr]    Compiling tokio-macros v2.7.1
[INFO] [stderr]    Compiling futures-macro v0.3.33
[INFO] [stderr]    Compiling rand_chacha v0.9.0
[INFO] [stderr]    Compiling zerofrom-derive v0.1.7
[INFO] [stderr]    Compiling yoke-derive v0.8.2
[INFO] [stderr]    Compiling rustls-webpki v0.103.13
[INFO] [stderr]    Compiling rand v0.9.5
[INFO] [stderr]    Compiling tokio v1.53.1
[INFO] [stderr]    Compiling serde_urlencoded v0.7.1
[INFO] [stderr]    Compiling futures-util v0.3.33
[INFO] [stderr]    Compiling regex v1.13.1
[INFO] [stderr]    Compiling zerofrom v0.1.8
[INFO] [stderr]    Compiling yoke v0.8.3
[INFO] [stderr]    Compiling zerovec v0.11.6
[INFO] [stderr]    Compiling zerotrie v0.2.4
[INFO] [stderr]    Compiling tinystr v0.8.3
[INFO] [stderr]    Compiling potential_utf v0.1.5
[INFO] [stderr]    Compiling icu_collections v2.2.0
[INFO] [stderr]    Compiling icu_locale_core v2.2.0
[INFO] [stderr]    Compiling icu_provider v2.2.0
[INFO] [stderr]    Compiling icu_normalizer v2.2.0
[INFO] [stderr]    Compiling icu_properties v2.2.0
[INFO] [stderr]    Compiling hyper v1.11.0
[INFO] [stderr]    Compiling tower v0.5.3
[INFO] [stderr]    Compiling idna_adapter v1.2.2
[INFO] [stderr]    Compiling idna v1.1.0
[INFO] [stderr]    Compiling tokio-rustls v0.26.4
[INFO] [stderr]    Compiling tungstenite v0.28.0
[INFO] [stderr]    Compiling hyper-util v0.1.20
[INFO] [stderr]    Compiling url v2.5.8
[INFO] [stderr]    Compiling tokio-tungstenite v0.28.0
[INFO] [stderr]    Compiling tower-http v0.6.11
[INFO] [stderr]    Compiling hyper-rustls v0.27.9
[INFO] [stderr]    Compiling reqwest v0.12.28
[INFO] [stderr]    Compiling featbit-server-sdk v0.1.1 (/opt/rustwide/workdir)
[INFO] [stderr]    Compiling featbit-server-sdk-opentelemetry v0.1.1 (/opt/rustwide/workdir/integrations/opentelemetry)
[INFO] [stderr]     Finished `dev` profile [unoptimized + debuginfo] target(s) in 1m 00s
[INFO] running `Command { std: "docker" "inspect" "6adbddb7d5320b7e71e8ecae6c5fc531a6de06b969e8b679a24c97ef265f1950", kill_on_drop: false }`
[INFO] running `Command { std: "docker" "exec" "-e" "SOURCE_DIR=/opt/rustwide/workdir" "-e" "CARGO_HOME=/opt/rustwide/cargo-home" "-e" "RUSTUP_HOME=/opt/rustwide/rustup-home" "-e" "CARGO_TARGET_DIR=/opt/rustwide/target" "-e" "CARGO_INCREMENTAL=0" "-e" "RUST_BACKTRACE=full" "-e" "RUSTFLAGS=--cap-lints=warn" "-e" "RUSTDOCFLAGS=--cap-lints=warn" "-w" "/opt/rustwide/workdir" "--user" "0:0" "6adbddb7d5320b7e71e8ecae6c5fc531a6de06b969e8b679a24c97ef265f1950" "/opt/rustwide/cargo-home/bin/cargo" "+1.100.0-beta.1" "test" "--frozen" "--no-run" "--message-format=json", kill_on_drop: false }`
[INFO] [stderr]    Compiling syn v2.0.119
[INFO] [stderr]    Compiling memchr v2.8.3
[INFO] [stderr]    Compiling serde_core v1.0.229
[INFO] [stderr]    Compiling errno v0.3.14
[INFO] [stderr]    Compiling serde_json v1.0.151
[INFO] [stderr]    Compiling tungstenite v0.28.0
[INFO] [stderr]    Compiling jiff v0.2.34
[INFO] [stderr]    Compiling tracing-log v0.2.0
[INFO] [stderr]    Compiling anstream v1.0.0
[INFO] [stderr]    Compiling thread_local v1.1.10
[INFO] [stderr]    Compiling colored v3.1.1
[INFO] [stderr]    Compiling similar v2.7.0
[INFO] [stderr]    Compiling signal-hook-registry v1.4.8
[INFO] [stderr]    Compiling aho-corasick v1.1.4
[INFO] [stderr]    Compiling regex-automata v0.4.16
[INFO] [stderr]    Compiling serde v1.0.229
[INFO] [stderr]    Compiling serde_path_to_error v0.1.20
[INFO] [stderr]    Compiling serde_urlencoded v0.7.1
[INFO] [stderr]    Compiling assert-json-diff v2.0.2
[INFO] [stderr]    Compiling synstructure v0.13.2
[INFO] [stderr]    Compiling regex v1.13.1
[INFO] [stderr]    Compiling matchers v0.2.0
[INFO] [stderr]    Compiling zerofrom-derive v0.1.7
[INFO] [stderr]    Compiling yoke-derive v0.8.2
[INFO] [stderr]    Compiling zerovec-derive v0.11.3
[INFO] [stderr]    Compiling tokio-macros v2.7.1
[INFO] [stderr]    Compiling displaydoc v0.2.6
[INFO] [stderr]    Compiling tracing-attributes v0.1.31
[INFO] [stderr]    Compiling futures-macro v0.3.33
[INFO] [stderr]    Compiling tokio v1.53.1
[INFO] [stderr]    Compiling env_filter v2.0.0
[INFO] [stderr]    Compiling zerofrom v0.1.8
[INFO] [stderr]    Compiling env_logger v0.11.11
[INFO] [stderr]    Compiling futures-util v0.3.33
[INFO] [stderr]    Compiling yoke v0.8.3
[INFO] [stderr]    Compiling zerotrie v0.2.4
[INFO] [stderr]    Compiling zerovec v0.11.6
[INFO] [stderr]    Compiling tracing v0.1.44
[INFO] [stderr]    Compiling axum-core v0.5.6
[INFO] [stderr]    Compiling tracing-subscriber v0.3.23
[INFO] [stderr]    Compiling tower-http v0.7.0
[INFO] [stderr]    Compiling tinystr v0.8.3
[INFO] [stderr]    Compiling potential_utf v0.1.5
[INFO] [stderr]    Compiling icu_collections v2.2.0
[INFO] [stderr]    Compiling icu_locale_core v2.2.0
[INFO] [stderr]    Compiling icu_provider v2.2.0
[INFO] [stderr]    Compiling icu_properties v2.2.0
[INFO] [stderr]    Compiling icu_normalizer v2.2.0
[INFO] [stderr]    Compiling idna_adapter v1.2.2
[INFO] [stderr]    Compiling idna v1.1.0
[INFO] [stderr]    Compiling url v2.5.8
[INFO] [stderr]    Compiling tokio-util v0.7.19
[INFO] [stderr]    Compiling tower v0.5.3
[INFO] [stderr]    Compiling tokio-rustls v0.26.4
[INFO] [stderr]    Compiling tokio-tungstenite v0.28.0
[INFO] [stderr]    Compiling h2 v0.4.15
[INFO] [stderr]    Compiling tower-http v0.6.11
[INFO] [stderr]    Compiling hyper v1.11.0
[INFO] [stderr]    Compiling hyper-util v0.1.20
[INFO] [stderr]    Compiling hyper-rustls v0.27.9
[INFO] [stderr]    Compiling axum v0.8.9
[INFO] [stderr]    Compiling mockito v1.7.2
[INFO] [stderr]    Compiling reqwest v0.12.28
[INFO] [stderr]    Compiling featbit-server-sdk v0.1.1 (/opt/rustwide/workdir)
[INFO] [stderr]    Compiling featbit-server-sdk-opentelemetry v0.1.1 (/opt/rustwide/workdir/integrations/opentelemetry)
[INFO] [stderr]     Finished `test` profile [unoptimized + debuginfo] target(s) in 1m 07s
[INFO] running `Command { std: "docker" "inspect" "6adbddb7d5320b7e71e8ecae6c5fc531a6de06b969e8b679a24c97ef265f1950", kill_on_drop: false }`
[INFO] running `Command { std: "docker" "exec" "-e" "SOURCE_DIR=/opt/rustwide/workdir" "-e" "CARGO_HOME=/opt/rustwide/cargo-home" "-e" "RUSTUP_HOME=/opt/rustwide/rustup-home" "-e" "CARGO_TARGET_DIR=/opt/rustwide/target" "-e" "CARGO_INCREMENTAL=0" "-e" "RUST_BACKTRACE=full" "-e" "RUSTFLAGS=--cap-lints=warn" "-e" "RUSTDOCFLAGS=--cap-lints=warn" "-w" "/opt/rustwide/workdir" "--user" "0:0" "6adbddb7d5320b7e71e8ecae6c5fc531a6de06b969e8b679a24c97ef265f1950" "/opt/rustwide/cargo-home/bin/cargo" "+1.100.0-beta.1" "test" "--frozen", kill_on_drop: false }`
[INFO] [stderr]     Finished `test` profile [unoptimized + debuginfo] target(s) in 0.38s
[INFO] [stderr]      Running unittests src/lib.rs (/opt/rustwide/target/debug/build/featbit-server-sdk/2a43b66dae33d48d/out/featbit_server_sdk-2a43b66dae33d48d)
[INFO] [stdout] 
[INFO] [stdout] running 108 tests
[INFO] [stdout] test client::evaluation::tests::raw_evaluation_exposes_protocol_neutral_adapter_metadata ... ok
[INFO] [stdout] test client::tests::observer_is_independent_from_featbit_event_delivery ... ok
[INFO] [stdout] test client::evaluation::tests::direct_value_converters_match_dotnet_fixtures_and_fallback_contract ... ok
[INFO] [stdout] test client::tests::public_client_is_send_and_sync ... ok
[INFO] [stdout] test client::tests::terminal_sync_status_never_evaluates_a_previously_ready_snapshot ... ok
[INFO] [stdout] test client::tests::documented_offline_bootstrap_evaluates_without_network ... ok
[INFO] [stdout] test client::evaluation::tests::raw_evaluation_returns_stable_typed_errors ... ok
[INFO] [stdout] test data_sync::protocol::tests::reconnect_delay_cycles_configured_series_and_stays_within_jitter_bounds ... ok
[INFO] [stdout] test client::evaluation::tests::empty_offline_store_is_ready_and_unknown_flags_use_fallbacks ... ok
[INFO] [stdout] test data_sync::tests::protocol::an_empty_full_message_initializes_an_empty_store ... ok
[INFO] [stdout] test data_sync::tests::protocol::encoded_numbers_match_protocol_map ... ok
[INFO] [stdout] test data_sync::tests::protocol::full_and_newer_patch_update_store ... ok
[INFO] [stdout] test data_sync::status::tests::waiters_observe_ready_and_terminal_transitions ... ok
[INFO] [stdout] test data_sync::tests::protocol::streaming_endpoint_handles_root_nested_and_trailing_slash_base_urls ... ok
[INFO] [stdout] test data_sync::tests::protocol::unknown_messages_are_ignored_and_extra_fields_remain_forward_compatible ... ok
[INFO] [stdout] test data_sync::tests::protocol::initialization_wait_handles_ready_and_terminal_notifications ... ok
[INFO] [stdout] test data_sync::tests::protocol::token_shape_preserves_the_secret_and_embeds_a_current_timestamp ... ok
[INFO] [stdout] test data_sync::tests::synchronization::close_cancels_a_stalled_websocket_handshake ... ok
[INFO] [stdout] test data_sync::tests::reconnect::malformed_ping_oversize_and_reconnect_follow_the_wire_protocol ... ok
[INFO] [stdout] test data_sync::tests::synchronization::client_synchronizes_full_and_patch_over_websocket ... ok
[INFO] [stdout] test data_sync::tests::synchronization::disconnected_ready_client_becomes_stale_and_evaluates_cached_data ... ok
[INFO] [stdout] test client::tests::evaluation_and_idempotent_close_are_thread_safe ... ok
[INFO] [stdout] test data_sync::tests::reconnect::normal_server_close_reconnects_and_keeps_cached_data_available ... ok
[INFO] [stdout] test data_sync::tests::synchronization::equal_version_conflict_requests_an_authoritative_full_snapshot ... ok
[INFO] [stdout] test data_sync::tests::synchronization::websocket_handshake_contains_protocol_path_query_and_user_agent ... ok
[INFO] [stdout] test evaluation::dispatch::tests::rollout_matcher_hashes_lazily_and_only_once_across_ranges ... ok
[INFO] [stdout] test evaluation::dispatch::tests::rollout_of_key_matches_dotnet_dispatch_algorithm_vectors ... ok
[INFO] [stdout] test evaluation::dispatch::tests::rollout_ranges_handle_protocol_boundaries_and_invalid_data ... ok
[INFO] [stdout] test data_sync::tests::additional_close_waits_for_an_in_progress_sync_worker ... ok
[INFO] [stdout] test evaluation::evaluator::tests::evaluation_order_is_off_target_rule_then_fallthrough ... ok
[INFO] [stdout] test evaluation::evaluator::tests::experiment_delivery_matches_dotnet_target_rule_and_fallthrough_semantics ... ok
[INFO] [stdout] test evaluation::evaluator::tests::experiment_sampling_uses_expt_prefixed_dispatch_key ... ok
[INFO] [stdout] test evaluation::evaluator::tests::missing_archived_invalid_context_and_malformed_flags_return_typed_errors ... ok
[INFO] [stdout] test evaluation::evaluator::tests::preprocessed_snapshot_preserves_rule_and_segment_results ... ok
[INFO] [stdout] test evaluation::evaluator::tests::rollout_selection_uses_dotnet_default_and_custom_dispatch_keys ... ok
[INFO] [stdout] test evaluation::evaluator::tests::rules_are_and_conditions_and_first_match_wins ... ok
[INFO] [stdout] test evaluation::evaluator::tests::successful_result_borrows_flag_and_variation_from_the_snapshot ... ok
[INFO] [stdout] test evaluation::operators::tests::malformed_and_unknown_operators_are_non_matches ... ok
[INFO] [stdout] test evaluation::operators::tests::operators_match_all_dotnet_condition_matcher_fixtures ... ok
[INFO] [stdout] test evaluation::segments::tests::direct_segment_rule_requires_every_condition ... ok
[INFO] [stdout] test evaluation::segments::tests::invalid_segment_references_never_match_positive_or_negative_conditions ... ok
[INFO] [stdout] test evaluation::segments::tests::segment_conditions_match_dotnet_for_all_valid_shapes ... ok
[INFO] [stdout] test evaluation::segments::tests::segment_exclusion_precedes_inclusion_and_rules ... ok
[INFO] [stdout] test data_sync::tests::synchronization::websocket_handshake_rejection_retries_and_recovers ... ok
[INFO] [stdout] test data_sync::tests::synchronization::initial_sync_uses_the_version_of_a_prepopulated_store ... ok
[INFO] [stdout] test client::evaluation::tests::large_json_variations_preserve_value_and_retained_event_semantics ... ok
[INFO] [stdout] test data_sync::tests::synchronization::configured_connect_timeout_retries_a_stalled_handshake ... ok
[INFO] [stdout] test events::tests::additional_close_waits_for_an_in_progress_event_worker ... ok
[INFO] [stdout] test evaluation::evaluator::tests::concurrent_full_updates_never_mix_flags_and_segments ... ok
[INFO] [stdout] test data_sync::tests::synchronization::unrecoverable_close_before_initialization_stops_without_becoming_ready ... ok
[INFO] [stdout] test events::tests::byte_capacity_is_atomic_across_concurrent_producers ... ok
[INFO] [stdout] test events::tests::active_processor_flushes_an_empty_buffer ... ok
[INFO] [stdout] test events::tests::endpoint_handles_root_nested_and_trailing_slash_base_urls ... ok
[INFO] [stdout] test events::tests::evaluation_wire_shape_matches_featbit ... ok
[INFO] [stdout] test events::tests::byte_budget_covers_an_event_while_its_http_request_is_in_flight ... ok
[INFO] [stdout] test client::tests::retained_evaluation_event_survives_a_newer_flag_snapshot ... ok
[INFO] [stdout] test client::tests::explicit_tracking_remains_available_while_initial_sync_is_pending ... ok
[INFO] [stdout] test data_sync::tests::synchronization::unrecoverable_close_is_terminal_and_disables_stale_evaluation ... ok
[INFO] [stdout] test client::tests::uninitialized_client_returns_fallback_without_panicking ... ok
[INFO] [stdout] test client::tests::all_variations_returns_sorted_successes_without_recording_events ... ok
[INFO] [stdout] test data_sync::tests::abnormal_sync_worker_exit_closes_the_public_status ... ok
[INFO] [stdout] test events::tests::metric_wire_shape_identifies_rust_sdk ... ok
[INFO] [stdout] test events::tests::abnormal_event_worker_exit_stops_new_event_admission ... ok
[INFO] [stdout] test data_sync::tests::synchronization::online_client_with_active_workers_closes_idempotently_from_multiple_threads ... ok
[INFO] [stdout] test events::tests::public_evaluation_event_debug_redacts_the_raw_value ... ok
[INFO] [stdout] test events::tests::queue_overflow_warning_state_is_suppressed_until_the_queue_recovers ... ok
[INFO] [stdout] test events::tests::exhausted_capacity_does_not_construct_an_owned_payload ... ok
[INFO] [stdout] test events::tests::retained_size_estimates_cover_owned_payload_allocations ... ok
[INFO] [stdout] test events::tests::single_multi_and_mixed_event_serialization_matches_featbit_wire_fixtures ... ok
[INFO] [stdout] test events::tests::caller_flush_timeout_returns_while_the_http_request_continues ... ok
[INFO] [stdout] test events::worker::tests::http_delivery_classification_matches_featbit_retry_contract ... ok
[INFO] [stdout] test events::tests::batch_threshold_delivers_without_an_explicit_flush ... ok
[INFO] [stdout] test model::tests::feature_flag_deserializes_from_pinned_dotnet_wire_fixture ... ok
[INFO] [stdout] test model::tests::segment_deserializes_from_pinned_dotnet_wire_fixture ... ok
[INFO] [stdout] test model::tests::updated_at_accepts_protocol_integer_and_rejects_malformed_shapes ... ok
[INFO] [stdout] test options::tests::debug_output_redacts_credentials_and_bootstrap_data ... ok
[INFO] [stdout] test options::tests::defaults_match_the_featbit_server_contract ... ok
[INFO] [stdout] test options::tests::event_mode_configuration_keeps_disable_and_track_decisions_independent ... ok
[INFO] [stdout] test options::tests::invalid_configuration_returns_typed_errors ... ok
[INFO] [stdout] test events::worker::tests::successful_flush_reuses_the_worker_batch_allocation ... ok
[INFO] [stdout] test options::tests::validation_rejects_every_non_progressing_duration_and_capacity ... ok
[INFO] [stdout] test options::tests::validation_rejects_invalid_secret_url_and_limit_relationships ... ok
[INFO] [stdout] test data_sync::tests::reconnect::short_failed_connections_advance_the_reconnect_backoff ... ok
[INFO] [stdout] test store::tests::empty_full_snapshot_is_populated_at_version_zero ... ok
[INFO] [stdout] test store::tests::equal_version_with_different_content_reports_a_conflict ... ok
[INFO] [stdout] test events::tests::invalid_event_fields_are_rejected_before_enqueue ... ok
[INFO] [stdout] test store::tests::first_empty_patch_publishes_without_copying_empty_maps ... ok
[INFO] [stdout] test store::tests::full_bootstrap_populates_the_pinned_dotnet_flag_and_segment_fixtures ... ok
[INFO] [stdout] test store::tests::concurrent_patches_cannot_overwrite_each_others_changes ... ok
[INFO] [stdout] test store::tests::publication_prepares_conditions_and_reuses_unchanged_indexes ... ok
[INFO] [stdout] test store::tests::full_replace_and_patches_preserve_tombstone_versions ... ok
[INFO] [stdout] test store::tests::segment_patches_preserve_newer_tombstones_and_report_conflicts ... ok
[INFO] [stdout] test events::tests::connection_level_delivery_failure_retries_the_unchanged_batch ... ok
[INFO] [stdout] test events::tests::full_queue_and_stalled_http_request_do_not_block_concurrent_close ... ok
[INFO] [stdout] test worker::tests::completion_is_reported_for_normal_exit_and_panic ... ok
[INFO] [stdout] test events::tests::event_request_timeout_is_bounded_and_reported_as_a_failed_flush ... FAILED
[INFO] [stdout] test events::tests::graceful_close_drains_every_accepted_event ... ok
[INFO] [stdout] test events::tests::auto_flush_interval_delivers_without_an_explicit_flush ... ok
[INFO] [stdout] test events::tests::processor_posts_authorized_event_batch ... ok
[INFO] [stdout] test store::tests::segment_patch_copies_only_segment_maps ... ok
[INFO] [stdout] test store::tests::flag_patch_copies_only_flag_maps_and_shares_large_values_and_keys ... ok
[INFO] [stdout] test events::tests::processor_splits_batches_at_the_configured_request_limit ... ok
[INFO] [stdout] test events::worker::tests::cancelled_flush_reuses_the_worker_batch_allocation ... ok
[INFO] [stdout] test events::tests::oversized_event_is_dropped_whole_and_capacity_recovers ... ok
[INFO] [stdout] test events::tests::large_json_variation_is_delivered_without_truncation ... ok
[INFO] [stdout] test store::tests::concurrent_evaluation_never_observes_a_partial_flag_and_segment_patch ... ok
[INFO] [stdout] test client::tests::event_modes_control_automatic_and_explicit_delivery ... ok
[INFO] [stdout] test events::tests::recoverable_failures_retry_and_unrecoverable_status_stops_delivery ... ok
[INFO] [stdout] 
[INFO] [stdout] failures:
[INFO] [stdout] 
[INFO] [stdout] ---- events::tests::event_request_timeout_is_bounded_and_reported_as_a_failed_flush stdout ----
[INFO] [stdout] 
[INFO] [stdout] thread 'events::tests::event_request_timeout_is_bounded_and_reported_as_a_failed_flush' (3104) panicked at src/events/tests.rs:583:5:
[INFO] [stdout] assertion failed: started.elapsed() < Duration::from_millis(500)
[INFO] [stdout] stack backtrace:
[INFO] [stdout]    0:     0x65040e3d83d1 - std[617be2ca0a6fd877]::backtrace_rs::backtrace::libunwind::trace
[INFO] [stdout]                                at /rustc/e3feeb59cd1bdd011a2bfcc0747b55125d9b8527/library/std/src/../../backtrace/src/backtrace/libunwind.rs:117:9
[INFO] [stdout]    1:     0x65040e3d83d1 - std[617be2ca0a6fd877]::backtrace_rs::backtrace::trace_unsynchronized::<std[617be2ca0a6fd877]::sys::backtrace::_print_fmt::{closure#1}>
[INFO] [stdout]                                at /rustc/e3feeb59cd1bdd011a2bfcc0747b55125d9b8527/library/std/src/../../backtrace/src/backtrace/mod.rs:66:14
[INFO] [stdout]    2:     0x65040e3d83d1 - std[617be2ca0a6fd877]::sys::backtrace::_print_fmt
[INFO] [stdout]                                at /rustc/e3feeb59cd1bdd011a2bfcc0747b55125d9b8527/library/std/src/sys/backtrace.rs:74:9
[INFO] [stdout]    3:     0x65040e3d83d1 - <<std[617be2ca0a6fd877]::sys::backtrace::BacktraceLock>::print::DisplayBacktrace as core[a373ad73a504971]::fmt::Display>::fmt
[INFO] [stdout]                                at /rustc/e3feeb59cd1bdd011a2bfcc0747b55125d9b8527/library/std/src/sys/backtrace.rs:44:26
[INFO] [stdout]    4:     0x65040e3f09fa - <core[a373ad73a504971]::fmt::rt::Argument>::fmt
[INFO] [stdout]                                at /rustc/e3feeb59cd1bdd011a2bfcc0747b55125d9b8527/library/core/src/fmt/rt.rs:152:76
[INFO] [stdout]    5:     0x65040e3f09fa - core[a373ad73a504971]::fmt::write
[INFO] [stdout]    6:     0x65040e3dd59c - core[a373ad73a504971]::io::write::default_write_fmt::<alloc[2e1b2a31b91974c5]::vec::Vec<u8>>
[INFO] [stdout]                                at /rustc/e3feeb59cd1bdd011a2bfcc0747b55125d9b8527/library/core/src/io/write.rs:402:11
[INFO] [stdout]    7:     0x65040e3dd59c - <alloc[2e1b2a31b91974c5]::vec::Vec<u8> as core[a373ad73a504971]::io::write::Write>::write_fmt
[INFO] [stdout]                                at /rustc/e3feeb59cd1bdd011a2bfcc0747b55125d9b8527/library/core/src/io/write.rs:335:13
[INFO] [stdout]    8:     0x65040e3b2706 - <std[617be2ca0a6fd877]::sys::backtrace::BacktraceLock>::print
[INFO] [stdout]                                at /rustc/e3feeb59cd1bdd011a2bfcc0747b55125d9b8527/library/std/src/sys/backtrace.rs:47:9
[INFO] [stdout]    9:     0x65040e3b2706 - std[617be2ca0a6fd877]::panicking::default_hook::{closure#0}
[INFO] [stdout]                                at /rustc/e3feeb59cd1bdd011a2bfcc0747b55125d9b8527/library/std/src/panicking.rs:289:27
[INFO] [stdout]   10:     0x65040e3cfc29 - std[617be2ca0a6fd877]::panicking::default_hook
[INFO] [stdout]                                at /rustc/e3feeb59cd1bdd011a2bfcc0747b55125d9b8527/library/std/src/panicking.rs:313:9
[INFO] [stdout]   11:     0x65040d8cb4a0 - <alloc[2e1b2a31b91974c5]::boxed::Box<dyn for<'a, 'b> core[a373ad73a504971]::ops::function::Fn<(&'a std[617be2ca0a6fd877]::panic::PanicHookInfo<'b>,), Output = ()> + core[a373ad73a504971]::marker::Sync + core[a373ad73a504971]::marker::Send> as core[a373ad73a504971]::ops::function::Fn<(&std[617be2ca0a6fd877]::panic::PanicHookInfo,)>>::call
[INFO] [stdout]                                at /rustc/e3feeb59cd1bdd011a2bfcc0747b55125d9b8527/library/alloc/src/boxed.rs:2328:9
[INFO] [stdout]   12:     0x65040d8cb4a0 - test[aada8e7e76ba119b]::test_main_inner::{closure#0}
[INFO] [stdout]                                at /rustc/e3feeb59cd1bdd011a2bfcc0747b55125d9b8527/library/test/src/lib.rs:137:21
[INFO] [stdout]   13:     0x65040e3cff52 - <alloc[2e1b2a31b91974c5]::boxed::Box<dyn for<'a, 'b> core[a373ad73a504971]::ops::function::Fn<(&'a std[617be2ca0a6fd877]::panic::PanicHookInfo<'b>,), Output = ()> + core[a373ad73a504971]::marker::Sync + core[a373ad73a504971]::marker::Send> as core[a373ad73a504971]::ops::function::Fn<(&std[617be2ca0a6fd877]::panic::PanicHookInfo,)>>::call
[INFO] [stdout]                                at /rustc/e3feeb59cd1bdd011a2bfcc0747b55125d9b8527/library/alloc/src/boxed.rs:2328:9
[INFO] [stdout]   14:     0x65040e3cff52 - std[617be2ca0a6fd877]::panicking::panic_with_hook
[INFO] [stdout]                                at /rustc/e3feeb59cd1bdd011a2bfcc0747b55125d9b8527/library/std/src/panicking.rs:819:13
[INFO] [stdout]   15:     0x65040e3b27e4 - std[617be2ca0a6fd877]::panicking::panic_handler::{closure#0}
[INFO] [stdout]                                at /rustc/e3feeb59cd1bdd011a2bfcc0747b55125d9b8527/library/std/src/panicking.rs:678:13
[INFO] [stdout]   16:     0x65040e3ab349 - std[617be2ca0a6fd877]::sys::backtrace::__rust_end_short_backtrace::<std[617be2ca0a6fd877]::panicking::panic_handler::{closure#0}, !>
[INFO] [stdout]                                at /rustc/e3feeb59cd1bdd011a2bfcc0747b55125d9b8527/library/std/src/sys/backtrace.rs:182:18
[INFO] [stdout]   17:     0x65040e3b35ad - __rustc[ea4f61d10b84890b]::rust_begin_unwind
[INFO] [stdout]                                at /rustc/e3feeb59cd1bdd011a2bfcc0747b55125d9b8527/library/std/src/panicking.rs:676:5
[INFO] [stdout]   18:     0x65040e3f12cc - core[a373ad73a504971]::panicking::panic_fmt
[INFO] [stdout]                                at /rustc/e3feeb59cd1bdd011a2bfcc0747b55125d9b8527/library/core/src/panicking.rs:80:14
[INFO] [stdout]   19:     0x65040e3f1292 - core[a373ad73a504971]::panicking::panic
[INFO] [stdout]                                at /rustc/e3feeb59cd1bdd011a2bfcc0747b55125d9b8527/library/core/src/panicking.rs:150:5
[INFO] [stdout]   20:     0x65040d63eaf0 - featbit_server_sdk[1ea592074fc3ce0f]::events::tests::event_request_timeout_is_bounded_and_reported_as_a_failed_flush
[INFO] [stdout]                                at /opt/rustwide/workdir/src/events/tests.rs:583:5
[INFO] [stdout]   21:     0x65040d62b187 - featbit_server_sdk[1ea592074fc3ce0f]::events::tests::event_request_timeout_is_bounded_and_reported_as_a_failed_flush::{closure#0}
[INFO] [stdout]                                at /opt/rustwide/workdir/src/events/tests.rs:558:69
[INFO] [stdout]   22:     0x65040d6ced96 - <featbit_server_sdk[1ea592074fc3ce0f]::events::tests::event_request_timeout_is_bounded_and_reported_as_a_failed_flush::{closure#0} as core[a373ad73a504971]::ops::function::FnOnce<()>>::call_once
[INFO] [stdout]                                at /rustc/e3feeb59cd1bdd011a2bfcc0747b55125d9b8527/library/core/src/ops/function.rs:250:5
[INFO] [stdout]   23:     0x65040d8be8eb - <fn() -> core[a373ad73a504971]::result::Result<(), alloc[2e1b2a31b91974c5]::string::String> as core[a373ad73a504971]::ops::function::FnOnce<()>>::call_once
[INFO] [stdout]                                at /rustc/e3feeb59cd1bdd011a2bfcc0747b55125d9b8527/library/core/src/ops/function.rs:250:5
[INFO] [stdout]   24:     0x65040d8be8eb - test[aada8e7e76ba119b]::__rust_begin_short_backtrace::<core[a373ad73a504971]::result::Result<(), alloc[2e1b2a31b91974c5]::string::String>, fn() -> core[a373ad73a504971]::result::Result<(), alloc[2e1b2a31b91974c5]::string::String>>
[INFO] [stdout]                                at /rustc/e3feeb59cd1bdd011a2bfcc0747b55125d9b8527/library/test/src/lib.rs:701:18
[INFO] [stdout]   25:     0x65040d8cbac5 - test[aada8e7e76ba119b]::run_test_in_process::{closure#0}
[INFO] [stdout]                                at /rustc/e3feeb59cd1bdd011a2bfcc0747b55125d9b8527/library/test/src/lib.rs:724:74
[INFO] [stdout]   26:     0x65040d8cbac5 - <core[a373ad73a504971]::panic::unwind_safe::AssertUnwindSafe<test[aada8e7e76ba119b]::run_test_in_process::{closure#0}> as core[a373ad73a504971]::ops::function::FnOnce<()>>::call_once
[INFO] [stdout]                                at /rustc/e3feeb59cd1bdd011a2bfcc0747b55125d9b8527/library/core/src/panic/unwind_safe.rs:275:9
[INFO] [stdout]   27:     0x65040d8cbac5 - std[617be2ca0a6fd877]::panicking::catch_unwind::do_call::<core[a373ad73a504971]::panic::unwind_safe::AssertUnwindSafe<test[aada8e7e76ba119b]::run_test_in_process::{closure#0}>, core[a373ad73a504971]::result::Result<(), alloc[2e1b2a31b91974c5]::string::String>>
[INFO] [stdout]                                at /rustc/e3feeb59cd1bdd011a2bfcc0747b55125d9b8527/library/std/src/panicking.rs:573:43
[INFO] [stdout]   28:     0x65040d8cbac5 - std[617be2ca0a6fd877]::panicking::catch_unwind::<core[a373ad73a504971]::result::Result<(), alloc[2e1b2a31b91974c5]::string::String>, core[a373ad73a504971]::panic::unwind_safe::AssertUnwindSafe<test[aada8e7e76ba119b]::run_test_in_process::{closure#0}>>
[INFO] [stdout]                                at /rustc/e3feeb59cd1bdd011a2bfcc0747b55125d9b8527/library/std/src/panicking.rs:541:19
[INFO] [stdout]   29:     0x65040d8cbac5 - std[617be2ca0a6fd877]::panic::catch_unwind::<core[a373ad73a504971]::panic::unwind_safe::AssertUnwindSafe<test[aada8e7e76ba119b]::run_test_in_process::{closure#0}>, core[a373ad73a504971]::result::Result<(), alloc[2e1b2a31b91974c5]::string::String>>
[INFO] [stdout]                                at /rustc/e3feeb59cd1bdd011a2bfcc0747b55125d9b8527/library/std/src/panic.rs:359:14
[INFO] [stdout]   30:     0x65040d8cbac5 - test[aada8e7e76ba119b]::run_test_in_process
[INFO] [stdout]                                at /rustc/e3feeb59cd1bdd011a2bfcc0747b55125d9b8527/library/test/src/lib.rs:724:27
[INFO] [stdout]   31:     0x65040d8cbac5 - test[aada8e7e76ba119b]::run_test::{closure#0}
[INFO] [stdout]                                at /rustc/e3feeb59cd1bdd011a2bfcc0747b55125d9b8527/library/test/src/lib.rs:645:43
[INFO] [stdout]   32:     0x65040d8c53b4 - test[aada8e7e76ba119b]::run_test::{closure#1}
[INFO] [stdout]                                at /rustc/e3feeb59cd1bdd011a2bfcc0747b55125d9b8527/library/test/src/lib.rs:675:41
[INFO] [stdout]   33:     0x65040d8c53b4 - std[617be2ca0a6fd877]::sys::backtrace::__rust_begin_short_backtrace::<test[aada8e7e76ba119b]::run_test::{closure#1}, ()>
[INFO] [stdout]                                at /rustc/e3feeb59cd1bdd011a2bfcc0747b55125d9b8527/library/std/src/sys/backtrace.rs:166:18
[INFO] [stdout]   34:     0x65040d8ceb52 - std[617be2ca0a6fd877]::thread::lifecycle::spawn_unchecked::<test[aada8e7e76ba119b]::run_test::{closure#1}, ()>::{closure#1}::{closure#0}
[INFO] [stdout]                                at /rustc/e3feeb59cd1bdd011a2bfcc0747b55125d9b8527/library/std/src/thread/lifecycle.rs:70:13
[INFO] [stdout]   35:     0x65040d8ceb52 - <core[a373ad73a504971]::panic::unwind_safe::AssertUnwindSafe<std[617be2ca0a6fd877]::thread::lifecycle::spawn_unchecked<test[aada8e7e76ba119b]::run_test::{closure#1}, ()>::{closure#1}::{closure#0}> as core[a373ad73a504971]::ops::function::FnOnce<()>>::call_once
[INFO] [stdout]                                at /rustc/e3feeb59cd1bdd011a2bfcc0747b55125d9b8527/library/core/src/panic/unwind_safe.rs:275:9
[INFO] [stdout]   36:     0x65040d8ceb52 - std[617be2ca0a6fd877]::panicking::catch_unwind::do_call::<core[a373ad73a504971]::panic::unwind_safe::AssertUnwindSafe<std[617be2ca0a6fd877]::thread::lifecycle::spawn_unchecked<test[aada8e7e76ba119b]::run_test::{closure#1}, ()>::{closure#1}::{closure#0}>, ()>
[INFO] [stdout]                                at /rustc/e3feeb59cd1bdd011a2bfcc0747b55125d9b8527/library/std/src/panicking.rs:573:43
[INFO] [stdout]   37:     0x65040d8ceb52 - std[617be2ca0a6fd877]::panicking::catch_unwind::<(), core[a373ad73a504971]::panic::unwind_safe::AssertUnwindSafe<std[617be2ca0a6fd877]::thread::lifecycle::spawn_unchecked<test[aada8e7e76ba119b]::run_test::{closure#1}, ()>::{closure#1}::{closure#0}>>
[INFO] [stdout]                                at /rustc/e3feeb59cd1bdd011a2bfcc0747b55125d9b8527/library/std/src/panicking.rs:541:19
[INFO] [stdout]   38:     0x65040d8ceb52 - std[617be2ca0a6fd877]::panic::catch_unwind::<core[a373ad73a504971]::panic::unwind_safe::AssertUnwindSafe<std[617be2ca0a6fd877]::thread::lifecycle::spawn_unchecked<test[aada8e7e76ba119b]::run_test::{closure#1}, ()>::{closure#1}::{closure#0}>, ()>
[INFO] [stdout]                                at /rustc/e3feeb59cd1bdd011a2bfcc0747b55125d9b8527/library/std/src/panic.rs:359:14
[INFO] [stdout]   39:     0x65040d8ceb52 - std[617be2ca0a6fd877]::thread::lifecycle::spawn_unchecked::<test[aada8e7e76ba119b]::run_test::{closure#1}, ()>::{closure#1}
[INFO] [stdout]                                at /rustc/e3feeb59cd1bdd011a2bfcc0747b55125d9b8527/library/std/src/thread/lifecycle.rs:68:26
[INFO] [stdout]   40:     0x65040d8ceb52 - <std[617be2ca0a6fd877]::thread::lifecycle::spawn_unchecked<test[aada8e7e76ba119b]::run_test::{closure#1}, ()>::{closure#1} as core[a373ad73a504971]::ops::function::FnOnce<()>>::call_once::{shim:vtable#0}
[INFO] [stdout]                                at /rustc/e3feeb59cd1bdd011a2bfcc0747b55125d9b8527/library/core/src/ops/function.rs:250:5
[INFO] [stdout]   41:     0x65040e3d762f - <alloc[2e1b2a31b91974c5]::boxed::Box<dyn core[a373ad73a504971]::ops::function::FnOnce<(), Output = ()> + core[a373ad73a504971]::marker::Send> as core[a373ad73a504971]::ops::function::FnOnce<()>>::call_once
[INFO] [stdout]                                at /rustc/e3feeb59cd1bdd011a2bfcc0747b55125d9b8527/library/alloc/src/boxed.rs:2314:9
[INFO] [stdout]   42:     0x65040e3d762f - <std[617be2ca0a6fd877]::sys::thread::unix::Thread>::new::thread_start
[INFO] [stdout]                                at /rustc/e3feeb59cd1bdd011a2bfcc0747b55125d9b8527/library/std/src/sys/thread/unix.rs:127:17
[INFO] [stdout]   43:     0x72dd3755adfa - <unknown>
[INFO] [stdout]   44:     0x72dd375ee3d4 - clone
[INFO] [stdout]   45:                0x0 - <unknown>
[INFO] [stdout] 
[INFO] [stdout] 
[INFO] [stdout] failures:
[INFO] [stdout]     events::tests::event_request_timeout_is_bounded_and_reported_as_a_failed_flush
[INFO] [stdout] 
[INFO] [stdout] test result: FAILED. 107 passed; 1 failed; 0 ignored; 0 measured; 0 filtered out; finished in 1.54s
[INFO] [stdout] 
[INFO] [stderr] error: test failed, to rerun pass `-p featbit-server-sdk --lib`
[INFO] running `Command { std: "docker" "inspect" "6adbddb7d5320b7e71e8ecae6c5fc531a6de06b969e8b679a24c97ef265f1950", kill_on_drop: false }`
[INFO] running `Command { std: "docker" "rm" "-f" "6adbddb7d5320b7e71e8ecae6c5fc531a6de06b969e8b679a24c97ef265f1950", kill_on_drop: false }`
[INFO] [stdout] 6adbddb7d5320b7e71e8ecae6c5fc531a6de06b969e8b679a24c97ef265f1950
