[INFO] cloning repository https://github.com/elf178174-maker/Tempest-android-
[INFO] running `Command { std: "git" "-c" "credential.helper=" "-c" "credential.helper=/workspace/cargo-home/bin/git-credential-null" "clone" "--bare" "https://github.com/elf178174-maker/Tempest-android-" "/workspace/cache/git-repos/https%3A%2F%2Fgithub.com%2Felf178174-maker%2FTempest-android-", kill_on_drop: false }`
[INFO] [stderr] Cloning into bare repository '/workspace/cache/git-repos/https%3A%2F%2Fgithub.com%2Felf178174-maker%2FTempest-android-'...
[INFO] running `Command { std: "git" "rev-parse" "HEAD", kill_on_drop: false }`
[INFO] [stdout] fa025134873f414e1a39e51491febeeef5e592bd
[INFO] testing elf178174-maker/Tempest-android- against 1.100.0-beta.1 for beta-1.100-2
[INFO] running `Command { std: "git" "clone" "/workspace/cache/git-repos/https%3A%2F%2Fgithub.com%2Felf178174-maker%2FTempest-android-" "/workspace/builds/worker-4-tc2/source", kill_on_drop: false }`
[INFO] [stderr] Cloning into '/workspace/builds/worker-4-tc2/source'...
[INFO] [stderr] done.
[INFO] started tweaking git repo https://github.com/elf178174-maker/Tempest-android-
[INFO] finished tweaking git repo https://github.com/elf178174-maker/Tempest-android-
[INFO] tweaked toml for git repo https://github.com/elf178174-maker/Tempest-android- written to /workspace/builds/worker-4-tc2/source/Cargo.toml
[INFO] validating manifest of git repo https://github.com/elf178174-maker/Tempest-android- on toolchain 1.100.0-beta.1
[INFO] running `Command { std: CARGO_HOME="/workspace/cargo-home" RUSTUP_HOME="/workspace/rustup-home" "/workspace/cargo-home/bin/cargo" "+1.100.0-beta.1" "metadata" "--manifest-path" "Cargo.toml" "--no-deps", kill_on_drop: false }`
[INFO] crate git repo https://github.com/elf178174-maker/Tempest-android- already has a lockfile, it will not be regenerated
[INFO] running `Command { std: CARGO_HOME="/workspace/cargo-home" RUSTUP_HOME="/workspace/rustup-home" "/workspace/cargo-home/bin/cargo" "+1.100.0-beta.1" "fetch" "--manifest-path" "Cargo.toml", kill_on_drop: false }`
[INFO] [stderr] warning: unused field `rust-version` in `workspace.package`
[INFO] [stderr]   --> Cargo.toml:43:1
[INFO] [stderr]    |
[INFO] [stderr] 43 | rust-version = "1.88"
[INFO] [stderr]    | ^^^^^^^^^^^^
[INFO] [stderr]    |
[INFO] [stderr]    = note: `cargo::unused_workspace_package_fields` is set to `warn` by default
[INFO] [stderr] help: consider removing the field `workspace.package.rust-version`
[INFO] [stderr] warning: workspace (manifest) generated 1 warning
[INFO] running `Command { std: "docker" "create" "-v" "/var/lib/crater-agent-workspace/builds/worker-4-tc2/source:/opt/rustwide/workdir:ro,Z" "-v" "/var/lib/crater-agent-workspace/builds/worker-4-tc2/target:/opt/rustwide/target:rw,Z" "-v" "/var/lib/crater-agent-workspace/cargo-home:/opt/rustwide/cargo-home:ro,Z" "-v" "/var/lib/crater-agent-workspace/rustup-home:/opt/rustwide/rustup-home:ro,Z" "-m" "1610612736" "--network" "none" "ghcr.io/rust-lang/crates-build-env/linux@sha256:3111399a4047eeb3a02b7a90e478d715f38a8c6669b5c4b49d30a17385265909" "sleep" "infinity", kill_on_drop: false }`
[INFO] [stdout] 3945fa5604e02ecd36f7bd8f1ce3fa7e14932b8e5c61e365c92dc5b356746fc8
[INFO] running `Command { std: "docker" "start" "3945fa5604e02ecd36f7bd8f1ce3fa7e14932b8e5c61e365c92dc5b356746fc8", kill_on_drop: false }`
[INFO] running `Command { std: "docker" "inspect" "3945fa5604e02ecd36f7bd8f1ce3fa7e14932b8e5c61e365c92dc5b356746fc8", kill_on_drop: false }`
[INFO] running `Command { std: "docker" "exec" "-e" "SOURCE_DIR=/opt/rustwide/workdir" "-e" "CARGO_HOME=/opt/rustwide/cargo-home" "-e" "RUSTUP_HOME=/opt/rustwide/rustup-home" "-e" "CARGO_TARGET_DIR=/opt/rustwide/target" "-w" "/opt/rustwide/workdir" "--user" "0:0" "3945fa5604e02ecd36f7bd8f1ce3fa7e14932b8e5c61e365c92dc5b356746fc8" "/opt/rustwide/cargo-home/bin/cargo" "+1.100.0-beta.1" "metadata" "--no-deps" "--format-version=1", kill_on_drop: false }`
[INFO] running `Command { std: "docker" "inspect" "3945fa5604e02ecd36f7bd8f1ce3fa7e14932b8e5c61e365c92dc5b356746fc8", kill_on_drop: false }`
[INFO] running `Command { std: "docker" "exec" "-e" "SOURCE_DIR=/opt/rustwide/workdir" "-e" "CARGO_HOME=/opt/rustwide/cargo-home" "-e" "RUSTUP_HOME=/opt/rustwide/rustup-home" "-e" "CARGO_TARGET_DIR=/opt/rustwide/target" "-e" "CARGO_INCREMENTAL=0" "-e" "RUST_BACKTRACE=full" "-e" "RUSTFLAGS=--cap-lints=warn" "-e" "RUSTDOCFLAGS=--cap-lints=warn" "-w" "/opt/rustwide/workdir" "--user" "0:0" "3945fa5604e02ecd36f7bd8f1ce3fa7e14932b8e5c61e365c92dc5b356746fc8" "/opt/rustwide/cargo-home/bin/cargo" "+1.100.0-beta.1" "build" "--frozen" "--message-format=json", kill_on_drop: false }`
[INFO] [stderr] warning: unused field `rust-version` in `workspace.package`
[INFO] [stderr]   --> Cargo.toml:43:1
[INFO] [stderr]    |
[INFO] [stderr] 43 | rust-version = "1.88"
[INFO] [stderr]    | ^^^^^^^^^^^^
[INFO] [stderr]    |
[INFO] [stderr]    = note: `cargo::unused_workspace_package_fields` is set to `warn` by default
[INFO] [stderr] help: consider removing the field `workspace.package.rust-version`
[INFO] [stderr] warning: workspace (manifest) generated 1 warning
[INFO] [stderr]    Compiling proc-macro2 v1.0.107
[INFO] [stderr]    Compiling unicode-ident v1.0.24
[INFO] [stderr]    Compiling quote v1.0.47
[INFO] [stderr]    Compiling libc v0.2.189
[INFO] [stderr]    Compiling cfg-if v1.0.4
[INFO] [stderr]    Compiling version_check v0.9.5
[INFO] [stderr]    Compiling find-msvc-tools v0.1.12
[INFO] [stderr]    Compiling shlex v2.0.1
[INFO] [stderr]    Compiling smallvec v1.16.0
[INFO] [stderr]    Compiling stable_deref_trait v1.2.1
[INFO] [stderr]    Compiling bytes v1.12.1
[INFO] [stderr]    Compiling typenum v1.20.1
[INFO] [stderr]    Compiling pin-project-lite v0.2.17
[INFO] [stderr]    Compiling once_cell v1.21.4
[INFO] [stderr]    Compiling parking_lot_core v0.9.12
[INFO] [stderr]    Compiling itoa v1.0.18
[INFO] [stderr]    Compiling futures-core v0.3.34
[INFO] [stderr]    Compiling scopeguard v1.2.0
[INFO] [stderr]    Compiling serde_core v1.0.229
[INFO] [stderr]    Compiling litemap v0.8.3
[INFO] [stderr]    Compiling lock_api v0.4.14
[INFO] [stderr]    Compiling writeable v0.6.4
[INFO] [stderr]    Compiling icu_properties_data v2.3.0
[INFO] [stderr]    Compiling generic-array v0.14.7
[INFO] [stderr]    Compiling utf8_iter v1.0.4
[INFO] [stderr]    Compiling icu_normalizer_data v2.3.0
[INFO] [stderr]    Compiling pkg-config v0.3.34
[INFO] [stderr]    Compiling equivalent v1.0.2
[INFO] [stderr]    Compiling hashbrown v0.17.1
[INFO] [stderr]    Compiling percent-encoding v2.3.2
[INFO] [stderr]    Compiling serde v1.0.229
[INFO] [stderr]    Compiling tracing-core v0.1.36
[INFO] [stderr]    Compiling subtle v2.6.1
[INFO] [stderr]    Compiling slab v0.4.12
[INFO] [stderr]    Compiling zeroize v1.9.0
[INFO] [stderr]    Compiling log v0.4.34
[INFO] [stderr]    Compiling untrusted v0.9.0
[INFO] [stderr]    Compiling memchr v2.8.3
[INFO] [stderr]    Compiling futures-task v0.3.34
[INFO] [stderr]    Compiling httparse v1.10.1
[INFO] [stderr]    Compiling rustls-pki-types v1.15.1
[INFO] [stderr]    Compiling futures-sink v0.3.34
[INFO] [stderr]    Compiling form_urlencoded v1.2.2
[INFO] [stderr]    Compiling cpufeatures v0.2.17
[INFO] [stderr]    Compiling fnv v1.0.7
[INFO] [stderr]    Compiling http v1.5.0
[INFO] [stderr]    Compiling num-conv v0.2.2
[INFO] [stderr]    Compiling zerocopy v0.8.56
[INFO] [stderr]    Compiling atomic-waker v1.1.2
[INFO] [stderr]    Compiling time-core v0.1.9
[INFO] [stderr]    Compiling bitflags v2.13.1
[INFO] [stderr]    Compiling crc32fast v1.5.1
[INFO] [stderr]    Compiling try-lock v0.2.5
[INFO] [stderr]    Compiling indexmap v2.14.2
[INFO] [stderr]    Compiling zmij v1.0.23
[INFO] [stderr]    Compiling tower-service v0.3.3
[INFO] [stderr]    Compiling rustls v0.23.43
[INFO] [stderr]    Compiling want v0.3.1
[INFO] [stderr]    Compiling cookie v0.18.2
[INFO] [stderr]    Compiling futures-channel v0.3.34
[INFO] [stderr]    Compiling powerfmt v0.2.0
[INFO] [stderr]    Compiling time-macros v0.2.32
[INFO] [stderr]    Compiling simd-adler32 v0.3.10
[INFO] [stderr]    Compiling rustix v1.1.4
[INFO] [stderr]    Compiling serde_json v1.0.151
[INFO] [stderr]    Compiling deranged v0.5.8
[INFO] [stderr]    Compiling syn v3.0.5
[INFO] [stderr]    Compiling syn v2.0.119
[INFO] [stderr]    Compiling sync_wrapper v1.0.2
[INFO] [stderr]    Compiling linux-raw-sys v0.12.1
[INFO] [stderr]    Compiling litrs v1.0.0
[INFO] [stderr]    Compiling opaque-debug v0.3.1
[INFO] [stderr]    Compiling ipnet v2.12.1
[INFO] [stderr]    Compiling tower-layer v0.3.3
[INFO] [stderr]    Compiling psl-types v2.0.11
[INFO] [stderr]    Compiling base64 v0.22.1
[INFO] [stderr]    Compiling inout v0.1.4
[INFO] [stderr]    Compiling adler2 v2.0.1
[INFO] [stderr]    Compiling thiserror v2.0.20
[INFO] [stderr]    Compiling zstd-safe v7.3.0
[INFO] [stderr]    Compiling block-buffer v0.10.4
[INFO] [stderr]    Compiling miniz_oxide v0.9.1
[INFO] [stderr]    Compiling jobserver v0.1.35
[INFO] [stderr]    Compiling getrandom v0.2.17
[INFO] [stderr]    Compiling errno v0.3.14
[INFO] [stderr]    Compiling socket2 v0.6.5
[INFO] [stderr]    Compiling rand_core v0.6.4
[INFO] [stderr]    Compiling cc v1.4.5
[INFO] [stderr]    Compiling parking_lot v0.12.5
[INFO] [stderr]    Compiling signal-hook-registry v1.4.8
[INFO] [stderr]    Compiling mio v1.2.3
[INFO] [stderr]    Compiling http-body v1.1.0
[INFO] [stderr]    Compiling document-features v0.2.12
[INFO] [stderr]    Compiling crypto-common v0.1.7
[INFO] [stderr]    Compiling universal-hash v0.5.1
[INFO] [stderr]    Compiling cipher v0.4.4
[INFO] [stderr]    Compiling polyval v0.6.2
[INFO] [stderr]    Compiling webpki-roots v1.0.9
[INFO] [stderr]    Compiling toml_write v0.1.2
[INFO] [stderr]    Compiling utf8parse v0.2.2
[INFO] [stderr]    Compiling bumpalo v3.20.3
[INFO] [stderr]    Compiling winnow v0.7.15
[INFO] [stderr]    Compiling ryu v1.0.23
[INFO] [stderr]    Compiling zip v2.4.2
[INFO] [stderr]    Compiling ghash v0.5.1
[INFO] [stderr]    Compiling time v0.3.55
[INFO] [stderr]    Compiling anstyle-parse v1.0.0
[INFO] [stderr]    Compiling flate2 v1.1.10
[INFO] [stderr]    Compiling ctr v0.9.2
[INFO] [stderr]    Compiling aes v0.8.4
[INFO] [stderr]    Compiling aead v0.5.2
[INFO] [stderr]    Compiling digest v0.10.7
[INFO] [stderr]    Compiling http-body-util v0.1.5
[INFO] [stderr]    Compiling zopfli v0.8.3
[INFO] [stderr]    Compiling filetime v0.2.29
[INFO] [stderr]    Compiling encoding_rs v0.8.35
[INFO] [stderr]    Compiling jni-sys v0.3.1
[INFO] [stderr]    Compiling regex-syntax v0.8.11
[INFO] [stderr]    Compiling thiserror v1.0.69
[INFO] [stderr]    Compiling colorchoice v1.0.5
[INFO] [stderr]    Compiling portable-atomic v1.15.0
[INFO] [stderr]    Compiling is_terminal_polyfill v1.70.2
[INFO] [stderr]    Compiling mime v0.3.17
[INFO] [stderr]    Compiling anstyle v1.0.14
[INFO] [stderr]    Compiling anstyle-query v1.1.5
[INFO] [stderr]    Compiling aes-gcm v0.10.3
[INFO] [stderr]    Compiling sha2 v0.10.9
[INFO] [stderr]    Compiling hex v0.4.3
[INFO] [stderr]    Compiling clap_lex v1.1.0
[INFO] [stderr]    Compiling anstream v1.0.0
[INFO] [stderr]    Compiling strsim v0.11.1
[INFO] [stderr]    Compiling heck v0.5.0
[INFO] [stderr]    Compiling lazy_static v1.5.0
[INFO] [stderr]    Compiling unicode-width v0.2.2
[INFO] [stderr]    Compiling sharded-slab v0.1.7
[INFO] [stderr]    Compiling clap_builder v4.6.6
[INFO] [stderr]    Compiling console v0.15.11
[INFO] [stderr]    Compiling combine v4.6.8
[INFO] [stderr]    Compiling ring v0.17.14
[INFO] [stderr]    Compiling zstd-sys v2.1.0+zstd.1.5.7
[INFO] [stderr]    Compiling lzma-sys v0.1.20
[INFO] [stderr]    Compiling xattr v1.6.1
[INFO] [stderr]    Compiling regex-automata v0.4.18
[INFO] [stderr]    Compiling xz2 v0.1.7
[INFO] [stderr]    Compiling tar v0.4.46
[INFO] [stderr]    Compiling tracing-log v0.2.0
[INFO] [stderr]    Compiling thread_local v1.1.10
[INFO] [stderr]    Compiling nu-ansi-term v0.50.3
[INFO] [stderr]    Compiling number_prefix v0.4.0
[INFO] [stderr]    Compiling cesu8 v1.1.0
[INFO] [stderr]    Compiling indicatif v0.17.11
[INFO] [stderr]    Compiling colored v3.1.1
[INFO] [stderr]    Compiling zerovec-derive v0.11.6
[INFO] [stderr]    Compiling displaydoc v0.2.7
[INFO] [stderr]    Compiling tokio-macros v2.7.2
[INFO] [stderr]    Compiling serde_derive v1.0.229
[INFO] [stderr]    Compiling futures-macro v0.3.34
[INFO] [stderr]    Compiling thiserror-impl v2.0.20
[INFO] [stderr]    Compiling synstructure v0.13.2
[INFO] [stderr]    Compiling ppv-lite86 v0.2.21
[INFO] [stderr]    Compiling tokio v1.53.1
[INFO] [stderr]    Compiling clap_derive v4.6.4
[INFO] [stderr]    Compiling futures-util v0.3.34
[INFO] [stderr]    Compiling rand_chacha v0.3.1
[INFO] [stderr]    Compiling rand v0.8.8
[INFO] [stderr]    Compiling matchers v0.2.0
[INFO] [stderr]    Compiling zerofrom-derive v0.1.7
[INFO] [stderr]    Compiling yoke-derive v0.8.2
[INFO] [stderr]    Compiling tracing-attributes v0.1.31
[INFO] [stderr]    Compiling jni-sys-macros v0.4.1
[INFO] [stderr]    Compiling thiserror-impl v1.0.69
[INFO] [stderr]    Compiling clap v4.6.6
[INFO] [stderr]    Compiling jni-sys v0.4.1
[INFO] [stderr]    Compiling rustls-webpki v0.103.15
[INFO] [stderr]    Compiling zerofrom v0.1.8
[INFO] [stderr]    Compiling jni v0.21.1
[INFO] [stderr]    Compiling yoke v0.8.3
[INFO] [stderr]    Compiling zerovec v0.11.8
[INFO] [stderr]    Compiling zerotrie v0.2.5
[INFO] [stderr]    Compiling tracing v0.1.44
[INFO] [stderr]    Compiling tracing-subscriber v0.3.23
[INFO] [stderr]    Compiling tinystr v0.8.4
[INFO] [stderr]    Compiling potential_utf v0.1.6
[INFO] [stderr]    Compiling icu_locale_core v2.3.0
[INFO] [stderr]    Compiling icu_collections v2.3.0
[INFO] [stderr]    Compiling toml_datetime v0.6.11
[INFO] [stderr]    Compiling serde_spanned v0.6.9
[INFO] [stderr]    Compiling serde_urlencoded v0.7.1
[INFO] [stderr]    Compiling toml_edit v0.22.27
[INFO] [stderr]    Compiling zstd v0.13.3
[INFO] [stderr]    Compiling icu_provider v2.3.1
[INFO] [stderr]    Compiling icu_normalizer v2.3.0
[INFO] [stderr]    Compiling icu_properties v2.3.0
[INFO] [stderr]    Compiling toml v0.8.23
[INFO] [stderr]    Compiling idna_adapter v1.2.2
[INFO] [stderr]    Compiling idna v1.1.0
[INFO] [stderr]    Compiling url v2.5.8
[INFO] [stderr]    Compiling publicsuffix v2.3.0
[INFO] [stderr]    Compiling tokio-util v0.7.19
[INFO] [stderr]    Compiling tower v0.5.3
[INFO] [stderr]    Compiling tokio-rustls v0.26.5
[INFO] [stderr]    Compiling cookie_store v0.22.1
[INFO] [stderr]    Compiling h2 v0.4.19
[INFO] [stderr]    Compiling tower-http v0.6.11
[INFO] [stderr]    Compiling hyper v1.11.1
[INFO] [stderr]    Compiling hyper-util v0.1.20
[INFO] [stderr]    Compiling hyper-rustls v0.27.9
[INFO] [stderr]    Compiling reqwest v0.12.28
[INFO] [stderr]    Compiling tempest-core v0.2.0 (/opt/rustwide/workdir/crates/tempest-core)
[INFO] [stderr]    Compiling tempest-jni v0.2.0 (/opt/rustwide/workdir/crates/tempest-jni)
[INFO] [stderr]    Compiling tempest v0.2.0 (/opt/rustwide/workdir/crates/tempest-cli)
[INFO] [stderr]     Finished `dev` profile [unoptimized + debuginfo] target(s) in 1m 58s
[INFO] running `Command { std: "docker" "inspect" "3945fa5604e02ecd36f7bd8f1ce3fa7e14932b8e5c61e365c92dc5b356746fc8", kill_on_drop: false }`
[INFO] running `Command { std: "docker" "exec" "-e" "SOURCE_DIR=/opt/rustwide/workdir" "-e" "CARGO_HOME=/opt/rustwide/cargo-home" "-e" "RUSTUP_HOME=/opt/rustwide/rustup-home" "-e" "CARGO_TARGET_DIR=/opt/rustwide/target" "-e" "CARGO_INCREMENTAL=0" "-e" "RUST_BACKTRACE=full" "-e" "RUSTFLAGS=--cap-lints=warn" "-e" "RUSTDOCFLAGS=--cap-lints=warn" "-w" "/opt/rustwide/workdir" "--user" "0:0" "3945fa5604e02ecd36f7bd8f1ce3fa7e14932b8e5c61e365c92dc5b356746fc8" "/opt/rustwide/cargo-home/bin/cargo" "+1.100.0-beta.1" "test" "--frozen" "--no-run" "--message-format=json", kill_on_drop: false }`
[INFO] [stderr] warning: unused field `rust-version` in `workspace.package`
[INFO] [stderr]   --> Cargo.toml:43:1
[INFO] [stderr]    |
[INFO] [stderr] 43 | rust-version = "1.88"
[INFO] [stderr]    | ^^^^^^^^^^^^
[INFO] [stderr]    |
[INFO] [stderr]    = note: `cargo::unused_workspace_package_fields` is set to `warn` by default
[INFO] [stderr] help: consider removing the field `workspace.package.rust-version`
[INFO] [stderr] warning: workspace (manifest) generated 1 warning
[INFO] [stderr]    Compiling rustix v1.1.4
[INFO] [stderr]    Compiling getrandom v0.4.3
[INFO] [stderr]    Compiling fastrand v2.5.0
[INFO] [stderr]    Compiling xattr v1.6.1
[INFO] [stderr]    Compiling tempfile v3.27.0
[INFO] [stderr]    Compiling tar v0.4.46
[INFO] [stderr]    Compiling tempest-core v0.2.0 (/opt/rustwide/workdir/crates/tempest-core)
[INFO] [stderr]    Compiling tempest-jni v0.2.0 (/opt/rustwide/workdir/crates/tempest-jni)
[INFO] [stderr]    Compiling tempest v0.2.0 (/opt/rustwide/workdir/crates/tempest-cli)
[INFO] [stderr]     Finished `test` profile [unoptimized + debuginfo] target(s) in 19.99s
[INFO] running `Command { std: "docker" "inspect" "3945fa5604e02ecd36f7bd8f1ce3fa7e14932b8e5c61e365c92dc5b356746fc8", kill_on_drop: false }`
[INFO] running `Command { std: "docker" "exec" "-e" "SOURCE_DIR=/opt/rustwide/workdir" "-e" "CARGO_HOME=/opt/rustwide/cargo-home" "-e" "RUSTUP_HOME=/opt/rustwide/rustup-home" "-e" "CARGO_TARGET_DIR=/opt/rustwide/target" "-e" "CARGO_INCREMENTAL=0" "-e" "RUST_BACKTRACE=full" "-e" "RUSTFLAGS=--cap-lints=warn" "-e" "RUSTDOCFLAGS=--cap-lints=warn" "-w" "/opt/rustwide/workdir" "--user" "0:0" "3945fa5604e02ecd36f7bd8f1ce3fa7e14932b8e5c61e365c92dc5b356746fc8" "/opt/rustwide/cargo-home/bin/cargo" "+1.100.0-beta.1" "test" "--frozen", kill_on_drop: false }`
[INFO] [stderr] warning: unused field `rust-version` in `workspace.package`
[INFO] [stderr]   --> Cargo.toml:43:1
[INFO] [stderr]    |
[INFO] [stderr] 43 | rust-version = "1.88"
[INFO] [stderr]    | ^^^^^^^^^^^^
[INFO] [stderr]    |
[INFO] [stderr]    = note: `cargo::unused_workspace_package_fields` is set to `warn` by default
[INFO] [stderr] help: consider removing the field `workspace.package.rust-version`
[INFO] [stderr] warning: workspace (manifest) generated 1 warning
[INFO] [stderr]     Finished `test` profile [unoptimized + debuginfo] target(s) in 0.48s
[INFO] [stderr]      Running unittests src/main.rs (/opt/rustwide/target/debug/build/tempest/132c5a34d28a35ec/out/tempest-132c5a34d28a35ec)
[INFO] [stdout] 
[INFO] [stdout] running 3 tests
[INFO] [stdout] test plugins::tests::plugin_names_cannot_traverse_out_of_the_plugins_directory ... ok
[INFO] [stdout] test plugins::tests::a_missing_compiler_is_reported_as_missing_with_a_hint ... ok
[INFO] [stdout] test plugins::tests::compile_reports_the_compilers_own_diagnostics ... ok
[INFO] [stderr]      Running unittests src/lib.rs (/opt/rustwide/target/debug/build/tempest-core/128740ce2a2f2862/out/tempest_core-128740ce2a2f2862)
[INFO] [stdout] 
[INFO] [stdout] test result: ok. 3 passed; 0 failed; 0 ignored; 0 measured; 0 filtered out; finished in 0.05s
[INFO] [stdout] 
[INFO] [stdout] 
[INFO] [stdout] running 185 tests
[INFO] [stdout] test auth::tests::a_replaced_cookie_keeps_its_original_position ... ok
[INFO] [stdout] test auth::tests::a_cookie_set_twice_keeps_only_the_later_value ... ok
[INFO] [stdout] test api::tests::a_fresh_app_is_signed_out_and_not_ready ... ok
[INFO] [stdout] test api::tests::unknown_component_ids_are_rejected ... ok
[INFO] [stdout] test auth::tests::a_session_is_the_whole_cookie_jar_not_one_cookie ... ok
[INFO] [stdout] test auth::tests::extraction_stops_at_markup_and_punctuation_boundaries ... ok
[INFO] [stdout] test auth::tests::extracts_a_link_escaped_inside_a_javascript_string ... ok
[INFO] [stdout] test auth::tests::a_sign_in_page_is_recognised_rather_than_blamed_on_the_link ... ok
[INFO] [stdout] test auth::tests::a_cookie_cleared_after_being_set_is_not_sent_back ... ok
[INFO] [stdout] test auth::tests::clearing_the_old_session_before_issuing_a_new_one_leaves_the_new_one ... ok
[INFO] [stdout] test api::tests::a_valid_link_fails_on_missing_runtime_with_a_useful_message ... ok
[INFO] [stdout] test api::tests::storage_is_measured_once_and_then_cached ... ok
[INFO] [stdout] test auth::tests::extracts_the_play_uri_from_page_markup ... ok
[INFO] [stdout] test auth::tests::session_helpers_round_trip_through_a_secret_store ... ok
[INFO] [stdout] test api::tests::config_round_trips_through_the_facade ... ok
[INFO] [stdout] test auth::tests::extraction_returns_none_when_absent ... ok
[INFO] [stdout] test auth::tests::login_form_matches_the_vortex_endpoint_contract ... ok
[INFO] [stdout] test auth::tests::extracts_a_percent_encoded_link_from_a_query_parameter ... ok
[INFO] [stdout] test auth::tests::extracts_a_link_written_with_html_entities_for_the_slashes ... ok
[INFO] [stdout] test auth::tests::extraction_handles_single_quotes_and_javascript_strings ... ok
[INFO] [stdout] test auth::tests::urls_are_built_against_the_vortex_origin ... ok
[INFO] [stdout] test api::tests::play_uri_rejects_a_malformed_link_before_touching_the_runtime ... ok
[INFO] [stdout] test api::tests::refresh_games_without_a_session_fails_as_an_auth_error ... ok
[INFO] [stdout] test config::tests::an_old_config_missing_new_sections_still_loads ... ok
[INFO] [stdout] test config::tests::config_never_carries_credentials ... ok
[INFO] [stdout] test auth::tests::stored_cookies_fall_back_to_the_session_token_for_an_older_profile ... ok
[INFO] [stdout] test auth::tests::the_page_description_reports_structure_and_never_content ... ok
[INFO] [stdout] test auth::tests::unrelated_cookies_all_survive_in_the_order_the_server_sent_them ... ok
[INFO] [stdout] test api::tests::exported_logs_carry_diagnostics_and_no_secrets ... ok
[INFO] [stdout] test config::tests::missing_file_yields_defaults ... ok
[INFO] [stdout] test crypto::tests::key_file_is_owner_only ... ok
[INFO] [stdout] test crypto::tests::nonce_is_fresh_per_encryption ... ok
[INFO] [stdout] test crypto::tests::round_trip ... ok
[INFO] [stdout] test diagnostics::tests::every_failing_check_tells_the_user_what_to_do ... ok
[INFO] [stdout] test diagnostics::tests::a_fresh_android_profile_fails_on_the_things_that_are_actually_missing ... ok
[INFO] [stdout] test api::tests::search_over_the_cached_catalogue_works_offline ... ok
[INFO] [stdout] test config::tests::round_trips_through_toml ... ok
[INFO] [stdout] test diagnostics::tests::desktop_reports_do_not_mention_proot ... ok
[INFO] [stdout] test api::tests::status_serialises_to_json_for_the_ui ... ok
[INFO] [stdout] test auth::tests::redirect_targets_are_classified ... ok
[INFO] [stdout] test auth::tests::server_message_does_not_echo_a_whole_html_page ... ok
[INFO] [stdout] test auth::tests::server_message_prefers_the_api_detail_field ... ok
[INFO] [stdout] test config::tests::a_malformed_file_is_an_error_not_a_silent_reset ... ok
[INFO] [stdout] test diagnostics::tests::proot_diagnostics_are_not_mistaken_for_output ... ok
[INFO] [stdout] test crypto::tests::decrypt_rejects_plaintext_and_foreign_ciphertext ... ok
[INFO] [stdout] test diagnostics::tests::software_renderers_are_recognised_as_such ... ok
[INFO] [stdout] test diagnostics::tests::text_export_is_readable_and_leaks_nothing ... ok
[INFO] [stdout] test api::tests::logout_clears_the_stored_session ... ok
[INFO] [stdout] test diagnostics::tests::optional_components_warn_rather_than_fail ... ok
[INFO] [stdout] test diagnostics::tests::signed_in_state_is_reported_without_showing_the_token ... ok
[INFO] [stdout] test diagnostics::tests::the_container_probe_is_skipped_and_explained_when_nothing_is_installed ... ok
[INFO] [stdout] test games::tests::a_record_without_a_usable_name_is_not_a_game ... ok
[INFO] [stdout] test games::tests::relative_image_paths_are_resolved_against_the_vortex_origin ... ok
[INFO] [stdout] test games::tests::lookup_by_id ... ok
[INFO] [stdout] test games::tests::javascript_urls_in_image_fields_are_ignored ... ok
[INFO] [stdout] test logging::tests::timestamp_matches_known_values ... ok
[INFO] [stdout] test games::tests::missing_cache_is_none_not_a_panic ... ok
[INFO] [stdout] test games::tests::catalogue_survives_a_disk_round_trip ... ok
[INFO] [stdout] test logging::tests::leaves_ordinary_lines_untouched ... ok
[INFO] [stdout] test logging::tests::ring_buffer_never_stores_a_raw_token ... ok
[INFO] [stdout] test games::tests::search_is_case_insensitive_and_matches_descriptions ... ok
[INFO] [stdout] test games::tests::parses_a_full_game_record ... ok
[INFO] [stdout] test net::tests::url_sanitisation_removes_the_token ... ok
[INFO] [stdout] test net::tests::digest_of_known_input ... ok
[INFO] [stdout] test platform::android::tests::a_failing_keystore_surfaces_as_an_error_not_a_missing_value ... ok
[INFO] [stdout] test net::tests::cancel_token_flips_once ... ok
[INFO] [stdout] test logging::tests::handles_non_ascii_without_panicking ... ok
[INFO] [stdout] test platform::android::tests::callback_secret_store_forwards_every_operation ... ok
[INFO] [stdout] test logging::tests::redacts_cookie_and_authorization_headers ... ok
[INFO] [stdout] test logging::tests::redacts_json_password_and_token_fields ... ok
[INFO] [stdout] test logging::tests::redacts_token_in_a_vortex_uri ... ok
[INFO] [stdout] test logging::tests::sensitive_key_detection ... ok
[INFO] [stdout] test platform::android::tests::every_path_is_derived_from_the_injected_context ... ok
[INFO] [stdout] test net::tests::download_of_an_unreachable_host_is_a_network_error ... ok
[INFO] [stdout] test platform::android::tests::native_executables_use_the_lib_prefix_android_requires ... ok
[INFO] [stdout] test platform::android::tests::uri_registration_is_a_manifest_concern_not_a_runtime_one ... ok
[INFO] [stdout] test platform::android::tests::an_installed_x11_apk_is_offered_as_the_display_provider ... ok
[INFO] [stdout] test platform::android::tests::startup_creates_the_whole_directory_layout ... ok
[INFO] [stdout] test platform::android::tests::an_x11_apk_that_has_since_been_uninstalled_is_not_offered ... ok
[INFO] [stdout] test platform::android::tests::platform_info_reports_the_device_and_the_need_for_translation ... ok
[INFO] [stdout] test net::tests::file_digest_matches_byte_digest ... ok
[INFO] [stdout] test platform::process::tests::args_are_kept_as_separate_elements ... ok
[INFO] [stdout] test platform::android::tests::execution_is_confined_to_the_native_library_directory ... ok
[INFO] [stdout] test platform::paths::tests::layout_is_rooted_and_contains_no_absolute_assumptions ... ok
[INFO] [stdout] test platform::process::tests::redacted_display_masks_tokens_and_secret_env ... ok
[INFO] [stdout] test platform::paths::tests::every_bind_mounted_directory_exists_after_setup ... ok
[INFO] [stdout] test platform::paths::tests::games_dir_can_be_relocated_without_moving_config ... ok
[INFO] [stdout] test platform::paths::tests::native_executable_uses_the_platform_naming_rule ... ok
[INFO] [stdout] test platform::android::tests::without_the_x11_app_the_reason_says_what_to_install ... ok
[INFO] [stdout] test platform::unix_process::tests::a_bare_name_that_is_not_on_path_reports_that_specifically ... ok
[INFO] [stdout] test runtime::archive::tests::ar_reader_finds_the_data_member ... ok
[INFO] [stdout] test runtime::archive::tests::format_detection ... ok
[INFO] [stdout] test runtime::archive::tests::relative_link_targets_may_not_climb_out ... ok
[INFO] [stdout] test runtime::archive::tests::strip_components_behaves_like_tar ... ok
[INFO] [stdout] test runtime::archive::tests::safe_join_rejects_escapes ... ok
[INFO] [stdout] test runtime::archive::tests::tar_device_nodes_and_fifos_are_never_created ... ok
[INFO] [stdout] test platform::process::tests::status_explanations_are_actionable ... ok
[INFO] [stdout] test platform::unix_process::tests::missing_program_is_reported_as_missing_not_as_a_generic_io_error ... ok
[INFO] [stdout] test runtime::archive::tests::tar_symlink_escaping_the_destination_is_skipped ... ok
[INFO] [stdout] test runtime::display::tests::an_absent_x11_app_produces_an_actionable_error_not_a_silent_failure ... ok
[INFO] [stdout] test runtime::display::tests::app_process_inherits_the_android_runtime_environment_and_nothing_else ... ok
[INFO] [stdout] test runtime::display::tests::display_numbers_are_parsed_the_way_x_clients_parse_them ... ok
[INFO] [stdout] test runtime::archive::tests::zip_extraction_round_trips ... ok
[INFO] [stdout] test runtime::display::tests::a_listening_socket_is_detected_and_a_stale_file_is_not ... ok
[INFO] [stdout] test runtime::display::tests::the_socket_lands_inside_the_container_not_on_the_host ... ok
[INFO] [stdout] test runtime::display::tests::the_spawn_command_names_the_apk_and_never_builds_a_shell_string ... ok
[INFO] [stdout] test runtime::display::tests::the_desktop_never_has_its_x_server_started_for_it ... ok
[INFO] [stdout] test runtime::dll::tests::arm64_hosts_prefer_native_dll_builds ... ok
[INFO] [stdout] test runtime::dll::tests::falls_back_to_x64_when_no_native_build_is_present ... ok
[INFO] [stdout] test runtime::archive::tests::tar_traversal_entries_are_skipped_not_written ... ok
[INFO] [stdout] test platform::android::tests::an_x86_android_device_does_not_claim_to_need_translation ... ok
[INFO] [stdout] test platform::android::tests::a_different_android_user_gets_a_different_tree ... ok
[INFO] [stdout] test runtime::dll::tests::install_backs_up_the_builtin_only_once ... ok
[INFO] [stdout] test runtime::archive::tests::tar_preserves_the_execute_bit_but_strips_setuid ... ok
[INFO] [stdout] test runtime::guest::tests::desktop_commands_are_not_wrapped ... ok
[INFO] [stdout] test platform::android::tests::attempting_to_run_something_from_app_data_explains_the_platform_rule ... ok
[INFO] [stdout] test runtime::guest::tests::noise_filter_matches_upstream_patterns_and_the_new_ones ... ok
[INFO] [stdout] test runtime::dll::tests::recognises_pe_machines_without_shelling_out ... ok
[INFO] [stdout] test runtime::dll::tests::registry_fragment_is_well_formed ... ok
[INFO] [stdout] test runtime::dll::tests::rejects_non_pe_files ... ok
[INFO] [stdout] test runtime::guest::tests::android_commands_run_through_proot_with_the_loader_configured ... ok
[INFO] [stdout] test runtime::guest::tests::the_wine_prefix_and_games_dir_are_bound_into_the_guest ... ok
[INFO] [stdout] test runtime::guest::tests::guest_environment_is_passed_via_env_i_not_inherited ... ok
[INFO] [stdout] test runtime::dll::tests::install_dlls_from_reports_what_it_found ... ok
[INFO] [stdout] test runtime::dll::tests::install_refuses_a_corrupt_download ... ok
[INFO] [stdout] test runtime::guest::tests::preflight_names_the_missing_piece ... ok
[INFO] [stdout] test runtime::guest::tests::wine_env_reflects_configuration ... ok
[INFO] [stdout] test runtime::manifest::tests::downloads_use_official_upstream_hosts ... ok
[INFO] [stdout] test runtime::guest::tests::the_prefix_path_differs_between_the_container_and_the_desktop ... ok
[INFO] [stdout] test runtime::guest::tests::user_env_overrides_defaults ... ok
[INFO] [stdout] test runtime::guest::tests::shell_helper_passes_arguments_positionally_never_by_interpolation ... ok
[INFO] [stdout] test platform::unix_process::tests::restricted_policy_refuses_paths_outside_the_native_dir ... ok
[INFO] [stdout] test runtime::manifest::tests::every_component_documents_its_licence_and_upstream ... ok
[INFO] [stdout] test runtime::manifest::tests::required_components_declare_a_sentinel_or_are_handled_specially ... ok
[INFO] [stdout] test runtime::manifest::tests::every_id_has_exactly_one_spec ... ok
[INFO] [stdout] test runtime::manifest::tests::id_strings_round_trip ... ok
[INFO] [stdout] test runtime::manifest::tests::the_catalogue_is_filtered_per_host ... ok
[INFO] [stdout] test runtime::manifest::tests::required_components_that_are_pinned_carry_a_digest ... ok
[INFO] [stdout] test runtime::manifest::tests::dxvk_is_required_on_a_desktop_but_only_an_override_on_android ... ok
[INFO] [stdout] test runtime::tests::a_fresh_android_profile_is_missing_the_whole_stack ... ok
[INFO] [stdout] test runtime::manifest::tests::the_two_large_required_downloads_are_flagged_as_large ... ok
[INFO] [stdout] test runtime::tests::clear_cache_frees_downloads_but_keeps_the_game_catalogue ... ok
[INFO] [stdout] test runtime::tests::find_named_is_case_insensitive_and_recursive ... ok
[INFO] [stdout] test runtime::tests::installing_an_inapplicable_component_explains_why_rather_than_downloading ... ok
[INFO] [stdout] test platform::android::tests::a_relocated_games_directory_is_honoured ... ok
[INFO] [stdout] test runtime::tests::state_survives_a_round_trip_and_records_provenance ... ok
[INFO] [stdout] test runtime::tests::a_desktop_is_never_asked_to_download_the_android_stack ... ok
[INFO] [stdout] test runtime::tests::installation_is_detected_from_the_sentinel_file ... ok
[INFO] [stdout] test session::tests::default_snapshot_is_idle_and_carries_no_secrets ... ok
[INFO] [stdout] test runtime::tests::status_reports_each_applicable_component_with_provenance ... ok
[INFO] [stdout] test runtime::tests::rootfs_preparation_replaces_a_dangling_resolv_conf_symlink ... ok
[INFO] [stdout] test session::tests::extra_env_is_stored_for_the_next_launch ... ok
[INFO] [stdout] test runtime::tests::vortex_install_rejects_an_archive_without_the_client ... ok
[INFO] [stdout] test runtime::tests::rootfs_preparation_writes_working_dns_and_apt_config ... ok
[INFO] [stdout] test platform::unix_process::tests::terminate_reports_the_signal ... ok
[INFO] [stdout] test platform::unix_process::tests::is_running_tracks_children_without_pgrep ... ok
[INFO] [stdout] test runtime::tests::rootfs_preparation_does_not_clobber_the_images_own_account_files ... ok
[INFO] [stdout] test session::tests::failure_explanation_always_points_somewhere_useful ... ok
[INFO] [stdout] test session::tests::failure_explanation_identifies_a_missing_vulkan_device ... ok
[INFO] [stdout] test session::tests::failure_explanation_identifies_a_missing_x_server ... ok
[INFO] [stdout] test session::tests::host_paths_become_z_rooted_windows_paths ... ok
[INFO] [stdout] test runtime::tests::uninstalling_a_guest_installed_component_explains_why_it_cannot ... ok
[INFO] [stdout] test session::tests::signal_kills_are_explained_in_android_terms ... ok
[INFO] [stdout] test session::tests::failure_explanation_identifies_a_broken_translation_layer ... ok
[INFO] [stdout] test session::tests::snapshot_serialises_for_the_jni_bridge ... ok
[INFO] [stdout] test uri::tests::hostile_parameter_names_are_dropped ... ok
[INFO] [stdout] test session::tests::state_activity ... ok
[INFO] [stdout] test uri::tests::missing_parameters_name_the_missing_one ... ok
[INFO] [stdout] test uri::tests::rejects_empty_and_overlong_tokens ... ok
[INFO] [stdout] test uri::tests::canonical_uri_is_rebuilt_not_echoed ... ok
[INFO] [stdout] test uri::tests::parses_a_normal_link ... ok
[INFO] [stdout] test uri::tests::rejects_other_schemes ... ok
[INFO] [stdout] test uri::tests::scheme_is_case_insensitive_because_android_normalises_it ... ok
[INFO] [stdout] test uri::tests::redacted_form_never_contains_the_token ... ok
[INFO] [stdout] test uri::tests::unknown_parameters_survive_if_they_are_well_formed ... ok
[INFO] [stdout] test uri::tests::rejects_tokens_containing_shell_metacharacters ... ok
[INFO] [stdout] test uri::tests::non_numeric_game_id_is_rejected ... ok
[INFO] [stdout] test uri::tests::filename_sanitisation ... ok
[INFO] [stdout] test runtime::tests::guest_run_returns_output_on_success ... FAILED
[INFO] [stdout] test platform::unix_process::tests::spawn_captures_output_and_exit_code ... ok
[INFO] [stdout] test platform::unix_process::tests::a_bare_command_name_is_resolved_against_the_spec_path ... ok
[INFO] [stdout] test diagnostics::tests::the_container_is_probed_by_running_something_in_it ... ok
[INFO] [stdout] test platform::unix_process::tests::environment_is_not_inherited_from_the_host ... ok
[INFO] [stdout] test runtime::tests::guest_run_reports_a_failing_command_with_its_output ... ok
[INFO] [stdout] test runtime::tests::guest_run_times_out_rather_than_hanging_forever ... ok
[INFO] [stdout] 
[INFO] [stdout] failures:
[INFO] [stdout] 
[INFO] [stdout] ---- runtime::tests::guest_run_returns_output_on_success stdout ----
[INFO] [stdout] 
[INFO] [stdout] thread 'runtime::tests::guest_run_returns_output_on_success' (3849) panicked at crates/tempest-core/src/runtime/mod.rs:1129:9:
[INFO] [stdout] []
[INFO] [stdout] stack backtrace:
[INFO] [stdout]    0:     0x55792ea68ae1 - std[617be2ca0a6fd877]::backtrace_rs::backtrace::libunwind::trace
[INFO] [stdout]                                at /rustc/e3feeb59cd1bdd011a2bfcc0747b55125d9b8527/library/std/src/../../backtrace/src/backtrace/libunwind.rs:117:9
[INFO] [stdout]    1:     0x55792ea68ae1 - std[617be2ca0a6fd877]::backtrace_rs::backtrace::trace_unsynchronized::<std[617be2ca0a6fd877]::sys::backtrace::_print_fmt::{closure#1}>
[INFO] [stdout]                                at /rustc/e3feeb59cd1bdd011a2bfcc0747b55125d9b8527/library/std/src/../../backtrace/src/backtrace/mod.rs:66:14
[INFO] [stdout]    2:     0x55792ea68ae1 - std[617be2ca0a6fd877]::sys::backtrace::_print_fmt
[INFO] [stdout]                                at /rustc/e3feeb59cd1bdd011a2bfcc0747b55125d9b8527/library/std/src/sys/backtrace.rs:74:9
[INFO] [stdout]    3:     0x55792ea68ae1 - <<std[617be2ca0a6fd877]::sys::backtrace::BacktraceLock>::print::DisplayBacktrace as core[a373ad73a504971]::fmt::Display>::fmt
[INFO] [stdout]                                at /rustc/e3feeb59cd1bdd011a2bfcc0747b55125d9b8527/library/std/src/sys/backtrace.rs:44:26
[INFO] [stdout]    4:     0x55792ea80faa - <core[a373ad73a504971]::fmt::rt::Argument>::fmt
[INFO] [stdout]                                at /rustc/e3feeb59cd1bdd011a2bfcc0747b55125d9b8527/library/core/src/fmt/rt.rs:152:76
[INFO] [stdout]    5:     0x55792ea80faa - core[a373ad73a504971]::fmt::write
[INFO] [stdout]    6:     0x55792ea6db4c - core[a373ad73a504971]::io::write::default_write_fmt::<alloc[2e1b2a31b91974c5]::vec::Vec<u8>>
[INFO] [stdout]                                at /rustc/e3feeb59cd1bdd011a2bfcc0747b55125d9b8527/library/core/src/io/write.rs:402:11
[INFO] [stdout]    7:     0x55792ea6db4c - <alloc[2e1b2a31b91974c5]::vec::Vec<u8> as core[a373ad73a504971]::io::write::Write>::write_fmt
[INFO] [stdout]                                at /rustc/e3feeb59cd1bdd011a2bfcc0747b55125d9b8527/library/core/src/io/write.rs:335:13
[INFO] [stdout]    8:     0x55792ea3f3d6 - <std[617be2ca0a6fd877]::sys::backtrace::BacktraceLock>::print
[INFO] [stdout]                                at /rustc/e3feeb59cd1bdd011a2bfcc0747b55125d9b8527/library/std/src/sys/backtrace.rs:47:9
[INFO] [stdout]    9:     0x55792ea3f3d6 - std[617be2ca0a6fd877]::panicking::default_hook::{closure#0}
[INFO] [stdout]                                at /rustc/e3feeb59cd1bdd011a2bfcc0747b55125d9b8527/library/std/src/panicking.rs:289:27
[INFO] [stdout]   10:     0x55792ea5e239 - std[617be2ca0a6fd877]::panicking::default_hook
[INFO] [stdout]                                at /rustc/e3feeb59cd1bdd011a2bfcc0747b55125d9b8527/library/std/src/panicking.rs:313:9
[INFO] [stdout]   11:     0x55792e8598e0 - <alloc[2e1b2a31b91974c5]::boxed::Box<dyn for<'a, 'b> core[a373ad73a504971]::ops::function::Fn<(&'a std[617be2ca0a6fd877]::panic::PanicHookInfo<'b>,), Output = ()> + core[a373ad73a504971]::marker::Sync + core[a373ad73a504971]::marker::Send> as core[a373ad73a504971]::ops::function::Fn<(&std[617be2ca0a6fd877]::panic::PanicHookInfo,)>>::call
[INFO] [stdout]                                at /rustc/e3feeb59cd1bdd011a2bfcc0747b55125d9b8527/library/alloc/src/boxed.rs:2328:9
[INFO] [stdout]   12:     0x55792e8598e0 - test[aada8e7e76ba119b]::test_main_inner::{closure#0}
[INFO] [stdout]                                at /rustc/e3feeb59cd1bdd011a2bfcc0747b55125d9b8527/library/test/src/lib.rs:137:21
[INFO] [stdout]   13:     0x55792ea5e562 - <alloc[2e1b2a31b91974c5]::boxed::Box<dyn for<'a, 'b> core[a373ad73a504971]::ops::function::Fn<(&'a std[617be2ca0a6fd877]::panic::PanicHookInfo<'b>,), Output = ()> + core[a373ad73a504971]::marker::Sync + core[a373ad73a504971]::marker::Send> as core[a373ad73a504971]::ops::function::Fn<(&std[617be2ca0a6fd877]::panic::PanicHookInfo,)>>::call
[INFO] [stdout]                                at /rustc/e3feeb59cd1bdd011a2bfcc0747b55125d9b8527/library/alloc/src/boxed.rs:2328:9
[INFO] [stdout]   14:     0x55792ea5e562 - std[617be2ca0a6fd877]::panicking::panic_with_hook
[INFO] [stdout]                                at /rustc/e3feeb59cd1bdd011a2bfcc0747b55125d9b8527/library/std/src/panicking.rs:819:13
[INFO] [stdout]   15:     0x55792ea3f482 - std[617be2ca0a6fd877]::panicking::panic_handler::{closure#0}
[INFO] [stdout]                                at /rustc/e3feeb59cd1bdd011a2bfcc0747b55125d9b8527/library/std/src/panicking.rs:685:13
[INFO] [stdout]   16:     0x55792ea37aa9 - std[617be2ca0a6fd877]::sys::backtrace::__rust_end_short_backtrace::<std[617be2ca0a6fd877]::panicking::panic_handler::{closure#0}, !>
[INFO] [stdout]                                at /rustc/e3feeb59cd1bdd011a2bfcc0747b55125d9b8527/library/std/src/sys/backtrace.rs:182:18
[INFO] [stdout]   17:     0x55792ea406ad - __rustc[ea4f61d10b84890b]::rust_begin_unwind
[INFO] [stdout]                                at /rustc/e3feeb59cd1bdd011a2bfcc0747b55125d9b8527/library/std/src/panicking.rs:676:5
[INFO] [stdout]   18:     0x55792ea817fc - core[a373ad73a504971]::panicking::panic_fmt
[INFO] [stdout]                                at /rustc/e3feeb59cd1bdd011a2bfcc0747b55125d9b8527/library/core/src/panicking.rs:80:14
[INFO] [stdout]   19:     0x55792e183e8b - tempest_core[15dd0e0715c2d7ed]::runtime::tests::guest_run_returns_output_on_success
[INFO] [stdout]                                at /opt/rustwide/workdir/crates/tempest-core/src/runtime/mod.rs:1129:9
[INFO] [stdout]   20:     0x55792e17d9e7 - tempest_core[15dd0e0715c2d7ed]::runtime::tests::guest_run_returns_output_on_success::{closure#0}
[INFO] [stdout]                                at /opt/rustwide/workdir/crates/tempest-core/src/runtime/mod.rs:1123:45
[INFO] [stdout]   21:     0x55792e10aac6 - <tempest_core[15dd0e0715c2d7ed]::runtime::tests::guest_run_returns_output_on_success::{closure#0} as core[a373ad73a504971]::ops::function::FnOnce<()>>::call_once
[INFO] [stdout]                                at /rustc/e3feeb59cd1bdd011a2bfcc0747b55125d9b8527/library/core/src/ops/function.rs:250:5
[INFO] [stdout]   22:     0x55792e84cd2b - <fn() -> core[a373ad73a504971]::result::Result<(), alloc[2e1b2a31b91974c5]::string::String> as core[a373ad73a504971]::ops::function::FnOnce<()>>::call_once
[INFO] [stdout]                                at /rustc/e3feeb59cd1bdd011a2bfcc0747b55125d9b8527/library/core/src/ops/function.rs:250:5
[INFO] [stdout]   23:     0x55792e84cd2b - test[aada8e7e76ba119b]::__rust_begin_short_backtrace::<core[a373ad73a504971]::result::Result<(), alloc[2e1b2a31b91974c5]::string::String>, fn() -> core[a373ad73a504971]::result::Result<(), alloc[2e1b2a31b91974c5]::string::String>>
[INFO] [stdout]                                at /rustc/e3feeb59cd1bdd011a2bfcc0747b55125d9b8527/library/test/src/lib.rs:701:18
[INFO] [stdout]   24:     0x55792e859f05 - test[aada8e7e76ba119b]::run_test_in_process::{closure#0}
[INFO] [stdout]                                at /rustc/e3feeb59cd1bdd011a2bfcc0747b55125d9b8527/library/test/src/lib.rs:724:74
[INFO] [stdout]   25:     0x55792e859f05 - <core[a373ad73a504971]::panic::unwind_safe::AssertUnwindSafe<test[aada8e7e76ba119b]::run_test_in_process::{closure#0}> as core[a373ad73a504971]::ops::function::FnOnce<()>>::call_once
[INFO] [stdout]                                at /rustc/e3feeb59cd1bdd011a2bfcc0747b55125d9b8527/library/core/src/panic/unwind_safe.rs:275:9
[INFO] [stdout]   26:     0x55792e859f05 - std[617be2ca0a6fd877]::panicking::catch_unwind::do_call::<core[a373ad73a504971]::panic::unwind_safe::AssertUnwindSafe<test[aada8e7e76ba119b]::run_test_in_process::{closure#0}>, core[a373ad73a504971]::result::Result<(), alloc[2e1b2a31b91974c5]::string::String>>
[INFO] [stdout]                                at /rustc/e3feeb59cd1bdd011a2bfcc0747b55125d9b8527/library/std/src/panicking.rs:573:43
[INFO] [stdout]   27:     0x55792e859f05 - std[617be2ca0a6fd877]::panicking::catch_unwind::<core[a373ad73a504971]::result::Result<(), alloc[2e1b2a31b91974c5]::string::String>, core[a373ad73a504971]::panic::unwind_safe::AssertUnwindSafe<test[aada8e7e76ba119b]::run_test_in_process::{closure#0}>>
[INFO] [stdout]                                at /rustc/e3feeb59cd1bdd011a2bfcc0747b55125d9b8527/library/std/src/panicking.rs:541:19
[INFO] [stdout]   28:     0x55792e859f05 - std[617be2ca0a6fd877]::panic::catch_unwind::<core[a373ad73a504971]::panic::unwind_safe::AssertUnwindSafe<test[aada8e7e76ba119b]::run_test_in_process::{closure#0}>, core[a373ad73a504971]::result::Result<(), alloc[2e1b2a31b91974c5]::string::String>>
[INFO] [stdout]                                at /rustc/e3feeb59cd1bdd011a2bfcc0747b55125d9b8527/library/std/src/panic.rs:359:14
[INFO] [stdout]   29:     0x55792e859f05 - test[aada8e7e76ba119b]::run_test_in_process
[INFO] [stdout]                                at /rustc/e3feeb59cd1bdd011a2bfcc0747b55125d9b8527/library/test/src/lib.rs:724:27
[INFO] [stdout]   30:     0x55792e859f05 - test[aada8e7e76ba119b]::run_test::{closure#0}
[INFO] [stdout]                                at /rustc/e3feeb59cd1bdd011a2bfcc0747b55125d9b8527/library/test/src/lib.rs:645:43
[INFO] [stdout]   31:     0x55792e8537f4 - test[aada8e7e76ba119b]::run_test::{closure#1}
[INFO] [stdout]                                at /rustc/e3feeb59cd1bdd011a2bfcc0747b55125d9b8527/library/test/src/lib.rs:675:41
[INFO] [stdout]   32:     0x55792e8537f4 - std[617be2ca0a6fd877]::sys::backtrace::__rust_begin_short_backtrace::<test[aada8e7e76ba119b]::run_test::{closure#1}, ()>
[INFO] [stdout]                                at /rustc/e3feeb59cd1bdd011a2bfcc0747b55125d9b8527/library/std/src/sys/backtrace.rs:166:18
[INFO] [stdout]   33:     0x55792e85cf92 - std[617be2ca0a6fd877]::thread::lifecycle::spawn_unchecked::<test[aada8e7e76ba119b]::run_test::{closure#1}, ()>::{closure#1}::{closure#0}
[INFO] [stdout]                                at /rustc/e3feeb59cd1bdd011a2bfcc0747b55125d9b8527/library/std/src/thread/lifecycle.rs:70:13
[INFO] [stdout]   34:     0x55792e85cf92 - <core[a373ad73a504971]::panic::unwind_safe::AssertUnwindSafe<std[617be2ca0a6fd877]::thread::lifecycle::spawn_unchecked<test[aada8e7e76ba119b]::run_test::{closure#1}, ()>::{closure#1}::{closure#0}> as core[a373ad73a504971]::ops::function::FnOnce<()>>::call_once
[INFO] [stdout]                                at /rustc/e3feeb59cd1bdd011a2bfcc0747b55125d9b8527/library/core/src/panic/unwind_safe.rs:275:9
[INFO] [stdout]   35:     0x55792e85cf92 - std[617be2ca0a6fd877]::panicking::catch_unwind::do_call::<core[a373ad73a504971]::panic::unwind_safe::AssertUnwindSafe<std[617be2ca0a6fd877]::thread::lifecycle::spawn_unchecked<test[aada8e7e76ba119b]::run_test::{closure#1}, ()>::{closure#1}::{closure#0}>, ()>
[INFO] [stdout]                                at /rustc/e3feeb59cd1bdd011a2bfcc0747b55125d9b8527/library/std/src/panicking.rs:573:43
[INFO] [stdout]   36:     0x55792e85cf92 - std[617be2ca0a6fd877]::panicking::catch_unwind::<(), core[a373ad73a504971]::panic::unwind_safe::AssertUnwindSafe<std[617be2ca0a6fd877]::thread::lifecycle::spawn_unchecked<test[aada8e7e76ba119b]::run_test::{closure#1}, ()>::{closure#1}::{closure#0}>>
[INFO] [stdout]                                at /rustc/e3feeb59cd1bdd011a2bfcc0747b55125d9b8527/library/std/src/panicking.rs:541:19
[INFO] [stdout]   37:     0x55792e85cf92 - std[617be2ca0a6fd877]::panic::catch_unwind::<core[a373ad73a504971]::panic::unwind_safe::AssertUnwindSafe<std[617be2ca0a6fd877]::thread::lifecycle::spawn_unchecked<test[aada8e7e76ba119b]::run_test::{closure#1}, ()>::{closure#1}::{closure#0}>, ()>
[INFO] [stdout]                                at /rustc/e3feeb59cd1bdd011a2bfcc0747b55125d9b8527/library/std/src/panic.rs:359:14
[INFO] [stdout]   38:     0x55792e85cf92 - std[617be2ca0a6fd877]::thread::lifecycle::spawn_unchecked::<test[aada8e7e76ba119b]::run_test::{closure#1}, ()>::{closure#1}
[INFO] [stdout]                                at /rustc/e3feeb59cd1bdd011a2bfcc0747b55125d9b8527/library/std/src/thread/lifecycle.rs:68:26
[INFO] [stdout]   39:     0x55792e85cf92 - <std[617be2ca0a6fd877]::thread::lifecycle::spawn_unchecked<test[aada8e7e76ba119b]::run_test::{closure#1}, ()>::{closure#1} as core[a373ad73a504971]::ops::function::FnOnce<()>>::call_once::{shim:vtable#0}
[INFO] [stdout]                                at /rustc/e3feeb59cd1bdd011a2bfcc0747b55125d9b8527/library/core/src/ops/function.rs:250:5
[INFO] [stdout]   40:     0x55792ea6767f - <alloc[2e1b2a31b91974c5]::boxed::Box<dyn core[a373ad73a504971]::ops::function::FnOnce<(), Output = ()> + core[a373ad73a504971]::marker::Send> as core[a373ad73a504971]::ops::function::FnOnce<()>>::call_once
[INFO] [stdout]                                at /rustc/e3feeb59cd1bdd011a2bfcc0747b55125d9b8527/library/alloc/src/boxed.rs:2314:9
[INFO] [stdout]   41:     0x55792ea6767f - <std[617be2ca0a6fd877]::sys::thread::unix::Thread>::new::thread_start
[INFO] [stdout]                                at /rustc/e3feeb59cd1bdd011a2bfcc0747b55125d9b8527/library/std/src/sys/thread/unix.rs:127:17
[INFO] [stdout]   42:     0x731657271dfa - <unknown>
[INFO] [stdout]   43:     0x7316573053d4 - clone
[INFO] [stdout]   44:                0x0 - <unknown>
[INFO] [stdout] 
[INFO] [stdout] 
[INFO] [stdout] failures:
[INFO] [stdout]     runtime::tests::guest_run_returns_output_on_success
[INFO] [stdout] 
[INFO] [stdout] test result: FAILED. 184 passed; 1 failed; 0 ignored; 0 measured; 0 filtered out; finished in 1.17s
[INFO] [stdout] 
[INFO] [stderr] error: test failed, to rerun pass `-p tempest-core --lib`
[INFO] running `Command { std: "docker" "inspect" "3945fa5604e02ecd36f7bd8f1ce3fa7e14932b8e5c61e365c92dc5b356746fc8", kill_on_drop: false }`
[INFO] running `Command { std: "docker" "rm" "-f" "3945fa5604e02ecd36f7bd8f1ce3fa7e14932b8e5c61e365c92dc5b356746fc8", kill_on_drop: false }`
[INFO] [stdout] 3945fa5604e02ecd36f7bd8f1ce3fa7e14932b8e5c61e365c92dc5b356746fc8
