[INFO] cloning repository https://github.com/dmaynor/netdisco-rust
[INFO] running `Command { std: "git" "-c" "credential.helper=" "-c" "credential.helper=/workspace/cargo-home/bin/git-credential-null" "clone" "--bare" "https://github.com/dmaynor/netdisco-rust" "/workspace/cache/git-repos/https%3A%2F%2Fgithub.com%2Fdmaynor%2Fnetdisco-rust", kill_on_drop: false }`
[INFO] [stderr] Cloning into bare repository '/workspace/cache/git-repos/https%3A%2F%2Fgithub.com%2Fdmaynor%2Fnetdisco-rust'...
[INFO] running `Command { std: "git" "rev-parse" "HEAD", kill_on_drop: false }`
[INFO] [stdout] 268c587d2b455f5ade49a69db8690f1595a4cd96
[INFO] testing dmaynor/netdisco-rust against 1.99.0-beta.8 for beta-1.100-2
[INFO] running `Command { std: "git" "clone" "/workspace/cache/git-repos/https%3A%2F%2Fgithub.com%2Fdmaynor%2Fnetdisco-rust" "/workspace/builds/worker-5-tc1/source", kill_on_drop: false }`
[INFO] [stderr] Cloning into '/workspace/builds/worker-5-tc1/source'...
[INFO] [stderr] done.
[INFO] started tweaking git repo https://github.com/dmaynor/netdisco-rust
[INFO] finished tweaking git repo https://github.com/dmaynor/netdisco-rust
[INFO] tweaked toml for git repo https://github.com/dmaynor/netdisco-rust written to /workspace/builds/worker-5-tc1/source/Cargo.toml
[INFO] validating manifest of git repo https://github.com/dmaynor/netdisco-rust on toolchain 1.99.0-beta.8
[INFO] running `Command { std: CARGO_HOME="/workspace/cargo-home" RUSTUP_HOME="/workspace/rustup-home" "/workspace/cargo-home/bin/cargo" "+1.99.0-beta.8" "metadata" "--manifest-path" "Cargo.toml" "--no-deps", kill_on_drop: false }`
[INFO] crate git repo https://github.com/dmaynor/netdisco-rust already has a lockfile, it will not be regenerated
[INFO] running `Command { std: CARGO_HOME="/workspace/cargo-home" RUSTUP_HOME="/workspace/rustup-home" "/workspace/cargo-home/bin/cargo" "+1.99.0-beta.8" "fetch" "--manifest-path" "Cargo.toml", kill_on_drop: false }`
[INFO] [stderr]     Updating crates.io index
[INFO] [stderr]  Downloading crates ...
[INFO] [stderr]   Downloaded wasm-bindgen-macro v0.2.108
[INFO] [stderr]   Downloaded wasm-bindgen-macro-support v0.2.108
[INFO] [stderr]   Downloaded wasm-bindgen-shared v0.2.108
[INFO] [stderr]   Downloaded uuid v1.21.0
[INFO] [stderr]   Downloaded linked-hash-map v0.5.6
[INFO] [stderr]   Downloaded lru-cache v0.1.2
[INFO] [stderr]   Downloaded enum-as-inner v0.6.1
[INFO] [stderr]   Downloaded wasm-bindgen v0.2.108
[INFO] [stderr]   Downloaded quote v1.0.44
[INFO] [stderr]   Downloaded resolv-conf v0.7.6
[INFO] [stderr]   Downloaded ipconfig v0.3.2
[INFO] [stderr]   Downloaded mutually_exclusive_features v0.1.0
[INFO] [stderr]   Downloaded socket2 v0.6.2
[INFO] [stderr]   Downloaded js-sys v0.3.85
[INFO] [stderr]   Downloaded getrandom v0.4.1
[INFO] [stderr]   Downloaded bitflags v2.11.0
[INFO] [stderr]   Downloaded anyhow v1.0.101
[INFO] [stderr]   Downloaded tracing-actix-web v0.7.21
[INFO] [stderr]   Downloaded bytestring v1.5.0
[INFO] [stderr]   Downloaded indexmap v2.13.0
[INFO] [stderr]   Downloaded trust-dns-resolver v0.23.2
[INFO] [stderr]   Downloaded bumpalo v3.19.1
[INFO] [stderr]   Downloaded actix-rt v2.11.0
[INFO] [stderr]   Downloaded unicode-normalization v0.1.25
[INFO] [stderr]   Downloaded regex-lite v0.1.9
[INFO] [stderr]   Downloaded wasip2 v1.0.2+wasi-0.2.9
[INFO] [stderr]   Downloaded base64 v0.20.0
[INFO] [stderr]   Downloaded tokio-test v0.4.5
[INFO] [stderr]   Downloaded globset v0.4.18
[INFO] [stderr]   Downloaded cc v1.2.56
[INFO] [stderr]   Downloaded tokio-stream v0.1.18
[INFO] [stderr]   Downloaded ignore v0.4.25
[INFO] [stderr]   Downloaded actix-http v3.11.2
[INFO] [stderr]   Downloaded tracing-subscriber v0.3.22
[INFO] [stderr]   Downloaded tera v1.20.1
[INFO] [stderr]   Downloaded actix-web v4.12.1
[INFO] [stderr]   Downloaded deunicode v1.6.2
[INFO] [stderr]   Downloaded syn v2.0.116
[INFO] [stderr]   Downloaded trust-dns-proto v0.23.2
[INFO] [stderr]   Downloaded crc v3.4.0
[INFO] [stderr]   Downloaded ipnetwork v0.20.0
[INFO] [stderr]   Downloaded bstr v1.12.1
[INFO] [stderr]   Downloaded home v0.5.12
[INFO] [stderr]   Downloaded redox_syscall v0.7.1
[INFO] [stderr]   Downloaded libredox v0.1.12
[INFO] [stderr]   Downloaded unicode-properties v0.1.4
[INFO] [stderr]   Downloaded rsa v0.9.10
[INFO] [stderr]   Downloaded serial_test v3.3.1
[INFO] [stderr]   Downloaded serial_test_derive v3.3.1
[INFO] [stderr]   Downloaded libc v0.2.182
[INFO] [stderr]   Downloaded snmp v0.2.2
[INFO] [stderr]   Downloaded sdd v3.0.10
[INFO] [stderr]   Downloaded tokio v1.49.0
[INFO] [stderr]   Downloaded zstd-sys v2.0.16+zstd.1.5.7
[INFO] [stderr]   Downloaded brotli v8.0.2
[INFO] [stderr]   Downloaded scc v2.4.0
[INFO] [stderr]   Downloaded unsafe-libyaml v0.2.11
[INFO] [stderr]   Downloaded pretty_assertions v1.4.1
[INFO] [stderr]   Downloaded dns-lookup v2.1.1
[INFO] [stderr]   Downloaded dirs v5.0.1
[INFO] [stderr]   Downloaded cron v0.12.1
[INFO] [stderr]   Downloaded bcrypt v0.15.1
[INFO] [stderr]   Downloaded serde_yaml v0.9.34+deprecated
[INFO] [stderr]   Downloaded clap_derive v4.5.55
[INFO] [stderr]   Downloaded clap_builder v4.5.58
[INFO] [stderr]   Downloaded actix-test v0.1.5
[INFO] [stderr]   Downloaded clap v4.5.58
[INFO] [stderr]   Downloaded actix-tls v3.5.0
[INFO] [stderr]   Downloaded actix-session v0.9.0
[INFO] [stderr]   Downloaded awc v3.8.1
[INFO] [stderr]   Downloaded actix-http-test v3.2.0
[INFO] [stderr]   Downloaded actix-identity v0.7.1
[INFO] [stderr]   Downloaded unicase v2.9.0
[INFO] [stderr]   Downloaded actix-files v0.6.10
[INFO] [stderr]   Downloaded v_htmlescape v0.15.8
[INFO] [stderr]   Downloaded http-range v0.1.5
[INFO] running `Command { std: "docker" "create" "-v" "/var/lib/crater-agent-workspace/builds/worker-5-tc1/source:/opt/rustwide/workdir:ro,Z" "-v" "/var/lib/crater-agent-workspace/builds/worker-5-tc1/target:/opt/rustwide/target:rw,Z" "-v" "/var/lib/crater-agent-workspace/cargo-home:/opt/rustwide/cargo-home:ro,Z" "-v" "/var/lib/crater-agent-workspace/rustup-home:/opt/rustwide/rustup-home:ro,Z" "-m" "1610612736" "--network" "none" "ghcr.io/rust-lang/crates-build-env/linux@sha256:3111399a4047eeb3a02b7a90e478d715f38a8c6669b5c4b49d30a17385265909" "sleep" "infinity", kill_on_drop: false }`
[INFO] [stdout] 9235e29fb862047941296ed10035b7185803de64f38daf5bed6a65caa123baab
[INFO] running `Command { std: "docker" "start" "9235e29fb862047941296ed10035b7185803de64f38daf5bed6a65caa123baab", kill_on_drop: false }`
[INFO] running `Command { std: "docker" "inspect" "9235e29fb862047941296ed10035b7185803de64f38daf5bed6a65caa123baab", kill_on_drop: false }`
[INFO] running `Command { std: "docker" "exec" "-e" "SOURCE_DIR=/opt/rustwide/workdir" "-e" "CARGO_HOME=/opt/rustwide/cargo-home" "-e" "RUSTUP_HOME=/opt/rustwide/rustup-home" "-e" "CARGO_TARGET_DIR=/opt/rustwide/target" "-w" "/opt/rustwide/workdir" "--user" "0:0" "9235e29fb862047941296ed10035b7185803de64f38daf5bed6a65caa123baab" "/opt/rustwide/cargo-home/bin/cargo" "+1.99.0-beta.8" "metadata" "--no-deps" "--format-version=1", kill_on_drop: false }`
[INFO] running `Command { std: "docker" "inspect" "9235e29fb862047941296ed10035b7185803de64f38daf5bed6a65caa123baab", kill_on_drop: false }`
[INFO] running `Command { std: "docker" "exec" "-e" "SOURCE_DIR=/opt/rustwide/workdir" "-e" "CARGO_HOME=/opt/rustwide/cargo-home" "-e" "RUSTUP_HOME=/opt/rustwide/rustup-home" "-e" "CARGO_TARGET_DIR=/opt/rustwide/target" "-e" "CARGO_INCREMENTAL=0" "-e" "RUST_BACKTRACE=full" "-e" "RUSTFLAGS=--cap-lints=warn" "-e" "RUSTDOCFLAGS=--cap-lints=warn" "-w" "/opt/rustwide/workdir" "--user" "0:0" "9235e29fb862047941296ed10035b7185803de64f38daf5bed6a65caa123baab" "/opt/rustwide/cargo-home/bin/cargo" "+1.99.0-beta.8" "build" "--frozen" "--message-format=json", kill_on_drop: false }`
[INFO] [stderr]    Compiling libc v0.2.182
[INFO] [stderr]    Compiling cfg-if v1.0.4
[INFO] [stderr]    Compiling proc-macro2 v1.0.106
[INFO] [stderr]    Compiling quote v1.0.44
[INFO] [stderr]    Compiling unicode-ident v1.0.24
[INFO] [stderr]    Compiling typenum v1.19.0
[INFO] [stderr]    Compiling memchr v2.8.0
[INFO] [stderr]    Compiling zerocopy v0.8.39
[INFO] [stderr]    Compiling smallvec v1.15.1
[INFO] [stderr]    Compiling stable_deref_trait v1.2.1
[INFO] [stderr]    Compiling bytes v1.11.1
[INFO] [stderr]    Compiling futures-core v0.3.32
[INFO] [stderr]    Compiling find-msvc-tools v0.1.9
[INFO] [stderr]    Compiling log v0.4.29
[INFO] [stderr]    Compiling serde_core v1.0.228
[INFO] [stderr]    Compiling parking_lot_core v0.9.12
[INFO] [stderr]    Compiling serde v1.0.228
[INFO] [stderr]    Compiling lock_api v0.4.14
[INFO] [stderr]    Compiling writeable v0.6.2
[INFO] [stderr]    Compiling litemap v0.8.1
[INFO] [stderr]    Compiling generic-array v0.14.7
[INFO] [stderr]    Compiling itoa v1.0.17
[INFO] [stderr]    Compiling syn v2.0.116
[INFO] [stderr]    Compiling icu_normalizer_data v2.1.1
[INFO] [stderr]    Compiling icu_properties_data v2.1.2
[INFO] [stderr]    Compiling percent-encoding v2.3.2
[INFO] [stderr]    Compiling subtle v2.6.1
[INFO] [stderr]    Compiling futures-task v0.3.32
[INFO] [stderr]    Compiling futures-io v0.3.32
[INFO] [stderr]    Compiling tracing-core v0.1.36
[INFO] [stderr]    Compiling futures-sink v0.3.32
[INFO] [stderr]    Compiling getrandom v0.3.4
[INFO] [stderr]    Compiling getrandom v0.2.17
[INFO] [stderr]    Compiling jobserver v0.1.34
[INFO] [stderr]    Compiling rand_core v0.6.4
[INFO] [stderr]    Compiling socket2 v0.6.2
[INFO] [stderr]    Compiling block-buffer v0.10.4
[INFO] [stderr]    Compiling crypto-common v0.1.7
[INFO] [stderr]    Compiling cc v1.2.56
[INFO] [stderr]    Compiling errno v0.3.14
[INFO] [stderr]    Compiling signal-hook-registry v1.4.8
[INFO] [stderr]    Compiling mio v1.1.1
[INFO] [stderr]    Compiling parking_lot v0.12.5
[INFO] [stderr]    Compiling hashbrown v0.16.1
[INFO] [stderr]    Compiling zmij v1.0.21
[INFO] [stderr]    Compiling num-traits v0.2.19
[INFO] [stderr]    Compiling digest v0.10.7
[INFO] [stderr]    Compiling serde_json v1.0.149
[INFO] [stderr]    Compiling aho-corasick v1.1.4
[INFO] [stderr]    Compiling ahash v0.8.12
[INFO] [stderr]    Compiling unicode-segmentation v1.12.0
[INFO] [stderr]    Compiling indexmap v2.13.0
[INFO] [stderr]    Compiling slab v0.4.12
[INFO] [stderr]    Compiling regex-syntax v0.8.9
[INFO] [stderr]    Compiling futures-util v0.3.32
[INFO] [stderr]    Compiling ring v0.17.14
[INFO] [stderr]    Compiling inout v0.1.4
[INFO] [stderr]    Compiling form_urlencoded v1.2.2
[INFO] [stderr]    Compiling iana-time-zone v0.1.65
[INFO] [stderr]    Compiling regex-automata v0.4.14
[INFO] [stderr]    Compiling ppv-lite86 v0.2.21
[INFO] [stderr]    Compiling zstd-sys v2.0.16+zstd.1.5.7
[INFO] [stderr]    Compiling cipher v0.4.4
[INFO] [stderr]    Compiling untrusted v0.9.0
[INFO] [stderr]    Compiling rand_chacha v0.3.1
[INFO] [stderr]    Compiling siphasher v1.0.2
[INFO] [stderr]    Compiling synstructure v0.13.2
[INFO] [stderr]    Compiling rand v0.8.5
[INFO] [stderr]    Compiling bitflags v2.11.0
[INFO] [stderr]    Compiling tinyvec v1.10.0
[INFO] [stderr]    Compiling minimal-lexical v0.2.1
[INFO] [stderr]    Compiling unicode-normalization v0.1.25
[INFO] [stderr]    Compiling nom v7.1.3
[INFO] [stderr]    Compiling sha2 v0.10.9
[INFO] [stderr]    Compiling hmac v0.12.1
[INFO] [stderr]    Compiling zerofrom-derive v0.1.6
[INFO] [stderr]    Compiling yoke-derive v0.8.1
[INFO] [stderr]    Compiling zerovec-derive v0.11.2
[INFO] [stderr]    Compiling displaydoc v0.2.5
[INFO] [stderr]    Compiling tracing-attributes v0.1.31
[INFO] [stderr]    Compiling serde_derive v1.0.228
[INFO] [stderr]    Compiling tokio-macros v2.6.0
[INFO] [stderr]    Compiling zerofrom v0.1.6
[INFO] [stderr]    Compiling yoke v0.8.1
[INFO] [stderr]    Compiling zerovec v0.11.5
[INFO] [stderr]    Compiling zerotrie v0.2.3
[INFO] [stderr]    Compiling tokio v1.49.0
[INFO] [stderr]    Compiling thiserror-impl v1.0.69
[INFO] [stderr]    Compiling tracing v0.1.44
[INFO] [stderr]    Compiling tinystr v0.8.2
[INFO] [stderr]    Compiling potential_utf v0.1.4
[INFO] [stderr]    Compiling icu_locale_core v2.1.1
[INFO] [stderr]    Compiling icu_collections v2.1.1
[INFO] [stderr]    Compiling thiserror v1.0.69
[INFO] [stderr]    Compiling universal-hash v0.5.1
[INFO] [stderr]    Compiling bytestring v1.5.0
[INFO] [stderr]    Compiling opaque-debug v0.3.1
[INFO] [stderr]    Compiling rustls v0.21.12
[INFO] [stderr]    Compiling polyval v0.6.2
[INFO] [stderr]    Compiling http v0.2.12
[INFO] [stderr]    Compiling icu_provider v2.1.1
[INFO] [stderr]    Compiling icu_properties v2.1.2
[INFO] [stderr]    Compiling icu_normalizer v2.1.1
[INFO] [stderr]    Compiling sct v0.7.1
[INFO] [stderr]    Compiling rustls-webpki v0.101.7
[INFO] [stderr]    Compiling hkdf v0.12.4
[INFO] [stderr]    Compiling actix-macros v0.2.4
[INFO] [stderr]    Compiling phf_shared v0.11.3
[INFO] [stderr]    Compiling convert_case v0.10.0
[INFO] [stderr]    Compiling rand_core v0.9.5
[INFO] [stderr]    Compiling num-conv v0.2.0
[INFO] [stderr]    Compiling idna_adapter v1.2.1
[INFO] [stderr]    Compiling simd-adler32 v0.3.8
[INFO] [stderr]    Compiling idna v1.1.0
[INFO] [stderr]    Compiling time-core v0.1.8
[INFO] [stderr]    Compiling regex-lite v0.1.9
[INFO] [stderr]    Compiling base64 v0.21.7
[INFO] [stderr]    Compiling unicode_categories v0.1.1
[INFO] [stderr]    Compiling url v2.5.8
[INFO] [stderr]    Compiling getrandom v0.4.1
[INFO] [stderr]    Compiling sqlformat v0.2.6
[INFO] [stderr]    Compiling rustls-pemfile v1.0.4
[INFO] [stderr]    Compiling crc v3.4.0
[INFO] [stderr]    Compiling miniz_oxide v0.8.9
[INFO] [stderr]    Compiling time-macros v0.2.27
[INFO] [stderr]    Compiling deranged v0.5.6
[INFO] [stderr]    Compiling either v1.15.0
[INFO] [stderr]    Compiling ipnetwork v0.20.0
[INFO] [stderr]    Compiling rand_chacha v0.9.0
[INFO] [stderr]    Compiling tokio-util v0.7.18
[INFO] [stderr]    Compiling actix-rt v2.11.0
[INFO] [stderr]    Compiling derive_more-impl v2.1.1
[INFO] [stderr]    Compiling ghash v0.5.1
[INFO] [stderr]    Compiling crc32fast v1.5.0
[INFO] [stderr]    Compiling regex v1.12.3
[INFO] [stderr]    Compiling ctr v0.9.2
[INFO] [stderr]    Compiling aes v0.8.4
[INFO] [stderr]    Compiling atoi v2.0.0
[INFO] [stderr]    Compiling futures-intrusive v0.5.0
[INFO] [stderr]    Compiling aead v0.5.2
[INFO] [stderr]    Compiling actix-service v2.0.3
[INFO] [stderr]    Compiling cookie v0.16.2
[INFO] [stderr]    Compiling ryu v1.0.23
[INFO] [stderr]    Compiling webpki-roots v0.25.4
[INFO] [stderr]    Compiling event-listener v2.5.3
[INFO] [stderr]    Compiling aes-gcm v0.10.3
[INFO] [stderr]    Compiling flate2 v1.1.9
[INFO] [stderr]    Compiling derive_more v2.1.1
[INFO] [stderr]    Compiling brotli v8.0.2
[INFO] [stderr]    Compiling hashbrown v0.14.5
[INFO] [stderr]    Compiling time v0.3.47
[INFO] [stderr]    Compiling h2 v0.3.27
[INFO] [stderr]    Compiling actix-codec v0.5.2
[INFO] [stderr]    Compiling rand v0.9.2
[INFO] [stderr]    Compiling actix-router v0.5.3
[INFO] [stderr]    Compiling chrono v0.4.43
[INFO] [stderr]    Compiling phf_generator v0.11.3
[INFO] [stderr]    Compiling local-channel v0.1.5
[INFO] [stderr]    Compiling sha1 v0.10.6
[INFO] [stderr]    Compiling socket2 v0.5.10
[INFO] [stderr]    Compiling encoding_rs v0.8.35
[INFO] [stderr]    Compiling rustix v1.1.3
[INFO] [stderr]    Compiling unicode-properties v0.1.4
[INFO] [stderr]    Compiling base64 v0.20.0
[INFO] [stderr]    Compiling stringprep v0.1.5
[INFO] [stderr]    Compiling actix-server v2.6.0
[INFO] [stderr]    Compiling phf_codegen v0.11.3
[INFO] [stderr]    Compiling tokio-stream v0.1.18
[INFO] [stderr]    Compiling zstd-safe v7.2.4
[INFO] [stderr]    Compiling zstd v0.13.3
[INFO] [stderr]    Compiling actix-web-codegen v4.3.0
[INFO] [stderr]    Compiling hashlink v0.8.4
[INFO] [stderr]    Compiling parse-zoneinfo v0.3.1
[INFO] [stderr]    Compiling serde_urlencoded v0.7.1
[INFO] [stderr]    Compiling actix-http v3.11.2
[INFO] [stderr]    Compiling futures-channel v0.3.32
[INFO] [stderr]    Compiling phf v0.11.3
[INFO] [stderr]    Compiling home v0.5.12
[INFO] [stderr]    Compiling syn v1.0.109
[INFO] [stderr]    Compiling linux-raw-sys v0.11.0
[INFO] [stderr]    Compiling ucd-trie v0.1.7
[INFO] [stderr]    Compiling pest v2.8.6
[INFO] [stderr]    Compiling chrono-tz-build v0.3.0
[INFO] [stderr]    Compiling sqlx-core v0.7.4
[INFO] [stderr]    Compiling md-5 v0.10.6
[INFO] [stderr]    Compiling crossbeam-epoch v0.9.18
[INFO] [stderr]    Compiling bstr v1.12.1
[INFO] [stderr]    Compiling libm v0.2.16
[INFO] [stderr]    Compiling anyhow v1.0.101
[INFO] [stderr]    Compiling fastrand v2.3.0
[INFO] [stderr]    Compiling unicase v2.9.0
[INFO] [stderr]    Compiling same-file v1.0.6
[INFO] [stderr]    Compiling utf8parse v0.2.2
[INFO] [stderr]    Compiling mime_guess v2.0.5
[INFO] [stderr]    Compiling anstyle-parse v0.2.7
[INFO] [stderr]    Compiling walkdir v2.5.0
[INFO] [stderr]    Compiling globset v0.4.18
[INFO] [stderr]    Compiling pest_meta v2.8.6
[INFO] [stderr]    Compiling crossbeam-deque v0.8.6
[INFO] [stderr]    Compiling chrono-tz v0.9.0
[INFO] [stderr]    Compiling tempfile v3.25.0
[INFO] [stderr]    Compiling heck v0.4.1
[INFO] [stderr]    Compiling actix-web v4.12.1
[INFO] [stderr]    Compiling v_htmlescape v0.15.8
[INFO] [stderr]    Compiling anstyle-query v1.1.5
[INFO] [stderr]    Compiling convert_case v0.4.0
[INFO] [stderr]    Compiling is_terminal_polyfill v1.70.2
[INFO] [stderr]    Compiling colorchoice v1.0.4
[INFO] [stderr]    Compiling lazy_static v1.5.0
[INFO] [stderr]    Compiling anstyle v1.0.13
[INFO] [stderr]    Compiling pest_generator v2.8.6
[INFO] [stderr]    Compiling anstream v0.6.21
[INFO] [stderr]    Compiling derive_more v0.99.20
[INFO] [stderr]    Compiling sqlx-postgres v0.7.4
[INFO] [stderr]    Compiling ignore v0.4.25
[INFO] [stderr]    Compiling enum-as-inner v0.6.1
[INFO] [stderr]    Compiling idna v0.4.0
[INFO] [stderr]    Compiling pin-project-internal v1.1.10
[INFO] [stderr]    Compiling async-trait v0.1.89
[INFO] [stderr]    Compiling linked-hash-map v0.5.6
[INFO] [stderr]    Compiling strsim v0.11.1
[INFO] [stderr]    Compiling data-encoding v2.10.0
[INFO] [stderr]    Compiling clap_lex v1.0.0
[INFO] [stderr]    Compiling option-ext v0.2.0
[INFO] [stderr]    Compiling ipnet v2.11.0
[INFO] [stderr]    Compiling deunicode v1.6.2
[INFO] [stderr]    Compiling slug v0.1.6
[INFO] [stderr]    Compiling dirs-sys v0.4.1
[INFO] [stderr]    Compiling clap_builder v4.5.58
[INFO] [stderr]    Compiling pin-project v1.1.10
[INFO] [stderr]    Compiling trust-dns-proto v0.23.2
[INFO] [stderr]    Compiling sqlx-macros-core v0.7.4
[INFO] [stderr]    Compiling lru-cache v0.1.2
[INFO] [stderr]    Compiling actix-session v0.9.0
[INFO] [stderr]    Compiling humansize v2.1.3
[INFO] [stderr]    Compiling globwalk v0.9.1
[INFO] [stderr]    Compiling pest_derive v2.8.6
[INFO] [stderr]    Compiling sharded-slab v0.1.7
[INFO] [stderr]    Compiling clap_derive v4.5.55
[INFO] [stderr]    Compiling uuid v1.21.0
[INFO] [stderr]    Compiling blowfish v0.9.1
[INFO] [stderr]    Compiling matchers v0.2.0
[INFO] [stderr]    Compiling tracing-log v0.2.0
[INFO] [stderr]    Compiling sqlx-macros v0.7.4
[INFO] [stderr]    Compiling thread_local v1.1.9
[INFO] [stderr]    Compiling zeroize v1.8.2
[INFO] [stderr]    Compiling mutually_exclusive_features v0.1.0
[INFO] [stderr]    Compiling resolv-conf v0.7.6
[INFO] [stderr]    Compiling unsafe-libyaml v0.2.11
[INFO] [stderr]    Compiling http-range v0.1.5
[INFO] [stderr]    Compiling nu-ansi-term v0.50.3
[INFO] [stderr]    Compiling tracing-subscriber v0.3.22
[INFO] [stderr]    Compiling serde_yaml v0.9.34+deprecated
[INFO] [stderr]    Compiling clap v4.5.58
[INFO] [stderr]    Compiling trust-dns-resolver v0.23.2
[INFO] [stderr]    Compiling actix-files v0.6.10
[INFO] [stderr]    Compiling sqlx v0.7.4
[INFO] [stderr]    Compiling tera v1.20.1
[INFO] [stderr]    Compiling tracing-actix-web v0.7.21
[INFO] [stderr]    Compiling bcrypt v0.15.1
[INFO] [stderr]    Compiling actix-identity v0.7.1
[INFO] [stderr]    Compiling dirs v5.0.1
[INFO] [stderr]    Compiling cron v0.12.1
[INFO] [stderr]    Compiling dns-lookup v2.1.1
[INFO] [stderr]    Compiling snmp v0.2.2
[INFO] [stderr]    Compiling netdisco v3.0.0 (/opt/rustwide/workdir)
[INFO] [stderr]     Finished `dev` profile [unoptimized + debuginfo] target(s) in 5m 06s
[INFO] [stderr] warning: the following packages contain code that will be rejected by a future version of Rust: sqlx-postgres v0.7.4
[INFO] [stderr] note: to see what the problems were, use the option `--future-incompat-report`, or run `cargo report future-incompatibilities --id 3`
[INFO] running `Command { std: "docker" "inspect" "9235e29fb862047941296ed10035b7185803de64f38daf5bed6a65caa123baab", kill_on_drop: false }`
[INFO] running `Command { std: "docker" "exec" "-e" "SOURCE_DIR=/opt/rustwide/workdir" "-e" "CARGO_HOME=/opt/rustwide/cargo-home" "-e" "RUSTUP_HOME=/opt/rustwide/rustup-home" "-e" "CARGO_TARGET_DIR=/opt/rustwide/target" "-e" "CARGO_INCREMENTAL=0" "-e" "RUST_BACKTRACE=full" "-e" "RUSTFLAGS=--cap-lints=warn" "-e" "RUSTDOCFLAGS=--cap-lints=warn" "-w" "/opt/rustwide/workdir" "--user" "0:0" "9235e29fb862047941296ed10035b7185803de64f38daf5bed6a65caa123baab" "/opt/rustwide/cargo-home/bin/cargo" "+1.99.0-beta.8" "test" "--frozen" "--no-run" "--message-format=json", kill_on_drop: false }`
[INFO] [stderr]    Compiling tokio v1.49.0
[INFO] [stderr]    Compiling bitflags v2.11.0
[INFO] [stderr]    Compiling rustix v1.1.3
[INFO] [stderr]    Compiling linux-raw-sys v0.11.0
[INFO] [stderr]    Compiling fastrand v2.3.0
[INFO] [stderr]    Compiling http v1.4.0
[INFO] [stderr]    Compiling sdd v3.0.10
[INFO] [stderr]    Compiling futures-executor v0.3.32
[INFO] [stderr]    Compiling serial_test_derive v3.3.1
[INFO] [stderr]    Compiling sqlx-postgres v0.7.4
[INFO] [stderr]    Compiling globwalk v0.9.1
[INFO] [stderr]    Compiling scc v2.4.0
[INFO] [stderr]    Compiling yansi v1.0.1
[INFO] [stderr]    Compiling tera v1.20.1
[INFO] [stderr]    Compiling diff v0.1.13
[INFO] [stderr]    Compiling pretty_assertions v1.4.1
[INFO] [stderr]    Compiling serial_test v3.3.1
[INFO] [stderr]    Compiling tempfile v3.25.0
[INFO] [stderr]    Compiling sqlx-macros-core v0.7.4
[INFO] [stderr]    Compiling tokio-util v0.7.18
[INFO] [stderr]    Compiling actix-rt v2.11.0
[INFO] [stderr]    Compiling tokio-stream v0.1.18
[INFO] [stderr]    Compiling trust-dns-proto v0.23.2
[INFO] [stderr]    Compiling actix-server v2.6.0
[INFO] [stderr]    Compiling sqlx-macros v0.7.4
[INFO] [stderr]    Compiling sqlx-core v0.7.4
[INFO] [stderr]    Compiling actix-codec v0.5.2
[INFO] [stderr]    Compiling h2 v0.3.27
[INFO] [stderr]    Compiling actix-tls v3.5.0
[INFO] [stderr]    Compiling tokio-test v0.4.5
[INFO] [stderr]    Compiling trust-dns-resolver v0.23.2
[INFO] [stderr]    Compiling actix-http v3.11.2
[INFO] [stderr]    Compiling sqlx v0.7.4
[INFO] [stderr]    Compiling actix-web v4.12.1
[INFO] [stderr]    Compiling awc v3.8.1
[INFO] [stderr]    Compiling actix-http-test v3.2.0
[INFO] [stderr]    Compiling actix-session v0.9.0
[INFO] [stderr]    Compiling tracing-actix-web v0.7.21
[INFO] [stderr]    Compiling actix-files v0.6.10
[INFO] [stderr]    Compiling actix-test v0.1.5
[INFO] [stderr]    Compiling actix-identity v0.7.1
[INFO] [stderr]    Compiling netdisco v3.0.0 (/opt/rustwide/workdir)
[INFO] [stdout] warning: unused import: `DevicePort`
[INFO] [stdout]  --> tests/unit/models.rs:4:37
[INFO] [stdout]   |
[INFO] [stdout] 4 | use netdisco::models::device_port::{DevicePort, NewDevicePort};
[INFO] [stdout]   |                                     ^^^^^^^^^^
[INFO] [stdout]   |
[INFO] [stdout]   = note: `#[warn(unused_imports)]` (part of `#[warn(unused)]`) on by default
[INFO] [stdout] 
[INFO] [stdout] 
[INFO] [stdout] warning: unused import: `chrono::NaiveDateTime`
[INFO] [stdout]  --> tests/unit/models.rs:9:5
[INFO] [stdout]   |
[INFO] [stdout] 9 | use chrono::NaiveDateTime;
[INFO] [stdout]   |     ^^^^^^^^^^^^^^^^^^^^^
[INFO] [stdout] 
[INFO] [stdout] 
[INFO] [stdout] warning: unused import: `ipnetwork::IpNetwork`
[INFO] [stdout]  --> tests/integration/backend.rs:5:5
[INFO] [stdout]   |
[INFO] [stdout] 5 | use ipnetwork::IpNetwork;
[INFO] [stdout]   |     ^^^^^^^^^^^^^^^^^^^^
[INFO] [stdout] 
[INFO] [stdout] 
[INFO] [stderr]     Finished `test` profile [unoptimized + debuginfo] target(s) in 2m 11s
[INFO] [stderr] warning: the following packages contain code that will be rejected by a future version of Rust: sqlx-postgres v0.7.4
[INFO] [stderr] note: to see what the problems were, use the option `--future-incompat-report`, or run `cargo report future-incompatibilities --id 3`
[INFO] running `Command { std: "docker" "inspect" "9235e29fb862047941296ed10035b7185803de64f38daf5bed6a65caa123baab", kill_on_drop: false }`
[INFO] running `Command { std: "docker" "exec" "-e" "SOURCE_DIR=/opt/rustwide/workdir" "-e" "CARGO_HOME=/opt/rustwide/cargo-home" "-e" "RUSTUP_HOME=/opt/rustwide/rustup-home" "-e" "CARGO_TARGET_DIR=/opt/rustwide/target" "-e" "CARGO_INCREMENTAL=0" "-e" "RUST_BACKTRACE=full" "-e" "RUSTFLAGS=--cap-lints=warn" "-e" "RUSTDOCFLAGS=--cap-lints=warn" "-w" "/opt/rustwide/workdir" "--user" "0:0" "9235e29fb862047941296ed10035b7185803de64f38daf5bed6a65caa123baab" "/opt/rustwide/cargo-home/bin/cargo" "+1.99.0-beta.8" "test" "--frozen", kill_on_drop: false }`
[INFO] [stderr] warning: unused import: `DevicePort`
[INFO] [stderr]  --> tests/unit/models.rs:4:37
[INFO] [stderr]   |
[INFO] [stderr] 4 | use netdisco::models::device_port::{DevicePort, NewDevicePort};
[INFO] [stderr]   |                                     ^^^^^^^^^^
[INFO] [stderr]   |
[INFO] [stderr]   = note: `#[warn(unused_imports)]` (part of `#[warn(unused)]`) on by default
[INFO] [stderr] 
[INFO] [stderr] warning: unused import: `chrono::NaiveDateTime`
[INFO] [stderr]  --> tests/unit/models.rs:9:5
[INFO] [stderr]   |
[INFO] [stderr] 9 | use chrono::NaiveDateTime;
[INFO] [stderr]   |     ^^^^^^^^^^^^^^^^^^^^^
[INFO] [stderr] 
[INFO] [stderr] warning: unused import: `ipnetwork::IpNetwork`
[INFO] [stderr]  --> tests/integration/backend.rs:5:5
[INFO] [stderr]   |
[INFO] [stderr] 5 | use ipnetwork::IpNetwork;
[INFO] [stderr]   |     ^^^^^^^^^^^^^^^^^^^^
[INFO] [stderr] 
[INFO] [stderr] warning: `netdisco` (test "test_suite") generated 3 warnings (run `cargo fix --test "test_suite" -p netdisco` to apply 3 suggestions)
[INFO] [stderr]     Finished `test` profile [unoptimized + debuginfo] target(s) in 0.72s
[INFO] [stderr] warning: the following packages contain code that will be rejected by a future version of Rust: sqlx-postgres v0.7.4
[INFO] [stderr] note: to see what the problems were, use the option `--future-incompat-report`, or run `cargo report future-incompatibilities --id 3`
[INFO] [stderr]      Running unittests src/lib.rs (/opt/rustwide/target/debug/deps/netdisco-f4555b162662a6ef)
[INFO] [stdout] 
[INFO] [stdout] running 0 tests
[INFO] [stdout] 
[INFO] [stdout] test result: ok. 0 passed; 0 failed; 0 ignored; 0 measured; 0 filtered out; finished in 0.00s
[INFO] [stdout] 
[INFO] [stderr]      Running unittests src/main.rs (/opt/rustwide/target/debug/deps/netdisco-d7d94ff2421218b3)
[INFO] [stderr]      Running unittests src/bin/backend.rs (/opt/rustwide/target/debug/deps/netdisco_backend-57a66af8f873b563)
[INFO] [stdout] 
[INFO] [stdout] running 0 tests
[INFO] [stdout] 
[INFO] [stdout] test result: ok. 0 passed; 0 failed; 0 ignored; 0 measured; 0 filtered out; finished in 0.00s
[INFO] [stdout] 
[INFO] [stdout] 
[INFO] [stderr]      Running unittests src/bin/deploy.rs (/opt/rustwide/target/debug/deps/netdisco_deploy-bd1f53bec21cc145)
[INFO] [stdout] running 0 tests
[INFO] [stdout] 
[INFO] [stdout] test result: ok. 0 passed; 0 failed; 0 ignored; 0 measured; 0 filtered out; finished in 0.00s
[INFO] [stdout] 
[INFO] [stderr]      Running unittests src/bin/do_cmd.rs (/opt/rustwide/target/debug/deps/netdisco_do-36236550f0bb88e9)
[INFO] [stdout] 
[INFO] [stdout] running 0 tests
[INFO] [stdout] 
[INFO] [stdout] test result: ok. 0 passed; 0 failed; 0 ignored; 0 measured; 0 filtered out; finished in 0.00s
[INFO] [stdout] 
[INFO] [stdout] 
[INFO] [stderr]      Running unittests src/bin/web.rs (/opt/rustwide/target/debug/deps/netdisco_web-59c1360867c01c9b)
[INFO] [stdout] running 0 tests
[INFO] [stdout] 
[INFO] [stdout] test result: ok. 0 passed; 0 failed; 0 ignored; 0 measured; 0 filtered out; finished in 0.00s
[INFO] [stdout] 
[INFO] [stderr]      Running tests/test_suite.rs (/opt/rustwide/target/debug/deps/test_suite-857880e1b126562b)
[INFO] [stdout] 
[INFO] [stdout] running 0 tests
[INFO] [stdout] 
[INFO] [stdout] test result: ok. 0 passed; 0 failed; 0 ignored; 0 measured; 0 filtered out; finished in 0.00s
[INFO] [stdout] 
[INFO] [stdout] 
[INFO] [stdout] running 203 tests
[INFO] [stdout] test e2e::workflows::test_config_loading_pipeline ... ok
[INFO] [stdout] test e2e::workflows::test_default_config_file ... ok
[INFO] [stdout] test e2e::workflows::test_default_ports ... ok
[INFO] [stdout] test e2e::workflows::test_discovery_interface_processing ... ok
[INFO] [stdout] test e2e::workflows::test_discovery_workflow_data_flow ... ok
[INFO] [stdout] test e2e::workflows::test_arpnip_workflow ... ok
[INFO] [stdout] test e2e::workflows::test_job_failure_lifecycle ... ok
[INFO] [stdout] test e2e::workflows::test_job_lifecycle ... ok
[INFO] [stdout] test e2e::workflows::test_uptime_display_formatting ... ok
[INFO] [stdout] test e2e::workflows::test_mac_processing_pipeline ... ok
[INFO] [stdout] test e2e::workflows::test_macsuck_workflow ... ok
[INFO] [stdout] test e2e::workflows::test_permission_workflow ... ok
[INFO] [stdout] test integration::backend::test_action_dispatch_known_actions ... ok
[INFO] [stdout] test integration::backend::test_backend_config_defaults ... ok
[INFO] [stdout] test e2e::workflows::test_version_constant ... ok
[INFO] [stdout] test integration::backend::test_calculate_workers_auto ... ok
[INFO] [stdout] test integration::backend::test_calculate_workers_auto_no_multiplier ... ok
[INFO] [stdout] test integration::backend::test_calculate_workers_invalid ... ok
[INFO] [stdout] test integration::backend::test_calculate_workers_fixed ... ok
[INFO] [stdout] test integration::backend::test_expire_interval_format ... ok
[INFO] [stdout] test e2e::workflows::test_full_api_workflow ... ok
[INFO] [stdout] test integration::backend::test_job_discoverall_no_device ... ok
[INFO] [stdout] test integration::backend::test_expire_intervals_are_positive ... ok
[INFO] [stdout] test integration::backend::test_job_with_device_ip ... ok
[INFO] [stdout] test integration::backend::test_job_with_port_control ... ok
[INFO] [stdout] test integration::backend::test_job_with_vlan_change ... ok
[INFO] [stdout] test integration::backend::test_port_control_invalid_subaction ... ok
[INFO] [stdout] test integration::backend::test_port_control_valid_subactions ... ok
[INFO] [stdout] test integration::web_api::test_api_enqueue_job ... ok
[INFO] [stdout] test integration::web_api::test_api_enqueue_job_missing_body ... ok
[INFO] [stdout] test integration::web_api::test_api_post_to_get_endpoint_rejected ... ok
[INFO] [stdout] test integration::web_api::test_api_list_devices_response_format ... ok
[INFO] [stdout] test integration::web_api::test_api_response_content_type_json ... ok
[INFO] [stdout] test integration::web_api::test_api_nonexistent_route ... ok
[INFO] [stdout] test integration::web_api::test_api_routes_configured ... ok
[INFO] [stdout] test integration::web_api::test_api_search_with_query ... ok
[INFO] [stdout] test integration::web_api::test_api_get_device_found ... ok
[INFO] [stdout] test integration::web_api::test_api_get_device_not_found ... ok
[INFO] [stdout] test integration::web_api::test_api_search_empty_query ... ok
[INFO] [stdout] test integration::web_handlers::test_index_redirect ... ok
[INFO] [stdout] test integration::web_handlers::test_login_form_parsing ... ok
[INFO] [stdout] test integration::web_handlers::test_login_page_returns_json ... ok
[INFO] [stdout] test integration::web_handlers::test_logout_clears_session_and_redirects ... ok
[INFO] [stdout] test integration::web_handlers::test_not_implemented_handler ... ok
[INFO] [stdout] test unit::config::test_config_apply_overrides_community ... ok
[INFO] [stdout] test integration::web_handlers::test_search_node_mac_format_detection ... ok
[INFO] [stdout] test integration::web_handlers::test_handler_rejects_invalid_ip ... ok
[INFO] [stdout] test integration::web_handlers::test_session_set_and_get ... ok
[INFO] [stdout] test unit::config::test_config_apply_overrides_database ... ok
[INFO] [stdout] test unit::config::test_config_apply_overrides_domain_suffix ... ok
[INFO] [stdout] test integration::web_handlers::test_handler_accepts_valid_ipv4 ... ok
[INFO] [stdout] test integration::web_handlers::test_handler_accepts_cidr ... ok
[INFO] [stdout] test integration::web_handlers::test_report_path_extraction ... ok
[INFO] [stdout] test unit::config::test_config_env_override_db_host ... ok
[INFO] [stdout] test unit::config::test_config_apply_overrides_partial_database ... ok
[INFO] [stdout] test unit::config::test_config_env_override_db_pass ... ok
[INFO] [stdout] test unit::config::test_config_env_override_db_name ... ok
[INFO] [stdout] test unit::config::test_config_apply_overrides_empty ... ok
[INFO] [stdout] test unit::config::test_config_env_override_db_user ... ok
[INFO] [stdout] test unit::config::test_config_env_override_domain ... ok
[INFO] [stdout] test unit::config::test_config_from_yaml_minimal ... ok
[INFO] [stdout] test unit::config::test_db_connection_string_custom ... ok
[INFO] [stdout] test unit::config::test_db_connection_string_default ... ok
[INFO] [stdout] test unit::config::test_db_connection_string_with_special_chars ... ok
[INFO] [stdout] test unit::config::test_default_config_database ... ok
[INFO] [stdout] test unit::config::test_config_env_override_no_vars_set ... ok
[INFO] [stdout] test unit::config::test_default_config_discovery ... ok
[INFO] [stdout] test unit::config::test_config_from_yaml_full ... ok
[INFO] [stdout] test unit::config::test_default_config_dns ... ok
[INFO] [stdout] test unit::config::test_default_config_expiration ... ok
[INFO] [stdout] test unit::config::test_default_config_macsuck ... ok
[INFO] [stdout] test unit::config::test_default_config_portcontrol ... ok
[INFO] [stdout] test unit::config::test_default_config_snmp ... ok
[INFO] [stdout] test unit::config::test_default_config_web ... ok
[INFO] [stdout] test unit::config::test_default_config_web_plugins ... ok
[INFO] [stdout] test unit::config::test_load_config_nonexistent_dir ... ok
[INFO] [stdout] test unit::config::test_default_config_workers ... ok
[INFO] [stdout] test unit::config::test_load_config_with_deployment_override ... ok
[INFO] [stdout] test unit::config::test_load_config_with_tempdir ... ok
[INFO] [stdout] test unit::config::test_schedule_config_default ... ok
[INFO] [stdout] test unit::config::test_workers_config_from_yaml ... ok
[INFO] [stdout] test unit::config::test_default_config_log_level ... ok
[INFO] [stdout] test unit::models::test_admin_serialization ... ok
[INFO] [stdout] test unit::config::test_config_env_override_community ... ok
[INFO] [stdout] test unit::config::test_default_config_nbtstat ... ok
[INFO] [stdout] test unit::models::test_device_display_name_empty_dns ... ok
[INFO] [stdout] test unit::models::test_admin_status_constants ... ok
[INFO] [stdout] test unit::models::test_device_display_name_falls_back_to_ip ... ok
[INFO] [stdout] test unit::models::test_device_display_name_falls_back_to_name ... ok
[INFO] [stdout] test unit::config::test_config_apply_overrides_no_auth ... ok
[INFO] [stdout] test unit::config::test_default_config_auth ... ok
[INFO] [stdout] test unit::models::test_device_display_name_empty_name ... ok
[INFO] [stdout] test unit::models::test_device_display_name_prefers_dns ... ok
[INFO] [stdout] test unit::models::test_device_has_layer_all ... ok
[INFO] [stdout] test unit::models::test_device_has_layer_7 ... ok
[INFO] [stdout] test unit::models::test_device_has_layer_none_layers ... ok
[INFO] [stdout] test unit::models::test_device_has_layer_2 ... ok
[INFO] [stdout] test unit::models::test_device_has_layer_3 ... ok
[INFO] [stdout] test unit::models::test_device_has_layer_none_set ... ok
[INFO] [stdout] test unit::models::test_device_has_layer_boundary_zero ... ok
[INFO] [stdout] test unit::models::test_device_is_router ... ok
[INFO] [stdout] test unit::models::test_device_is_switch ... ok
[INFO] [stdout] test unit::models::test_extract_oui_dash_format ... ok
[INFO] [stdout] test unit::models::test_device_is_switch_and_router ... ok
[INFO] [stdout] test unit::models::test_device_serialization_roundtrip ... ok
[INFO] [stdout] test unit::models::test_extract_oui_standard_format ... ok
[INFO] [stdout] test unit::models::test_ip_network_contains ... ok
[INFO] [stdout] test unit::models::test_extract_oui_lowercase ... ok
[INFO] [stdout] test unit::models::test_extract_oui_mixed_case ... ok
[INFO] [stdout] test unit::models::test_ip_network_parsing_v4 ... ok
[INFO] [stdout] test unit::models::test_ip_network_parsing_v4_subnet ... ok
[INFO] [stdout] test unit::models::test_new_device_port_serialization ... ok
[INFO] [stdout] test unit::models::test_ip_network_parsing_v6 ... ok
[INFO] [stdout] test unit::models::test_node_serialization ... ok
[INFO] [stdout] test unit::models::test_new_device_serialization ... ok
[INFO] [stdout] test unit::models::test_device_has_layer_boundary_eight ... ok
[INFO] [stdout] test unit::models::test_device_has_layer_multibit ... ok
[INFO] [stdout] test unit::models::test_extract_oui_compact_format ... ok
[INFO] [stdout] test unit::models::test_user_has_port_control_none ... ok
[INFO] [stdout] test unit::models::test_user_has_port_control_false ... ok
[INFO] [stdout] test unit::models::test_user_is_admin_true ... ok
[INFO] [stdout] test unit::models::test_user_has_port_control_true ... ok
[INFO] [stdout] test unit::models::test_user_is_admin_none ... ok
[INFO] [stdout] test unit::snmp::test_mac_entry_struct ... ok
[INFO] [stdout] test unit::snmp::test_oid_dot1d_tp_fdb_port ... ok
[INFO] [stdout] test unit::models::test_user_is_admin_false ... ok
[INFO] [stdout] test unit::snmp::test_oid_if_descr ... ok
[INFO] [stdout] test unit::snmp::test_interface_info_struct ... ok
[INFO] [stdout] test unit::snmp::test_oid_if_table_contiguous ... ok
[INFO] [stdout] test unit::snmp::test_oid_ip_net_to_media_phys ... ok
[INFO] [stdout] test unit::snmp::test_oid_pse_port_power ... ok
[INFO] [stdout] test unit::snmp::test_oid_sys_name ... ok
[INFO] [stdout] test unit::snmp::test_oid_sys_object_id ... ok
[INFO] [stdout] test unit::snmp::test_oid_system_group_contiguous ... ok
[INFO] [stdout] test unit::snmp::test_snmp_client_from_config_custom_community ... ok
[INFO] [stdout] test unit::snmp::test_snmp_client_from_config_default_community ... ok
[INFO] [stdout] test unit::snmp::test_snmp_client_new_custom_port ... ok
[INFO] [stdout] test unit::snmp::test_snmp_client_new_invalid_host ... ok
[INFO] [stdout] test unit::snmp::test_snmp_client_new_valid_ipv4 ... ok
[INFO] [stdout] test unit::snmp::test_snmp_credentials_v2c ... ok
[INFO] [stdout] test unit::snmp::test_snmp_credentials_v3 ... ok
[INFO] [stdout] test unit::snmp::test_snmp_version_from_1 ... ok
[INFO] [stdout] test unit::snmp::test_snmp_version_from_2 ... ok
[INFO] [stdout] test unit::snmp::test_snmp_version_from_3 ... ok
[INFO] [stdout] test unit::snmp::test_snmp_version_from_other ... ok
[INFO] [stdout] test unit::snmp::test_system_info_all_none ... ok
[INFO] [stdout] test unit::models::test_user_serialization_roundtrip ... ok
[INFO] [stdout] test unit::snmp::test_arp_entry_struct ... ok
[INFO] [stdout] test unit::snmp::test_oid_lldp_rem_sys_name ... ok
[INFO] [stdout] test unit::snmp::test_oid_sys_descr ... ok
[INFO] [stdout] test unit::snmp::test_oid_sys_uptime ... ok
[INFO] [stdout] test unit::models::test_extract_oui_dot_format ... ok
[INFO] [stdout] test unit::snmp::test_system_info_struct ... ok
[INFO] [stdout] test unit::util::test_acl_matches_any_wildcard ... ok
[INFO] [stdout] test unit::util::test_acl_matches_cidr ... ok
[INFO] [stdout] test unit::util::test_acl_matches_direct_ip ... ok
[INFO] [stdout] test unit::util::test_acl_matches_no_empty_allows_all ... ok
[INFO] [stdout] test unit::util::test_acl_matches_only_empty_allows_all ... ok
[INFO] [stdout] test unit::util::test_acl_matches_ipv6_wildcard ... ok
[INFO] [stdout] test unit::util::test_acl_matches_empty_acl ... ok
[INFO] [stdout] test unit::util::test_acl_matches_ipv4_wildcard ... ok
[INFO] [stdout] test unit::util::test_acl_matches_multiple_entries ... ok
[INFO] [stdout] test unit::util::test_acl_matches_only_with_match ... ok
[INFO] [stdout] test integration::web_api::test_web_routes_configured ... ok
[INFO] [stdout] test unit::util::test_acl_matches_cidr_no_match ... ok
[INFO] [stdout] test unit::util::test_acl_matches_no_with_match ... ok
[INFO] [stdout] test unit::util::test_format_mac_ieee_bare ... ok
[INFO] [stdout] test unit::util::test_acl_matches_only_no_match ... ok
[INFO] [stdout] test unit::util::test_format_mac_ieee_mixed_case ... ok
[INFO] [stdout] test unit::util::test_format_mac_ieee_dash_separated ... ok
[INFO] [stdout] test unit::util::test_format_mac_ieee_dot_separated ... ok
[INFO] [stdout] test unit::util::test_format_mac_ieee_invalid_chars ... ok
[INFO] [stdout] test unit::util::test_format_mac_ieee_invalid_length_short ... ok
[INFO] [stdout] test unit::util::test_format_mac_ieee_all_ff ... ok
[INFO] [stdout] test unit::util::test_format_mac_ieee_all_zeros ... ok
[INFO] [stdout] test unit::util::test_format_mac_ieee_colon_separated ... ok
[INFO] [stdout] test unit::util::test_format_uptime_complex_time ... ok
[INFO] [stdout] test unit::util::test_format_uptime_one_day ... ok
[INFO] [stdout] test unit::util::test_format_uptime_one_minute ... ok
[INFO] [stdout] test unit::util::test_format_uptime_one_hour ... ok
[INFO] [stdout] test unit::util::test_format_uptime_one_year ... ok
[INFO] [stdout] test unit::util::test_format_uptime_zero ... ok
[INFO] [stdout] test unit::util::test_hostname_from_ip_invalid ... ok
[INFO] [stdout] test unit::util::test_format_uptime_one_second ... ok
[INFO] [stdout] test unit::util::test_format_uptime_multiple_days ... ok
[INFO] [stdout] test unit::util::test_is_not_private_ipv4_public ... ok
[INFO] [stdout] test unit::util::test_format_uptime_multiple_years ... ok
[INFO] [stdout] test unit::util::test_format_mac_ieee_uppercase ... ok
[INFO] [stdout] test unit::util::test_is_not_private_ipv6_public ... ok
[INFO] [stdout] test unit::util::test_is_permitted_empty_both ... ok
[INFO] [stdout] test unit::util::test_is_private_ipv4_10 ... ok
[INFO] [stdout] test unit::util::test_is_private_ipv4_172 ... ok
[INFO] [stdout] test unit::util::test_is_permitted_in_only_and_in_no ... ok
[INFO] [stdout] test unit::util::test_is_private_ipv4_192 ... ok
[INFO] [stdout] test unit::util::test_is_private_ipv4_link_local ... ok
[INFO] [stdout] test unit::util::test_is_permitted_not_in_only ... ok
[INFO] [stdout] test unit::util::test_is_private_ipv4_loopback ... ok
[INFO] [stdout] test unit::util::test_is_permitted_in_only_not_in_no ... ok
[INFO] [stdout] test unit::util::test_ip_from_hostname_invalid ... ok
[INFO] [stdout] test unit::util::test_is_private_ipv6_loopback ... ok
[INFO] [stdout] test unit::util::test_hostname_from_ip_localhost ... ok
[INFO] [stdout] test unit::util::test_ip_from_hostname_localhost ... ok
[INFO] [stdout] test unit::util::test_ping_localhost ... FAILED
[INFO] [stdout] 
[INFO] [stdout] failures:
[INFO] [stdout] 
[INFO] [stdout] ---- unit::util::test_ping_localhost stdout ----
[INFO] [stdout] 
[INFO] [stdout] thread 'unit::util::test_ping_localhost' (5252) panicked at tests/unit/util.rs:339:5:
[INFO] [stdout] Pinging localhost should succeed
[INFO] [stdout] stack backtrace:
[INFO] [stdout]    0:     0x59e3d431ea11 - std[70759c8f55707aa4]::backtrace_rs::backtrace::libunwind::trace
[INFO] [stdout]                                at /rustc/dfb0accb7f508ae8be965d8629557221c889dd98/library/std/src/../../backtrace/src/backtrace/libunwind.rs:117:9
[INFO] [stdout]    1:     0x59e3d431ea11 - std[70759c8f55707aa4]::backtrace_rs::backtrace::trace_unsynchronized::<std[70759c8f55707aa4]::sys::backtrace::_print_fmt::{closure#1}>
[INFO] [stdout]                                at /rustc/dfb0accb7f508ae8be965d8629557221c889dd98/library/std/src/../../backtrace/src/backtrace/mod.rs:66:14
[INFO] [stdout]    2:     0x59e3d431ea11 - std[70759c8f55707aa4]::sys::backtrace::_print_fmt
[INFO] [stdout]                                at /rustc/dfb0accb7f508ae8be965d8629557221c889dd98/library/std/src/sys/backtrace.rs:74:9
[INFO] [stdout]    3:     0x59e3d431ea11 - <<std[70759c8f55707aa4]::sys::backtrace::BacktraceLock>::print::DisplayBacktrace as core[df12db4294e9bfd3]::fmt::Display>::fmt
[INFO] [stdout]                                at /rustc/dfb0accb7f508ae8be965d8629557221c889dd98/library/std/src/sys/backtrace.rs:44:26
[INFO] [stdout]    4:     0x59e3d43385aa - <core[df12db4294e9bfd3]::fmt::rt::Argument>::fmt
[INFO] [stdout]                                at /rustc/dfb0accb7f508ae8be965d8629557221c889dd98/library/core/src/fmt/rt.rs:152:76
[INFO] [stdout]    5:     0x59e3d43385aa - core[df12db4294e9bfd3]::fmt::write
[INFO] [stdout]    6:     0x59e3d4323fbc - core[df12db4294e9bfd3]::io::write::default_write_fmt::<alloc[2182bb758b4b3781]::vec::Vec<u8>>
[INFO] [stdout]                                at /rustc/dfb0accb7f508ae8be965d8629557221c889dd98/library/core/src/io/write.rs:402:11
[INFO] [stdout]    7:     0x59e3d4323fbc - <alloc[2182bb758b4b3781]::vec::Vec<u8> as core[df12db4294e9bfd3]::io::write::Write>::write_fmt
[INFO] [stdout]                                at /rustc/dfb0accb7f508ae8be965d8629557221c889dd98/library/core/src/io/write.rs:335:13
[INFO] [stdout]    8:     0x59e3d42f74e6 - <std[70759c8f55707aa4]::sys::backtrace::BacktraceLock>::print
[INFO] [stdout]                                at /rustc/dfb0accb7f508ae8be965d8629557221c889dd98/library/std/src/sys/backtrace.rs:47:9
[INFO] [stdout]    9:     0x59e3d42f74e6 - std[70759c8f55707aa4]::panicking::default_hook::{closure#0}
[INFO] [stdout]                                at /rustc/dfb0accb7f508ae8be965d8629557221c889dd98/library/std/src/panicking.rs:292:27
[INFO] [stdout]   10:     0x59e3d43155e9 - std[70759c8f55707aa4]::panicking::default_hook
[INFO] [stdout]                                at /rustc/dfb0accb7f508ae8be965d8629557221c889dd98/library/std/src/panicking.rs:316:9
[INFO] [stdout]   11:     0x59e3d3727630 - <alloc[2182bb758b4b3781]::boxed::Box<dyn for<'a, 'b> core[df12db4294e9bfd3]::ops::function::Fn<(&'a std[70759c8f55707aa4]::panic::PanicHookInfo<'b>,), Output = ()> + core[df12db4294e9bfd3]::marker::Send + core[df12db4294e9bfd3]::marker::Sync> as core[df12db4294e9bfd3]::ops::function::Fn<(&std[70759c8f55707aa4]::panic::PanicHookInfo,)>>::call
[INFO] [stdout]                                at /rustc/dfb0accb7f508ae8be965d8629557221c889dd98/library/alloc/src/boxed.rs:2334:9
[INFO] [stdout]   12:     0x59e3d3727630 - test[9d35eded1c95d3be]::test_main_inner::<test[9d35eded1c95d3be]::test_main_static::{closure#0}>::{closure#0}
[INFO] [stdout]                                at /rustc/dfb0accb7f508ae8be965d8629557221c889dd98/library/test/src/lib.rs:155:21
[INFO] [stdout]   13:     0x59e3d4315912 - <alloc[2182bb758b4b3781]::boxed::Box<dyn for<'a, 'b> core[df12db4294e9bfd3]::ops::function::Fn<(&'a std[70759c8f55707aa4]::panic::PanicHookInfo<'b>,), Output = ()> + core[df12db4294e9bfd3]::marker::Send + core[df12db4294e9bfd3]::marker::Sync> as core[df12db4294e9bfd3]::ops::function::Fn<(&std[70759c8f55707aa4]::panic::PanicHookInfo,)>>::call
[INFO] [stdout]                                at /rustc/dfb0accb7f508ae8be965d8629557221c889dd98/library/alloc/src/boxed.rs:2334:9
[INFO] [stdout]   14:     0x59e3d4315912 - std[70759c8f55707aa4]::panicking::panic_with_hook
[INFO] [stdout]                                at /rustc/dfb0accb7f508ae8be965d8629557221c889dd98/library/std/src/panicking.rs:823:13
[INFO] [stdout]   15:     0x59e3d42f75c4 - std[70759c8f55707aa4]::panicking::panic_handler::{closure#0}
[INFO] [stdout]                                at /rustc/dfb0accb7f508ae8be965d8629557221c889dd98/library/std/src/panicking.rs:681:13
[INFO] [stdout]   16:     0x59e3d42ef869 - std[70759c8f55707aa4]::sys::backtrace::__rust_end_short_backtrace::<std[70759c8f55707aa4]::panicking::panic_handler::{closure#0}, !>
[INFO] [stdout]                                at /rustc/dfb0accb7f508ae8be965d8629557221c889dd98/library/std/src/sys/backtrace.rs:182:18
[INFO] [stdout]   17:     0x59e3d42f86ad - __rustc[8fa7c3cbc660c2b3]::rust_begin_unwind
[INFO] [stdout]                                at /rustc/dfb0accb7f508ae8be965d8629557221c889dd98/library/std/src/panicking.rs:679:5
[INFO] [stdout]   18:     0x59e3d4338e7c - core[df12db4294e9bfd3]::panicking::panic_fmt
[INFO] [stdout]                                at /rustc/dfb0accb7f508ae8be965d8629557221c889dd98/library/core/src/panicking.rs:80:14
[INFO] [stdout]   19:     0x59e3d36db67c - test_suite[39430e0d8563bc86]::unit::util::test_ping_localhost::{closure#0}
[INFO] [stdout]                                at /opt/rustwide/workdir/tests/unit/util.rs:339:5
[INFO] [stdout]   20:     0x59e3d3651cf2 - <core[df12db4294e9bfd3]::pin::Pin<&mut dyn core[df12db4294e9bfd3]::future::future::Future<Output = ()>> as core[df12db4294e9bfd3]::future::future::Future>::poll
[INFO] [stdout]                                at /rustc/dfb0accb7f508ae8be965d8629557221c889dd98/library/core/src/future/future.rs:133:9
[INFO] [stdout]   21:     0x59e3d365236d - <core[df12db4294e9bfd3]::pin::Pin<&mut core[df12db4294e9bfd3]::pin::Pin<&mut dyn core[df12db4294e9bfd3]::future::future::Future<Output = ()>>> as core[df12db4294e9bfd3]::future::future::Future>::poll
[INFO] [stdout]                                at /rustc/dfb0accb7f508ae8be965d8629557221c889dd98/library/core/src/future/future.rs:133:9
[INFO] [stdout]   22:     0x59e3d35e81ed - <tokio[f7463f88606d332d]::runtime::scheduler::current_thread::CoreGuard>::block_on::<core[df12db4294e9bfd3]::pin::Pin<&mut core[df12db4294e9bfd3]::pin::Pin<&mut dyn core[df12db4294e9bfd3]::future::future::Future<Output = ()>>>>::{closure#0}::{closure#0}::{closure#0}
[INFO] [stdout]                                at /opt/rustwide/cargo-home/registry/src/index.crates.io-1949cf8c6b5b557f/tokio-1.49.0/src/runtime/scheduler/current_thread/mod.rs:753:70
[INFO] [stdout]   23:     0x59e3d35e6495 - tokio[f7463f88606d332d]::task::coop::with_budget::<core[df12db4294e9bfd3]::task::poll::Poll<()>, <tokio[f7463f88606d332d]::runtime::scheduler::current_thread::CoreGuard>::block_on<core[df12db4294e9bfd3]::pin::Pin<&mut core[df12db4294e9bfd3]::pin::Pin<&mut dyn core[df12db4294e9bfd3]::future::future::Future<Output = ()>>>>::{closure#0}::{closure#0}::{closure#0}>
[INFO] [stdout]                                at /opt/rustwide/cargo-home/registry/src/index.crates.io-1949cf8c6b5b557f/tokio-1.49.0/src/task/coop/mod.rs:167:5
[INFO] [stdout]   24:     0x59e3d35e6495 - tokio[f7463f88606d332d]::task::coop::budget::<core[df12db4294e9bfd3]::task::poll::Poll<()>, <tokio[f7463f88606d332d]::runtime::scheduler::current_thread::CoreGuard>::block_on<core[df12db4294e9bfd3]::pin::Pin<&mut core[df12db4294e9bfd3]::pin::Pin<&mut dyn core[df12db4294e9bfd3]::future::future::Future<Output = ()>>>>::{closure#0}::{closure#0}::{closure#0}>
[INFO] [stdout]                                at /opt/rustwide/cargo-home/registry/src/index.crates.io-1949cf8c6b5b557f/tokio-1.49.0/src/task/coop/mod.rs:133:5
[INFO] [stdout]   25:     0x59e3d35e6495 - <tokio[f7463f88606d332d]::runtime::scheduler::current_thread::CoreGuard>::block_on::<core[df12db4294e9bfd3]::pin::Pin<&mut core[df12db4294e9bfd3]::pin::Pin<&mut dyn core[df12db4294e9bfd3]::future::future::Future<Output = ()>>>>::{closure#0}::{closure#0}
[INFO] [stdout]                                at /opt/rustwide/cargo-home/registry/src/index.crates.io-1949cf8c6b5b557f/tokio-1.49.0/src/runtime/scheduler/current_thread/mod.rs:753:25
[INFO] [stdout]   26:     0x59e3d3591ad2 - <tokio[f7463f88606d332d]::runtime::scheduler::current_thread::Context>::enter::<core[df12db4294e9bfd3]::task::poll::Poll<()>, <tokio[f7463f88606d332d]::runtime::scheduler::current_thread::CoreGuard>::block_on<core[df12db4294e9bfd3]::pin::Pin<&mut core[df12db4294e9bfd3]::pin::Pin<&mut dyn core[df12db4294e9bfd3]::future::future::Future<Output = ()>>>>::{closure#0}::{closure#0}>
[INFO] [stdout]                                at /opt/rustwide/cargo-home/registry/src/index.crates.io-1949cf8c6b5b557f/tokio-1.49.0/src/runtime/scheduler/current_thread/mod.rs:442:19
[INFO] [stdout]   27:     0x59e3d35d230d - <tokio[f7463f88606d332d]::runtime::scheduler::current_thread::CoreGuard>::block_on::<core[df12db4294e9bfd3]::pin::Pin<&mut core[df12db4294e9bfd3]::pin::Pin<&mut dyn core[df12db4294e9bfd3]::future::future::Future<Output = ()>>>>::{closure#0}
[INFO] [stdout]                                at /opt/rustwide/cargo-home/registry/src/index.crates.io-1949cf8c6b5b557f/tokio-1.49.0/src/runtime/scheduler/current_thread/mod.rs:752:44
[INFO] [stdout]   28:     0x59e3d35c13f4 - <tokio[f7463f88606d332d]::runtime::scheduler::current_thread::CoreGuard>::enter::<<tokio[f7463f88606d332d]::runtime::scheduler::current_thread::CoreGuard>::block_on<core[df12db4294e9bfd3]::pin::Pin<&mut core[df12db4294e9bfd3]::pin::Pin<&mut dyn core[df12db4294e9bfd3]::future::future::Future<Output = ()>>>>::{closure#0}, core[df12db4294e9bfd3]::option::Option<()>>::{closure#0}
[INFO] [stdout]                                at /opt/rustwide/cargo-home/registry/src/index.crates.io-1949cf8c6b5b557f/tokio-1.49.0/src/runtime/scheduler/current_thread/mod.rs:840:68
[INFO] [stdout]   29:     0x59e3d36a689b - <tokio[f7463f88606d332d]::runtime::context::scoped::Scoped<tokio[f7463f88606d332d]::runtime::scheduler::Context>>::set::<<tokio[f7463f88606d332d]::runtime::scheduler::current_thread::CoreGuard>::enter<<tokio[f7463f88606d332d]::runtime::scheduler::current_thread::CoreGuard>::block_on<core[df12db4294e9bfd3]::pin::Pin<&mut core[df12db4294e9bfd3]::pin::Pin<&mut dyn core[df12db4294e9bfd3]::future::future::Future<Output = ()>>>>::{closure#0}, core[df12db4294e9bfd3]::option::Option<()>>::{closure#0}, (alloc[2182bb758b4b3781]::boxed::Box<tokio[f7463f88606d332d]::runtime::scheduler::current_thread::Core>, core[df12db4294e9bfd3]::option::Option<()>)>
[INFO] [stdout]                                at /opt/rustwide/cargo-home/registry/src/index.crates.io-1949cf8c6b5b557f/tokio-1.49.0/src/runtime/context/scoped.rs:40:9
[INFO] [stdout]   30:     0x59e3d36a10a9 - tokio[f7463f88606d332d]::runtime::context::set_scheduler::<(alloc[2182bb758b4b3781]::boxed::Box<tokio[f7463f88606d332d]::runtime::scheduler::current_thread::Core>, core[df12db4294e9bfd3]::option::Option<()>), <tokio[f7463f88606d332d]::runtime::scheduler::current_thread::CoreGuard>::enter<<tokio[f7463f88606d332d]::runtime::scheduler::current_thread::CoreGuard>::block_on<core[df12db4294e9bfd3]::pin::Pin<&mut core[df12db4294e9bfd3]::pin::Pin<&mut dyn core[df12db4294e9bfd3]::future::future::Future<Output = ()>>>>::{closure#0}, core[df12db4294e9bfd3]::option::Option<()>>::{closure#0}>::{closure#0}
[INFO] [stdout]                                at /opt/rustwide/cargo-home/registry/src/index.crates.io-1949cf8c6b5b557f/tokio-1.49.0/src/runtime/context.rs:176:38
[INFO] [stdout]   31:     0x59e3d35f093f - <std[70759c8f55707aa4]::thread::local::LocalKey<tokio[f7463f88606d332d]::runtime::context::Context>>::try_with::<tokio[f7463f88606d332d]::runtime::context::set_scheduler<(alloc[2182bb758b4b3781]::boxed::Box<tokio[f7463f88606d332d]::runtime::scheduler::current_thread::Core>, core[df12db4294e9bfd3]::option::Option<()>), <tokio[f7463f88606d332d]::runtime::scheduler::current_thread::CoreGuard>::enter<<tokio[f7463f88606d332d]::runtime::scheduler::current_thread::CoreGuard>::block_on<core[df12db4294e9bfd3]::pin::Pin<&mut core[df12db4294e9bfd3]::pin::Pin<&mut dyn core[df12db4294e9bfd3]::future::future::Future<Output = ()>>>>::{closure#0}, core[df12db4294e9bfd3]::option::Option<()>>::{closure#0}>::{closure#0}, (alloc[2182bb758b4b3781]::boxed::Box<tokio[f7463f88606d332d]::runtime::scheduler::current_thread::Core>, core[df12db4294e9bfd3]::option::Option<()>)>
[INFO] [stdout]                                at /rustc/dfb0accb7f508ae8be965d8629557221c889dd98/library/std/src/thread/local.rs:463:12
[INFO] [stdout]   32:     0x59e3d35eadee - <std[70759c8f55707aa4]::thread::local::LocalKey<tokio[f7463f88606d332d]::runtime::context::Context>>::with::<tokio[f7463f88606d332d]::runtime::context::set_scheduler<(alloc[2182bb758b4b3781]::boxed::Box<tokio[f7463f88606d332d]::runtime::scheduler::current_thread::Core>, core[df12db4294e9bfd3]::option::Option<()>), <tokio[f7463f88606d332d]::runtime::scheduler::current_thread::CoreGuard>::enter<<tokio[f7463f88606d332d]::runtime::scheduler::current_thread::CoreGuard>::block_on<core[df12db4294e9bfd3]::pin::Pin<&mut core[df12db4294e9bfd3]::pin::Pin<&mut dyn core[df12db4294e9bfd3]::future::future::Future<Output = ()>>>>::{closure#0}, core[df12db4294e9bfd3]::option::Option<()>>::{closure#0}>::{closure#0}, (alloc[2182bb758b4b3781]::boxed::Box<tokio[f7463f88606d332d]::runtime::scheduler::current_thread::Core>, core[df12db4294e9bfd3]::option::Option<()>)>
[INFO] [stdout]                                at /rustc/dfb0accb7f508ae8be965d8629557221c889dd98/library/std/src/thread/local.rs:427:20
[INFO] [stdout]   33:     0x59e3d36990fd - tokio[f7463f88606d332d]::runtime::context::set_scheduler::<(alloc[2182bb758b4b3781]::boxed::Box<tokio[f7463f88606d332d]::runtime::scheduler::current_thread::Core>, core[df12db4294e9bfd3]::option::Option<()>), <tokio[f7463f88606d332d]::runtime::scheduler::current_thread::CoreGuard>::enter<<tokio[f7463f88606d332d]::runtime::scheduler::current_thread::CoreGuard>::block_on<core[df12db4294e9bfd3]::pin::Pin<&mut core[df12db4294e9bfd3]::pin::Pin<&mut dyn core[df12db4294e9bfd3]::future::future::Future<Output = ()>>>>::{closure#0}, core[df12db4294e9bfd3]::option::Option<()>>::{closure#0}>
[INFO] [stdout]                                at /opt/rustwide/cargo-home/registry/src/index.crates.io-1949cf8c6b5b557f/tokio-1.49.0/src/runtime/context.rs:176:17
[INFO] [stdout]   34:     0x59e3d35aab40 - <tokio[f7463f88606d332d]::runtime::scheduler::current_thread::CoreGuard>::enter::<<tokio[f7463f88606d332d]::runtime::scheduler::current_thread::CoreGuard>::block_on<core[df12db4294e9bfd3]::pin::Pin<&mut core[df12db4294e9bfd3]::pin::Pin<&mut dyn core[df12db4294e9bfd3]::future::future::Future<Output = ()>>>>::{closure#0}, core[df12db4294e9bfd3]::option::Option<()>>
[INFO] [stdout]                                at /opt/rustwide/cargo-home/registry/src/index.crates.io-1949cf8c6b5b557f/tokio-1.49.0/src/runtime/scheduler/current_thread/mod.rs:840:27
[INFO] [stdout]   35:     0x59e3d35b1d36 - <tokio[f7463f88606d332d]::runtime::scheduler::current_thread::CoreGuard>::block_on::<core[df12db4294e9bfd3]::pin::Pin<&mut core[df12db4294e9bfd3]::pin::Pin<&mut dyn core[df12db4294e9bfd3]::future::future::Future<Output = ()>>>>
[INFO] [stdout]                                at /opt/rustwide/cargo-home/registry/src/index.crates.io-1949cf8c6b5b557f/tokio-1.49.0/src/runtime/scheduler/current_thread/mod.rs:740:24
[INFO] [stdout]   36:     0x59e3d35b7e80 - <tokio[f7463f88606d332d]::runtime::scheduler::current_thread::CurrentThread>::block_on::<core[df12db4294e9bfd3]::pin::Pin<&mut dyn core[df12db4294e9bfd3]::future::future::Future<Output = ()>>>::{closure#0}
[INFO] [stdout]                                at /opt/rustwide/cargo-home/registry/src/index.crates.io-1949cf8c6b5b557f/tokio-1.49.0/src/runtime/scheduler/current_thread/mod.rs:200:33
[INFO] [stdout]   37:     0x59e3d362b0b8 - tokio[f7463f88606d332d]::runtime::context::runtime::enter_runtime::<<tokio[f7463f88606d332d]::runtime::scheduler::current_thread::CurrentThread>::block_on<core[df12db4294e9bfd3]::pin::Pin<&mut dyn core[df12db4294e9bfd3]::future::future::Future<Output = ()>>>::{closure#0}, ()>
[INFO] [stdout]                                at /opt/rustwide/cargo-home/registry/src/index.crates.io-1949cf8c6b5b557f/tokio-1.49.0/src/runtime/context/runtime.rs:65:16
[INFO] [stdout]   38:     0x59e3d358bf94 - <tokio[f7463f88606d332d]::runtime::scheduler::current_thread::CurrentThread>::block_on::<core[df12db4294e9bfd3]::pin::Pin<&mut dyn core[df12db4294e9bfd3]::future::future::Future<Output = ()>>>
[INFO] [stdout]                                at /opt/rustwide/cargo-home/registry/src/index.crates.io-1949cf8c6b5b557f/tokio-1.49.0/src/runtime/scheduler/current_thread/mod.rs:188:9
[INFO] [stdout]   39:     0x59e3d36ba70f - <tokio[f7463f88606d332d]::runtime::runtime::Runtime>::block_on_inner::<core[df12db4294e9bfd3]::pin::Pin<&mut dyn core[df12db4294e9bfd3]::future::future::Future<Output = ()>>>
[INFO] [stdout]                                at /opt/rustwide/cargo-home/registry/src/index.crates.io-1949cf8c6b5b557f/tokio-1.49.0/src/runtime/runtime.rs:368:52
[INFO] [stdout]   40:     0x59e3d36bd0eb - <tokio[f7463f88606d332d]::runtime::runtime::Runtime>::block_on::<core[df12db4294e9bfd3]::pin::Pin<&mut dyn core[df12db4294e9bfd3]::future::future::Future<Output = ()>>>
[INFO] [stdout]                                at /opt/rustwide/cargo-home/registry/src/index.crates.io-1949cf8c6b5b557f/tokio-1.49.0/src/runtime/runtime.rs:342:18
[INFO] [stdout]   41:     0x59e3d36e1ba7 - test_suite[39430e0d8563bc86]::unit::util::test_ping_localhost
[INFO] [stdout]                                at /opt/rustwide/workdir/tests/unit/util.rs:339:56
[INFO] [stdout]   42:     0x59e3d36dab27 - test_suite[39430e0d8563bc86]::unit::util::test_ping_localhost::{closure#0}
[INFO] [stdout]                                at /opt/rustwide/workdir/tests/unit/util.rs:336:31
[INFO] [stdout]   43:     0x59e3d36239f6 - <test_suite[39430e0d8563bc86]::unit::util::test_ping_localhost::{closure#0} as core[df12db4294e9bfd3]::ops::function::FnOnce<()>>::call_once
[INFO] [stdout]                                at /rustc/dfb0accb7f508ae8be965d8629557221c889dd98/library/core/src/ops/function.rs:250:5
[INFO] [stdout]   44:     0x59e3d371a91b - <fn() -> core[df12db4294e9bfd3]::result::Result<(), alloc[2182bb758b4b3781]::string::String> as core[df12db4294e9bfd3]::ops::function::FnOnce<()>>::call_once
[INFO] [stdout]                                at /rustc/dfb0accb7f508ae8be965d8629557221c889dd98/library/core/src/ops/function.rs:250:5
[INFO] [stdout]   45:     0x59e3d371a91b - test[9d35eded1c95d3be]::__rust_begin_short_backtrace::<core[df12db4294e9bfd3]::result::Result<(), alloc[2182bb758b4b3781]::string::String>, fn() -> core[df12db4294e9bfd3]::result::Result<(), alloc[2182bb758b4b3781]::string::String>>
[INFO] [stdout]                                at /rustc/dfb0accb7f508ae8be965d8629557221c889dd98/library/test/src/lib.rs:733:18
[INFO] [stdout]   46:     0x59e3d3727f85 - test[9d35eded1c95d3be]::run_test_in_process::{closure#0}
[INFO] [stdout]                                at /rustc/dfb0accb7f508ae8be965d8629557221c889dd98/library/test/src/lib.rs:756:74
[INFO] [stdout]   47:     0x59e3d3727f85 - <core[df12db4294e9bfd3]::panic::unwind_safe::AssertUnwindSafe<test[9d35eded1c95d3be]::run_test_in_process::{closure#0}> as core[df12db4294e9bfd3]::ops::function::FnOnce<()>>::call_once
[INFO] [stdout]                                at /rustc/dfb0accb7f508ae8be965d8629557221c889dd98/library/core/src/panic/unwind_safe.rs:275:9
[INFO] [stdout]   48:     0x59e3d3727f85 - std[70759c8f55707aa4]::panicking::catch_unwind::do_call::<core[df12db4294e9bfd3]::panic::unwind_safe::AssertUnwindSafe<test[9d35eded1c95d3be]::run_test_in_process::{closure#0}>, core[df12db4294e9bfd3]::result::Result<(), alloc[2182bb758b4b3781]::string::String>>
[INFO] [stdout]                                at /rustc/dfb0accb7f508ae8be965d8629557221c889dd98/library/std/src/panicking.rs:576:43
[INFO] [stdout]   49:     0x59e3d3727f85 - std[70759c8f55707aa4]::panicking::catch_unwind::<core[df12db4294e9bfd3]::result::Result<(), alloc[2182bb758b4b3781]::string::String>, core[df12db4294e9bfd3]::panic::unwind_safe::AssertUnwindSafe<test[9d35eded1c95d3be]::run_test_in_process::{closure#0}>>
[INFO] [stdout]                                at /rustc/dfb0accb7f508ae8be965d8629557221c889dd98/library/std/src/panicking.rs:544:19
[INFO] [stdout]   50:     0x59e3d3727f85 - std[70759c8f55707aa4]::panic::catch_unwind::<core[df12db4294e9bfd3]::panic::unwind_safe::AssertUnwindSafe<test[9d35eded1c95d3be]::run_test_in_process::{closure#0}>, core[df12db4294e9bfd3]::result::Result<(), alloc[2182bb758b4b3781]::string::String>>
[INFO] [stdout]                                at /rustc/dfb0accb7f508ae8be965d8629557221c889dd98/library/std/src/panic.rs:359:14
[INFO] [stdout]   51:     0x59e3d3727f85 - test[9d35eded1c95d3be]::run_test_in_process
[INFO] [stdout]                                at /rustc/dfb0accb7f508ae8be965d8629557221c889dd98/library/test/src/lib.rs:756:27
[INFO] [stdout]   52:     0x59e3d3727f85 - test[9d35eded1c95d3be]::run_test::{closure#0}
[INFO] [stdout]                                at /rustc/dfb0accb7f508ae8be965d8629557221c889dd98/library/test/src/lib.rs:677:43
[INFO] [stdout]   53:     0x59e3d3721844 - test[9d35eded1c95d3be]::run_test::{closure#1}
[INFO] [stdout]                                at /rustc/dfb0accb7f508ae8be965d8629557221c889dd98/library/test/src/lib.rs:707:41
[INFO] [stdout]   54:     0x59e3d3721844 - std[70759c8f55707aa4]::sys::backtrace::__rust_begin_short_backtrace::<test[9d35eded1c95d3be]::run_test::{closure#1}, ()>
[INFO] [stdout]                                at /rustc/dfb0accb7f508ae8be965d8629557221c889dd98/library/std/src/sys/backtrace.rs:166:18
[INFO] [stdout]   55:     0x59e3d372b0e2 - std[70759c8f55707aa4]::thread::lifecycle::spawn_unchecked::<test[9d35eded1c95d3be]::run_test::{closure#1}, ()>::{closure#1}::{closure#0}
[INFO] [stdout]                                at /rustc/dfb0accb7f508ae8be965d8629557221c889dd98/library/std/src/thread/lifecycle.rs:70:13
[INFO] [stdout]   56:     0x59e3d372b0e2 - <core[df12db4294e9bfd3]::panic::unwind_safe::AssertUnwindSafe<std[70759c8f55707aa4]::thread::lifecycle::spawn_unchecked<test[9d35eded1c95d3be]::run_test::{closure#1}, ()>::{closure#1}::{closure#0}> as core[df12db4294e9bfd3]::ops::function::FnOnce<()>>::call_once
[INFO] [stdout]                                at /rustc/dfb0accb7f508ae8be965d8629557221c889dd98/library/core/src/panic/unwind_safe.rs:275:9
[INFO] [stdout]   57:     0x59e3d372b0e2 - std[70759c8f55707aa4]::panicking::catch_unwind::do_call::<core[df12db4294e9bfd3]::panic::unwind_safe::AssertUnwindSafe<std[70759c8f55707aa4]::thread::lifecycle::spawn_unchecked<test[9d35eded1c95d3be]::run_test::{closure#1}, ()>::{closure#1}::{closure#0}>, ()>
[INFO] [stdout]                                at /rustc/dfb0accb7f508ae8be965d8629557221c889dd98/library/std/src/panicking.rs:576:43
[INFO] [stdout]   58:     0x59e3d372b0e2 - std[70759c8f55707aa4]::panicking::catch_unwind::<(), core[df12db4294e9bfd3]::panic::unwind_safe::AssertUnwindSafe<std[70759c8f55707aa4]::thread::lifecycle::spawn_unchecked<test[9d35eded1c95d3be]::run_test::{closure#1}, ()>::{closure#1}::{closure#0}>>
[INFO] [stdout]                                at /rustc/dfb0accb7f508ae8be965d8629557221c889dd98/library/std/src/panicking.rs:544:19
[INFO] [stdout]   59:     0x59e3d372b0e2 - std[70759c8f55707aa4]::panic::catch_unwind::<core[df12db4294e9bfd3]::panic::unwind_safe::AssertUnwindSafe<std[70759c8f55707aa4]::thread::lifecycle::spawn_unchecked<test[9d35eded1c95d3be]::run_test::{closure#1}, ()>::{closure#1}::{closure#0}>, ()>
[INFO] [stdout]                                at /rustc/dfb0accb7f508ae8be965d8629557221c889dd98/library/std/src/panic.rs:359:14
[INFO] [stdout]   60:     0x59e3d372b0e2 - std[70759c8f55707aa4]::thread::lifecycle::spawn_unchecked::<test[9d35eded1c95d3be]::run_test::{closure#1}, ()>::{closure#1}
[INFO] [stdout]                                at /rustc/dfb0accb7f508ae8be965d8629557221c889dd98/library/std/src/thread/lifecycle.rs:68:26
[INFO] [stdout]   61:     0x59e3d372b0e2 - <std[70759c8f55707aa4]::thread::lifecycle::spawn_unchecked<test[9d35eded1c95d3be]::run_test::{closure#1}, ()>::{closure#1} as core[df12db4294e9bfd3]::ops::function::FnOnce<()>>::call_once::{shim:vtable#0}
[INFO] [stdout]                                at /rustc/dfb0accb7f508ae8be965d8629557221c889dd98/library/core/src/ops/function.rs:250:5
[INFO] [stdout]   62:     0x59e3d431d6b9 - <alloc[2182bb758b4b3781]::boxed::Box<dyn core[df12db4294e9bfd3]::ops::function::FnOnce<(), Output = ()> + core[df12db4294e9bfd3]::marker::Send> as core[df12db4294e9bfd3]::ops::function::FnOnce<()>>::call_once
[INFO] [stdout]                                at /rustc/dfb0accb7f508ae8be965d8629557221c889dd98/library/alloc/src/boxed.rs:2320:9
[INFO] [stdout]   63:     0x59e3d431d6b9 - <std[70759c8f55707aa4]::sys::thread::unix::Thread>::new::thread_start
[INFO] [stdout]                                at /rustc/dfb0accb7f508ae8be965d8629557221c889dd98/library/std/src/sys/thread/unix.rs:123:17
[INFO] [stdout]   64:     0x7bbb82cdcdfa - <unknown>
[INFO] [stdout]   65:     0x7bbb82d703d4 - clone
[INFO] [stdout]   66:                0x0 - <unknown>
[INFO] [stdout] 
[INFO] [stdout] 
[INFO] [stdout] failures:
[INFO] [stdout]     unit::util::test_ping_localhost
[INFO] [stdout] 
[INFO] [stdout] test result: FAILED. 202 passed; 1 failed; 0 ignored; 0 measured; 0 filtered out; finished in 0.24s
[INFO] [stdout] 
[INFO] [stderr] error: test failed, to rerun pass `--test test_suite`
[INFO] running `Command { std: "docker" "inspect" "9235e29fb862047941296ed10035b7185803de64f38daf5bed6a65caa123baab", kill_on_drop: false }`
[INFO] running `Command { std: "docker" "rm" "-f" "9235e29fb862047941296ed10035b7185803de64f38daf5bed6a65caa123baab", kill_on_drop: false }`
[INFO] [stdout] 9235e29fb862047941296ed10035b7185803de64f38daf5bed6a65caa123baab
