[INFO] cloning repository https://github.com/chrishiguto/chris
[INFO] running `Command { std: "git" "-c" "credential.helper=" "-c" "credential.helper=/workspace/cargo-home/bin/git-credential-null" "clone" "--bare" "https://github.com/chrishiguto/chris" "/workspace/cache/git-repos/https%3A%2F%2Fgithub.com%2Fchrishiguto%2Fchris", kill_on_drop: false }`
[INFO] [stderr] Cloning into bare repository '/workspace/cache/git-repos/https%3A%2F%2Fgithub.com%2Fchrishiguto%2Fchris'...
[INFO] running `Command { std: "git" "rev-parse" "HEAD", kill_on_drop: false }`
[INFO] [stdout] ce5384f6f25ec197756d1a1e44207939587c4cd6
[INFO] testing chrishiguto/chris/ce5384f6f25ec197756d1a1e44207939587c4cd6 against 1.100.0-beta.1 for beta-1.100-2
[INFO] running `Command { std: "git" "clone" "/workspace/cache/git-repos/https%3A%2F%2Fgithub.com%2Fchrishiguto%2Fchris" "/workspace/builds/worker-6-tc2/source", kill_on_drop: false }`
[INFO] [stderr] Cloning into '/workspace/builds/worker-6-tc2/source'...
[INFO] [stderr] done.
[INFO] started tweaking git repo https://github.com/chrishiguto/chris
[INFO] finished tweaking git repo https://github.com/chrishiguto/chris
[INFO] tweaked toml for git repo https://github.com/chrishiguto/chris written to /workspace/builds/worker-6-tc2/source/Cargo.toml
[INFO] validating manifest of git repo https://github.com/chrishiguto/chris on toolchain 1.100.0-beta.1
[INFO] running `Command { std: CARGO_HOME="/workspace/cargo-home" RUSTUP_HOME="/workspace/rustup-home" "/workspace/cargo-home/bin/cargo" "+1.100.0-beta.1" "metadata" "--manifest-path" "Cargo.toml" "--no-deps", kill_on_drop: false }`
[INFO] crate git repo https://github.com/chrishiguto/chris already has a lockfile, it will not be regenerated
[INFO] running `Command { std: CARGO_HOME="/workspace/cargo-home" RUSTUP_HOME="/workspace/rustup-home" "/workspace/cargo-home/bin/cargo" "+1.100.0-beta.1" "fetch" "--manifest-path" "Cargo.toml", kill_on_drop: false }`
[INFO] running `Command { std: "docker" "create" "-v" "/var/lib/crater-agent-workspace/builds/worker-6-tc2/source:/opt/rustwide/workdir:ro,Z" "-v" "/var/lib/crater-agent-workspace/builds/worker-6-tc2/target:/opt/rustwide/target:rw,Z" "-v" "/var/lib/crater-agent-workspace/cargo-home:/opt/rustwide/cargo-home:ro,Z" "-v" "/var/lib/crater-agent-workspace/rustup-home:/opt/rustwide/rustup-home:ro,Z" "-m" "1610612736" "--network" "none" "ghcr.io/rust-lang/crates-build-env/linux@sha256:3111399a4047eeb3a02b7a90e478d715f38a8c6669b5c4b49d30a17385265909" "sleep" "infinity", kill_on_drop: false }`
[INFO] [stdout] 24e52810e440d8f803d25aae47517b64500748f22e1a3444fb57d3187e343b68
[INFO] running `Command { std: "docker" "start" "24e52810e440d8f803d25aae47517b64500748f22e1a3444fb57d3187e343b68", kill_on_drop: false }`
[INFO] running `Command { std: "docker" "inspect" "24e52810e440d8f803d25aae47517b64500748f22e1a3444fb57d3187e343b68", kill_on_drop: false }`
[INFO] running `Command { std: "docker" "exec" "-e" "SOURCE_DIR=/opt/rustwide/workdir" "-e" "CARGO_HOME=/opt/rustwide/cargo-home" "-e" "RUSTUP_HOME=/opt/rustwide/rustup-home" "-e" "CARGO_TARGET_DIR=/opt/rustwide/target" "-w" "/opt/rustwide/workdir" "--user" "0:0" "24e52810e440d8f803d25aae47517b64500748f22e1a3444fb57d3187e343b68" "/opt/rustwide/cargo-home/bin/cargo" "+1.100.0-beta.1" "metadata" "--no-deps" "--format-version=1", kill_on_drop: false }`
[INFO] running `Command { std: "docker" "inspect" "24e52810e440d8f803d25aae47517b64500748f22e1a3444fb57d3187e343b68", kill_on_drop: false }`
[INFO] running `Command { std: "docker" "exec" "-e" "SOURCE_DIR=/opt/rustwide/workdir" "-e" "CARGO_HOME=/opt/rustwide/cargo-home" "-e" "RUSTUP_HOME=/opt/rustwide/rustup-home" "-e" "CARGO_TARGET_DIR=/opt/rustwide/target" "-e" "CARGO_INCREMENTAL=0" "-e" "RUST_BACKTRACE=full" "-e" "RUSTFLAGS=--cap-lints=warn" "-e" "RUSTDOCFLAGS=--cap-lints=warn" "-w" "/opt/rustwide/workdir" "--user" "0:0" "24e52810e440d8f803d25aae47517b64500748f22e1a3444fb57d3187e343b68" "/opt/rustwide/cargo-home/bin/cargo" "+1.100.0-beta.1" "build" "--frozen" "--message-format=json", kill_on_drop: false }`
[INFO] [stderr]    Compiling proc-macro2 v1.0.106
[INFO] [stderr]    Compiling quote v1.0.46
[INFO] [stderr]    Compiling memchr v2.8.2
[INFO] [stderr]    Compiling semver v1.0.28
[INFO] [stderr]    Compiling serde v1.0.228
[INFO] [stderr]    Compiling wasm-bindgen-shared v0.2.126
[INFO] [stderr]    Compiling futures-sink v0.3.32
[INFO] [stderr]    Compiling slab v0.4.12
[INFO] [stderr]    Compiling futures-io v0.3.32
[INFO] [stderr]    Compiling bumpalo v3.20.3
[INFO] [stderr]    Compiling hashbrown v0.17.1
[INFO] [stderr]    Compiling once_cell v1.21.4
[INFO] [stderr]    Compiling wasm-bindgen v0.2.126
[INFO] [stderr]    Compiling smallvec v1.15.2
[INFO] [stderr]    Compiling serde_json v1.0.150
[INFO] [stderr]    Compiling convert_case v0.11.0
[INFO] [stderr]    Compiling futures-channel v0.3.32
[INFO] [stderr]    Compiling or_poisoned v0.1.0
[INFO] [stderr]    Compiling libc v0.2.186
[INFO] [stderr]    Compiling concurrent-queue v2.5.0
[INFO] [stderr]    Compiling proc-macro2-diagnostics v0.10.1
[INFO] [stderr]    Compiling throw_error v0.3.1
[INFO] [stderr]    Compiling slotmap v1.1.1
[INFO] [stderr]    Compiling konst_macro_rules v0.2.19
[INFO] [stderr]    Compiling rustc_version v0.4.1
[INFO] [stderr]    Compiling unicode-xid v0.2.6
[INFO] [stderr]    Compiling yansi v1.0.1
[INFO] [stderr]    Compiling event-listener v5.4.1
[INFO] [stderr]    Compiling send_wrapper v0.6.0
[INFO] [stderr]    Compiling konst v0.2.20
[INFO] [stderr]    Compiling either v1.16.0
[INFO] [stderr]    Compiling guardian v1.3.0
[INFO] [stderr]    Compiling camino v1.2.4
[INFO] [stderr]    Compiling xxhash-rust v0.8.16
[INFO] [stderr]    Compiling anyhow v1.0.103
[INFO] [stderr]    Compiling rustc-hash v2.1.3
[INFO] [stderr]    Compiling utf8-width v0.1.8
[INFO] [stderr]    Compiling server_fn_macro v0.8.10
[INFO] [stderr]    Compiling reactive_graph v0.2.14
[INFO] [stderr]    Compiling html-escape v0.2.13
[INFO] [stderr]    Compiling tachys v0.2.18
[INFO] [stderr]    Compiling bytes v1.12.0
[INFO] [stderr]    Compiling itertools v0.14.0
[INFO] [stderr]    Compiling winnow v1.0.3
[INFO] [stderr]    Compiling getrandom v0.4.3
[INFO] [stderr]    Compiling aho-corasick v1.1.4
[INFO] [stderr]    Compiling server_fn v0.8.13
[INFO] [stderr]    Compiling event-listener-strategy v0.5.4
[INFO] [stderr]    Compiling either_of v0.1.9
[INFO] [stderr]    Compiling indexmap v2.14.0
[INFO] [stderr]    Compiling async-lock v3.4.2
[INFO] [stderr]    Compiling digest v0.10.7
[INFO] [stderr]    Compiling toml_datetime v1.1.1+spec-1.1.0
[INFO] [stderr]    Compiling serde_spanned v1.1.1
[INFO] [stderr]    Compiling next_tuple v0.1.0
[INFO] [stderr]    Compiling erased v0.1.2
[INFO] [stderr]    Compiling interpolator v0.5.0
[INFO] [stderr]    Compiling const_str_slice_concat v0.1.0
[INFO] [stderr]    Compiling syn v2.0.118
[INFO] [stderr]    Compiling proc-macro-utils v0.10.0
[INFO] [stderr]    Compiling drain_filter_polyfill v0.1.3
[INFO] [stderr]    Compiling collection_literals v1.0.3
[INFO] [stderr]    Compiling http v1.4.2
[INFO] [stderr]    Compiling regex-syntax v0.8.11
[INFO] [stderr]    Compiling sha2 v0.10.9
[INFO] [stderr]    Compiling leptos_macro v0.8.17
[INFO] [stderr]    Compiling proc-macro-error-attr2 v2.0.0
[INFO] [stderr]    Compiling const_format_proc_macros v0.2.34
[INFO] [stderr]    Compiling convert_case v0.6.0
[INFO] [stderr]    Compiling pathdiff v0.2.3
[INFO] [stderr]    Compiling const-str v1.1.0
[INFO] [stderr]    Compiling base16 v0.2.1
[INFO] [stderr]    Compiling manyhow-macros v0.11.4
[INFO] [stderr]    Compiling unicode-id v0.3.6
[INFO] [stderr]    Compiling markdown v1.0.0
[INFO] [stderr]    Compiling uuid v1.23.4
[INFO] [stderr]    Compiling leptos v0.8.20
[INFO] [stderr]    Compiling convert_case_extras v0.2.0
[INFO] [stderr]    Compiling async-once-cell v0.5.4
[INFO] [stderr]    Compiling getrandom v0.3.4
[INFO] [stderr]    Compiling toml_parser v1.1.2+spec-1.1.0
[INFO] [stderr]    Compiling leptos_router v0.8.14
[INFO] [stderr]    Compiling app v0.1.0 (/opt/rustwide/workdir/app)
[INFO] [stderr]    Compiling inventory v0.3.24
[INFO] [stderr]    Compiling toml v1.1.2+spec-1.1.0
[INFO] [stderr]    Compiling const_format v0.2.36
[INFO] [stderr]    Compiling hmac v0.12.1
[INFO] [stderr]    Compiling authn v0.1.0 (/opt/rustwide/workdir/crates/authn)
[INFO] [stderr]    Compiling config v0.15.25
[INFO] [stderr]    Compiling regex-automata v0.4.14
[INFO] [stderr]    Compiling regex v1.12.4
[INFO] [stderr]    Compiling synstructure v0.13.2
[INFO] [stderr]    Compiling wasm-bindgen-macro-support v0.2.126
[INFO] [stderr]    Compiling proc-macro-error2 v2.0.1
[INFO] [stderr]    Compiling manyhow v0.11.4
[INFO] [stderr]    Compiling prettyplease v0.2.37
[INFO] [stderr]    Compiling serde_derive v1.0.228
[INFO] [stderr]    Compiling thiserror-impl v2.0.18
[INFO] [stderr]    Compiling futures-macro v0.3.32
[INFO] [stderr]    Compiling zerofrom-derive v0.1.7
[INFO] [stderr]    Compiling yoke-derive v0.8.2
[INFO] [stderr]    Compiling zerovec-derive v0.11.3
[INFO] [stderr]    Compiling displaydoc v0.2.6
[INFO] [stderr]    Compiling derive-where v1.6.1
[INFO] [stderr]    Compiling syn_derive v0.2.0
[INFO] [stderr]    Compiling thiserror-impl v1.0.69
[INFO] [stderr]    Compiling quote-use-macros v0.8.4
[INFO] [stderr]    Compiling reactive_stores_macro v0.4.3
[INFO] [stderr]    Compiling pin-project-internal v1.1.13
[INFO] [stderr]    Compiling async-trait v0.1.89
[INFO] [stderr]    Compiling typed-builder-macro v0.23.2
[INFO] [stderr]    Compiling quote-use v0.8.4
[INFO] [stderr]    Compiling futures-util v0.3.32
[INFO] [stderr]    Compiling attribute-derive-macro v0.10.5
[INFO] [stderr]    Compiling server_fn_macro_default v0.8.5
[INFO] [stderr]    Compiling wasm_split_macros v0.2.2
[INFO] [stderr]    Compiling leptos_router_macro v0.8.6
[INFO] [stderr]    Compiling registry-macro v0.1.0 (/opt/rustwide/workdir/crates/registry-macro)
[INFO] [stderr]    Compiling wasm_split_helpers v0.2.3
[INFO] [stderr]    Compiling thiserror v1.0.69
[INFO] [stderr]    Compiling pin-project v1.1.13
[INFO] [stderr]    Compiling zerofrom v0.1.8
[INFO] [stderr]    Compiling yoke v0.8.3
[INFO] [stderr]    Compiling attribute-derive v0.10.5
[INFO] [stderr]    Compiling thiserror v2.0.18
[INFO] [stderr]    Compiling rstml v0.12.1
[INFO] [stderr]    Compiling zerovec v0.11.6
[INFO] [stderr]    Compiling zerotrie v0.2.4
[INFO] [stderr]    Compiling typed-builder v0.23.2
[INFO] [stderr]    Compiling tinystr v0.8.3
[INFO] [stderr]    Compiling potential_utf v0.1.5
[INFO] [stderr]    Compiling icu_collections v2.2.0
[INFO] [stderr]    Compiling wasm-bindgen-macro v0.2.126
[INFO] [stderr]    Compiling icu_locale_core v2.2.0
[INFO] [stderr]    Compiling leptos_hot_reload v0.8.6
[INFO] [stderr]    Compiling oco_ref v0.2.1
[INFO] [stderr]    Compiling serde_qs v0.15.0
[INFO] [stderr]    Compiling serde_yaml v0.9.34+deprecated
[INFO] [stderr]    Compiling codee v0.3.5
[INFO] [stderr]    Compiling leptos_config v0.8.10
[INFO] [stderr]    Compiling icu_provider v2.2.0
[INFO] [stderr]    Compiling icu_normalizer v2.2.0
[INFO] [stderr]    Compiling icu_properties v2.2.0
[INFO] [stderr]    Compiling futures-executor v0.3.32
[INFO] [stderr]    Compiling futures v0.3.32
[INFO] [stderr]    Compiling hydration_context v0.3.1
[INFO] [stderr]    Compiling js-sys v0.3.103
[INFO] [stderr]    Compiling content v0.1.0 (/opt/rustwide/workdir/crates/content)
[INFO] [stderr]    Compiling idna_adapter v1.2.2
[INFO] [stderr]    Compiling idna v1.1.0
[INFO] [stderr]    Compiling url v2.5.8
[INFO] [stderr]    Compiling publish v0.1.0 (/opt/rustwide/workdir/crates/publish)
[INFO] [stderr]    Compiling site v0.1.0 (/opt/rustwide/workdir/workers/site)
[INFO] [stderr]    Compiling wasm-bindgen-futures v0.4.76
[INFO] [stderr]    Compiling web-sys v0.3.103
[INFO] [stderr]    Compiling any_spawner v0.3.0
[INFO] [stderr]    Compiling reactive_stores v0.4.3
[INFO] [stderr]    Compiling gloo-utils v0.2.0
[INFO] [stderr]    Compiling gloo-net v0.6.0
[INFO] [stderr]    Compiling wasm-streams v0.5.0
[INFO] [stderr]    Compiling leptos_server v0.8.7
[INFO] [stderr]    Compiling leptos_dom v0.8.8
[INFO] [stderr]    Compiling leptos_meta v0.8.6
[INFO] [stderr]    Compiling registry v0.1.0 (/opt/rustwide/workdir/crates/registry)
[INFO] [stderr]    Compiling xtask v0.1.0 (/opt/rustwide/workdir/crates/xtask)
[INFO] [stderr]    Compiling pipeline v0.1.0 (/opt/rustwide/workdir/workers/pipeline)
[INFO] [stderr] warning: unused dependency `getrandom`
[INFO] [stderr]   --> app/Cargo.toml:11:1
[INFO] [stderr]    |
[INFO] [stderr] 11 | getrandom = { workspace = true }
[INFO] [stderr]    | ^^^^^^^^^^^^^^^^^^^^^^^^^^^^^^^^
[INFO] [stderr]    |
[INFO] [stderr]    = note: `cargo::unused_dependencies` is set to `warn` by default
[INFO] [stderr] help: consider removing the dependency on `getrandom`
[INFO] [stderr] warning: unused dependency `getrandom03`
[INFO] [stderr]   --> app/Cargo.toml:12:1
[INFO] [stderr]    |
[INFO] [stderr] 12 | getrandom03 = { workspace = true }
[INFO] [stderr]    | ^^^^^^^^^^^^^^^^^^^^^^^^^^^^^^^^^^
[INFO] [stderr]    |
[INFO] [stderr] help: consider removing the dependency on `getrandom03`
[INFO] [stderr] warning: `app` (manifest) generated 2 warnings
[INFO] [stderr] warning: unused dependency `app`
[INFO] [stderr]   --> workers/pipeline/Cargo.toml:12:1
[INFO] [stderr]    |
[INFO] [stderr] 12 | app = { workspace = true }
[INFO] [stderr]    | ^^^^^^^^^^^^^^^^^^^^^^^^^^
[INFO] [stderr]    |
[INFO] [stderr]    = note: `cargo::unused_dependencies` is set to `warn` by default
[INFO] [stderr] help: consider removing the dependency on `app`
[INFO] [stderr] warning: unused dependency `publish`
[INFO] [stderr]   --> workers/pipeline/Cargo.toml:17:1
[INFO] [stderr]    |
[INFO] [stderr] 17 | publish = { workspace = true }
[INFO] [stderr]    | ^^^^^^^^^^^^^^^^^^^^^^^^^^^^^^
[INFO] [stderr]    |
[INFO] [stderr] help: consider removing the dependency on `publish`
[INFO] [stderr] warning: `pipeline` (manifest) generated 2 warnings
[INFO] [stderr] warning: unused dependency `getrandom`
[INFO] [stderr]   --> workers/site/Cargo.toml:20:1
[INFO] [stderr]    |
[INFO] [stderr] 20 | getrandom = { workspace = true }
[INFO] [stderr]    | ^^^^^^^^^^^^^^^^^^^^^^^^^^^^^^^^
[INFO] [stderr]    |
[INFO] [stderr]    = note: `cargo::unused_dependencies` is set to `warn` by default
[INFO] [stderr] help: consider removing the dependency on `getrandom`
[INFO] [stderr] warning: unused dependency `getrandom03`
[INFO] [stderr]   --> workers/site/Cargo.toml:21:1
[INFO] [stderr]    |
[INFO] [stderr] 21 | getrandom03 = { workspace = true }
[INFO] [stderr]    | ^^^^^^^^^^^^^^^^^^^^^^^^^^^^^^^^^^
[INFO] [stderr]    |
[INFO] [stderr] help: consider removing the dependency on `getrandom03`
[INFO] [stderr] warning: `site` (manifest) generated 2 warnings
[INFO] [stderr]     Finished `dev` profile [unoptimized + debuginfo] target(s) in 1m 59s
[INFO] [stderr] warning: the following packages contain code that will be rejected by a future version of Rust: attribute-derive-macro v0.10.5, proc-macro-error2 v2.0.1
[INFO] [stderr] note: to see what the problems were, use the option `--future-incompat-report`, or run `cargo report future-incompatibilities --id 1`
[INFO] running `Command { std: "docker" "inspect" "24e52810e440d8f803d25aae47517b64500748f22e1a3444fb57d3187e343b68", kill_on_drop: false }`
[INFO] running `Command { std: "docker" "exec" "-e" "SOURCE_DIR=/opt/rustwide/workdir" "-e" "CARGO_HOME=/opt/rustwide/cargo-home" "-e" "RUSTUP_HOME=/opt/rustwide/rustup-home" "-e" "CARGO_TARGET_DIR=/opt/rustwide/target" "-e" "CARGO_INCREMENTAL=0" "-e" "RUST_BACKTRACE=full" "-e" "RUSTFLAGS=--cap-lints=warn" "-e" "RUSTDOCFLAGS=--cap-lints=warn" "-w" "/opt/rustwide/workdir" "--user" "0:0" "24e52810e440d8f803d25aae47517b64500748f22e1a3444fb57d3187e343b68" "/opt/rustwide/cargo-home/bin/cargo" "+1.100.0-beta.1" "test" "--frozen" "--no-run" "--message-format=json", kill_on_drop: false }`
[INFO] [stderr]    Compiling server_fn_macro v0.8.10
[INFO] [stderr]    Compiling hydration_context v0.3.1
[INFO] [stderr]    Compiling toml_parser v1.1.2+spec-1.1.0
[INFO] [stderr]    Compiling toml_datetime v1.1.1+spec-1.1.0
[INFO] [stderr]    Compiling serde_spanned v1.1.1
[INFO] [stderr]    Compiling tachys v0.2.18
[INFO] [stderr]    Compiling toml_writer v1.1.1+spec-1.1.0
[INFO] [stderr]    Compiling server_fn v0.8.13
[INFO] [stderr]    Compiling leptos_macro v0.8.17
[INFO] [stderr]    Compiling leptos v0.8.20
[INFO] [stderr]    Compiling registry-macro v0.1.0 (/opt/rustwide/workdir/crates/registry-macro)
[INFO] [stderr]    Compiling target-triple v1.0.0
[INFO] [stderr]    Compiling termcolor v1.4.1
[INFO] [stderr]    Compiling authn v0.1.0 (/opt/rustwide/workdir/crates/authn)
[INFO] [stderr]    Compiling publish v0.1.0 (/opt/rustwide/workdir/crates/publish)
[INFO] [stderr]    Compiling site v0.1.0 (/opt/rustwide/workdir/workers/site)
[INFO] [stderr]    Compiling content v0.1.0 (/opt/rustwide/workdir/crates/content)
[INFO] [stderr]    Compiling reactive_graph v0.2.14
[INFO] [stderr]    Compiling server_fn_macro_default v0.8.5
[INFO] [stderr]    Compiling toml v1.1.2+spec-1.1.0
[INFO] [stderr]    Compiling config v0.15.25
[INFO] [stderr]    Compiling trybuild v1.0.117
[INFO] [stderr]    Compiling reactive_stores v0.4.3
[INFO] [stderr]    Compiling leptos_config v0.8.10
[INFO] [stderr]    Compiling leptos_dom v0.8.8
[INFO] [stderr]    Compiling leptos_server v0.8.7
[INFO] [stderr]    Compiling registry v0.1.0 (/opt/rustwide/workdir/crates/registry)
[INFO] [stderr]    Compiling leptos_router v0.8.14
[INFO] [stderr]    Compiling leptos_meta v0.8.6
[INFO] [stderr]    Compiling app v0.1.0 (/opt/rustwide/workdir/app)
[INFO] [stderr]    Compiling xtask v0.1.0 (/opt/rustwide/workdir/crates/xtask)
[INFO] [stderr]    Compiling pipeline v0.1.0 (/opt/rustwide/workdir/workers/pipeline)
[INFO] [stderr] warning: unused dependency `getrandom`
[INFO] [stderr]   --> app/Cargo.toml:11:1
[INFO] [stderr]    |
[INFO] [stderr] 11 | getrandom = { workspace = true }
[INFO] [stderr]    | ^^^^^^^^^^^^^^^^^^^^^^^^^^^^^^^^
[INFO] [stderr]    |
[INFO] [stderr]    = note: `cargo::unused_dependencies` is set to `warn` by default
[INFO] [stderr] help: consider removing the dependency on `getrandom`
[INFO] [stderr] warning: unused dependency `getrandom03`
[INFO] [stderr]   --> app/Cargo.toml:12:1
[INFO] [stderr]    |
[INFO] [stderr] 12 | getrandom03 = { workspace = true }
[INFO] [stderr]    | ^^^^^^^^^^^^^^^^^^^^^^^^^^^^^^^^^^
[INFO] [stderr]    |
[INFO] [stderr] help: consider removing the dependency on `getrandom03`
[INFO] [stderr] warning: `app` (manifest) generated 2 warnings
[INFO] [stderr] warning: unused dependency `app`
[INFO] [stderr]   --> workers/pipeline/Cargo.toml:12:1
[INFO] [stderr]    |
[INFO] [stderr] 12 | app = { workspace = true }
[INFO] [stderr]    | ^^^^^^^^^^^^^^^^^^^^^^^^^^
[INFO] [stderr]    |
[INFO] [stderr]    = note: `cargo::unused_dependencies` is set to `warn` by default
[INFO] [stderr] help: consider removing the dependency on `app`
[INFO] [stderr] help: to still use for development builds, move to `dev-dependencies`
[INFO] [stderr] warning: unused dependency `publish`
[INFO] [stderr]   --> workers/pipeline/Cargo.toml:17:1
[INFO] [stderr]    |
[INFO] [stderr] 17 | publish = { workspace = true }
[INFO] [stderr]    | ^^^^^^^^^^^^^^^^^^^^^^^^^^^^^^
[INFO] [stderr]    |
[INFO] [stderr] help: consider removing the dependency on `publish`
[INFO] [stderr] warning: `pipeline` (manifest) generated 2 warnings
[INFO] [stderr] warning: unused dependency `getrandom`
[INFO] [stderr]   --> workers/site/Cargo.toml:20:1
[INFO] [stderr]    |
[INFO] [stderr] 20 | getrandom = { workspace = true }
[INFO] [stderr]    | ^^^^^^^^^^^^^^^^^^^^^^^^^^^^^^^^
[INFO] [stderr]    |
[INFO] [stderr]    = note: `cargo::unused_dependencies` is set to `warn` by default
[INFO] [stderr] help: consider removing the dependency on `getrandom`
[INFO] [stderr] warning: unused dependency `getrandom03`
[INFO] [stderr]   --> workers/site/Cargo.toml:21:1
[INFO] [stderr]    |
[INFO] [stderr] 21 | getrandom03 = { workspace = true }
[INFO] [stderr]    | ^^^^^^^^^^^^^^^^^^^^^^^^^^^^^^^^^^
[INFO] [stderr]    |
[INFO] [stderr] help: consider removing the dependency on `getrandom03`
[INFO] [stderr] warning: `site` (manifest) generated 2 warnings
[INFO] [stderr]     Finished `test` profile [unoptimized + debuginfo] target(s) in 1m 00s
[INFO] [stderr] warning: the following packages contain code that will be rejected by a future version of Rust: attribute-derive-macro v0.10.5, proc-macro-error2 v2.0.1
[INFO] [stderr] note: to see what the problems were, use the option `--future-incompat-report`, or run `cargo report future-incompatibilities --id 1`
[INFO] running `Command { std: "docker" "inspect" "24e52810e440d8f803d25aae47517b64500748f22e1a3444fb57d3187e343b68", kill_on_drop: false }`
[INFO] running `Command { std: "docker" "exec" "-e" "SOURCE_DIR=/opt/rustwide/workdir" "-e" "CARGO_HOME=/opt/rustwide/cargo-home" "-e" "RUSTUP_HOME=/opt/rustwide/rustup-home" "-e" "CARGO_TARGET_DIR=/opt/rustwide/target" "-e" "CARGO_INCREMENTAL=0" "-e" "RUST_BACKTRACE=full" "-e" "RUSTFLAGS=--cap-lints=warn" "-e" "RUSTDOCFLAGS=--cap-lints=warn" "-w" "/opt/rustwide/workdir" "--user" "0:0" "24e52810e440d8f803d25aae47517b64500748f22e1a3444fb57d3187e343b68" "/opt/rustwide/cargo-home/bin/cargo" "+1.100.0-beta.1" "test" "--frozen", kill_on_drop: false }`
[INFO] [stderr] warning: unused dependency `getrandom`
[INFO] [stderr]   --> app/Cargo.toml:11:1
[INFO] [stderr]    |
[INFO] [stderr] 11 | getrandom = { workspace = true }
[INFO] [stderr]    | ^^^^^^^^^^^^^^^^^^^^^^^^^^^^^^^^
[INFO] [stderr]    |
[INFO] [stderr]    = note: `cargo::unused_dependencies` is set to `warn` by default
[INFO] [stderr] help: consider removing the dependency on `getrandom`
[INFO] [stderr] warning: unused dependency `getrandom03`
[INFO] [stderr]   --> app/Cargo.toml:12:1
[INFO] [stderr]    |
[INFO] [stderr] 12 | getrandom03 = { workspace = true }
[INFO] [stderr]    | ^^^^^^^^^^^^^^^^^^^^^^^^^^^^^^^^^^
[INFO] [stderr]    |
[INFO] [stderr] help: consider removing the dependency on `getrandom03`
[INFO] [stderr] warning: `app` (manifest) generated 2 warnings
[INFO] [stderr] warning: unused dependency `app`
[INFO] [stderr]   --> workers/pipeline/Cargo.toml:12:1
[INFO] [stderr]    |
[INFO] [stderr] 12 | app = { workspace = true }
[INFO] [stderr]    | ^^^^^^^^^^^^^^^^^^^^^^^^^^
[INFO] [stderr]    |
[INFO] [stderr]    = note: `cargo::unused_dependencies` is set to `warn` by default
[INFO] [stderr] help: consider removing the dependency on `app`
[INFO] [stderr] help: to still use for development builds, move to `dev-dependencies`
[INFO] [stderr] warning: unused dependency `publish`
[INFO] [stderr]   --> workers/pipeline/Cargo.toml:17:1
[INFO] [stderr]    |
[INFO] [stderr] 17 | publish = { workspace = true }
[INFO] [stderr]    | ^^^^^^^^^^^^^^^^^^^^^^^^^^^^^^
[INFO] [stderr]    |
[INFO] [stderr] help: consider removing the dependency on `publish`
[INFO] [stderr] warning: `pipeline` (manifest) generated 2 warnings
[INFO] [stderr] warning: unused dependency `getrandom`
[INFO] [stderr]   --> workers/site/Cargo.toml:20:1
[INFO] [stderr]    |
[INFO] [stderr] 20 | getrandom = { workspace = true }
[INFO] [stderr]    | ^^^^^^^^^^^^^^^^^^^^^^^^^^^^^^^^
[INFO] [stderr]    |
[INFO] [stderr]    = note: `cargo::unused_dependencies` is set to `warn` by default
[INFO] [stderr] help: consider removing the dependency on `getrandom`
[INFO] [stderr] warning: unused dependency `getrandom03`
[INFO] [stderr]   --> workers/site/Cargo.toml:21:1
[INFO] [stderr]    |
[INFO] [stderr] 21 | getrandom03 = { workspace = true }
[INFO] [stderr]    | ^^^^^^^^^^^^^^^^^^^^^^^^^^^^^^^^^^
[INFO] [stderr]    |
[INFO] [stderr] help: consider removing the dependency on `getrandom03`
[INFO] [stderr] warning: `site` (manifest) generated 2 warnings
[INFO] [stderr]     Finished `test` profile [unoptimized + debuginfo] target(s) in 0.51s
[INFO] [stderr] warning: the following packages contain code that will be rejected by a future version of Rust: attribute-derive-macro v0.10.5, proc-macro-error2 v2.0.1
[INFO] [stderr] note: to see what the problems were, use the option `--future-incompat-report`, or run `cargo report future-incompatibilities --id 1`
[INFO] [stderr]      Running unittests src/lib.rs (/opt/rustwide/target/debug/build/app/72862218c252dfd3/out/app-72862218c252dfd3)
[INFO] [stdout] 
[INFO] [stdout] running 8 tests
[INFO] [stdout] test components::page::tests::page_titles_hang_off_the_site_title ... ok
[INFO] [stdout] test home::tests::ranges_distinguish_current_and_closed_work ... ok
[INFO] [stdout] test components::post_meta::tests::standalone_dates_include_the_year_without_zero_padding ... ok
[INFO] [stdout] test components::post_meta::tests::dates_format_with_every_english_month_name ... ok
[INFO] [stdout] test components::writing_index::tests::union_filter_hides_only_rows_carrying_none_of_the_selection ... ok
[INFO] [stdout] test components::post_meta::tests::malformed_dates_pass_through_unchanged ... ok
[INFO] [stdout] test components::writing_index::tests::newest_first_posts_fold_into_year_groups_in_order ... ok
[INFO] [stdout] test components::post_meta::tests::years_come_from_well_formed_dates_only ... ok
[INFO] [stdout] 
[INFO] [stdout] test result: ok. 8 passed; 0 failed; 0 ignored; 0 measured; 0 filtered out; finished in 0.01s
[INFO] [stdout] 
[INFO] [stderr]      Running tests/chrome.rs (/opt/rustwide/target/debug/build/app/7ea8a8d96fff4bc5/out/chrome-7ea8a8d96fff4bc5)
[INFO] [stdout] 
[INFO] [stdout] running 0 tests
[INFO] [stdout] 
[INFO] [stdout] test result: ok. 0 passed; 0 failed; 0 ignored; 0 measured; 0 filtered out; finished in 0.00s
[INFO] [stdout] 
[INFO] [stderr]      Running tests/colocated.rs (/opt/rustwide/target/debug/build/app/8d52225fa93c31c0/out/colocated-8d52225fa93c31c0)
[INFO] [stdout] 
[INFO] [stdout] running 0 tests
[INFO] [stderr]      Running tests/home.rs (/opt/rustwide/target/debug/build/app/e28d12c1ab2d306d/out/home-e28d12c1ab2d306d)
[INFO] [stdout] 
[INFO] [stdout] test result: ok. 0 passed; 0 failed; 0 ignored; 0 measured; 0 filtered out; finished in 0.00s
[INFO] [stdout] 
[INFO] [stderr]      Running tests/render.rs (/opt/rustwide/target/debug/build/app/89aae9fd2242a8f2/out/render-89aae9fd2242a8f2)
[INFO] [stdout] 
[INFO] [stdout] running 0 tests
[INFO] [stdout] 
[INFO] [stdout] test result: ok. 0 passed; 0 failed; 0 ignored; 0 measured; 0 filtered out; finished in 0.00s
[INFO] [stdout] 
[INFO] [stdout] 
[INFO] [stdout] running 0 tests
[INFO] [stdout] 
[INFO] [stdout] test result: ok. 0 passed; 0 failed; 0 ignored; 0 measured; 0 filtered out; finished in 0.00s
[INFO] [stdout] 
[INFO] [stderr]      Running tests/shell.rs (/opt/rustwide/target/debug/build/app/42732dbae0a11d21/out/shell-42732dbae0a11d21)
[INFO] [stdout] 
[INFO] [stderr]      Running tests/writing.rs (/opt/rustwide/target/debug/build/app/3ea484070f020456/out/writing-3ea484070f020456)
[INFO] [stdout] running 0 tests
[INFO] [stdout] 
[INFO] [stdout] test result: ok. 0 passed; 0 failed; 0 ignored; 0 measured; 0 filtered out; finished in 0.00s
[INFO] [stdout] 
[INFO] [stdout] 
[INFO] [stdout] running 0 tests
[INFO] [stdout] 
[INFO] [stderr]      Running unittests src/lib.rs (/opt/rustwide/target/debug/build/authn/c448c75bebe4cb9d/out/authn-c448c75bebe4cb9d)
[INFO] [stdout] test result: ok. 0 passed; 0 failed; 0 ignored; 0 measured; 0 filtered out; finished in 0.00s
[INFO] [stdout] 
[INFO] [stdout] 
[INFO] [stdout] running 2 tests
[INFO] [stdout] test tests::bearer_rejects_everything_else ... ok
[INFO] [stderr]      Running unittests src/lib.rs (/opt/rustwide/target/debug/build/content/a5393c7c7559c10f/out/content-a5393c7c7559c10f)
[INFO] [stdout] test tests::bearer_accepts_the_exact_token ... ok
[INFO] [stdout] 
[INFO] [stdout] test result: ok. 2 passed; 0 failed; 0 ignored; 0 measured; 0 filtered out; finished in 0.00s
[INFO] [stdout] 
[INFO] [stdout] 
[INFO] [stdout] running 12 tests
[INFO] [stdout] test routes::tests::writing_is_the_one_listing_page ... ok
[INFO] [stdout] test routes::tests::snapshot_key_sha_rejects_non_snapshot_keys ... ok
[INFO] [stdout] test routes::tests::keys_at_a_pointer_fall_back_to_the_flat_layout ... ok
[INFO] [stdout] test routes::tests::source_path_inverts_post_slug ... ok
[INFO] [stdout] test routes::tests::tag_filter_selection_inverts_the_paths_over_decoded_values ... ok
[INFO] [stdout] test routes::tests::valid_tag_admits_only_the_comma_safe_slug_charset ... ok
[INFO] [stdout] test routes::tests::snapshot_key_sha_inverts_the_key_builders ... ok
[INFO] [stdout] test routes::tests::tag_filter_path_rides_the_writing_query ... ok
[INFO] [stdout] test routes::tests::tag_filter_path_selected_sorts_tags_and_bares_the_empty_selection ... ok
[INFO] [stdout] test routes::tests::post_slug_matches_only_post_sources ... ok
[INFO] [stdout] test routes::tests::cache_tags_name_one_post_or_a_shared_scope ... ok
[INFO] [stdout] test routes::tests::static_pages_carry_only_home ... ok
[INFO] [stdout] 
[INFO] [stdout] test result: ok. 12 passed; 0 failed; 0 ignored; 0 measured; 0 filtered out; finished in 0.01s
[INFO] [stdout] 
[INFO] [stderr]      Running tests/derived.rs (/opt/rustwide/target/debug/build/content/f02fb06382d72c1b/out/derived-f02fb06382d72c1b)
[INFO] [stdout] 
[INFO] [stdout] running 5 tests
[INFO] [stdout] test read_time_counts_words_in_nested_nodes ... ok
[INFO] [stdout] test read_time_rounds_up_at_200_wpm ... ok
[INFO] [stderr]      Running tests/diagnostics.rs (/opt/rustwide/target/debug/build/content/08a0de4c095e2f25/out/diagnostics-08a0de4c095e2f25)
[INFO] [stdout] test read_time_floors_at_one_minute ... ok
[INFO] [stdout] test read_time_excludes_image_alt_text ... ok
[INFO] [stdout] test read_time_excludes_code_blocks ... ok
[INFO] [stdout] 
[INFO] [stdout] test result: ok. 5 passed; 0 failed; 0 ignored; 0 measured; 0 filtered out; finished in 0.01s
[INFO] [stdout] 
[INFO] [stdout] 
[INFO] [stdout] running 14 tests
[INFO] [stdout] test parse_named_stamps_the_file_into_diagnostics ... ok
[INFO] [stderr]      Running tests/golden.rs (/opt/rustwide/target/debug/build/content/83edf2fb78d07a10/out/golden-83edf2fb78d07a10)
[INFO] [stdout] test braced_string_prop_suggests_plain_quotes ... ok
[INFO] [stdout] test multiple_problems_are_all_reported ... ok
[INFO] [stdout] test duplicate_html_attributes_are_reported ... ok
[INFO] [stdout] test non_finite_number_props_are_rejected ... ok
[INFO] [stdout] test non_literal_prop_is_rejected_with_location ... ok
[INFO] [stdout] test missing_frontmatter_is_reported_at_line_one ... ok
[INFO] [stdout] test frontmatter_missing_required_field_is_malformed ... ok
[INFO] [stdout] test inline_expression_is_rejected_with_location ... ok
[INFO] [stdout] test malformed_frontmatter_reports_yaml_error_with_location ... ok
[INFO] [stdout] test import_statement_is_rejected_with_location ... ok
[INFO] [stdout] test flow_expression_is_rejected_with_location ... ok
[INFO] [stdout] test spread_attribute_is_rejected ... ok
[INFO] [stdout] test export_statement_is_rejected_with_location ... ok
[INFO] [stdout] 
[INFO] [stdout] test result: ok. 14 passed; 0 failed; 0 ignored; 0 measured; 0 filtered out; finished in 0.17s
[INFO] [stdout] 
[INFO] [stdout] 
[INFO] [stdout] running 3 tests
[INFO] [stdout] test invalid_fixtures_all_produce_diagnostics ... ok
[INFO] [stdout] test golden_json_round_trips_through_content_ir ... ok
[INFO] [stderr]      Running tests/parse.rs (/opt/rustwide/target/debug/build/content/611f8468aaa5c33d/out/parse-611f8468aaa5c33d)
[INFO] [stdout] test valid_fixtures_match_golden_ast_json ... ok
[INFO] [stdout] 
[INFO] [stdout] test result: ok. 3 passed; 0 failed; 0 ignored; 0 measured; 0 filtered out; finished in 0.04s
[INFO] [stdout] 
[INFO] [stdout] 
[INFO] [stdout] running 6 tests
[INFO] [stdout] test exponent_notation_numbers_are_scalar_literals ... ok
[INFO] [stderr]      Running tests/schema.rs (/opt/rustwide/target/debug/build/content/8ad95bfa6f75370e/out/schema-8ad95bfa6f75370e)
[INFO] [stdout] test parses_full_frontmatter ... ok
[INFO] [stdout] test parses_frontmatter_and_prose ... ok
[INFO] [stdout] test parses_component_with_scalar_props_and_markdown_children ... ok
[INFO] [stdout] test lowercase_tags_pass_through_as_html ... ok
[INFO] [stdout] test bare_prop_is_boolean_true ... ok
[INFO] [stdout] 
[INFO] [stdout] test result: ok. 6 passed; 0 failed; 0 ignored; 0 measured; 0 filtered out; finished in 0.02s
[INFO] [stdout] 
[INFO] [stdout] 
[INFO] [stdout] running 11 tests
[INFO] [stdout] test reading_minutes_round_trips_and_stays_absent_when_unset ... ok
[INFO] [stdout] test index_entry_matches_kv_index_shape ... ok
[INFO] [stdout] test old_version_fixture_fails_detectably ... ok
[INFO] [stdout] test old_schema_version_fails_detectably ... ok
[INFO] [stdout] test missing_schema_version_fails_detectably ... ok
[INFO] [stdout] test serde_round_trip_preserves_document ... ok
[INFO] [stdout] test description_round_trips_and_stays_absent_when_unset ... ok
[INFO] [stdout] test old_version_with_old_shape_fails_as_a_version_mismatch ... ok
[INFO] [stdout] test prop_values_serialize_as_bare_scalars ... ok
[INFO] [stdout] test current_schema_version_is_stamped ... ok
[INFO] [stdout] test index_entry_defaults_tags_and_draft ... ok
[INFO] [stdout] 
[INFO] [stdout] test result: ok. 11 passed; 0 failed; 0 ignored; 0 measured; 0 filtered out; finished in 0.01s
[INFO] [stdout] 
[INFO] [stderr]      Running tests/validate.rs (/opt/rustwide/target/debug/build/content/68365659416361f0/out/validate-68365659416361f0)
[INFO] [stdout] 
[INFO] [stdout] running 19 tests
[INFO] [stdout] test fractional_number_for_int_prop_is_a_mismatch ... ok
[INFO] [stdout] test arbitrary_string_for_bool_prop_gets_no_braces_hint ... ok
[INFO] [stdout] test parse_validated_named_stamps_the_file ... ok
[INFO] [stdout] test non_finite_string_for_float_prop_gets_no_braces_hint ... ok
[INFO] [stdout] test nested_components_are_validated_too ... ok
[INFO] [stdout] test children_on_childless_component_are_rejected ... ok
[INFO] [stdout] test number_for_string_prop_hints_quotes ... ok
[INFO] [stdout] test missing_required_prop_is_reported_with_type ... ok
[INFO] [stdout] test quoted_number_for_int_prop_hints_braces ... ok
[INFO] [stdout] test unknown_prop_suggests_closest_name ... ok
[INFO] [stdout] test validated_parse_rejects_a_malformed_date ... ok
[INFO] [stdout] test unknown_component_without_close_match_gets_no_suggestion ... ok
[INFO] [stdout] test rejected_required_prop_does_not_cascade_into_missing ... ok
[INFO] [stdout] test duplicate_props_are_reported ... ok
[INFO] [stdout] test unknown_component_suggests_closest_name ... ok
[INFO] [stdout] test required_children_cannot_be_empty ... ok
[INFO] [stdout] test valid_post_with_known_components_passes ... ok
[INFO] [stdout] test validated_parse_rejects_a_non_slug_tag ... ok
[INFO] [stdout] test quoted_exponent_for_float_prop_hints_braces ... ok
[INFO] [stderr]      Running unittests src/lib.rs (/opt/rustwide/target/debug/build/pipeline/53370b65ec158626/out/pipeline-53370b65ec158626)
[INFO] [stdout] 
[INFO] [stdout] test result: ok. 19 passed; 0 failed; 0 ignored; 0 measured; 0 filtered out; finished in 0.03s
[INFO] [stdout] 
[INFO] [stdout] 
[INFO] [stderr]      Running tests/logic.rs (/opt/rustwide/target/debug/build/pipeline/663b08e78bfb037e/out/logic-663b08e78bfb037e)
[INFO] [stdout] running 0 tests
[INFO] [stdout] 
[INFO] [stdout] test result: ok. 0 passed; 0 failed; 0 ignored; 0 measured; 0 filtered out; finished in 0.00s
[INFO] [stdout] 
[INFO] [stdout] 
[INFO] [stdout] running 13 tests
[INFO] [stdout] test outcome_does_not_claim_kept_for_dropped_posts ... ok
[INFO] [stdout] test failure_description_is_concise_and_counts_diagnostics ... ok
[INFO] [stdout] test parse_tree_listing_yields_post_slugs_from_blobs ... ok
[INFO] [stdout] test a_tree_response_without_a_tree_array_is_an_error ... ok
[INFO] [stdout] test parse_head_ref_extracts_the_sha ... ok
[INFO] [stdout] test manifest_exposes_the_real_app_vocabulary ... ok
[INFO] [stdout] test publish_body_deserializes_into_the_reconcile_config ... ok
[INFO] [stdout] test github_urls_pin_repo_path_and_sha ... ok
[INFO] [stdout] test outcome_carries_the_purge_scope_for_ci ... ok
[INFO] [stdout] test outcome_summarizes_success_and_carried_failures ... ok
[INFO] [stdout] test a_truncated_tree_listing_is_an_error ... ok
[INFO] [stdout] test reconcile_config_round_trips_as_the_publish_target ... ok
[INFO] [stderr]      Running unittests src/lib.rs (/opt/rustwide/target/debug/build/publish/ee2a00cb88378a97/out/publish-ee2a00cb88378a97)
[INFO] [stdout] test tree_post_slugs_filters_sorts_and_dedups ... ok
[INFO] [stdout] 
[INFO] [stdout] test result: ok. 13 passed; 0 failed; 0 ignored; 0 measured; 0 filtered out; finished in 0.01s
[INFO] [stdout] 
[INFO] [stdout] 
[INFO] [stdout] running 0 tests
[INFO] [stdout] 
[INFO] [stdout] test result: ok. 0 passed; 0 failed; 0 ignored; 0 measured; 0 filtered out; finished in 0.00s
[INFO] [stdout] 
[INFO] [stderr]      Running tests/snapshot.rs (/opt/rustwide/target/debug/build/publish/431d398f449372ae/out/snapshot-431d398f449372ae)
[INFO] [stdout] 
[INFO] [stdout] running 18 tests
[INFO] [stdout] test content_hash_is_stable_and_content_sensitive ... ok
[INFO] [stdout] test stale_tags_are_empty_when_nothing_changed ... ok
[INFO] [stdout] test check_rejects_a_malformed_date ... ok
[INFO] [stdout] test snapshot_keeps_drafts_in_the_index ... ok
[INFO] [stdout] test check_collects_diagnostics_across_files ... ok
[INFO] [stdout] test snapshot_orders_same_date_posts_by_slug ... ok
[INFO] [stdout] test snapshot_stamps_every_entry_with_its_payload_hash ... ok
[INFO] [stdout] test snapshot_populates_reading_minutes_for_checked_posts ... ok
[INFO] [stdout] test snapshot_retires_posts_absent_from_the_rebuild ... ok
[INFO] [stdout] test check_each_passes_and_fails_posts_independently ... ok
[INFO] [stdout] test kv_writes_serialize_to_the_wrangler_bulk_shape ... ok
[INFO] [stdout] test check_rejects_a_non_slug_tag ... ok
[INFO] [stdout] test check_rejects_an_invalid_slug ... ok
[INFO] [stdout] test snapshot_carries_failed_posts_previous_versions ... ok
[INFO] [stdout] test snapshot_writes_posts_then_index_under_snapshot_keys ... ok
[INFO] [stdout] test stale_tags_cover_changed_added_and_removed_posts_plus_views ... ok
[INFO] [stderr]      Running unittests src/lib.rs (/opt/rustwide/target/debug/build/registry/efadee119845bf0c/out/registry-efadee119845bf0c)
[INFO] [stdout] test stale_tags_treat_missing_hashes_as_changed ... ok
[INFO] [stdout] test check_parses_a_valid_tree ... ok
[INFO] [stdout] 
[INFO] [stdout] test result: ok. 18 passed; 0 failed; 0 ignored; 0 measured; 0 filtered out; finished in 0.03s
[INFO] [stdout] 
[INFO] [stdout] 
[INFO] [stderr]      Running tests/compile_fail.rs (/opt/rustwide/target/debug/build/registry/cb1d877eff737dc4/out/compile_fail-cb1d877eff737dc4)
[INFO] [stdout] running 0 tests
[INFO] [stdout] 
[INFO] [stdout] test result: ok. 0 passed; 0 failed; 0 ignored; 0 measured; 0 filtered out; finished in 0.00s
[INFO] [stdout] 
[INFO] [stdout] 
[INFO] [stdout] running 1 test
[INFO] [stderr] warning: unused workspace dependency `app`
[INFO] [stderr]   --> Cargo.toml:64:25
[INFO] [stderr]    |
[INFO] [stderr] 64 | [workspace.dependencies.app]
[INFO] [stderr]    |                         ^^^
[INFO] [stderr]    |
[INFO] [stderr]    = note: `cargo::unused_workspace_dependencies` is set to `warn` by default
[INFO] [stderr] help: consider removing the workspace dependency `app`
[INFO] [stderr] warning: unused workspace dependency `authn`
[INFO] [stderr]   --> Cargo.toml:67:25
[INFO] [stderr]    |
[INFO] [stderr] 67 | [workspace.dependencies.authn]
[INFO] [stderr]    |                         ^^^^^
[INFO] [stderr]    |
[INFO] [stderr] help: consider removing the workspace dependency `authn`
[INFO] [stderr] warning: unused workspace dependency `axum`
[INFO] [stderr]   --> Cargo.toml:70:25
[INFO] [stderr]    |
[INFO] [stderr] 70 | [workspace.dependencies.axum]
[INFO] [stderr]    |                         ^^^^
[INFO] [stderr]    |
[INFO] [stderr] help: consider removing the workspace dependency `axum`
[INFO] [stderr] warning: unused workspace dependency `futures-util`
[INFO] [stderr]   --> Cargo.toml:77:25
[INFO] [stderr]    |
[INFO] [stderr] 77 | [workspace.dependencies.futures-util]
[INFO] [stderr]    |                         ^^^^^^^^^^^^
[INFO] [stderr]    |
[INFO] [stderr] help: consider removing the workspace dependency `futures-util`
[INFO] [stderr] warning: unused workspace dependency `getrandom`
[INFO] [stderr]   --> Cargo.toml:81:25
[INFO] [stderr]    |
[INFO] [stderr] 81 | [workspace.dependencies.getrandom]
[INFO] [stderr]    |                         ^^^^^^^^^
[INFO] [stderr]    |
[INFO] [stderr] help: consider removing the workspace dependency `getrandom`
[INFO] [stderr] warning: unused workspace dependency `getrandom03`
[INFO] [stderr]   --> Cargo.toml:85:25
[INFO] [stderr]    |
[INFO] [stderr] 85 | [workspace.dependencies.getrandom03]
[INFO] [stderr]    |                         ^^^^^^^^^^^
[INFO] [stderr]    |
[INFO] [stderr] help: consider removing the workspace dependency `getrandom03`
[INFO] [stderr] warning: unused workspace dependency `hmac`
[INFO] [stderr]   --> Cargo.toml:90:25
[INFO] [stderr]    |
[INFO] [stderr] 90 | [workspace.dependencies.hmac]
[INFO] [stderr]    |                         ^^^^
[INFO] [stderr]    |
[INFO] [stderr] help: consider removing the workspace dependency `hmac`
[INFO] [stderr] warning: unused workspace dependency `leptos_axum`
[INFO] [stderr]    --> Cargo.toml:102:25
[INFO] [stderr]     |
[INFO] [stderr] 102 | [workspace.dependencies.leptos_axum]
[INFO] [stderr]     |                         ^^^^^^^^^^^
[INFO] [stderr]     |
[INFO] [stderr] help: consider removing the workspace dependency `leptos_axum`
[INFO] [stderr] warning: unused workspace dependency `leptos_meta`
[INFO] [stderr]    --> Cargo.toml:107:25
[INFO] [stderr]     |
[INFO] [stderr] 107 | [workspace.dependencies.leptos_meta]
[INFO] [stderr]     |                         ^^^^^^^^^^^
[INFO] [stderr]     |
[INFO] [stderr] help: consider removing the workspace dependency `leptos_meta`
[INFO] [stderr] warning: unused workspace dependency `leptos_router`
[INFO] [stderr]    --> Cargo.toml:111:25
[INFO] [stderr]     |
[INFO] [stderr] 111 | [workspace.dependencies.leptos_router]
[INFO] [stderr]     |                         ^^^^^^^^^^^^^
[INFO] [stderr]     |
[INFO] [stderr] help: consider removing the workspace dependency `leptos_router`
[INFO] [stderr] warning: unused workspace dependency `markdown`
[INFO] [stderr]    --> Cargo.toml:115:25
[INFO] [stderr]     |
[INFO] [stderr] 115 | [workspace.dependencies.markdown]
[INFO] [stderr]     |                         ^^^^^^^^
[INFO] [stderr]     |
[INFO] [stderr] help: consider removing the workspace dependency `markdown`
[INFO] [stderr] warning: unused workspace dependency `proc-macro2`
[INFO] [stderr]    --> Cargo.toml:119:25
[INFO] [stderr]     |
[INFO] [stderr] 119 | [workspace.dependencies.proc-macro2]
[INFO] [stderr]     |                         ^^^^^^^^^^^
[INFO] [stderr]     |
[INFO] [stderr] help: consider removing the workspace dependency `proc-macro2`
[INFO] [stderr] warning: unused workspace dependency `publish`
[INFO] [stderr]    --> Cargo.toml:123:25
[INFO] [stderr]     |
[INFO] [stderr] 123 | [workspace.dependencies.publish]
[INFO] [stderr]     |                         ^^^^^^^
[INFO] [stderr]     |
[INFO] [stderr] help: consider removing the workspace dependency `publish`
[INFO] [stderr] warning: unused workspace dependency `quote`
[INFO] [stderr]    --> Cargo.toml:126:25
[INFO] [stderr]     |
[INFO] [stderr] 126 | [workspace.dependencies.quote]
[INFO] [stderr]     |                         ^^^^^
[INFO] [stderr]     |
[INFO] [stderr] help: consider removing the workspace dependency `quote`
[INFO] [stderr] warning: unused workspace dependency `registry`
[INFO] [stderr]    --> Cargo.toml:130:25
[INFO] [stderr]     |
[INFO] [stderr] 130 | [workspace.dependencies.registry]
[INFO] [stderr]     |                         ^^^^^^^^
[INFO] [stderr]     |
[INFO] [stderr] help: consider removing the workspace dependency `registry`
[INFO] [stderr] warning: unused workspace dependency `serde`
[INFO] [stderr]    --> Cargo.toml:136:25
[INFO] [stderr]     |
[INFO] [stderr] 136 | [workspace.dependencies.serde]
[INFO] [stderr]     |                         ^^^^^
[INFO] [stderr]     |
[INFO] [stderr] help: consider removing the workspace dependency `serde`
[INFO] [stderr] warning: unused workspace dependency `serde_yaml`
[INFO] [stderr]    --> Cargo.toml:144:25
[INFO] [stderr]     |
[INFO] [stderr] 144 | [workspace.dependencies.serde_yaml]
[INFO] [stderr]     |                         ^^^^^^^^^^
[INFO] [stderr]     |
[INFO] [stderr] help: consider removing the workspace dependency `serde_yaml`
[INFO] [stderr] warning: unused workspace dependency `sha2`
[INFO] [stderr]    --> Cargo.toml:148:25
[INFO] [stderr]     |
[INFO] [stderr] 148 | [workspace.dependencies.sha2]
[INFO] [stderr]     |                         ^^^^
[INFO] [stderr]     |
[INFO] [stderr] help: consider removing the workspace dependency `sha2`
[INFO] [stderr] warning: unused workspace dependency `syn`
[INFO] [stderr]    --> Cargo.toml:152:25
[INFO] [stderr]     |
[INFO] [stderr] 152 | [workspace.dependencies.syn]
[INFO] [stderr]     |                         ^^^
[INFO] [stderr]     |
[INFO] [stderr] help: consider removing the workspace dependency `syn`
[INFO] [stderr] warning: unused workspace dependency `tower-service`
[INFO] [stderr]    --> Cargo.toml:156:25
[INFO] [stderr]     |
[INFO] [stderr] 156 | [workspace.dependencies.tower-service]
[INFO] [stderr]     |                         ^^^^^^^^^^^^^
[INFO] [stderr]     |
[INFO] [stderr] help: consider removing the workspace dependency `tower-service`
[INFO] [stderr] warning: unused workspace dependency `wasm-bindgen`
[INFO] [stderr]    --> Cargo.toml:160:25
[INFO] [stderr]     |
[INFO] [stderr] 160 | [workspace.dependencies.wasm-bindgen]
[INFO] [stderr]     |                         ^^^^^^^^^^^^
[INFO] [stderr]     |
[INFO] [stderr] help: consider removing the workspace dependency `wasm-bindgen`
[INFO] [stderr] warning: unused workspace dependency `web-sys`
[INFO] [stderr]    --> Cargo.toml:164:25
[INFO] [stderr]     |
[INFO] [stderr] 164 | [workspace.dependencies.web-sys]
[INFO] [stderr]     |                         ^^^^^^^
[INFO] [stderr]     |
[INFO] [stderr] help: consider removing the workspace dependency `web-sys`
[INFO] [stderr] warning: unused workspace dependency `worker`
[INFO] [stderr]    --> Cargo.toml:168:25
[INFO] [stderr]     |
[INFO] [stderr] 168 | [workspace.dependencies.worker]
[INFO] [stderr]     |                         ^^^^^^
[INFO] [stderr]     |
[INFO] [stderr] help: consider removing the workspace dependency `worker`
[INFO] [stderr] warning: workspace (manifest) generated 23 warnings
[INFO] [stderr]    Compiling proc-macro2 v1.0.106
[INFO] [stderr]    Compiling quote v1.0.46
[INFO] [stderr]    Compiling unicode-ident v1.0.24
[INFO] [stderr]    Compiling version_check v0.9.5
[INFO] [stderr]     Checking memchr v2.8.2
[INFO] [stderr]    Compiling serde_core v1.0.228
[INFO] [stderr]    Compiling wasm-bindgen-shared v0.2.126
[INFO] [stderr]     Checking pin-project-lite v0.2.17
[INFO] [stderr]    Compiling semver v1.0.28
[INFO] [stderr]    Compiling thiserror v2.0.18
[INFO] [stderr]     Checking futures-core v0.3.32
[INFO] [stderr]    Compiling rustversion v1.0.22
[INFO] [stderr]     Checking futures-sink v0.3.32
[INFO] [stderr]    Compiling serde v1.0.228
[INFO] [stderr]     Checking futures-io v0.3.32
[INFO] [stderr]     Checking slab v0.4.12
[INFO] [stderr]    Compiling bumpalo v3.20.3
[INFO] [stderr]     Checking futures-task v0.3.32
[INFO] [stderr]     Checking stable_deref_trait v1.2.1
[INFO] [stderr]     Checking futures-channel v0.3.32
[INFO] [stderr]     Checking once_cell v1.21.4
[INFO] [stderr]     Checking cfg-if v1.0.4
[INFO] [stderr]    Compiling crossbeam-utils v0.8.21
[INFO] [stderr]    Compiling unicode-segmentation v1.13.3
[INFO] [stderr]    Compiling zmij v1.0.21
[INFO] [stderr]     Checking itoa v1.0.18
[INFO] [stderr]    Compiling rustc_version v0.4.1
[INFO] [stderr]    Compiling serde_json v1.0.150
[INFO] [stderr]     Checking litemap v0.8.2
[INFO] [stderr]     Checking writeable v0.6.3
[INFO] [stderr]     Checking parking v2.2.1
[INFO] [stderr]    Compiling icu_normalizer_data v2.2.0
[INFO] [stderr]    Compiling smallvec v1.15.2
[INFO] [stderr]    Compiling unicode-xid v0.2.6
[INFO] [stderr]     Checking utf8_iter v1.0.4
[INFO] [stderr]     Checking or_poisoned v0.1.0
[INFO] [stderr]    Compiling paste v1.0.15
[INFO] [stderr]    Compiling icu_properties_data v2.2.0
[INFO] [stderr]     Checking throw_error v0.3.1
[INFO] [stderr]    Compiling convert_case v0.11.0
[INFO] [stderr]     Checking equivalent v1.0.2
[INFO] [stderr]     Checking hashbrown v0.17.1
[INFO] [stderr]    Compiling typenum v1.20.1
[INFO] [stderr]    Compiling anyhow v1.0.103
[INFO] [stderr]    Compiling camino v1.2.4
[INFO] [stderr]    Compiling proc-macro2-diagnostics v0.10.1
[INFO] [stderr]    Compiling generic-array v0.14.7
[INFO] [stderr]    Compiling slotmap v1.1.1
[INFO] [stderr]    Compiling konst_macro_rules v0.2.19
[INFO] [stderr]     Checking concurrent-queue v2.5.0
[INFO] [stderr]     Checking send_wrapper v0.6.0
[INFO] [stderr]    Compiling reactive_graph v0.2.14
[INFO] [stderr]    Compiling server_fn_macro v0.8.10
[INFO] [stderr]    Compiling konst v0.2.20
[INFO] [stderr]     Checking event-listener v5.4.1
[INFO] [stderr]     Checking percent-encoding v2.3.2
[INFO] [stderr]     Checking either v1.16.0
[INFO] [stderr]    Compiling libc v0.2.186
[INFO] [stderr]    Compiling thiserror v1.0.69
[INFO] [stderr]     Checking rustc-hash v2.1.3
[INFO] [stderr]     Checking guardian v1.3.0
[INFO] [stderr]     Checking event-listener-strategy v0.5.4
[INFO] [stderr]    Compiling xxhash-rust v0.8.16
[INFO] [stderr]    Compiling tachys v0.2.18
[INFO] [stderr]     Checking async-lock v3.4.2
[INFO] [stderr]     Checking itertools v0.14.0
[INFO] [stderr]     Checking utf8-width v0.1.8
[INFO] [stderr]    Compiling yansi v1.0.1
[INFO] [stderr]    Compiling prettyplease v0.2.37
[INFO] [stderr]    Compiling getrandom v0.4.3
[INFO] [stderr]     Checking winnow v1.0.3
[INFO] [stderr]    Compiling syn v2.0.118
[INFO] [stderr]    Compiling proc-macro-utils v0.10.0
[INFO] [stderr]     Checking indexmap v2.14.0
[INFO] [stderr]     Checking bytes v1.12.0
[INFO] [stderr]     Checking either_of v0.1.9
[INFO] [stderr]    Compiling wasm-bindgen v0.2.126
[INFO] [stderr]     Checking html-escape v0.2.13
[INFO] [stderr]     Checking form_urlencoded v1.2.2
[INFO] [stderr]     Checking aho-corasick v1.1.4
[INFO] [stderr]    Compiling server_fn v0.8.13
[INFO] [stderr]    Compiling proc-macro-error-attr2 v2.0.0
[INFO] [stderr]    Compiling const_format_proc_macros v0.2.34
[INFO] [stderr]    Compiling manyhow-macros v0.11.4
[INFO] [stderr]    Compiling crypto-common v0.1.7
[INFO] [stderr]    Compiling block-buffer v0.10.4
[INFO] [stderr]     Checking http v1.4.2
[INFO] [stderr]    Compiling digest v0.10.7
[INFO] [stderr]     Checking next_tuple v0.1.0
[INFO] [stderr]     Checking toml_parser v1.1.2+spec-1.1.0
[INFO] [stderr]    Compiling interpolator v0.5.0
[INFO] [stderr]     Checking erased v0.1.2
[INFO] [stderr]     Checking const_str_slice_concat v0.1.0
[INFO] [stderr]    Compiling cpufeatures v0.2.17
[INFO] [stderr]    Compiling same-file v1.0.6
[INFO] [stderr]     Checking drain_filter_polyfill v0.1.3
[INFO] [stderr]    Compiling collection_literals v1.0.3
[INFO] [stderr]     Checking regex-syntax v0.8.11
[INFO] [stderr]    Compiling walkdir v2.5.0
[INFO] [stderr]    Compiling sha2 v0.10.9
[INFO] [stderr]     Checking convert_case v0.6.0
[INFO] [stderr]    Compiling leptos_macro v0.8.17
[INFO] [stderr]     Checking pathdiff v0.2.3
[INFO] [stderr]    Compiling const_format v0.2.36
[INFO] [stderr]     Checking base64 v0.22.1
[INFO] [stderr]     Checking const-str v1.1.0
[INFO] [stderr]     Checking inventory v0.3.24
[INFO] [stderr]    Compiling base16 v0.2.1
[INFO] [stderr]    Compiling uuid v1.23.4
[INFO] [stderr]    Compiling leptos v0.8.20
[INFO] [stderr]    Compiling convert_case_extras v0.2.0
[INFO] [stderr]     Checking async-once-cell v0.5.4
[INFO] [stderr]     Checking toml_datetime v1.1.1+spec-1.1.0
[INFO] [stderr]     Checking serde_spanned v1.1.1
[INFO] [stderr]     Checking toml v1.1.2+spec-1.1.0
[INFO] [stderr]     Checking regex-automata v0.4.14
[INFO] [stderr]     Checking config v0.15.25
[INFO] [stderr]     Checking regex v1.12.4
[INFO] [stderr]    Compiling synstructure v0.13.2
[INFO] [stderr]    Compiling wasm-bindgen-macro-support v0.2.126
[INFO] [stderr]    Compiling proc-macro-error2 v2.0.1
[INFO] [stderr]    Compiling manyhow v0.11.4
[INFO] [stderr]    Compiling serde_derive v1.0.228
[INFO] [stderr]    Compiling thiserror-impl v2.0.18
[INFO] [stderr]    Compiling futures-macro v0.3.32
[INFO] [stderr]    Compiling zerofrom-derive v0.1.7
[INFO] [stderr]    Compiling yoke-derive v0.8.2
[INFO] [stderr]    Compiling zerovec-derive v0.11.3
[INFO] [stderr]    Compiling displaydoc v0.2.6
[INFO] [stderr]    Compiling derive-where v1.6.1
[INFO] [stderr]    Compiling syn_derive v0.2.0
[INFO] [stderr]    Compiling pin-project-internal v1.1.13
[INFO] [stderr]    Compiling quote-use-macros v0.8.4
[INFO] [stderr]    Compiling reactive_stores_macro v0.4.3
[INFO] [stderr]    Compiling thiserror-impl v1.0.69
[INFO] [stderr]    Compiling async-trait v0.1.89
[INFO] [stderr]    Compiling typed-builder-macro v0.23.2
[INFO] [stderr]    Compiling quote-use v0.8.4
[INFO] [stderr]    Compiling server_fn_macro_default v0.8.5
[INFO] [stderr]    Compiling attribute-derive-macro v0.10.5
[INFO] [stderr]    Compiling wasm_split_macros v0.2.2
[INFO] [stderr]     Checking futures-util v0.3.32
[INFO] [stderr]     Checking wasm_split_helpers v0.2.3
[INFO] [stderr]     Checking pin-project v1.1.13
[INFO] [stderr]     Checking zerofrom v0.1.8
[INFO] [stderr]    Compiling rstml v0.12.1
[INFO] [stderr]    Compiling attribute-derive v0.10.5
[INFO] [stderr]     Checking yoke v0.8.3
[INFO] [stderr]     Checking zerovec v0.11.6
[INFO] [stderr]     Checking zerotrie v0.2.4
[INFO] [stderr]     Checking typed-builder v0.23.2
[INFO] [stderr]     Checking tinystr v0.8.3
[INFO] [stderr]     Checking potential_utf v0.1.5
[INFO] [stderr]     Checking icu_collections v2.2.0
[INFO] [stderr]     Checking icu_locale_core v2.2.0
[INFO] [stderr]    Compiling wasm-bindgen-macro v0.2.126
[INFO] [stderr]     Checking icu_provider v2.2.0
[INFO] [stderr]     Checking icu_normalizer v2.2.0
[INFO] [stderr]     Checking icu_properties v2.2.0
[INFO] [stderr]    Compiling leptos_hot_reload v0.8.6
[INFO] [stderr]     Checking oco_ref v0.2.1
[INFO] [stderr]     Checking serde_qs v0.15.0
[INFO] [stderr]     Checking codee v0.3.5
[INFO] [stderr]     Checking leptos_config v0.8.10
[INFO] [stderr]     Checking content v0.1.0 (/opt/rustwide/workdir/crates/content)
[INFO] [stderr]     Checking futures-executor v0.3.32
[INFO] [stderr]     Checking js-sys v0.3.103
[INFO] [stderr]     Checking futures v0.3.32
[INFO] [stderr]     Checking registry v0.1.0 (/opt/rustwide/workdir/crates/registry)
[INFO] [stderr]     Checking idna_adapter v1.2.2
[INFO] [stderr]     Checking idna v1.1.0
[INFO] [stderr]     Checking url v2.5.8
[INFO] [stdout] test unsupported_prop_type_is_a_clear_compile_error has been running for over 60 seconds
[INFO] [stderr]     Checking wasm-bindgen-futures v0.4.76
[INFO] [stderr]     Checking web-sys v0.3.103
[INFO] [stderr]     Checking hydration_context v0.3.1
[INFO] [stderr]     Checking any_spawner v0.3.0
[INFO] [stderr]     Checking reactive_stores v0.4.3
[INFO] [stderr]     Checking gloo-utils v0.2.0
[INFO] [stderr]     Checking wasm-streams v0.5.0
[INFO] [stderr]     Checking gloo-net v0.6.0
[INFO] [stderr]     Checking leptos_server v0.8.7
[INFO] [stderr]     Checking leptos_dom v0.8.8
[INFO] [stderr]     Checking registry-tests v0.0.0 (/opt/rustwide/target/tests/trybuild/registry)
[INFO] [stderr]     Finished `dev` profile [unoptimized + debuginfo] target(s) in 1m 34s
[INFO] [stderr] warning: the following packages contain code that will be rejected by a future version of Rust: attribute-derive-macro v0.10.5, proc-macro-error2 v2.0.1
[INFO] [stderr] note: to see what the problems were, use the option `--future-incompat-report`, or run `cargo report future-incompatibilities --id 1`
[INFO] [stderr] 
[INFO] [stderr] 
[INFO] [stderr] test tests/compile_fail/attr_args.rs ... mismatch
[INFO] [stderr] 
[INFO] [stderr] EXPECTED:
[INFO] [stderr] ┈┈┈┈┈┈┈┈┈┈┈┈┈┈┈┈┈┈┈┈┈┈┈┈┈┈┈┈┈┈┈┈┈┈┈┈┈┈┈┈┈┈┈┈┈┈┈┈┈┈┈┈┈┈┈┈┈┈┈┈
[INFO] [stderr] error: #[post_component] takes no arguments
[INFO] [stderr]  --> tests/compile_fail/attr_args.rs:4:1
[INFO] [stderr]   |
[INFO] [stderr] 4 | #[post_component(nope)]
[INFO] [stderr]   | ^^^^^^^^^^^^^^^^^^^^^^^
[INFO] [stderr]   |
[INFO] [stderr]   = note: this error originates in the attribute macro `post_component` (in Nightly builds, run with -Z macro-backtrace for more info)
[INFO] [stderr] ┈┈┈┈┈┈┈┈┈┈┈┈┈┈┈┈┈┈┈┈┈┈┈┈┈┈┈┈┈┈┈┈┈┈┈┈┈┈┈┈┈┈┈┈┈┈┈┈┈┈┈┈┈┈┈┈┈┈┈┈
[INFO] [stderr] 
[INFO] [stderr] ACTUAL OUTPUT:
[INFO] [stderr] ┈┈┈┈┈┈┈┈┈┈┈┈┈┈┈┈┈┈┈┈┈┈┈┈┈┈┈┈┈┈┈┈┈┈┈┈┈┈┈┈┈┈┈┈┈┈┈┈┈┈┈┈┈┈┈┈┈┈┈┈
[INFO] [stderr] error[E0432]: unresolved import `registry::post_component`
[INFO] [stderr]  --> tests/compile_fail/attr_args.rs:1:5
[INFO] [stderr]   |
[INFO] [stderr] 1 | use registry::post_component;
[INFO] [stderr]   |     ^^^^^^^^^^--------------
[INFO] [stderr]   |               |
[INFO] [stderr]   |               no `post_component` in the root
[INFO] [stderr] ┈┈┈┈┈┈┈┈┈┈┈┈┈┈┈┈┈┈┈┈┈┈┈┈┈┈┈┈┈┈┈┈┈┈┈┈┈┈┈┈┈┈┈┈┈┈┈┈┈┈┈┈┈┈┈┈┈┈┈┈
[INFO] [stderr] note: If the actual output is the correct output you can bless it by rerunning
[INFO] [stderr]       your test with the environment variable TRYBUILD=overwrite
[INFO] [stderr] 
[INFO] [stderr] test tests/compile_fail/below_component.rs ... mismatch
[INFO] [stderr] 
[INFO] [stderr] EXPECTED:
[INFO] [stderr] ┈┈┈┈┈┈┈┈┈┈┈┈┈┈┈┈┈┈┈┈┈┈┈┈┈┈┈┈┈┈┈┈┈┈┈┈┈┈┈┈┈┈┈┈┈┈┈┈┈┈┈┈┈┈┈┈┈┈┈┈
[INFO] [stderr] error: #[post_component] v1 supports props of type String, f64, i64, bool, or Option of one of these, plus `children: Children`
[INFO] [stderr]        = help: #[post_component] must sit above #[component] or #[island] (no such attribute was found below it)
[INFO] [stderr]  --> tests/compile_fail/below_component.rs:6:1
[INFO] [stderr]   |
[INFO] [stderr] 6 | #[component]
[INFO] [stderr]   | ^^^^^^^^^^^^
[INFO] [stderr]   |
[INFO] [stderr]   = note: this error originates in the attribute macro `component` (in Nightly builds, run with -Z macro-backtrace for more info)
[INFO] [stderr] ┈┈┈┈┈┈┈┈┈┈┈┈┈┈┈┈┈┈┈┈┈┈┈┈┈┈┈┈┈┈┈┈┈┈┈┈┈┈┈┈┈┈┈┈┈┈┈┈┈┈┈┈┈┈┈┈┈┈┈┈
[INFO] [stderr] 
[INFO] [stderr] ACTUAL OUTPUT:
[INFO] [stderr] ┈┈┈┈┈┈┈┈┈┈┈┈┈┈┈┈┈┈┈┈┈┈┈┈┈┈┈┈┈┈┈┈┈┈┈┈┈┈┈┈┈┈┈┈┈┈┈┈┈┈┈┈┈┈┈┈┈┈┈┈
[INFO] [stderr] error[E0432]: unresolved import `registry::post_component`
[INFO] [stderr]  --> tests/compile_fail/below_component.rs:2:5
[INFO] [stderr]   |
[INFO] [stderr] 2 | use registry::post_component;
[INFO] [stderr]   |     ^^^^^^^^^^--------------
[INFO] [stderr]   |               |
[INFO] [stderr]   |               no `post_component` in the root
[INFO] [stderr] ┈┈┈┈┈┈┈┈┈┈┈┈┈┈┈┈┈┈┈┈┈┈┈┈┈┈┈┈┈┈┈┈┈┈┈┈┈┈┈┈┈┈┈┈┈┈┈┈┈┈┈┈┈┈┈┈┈┈┈┈
[INFO] [stderr] note: If the actual output is the correct output you can bless it by rerunning
[INFO] [stderr]       your test with the environment variable TRYBUILD=overwrite
[INFO] [stderr] 
[INFO] [stderr] test tests/compile_fail/children_type.rs ... mismatch
[INFO] [stderr] 
[INFO] [stderr] EXPECTED:
[INFO] [stderr] ┈┈┈┈┈┈┈┈┈┈┈┈┈┈┈┈┈┈┈┈┈┈┈┈┈┈┈┈┈┈┈┈┈┈┈┈┈┈┈┈┈┈┈┈┈┈┈┈┈┈┈┈┈┈┈┈┈┈┈┈
[INFO] [stderr] error: #[post_component] children must be plain `Children` (v1 scope)
[INFO] [stderr]        = help: #[post_component] must sit above #[component] or #[island] (no such attribute was found below it)
[INFO] [stderr]  --> tests/compile_fail/children_type.rs:5:22
[INFO] [stderr]   |
[INFO] [stderr] 5 | pub fn Bad(children: Vec<String>) {
[INFO] [stderr]   |                      ^^^
[INFO] [stderr] ┈┈┈┈┈┈┈┈┈┈┈┈┈┈┈┈┈┈┈┈┈┈┈┈┈┈┈┈┈┈┈┈┈┈┈┈┈┈┈┈┈┈┈┈┈┈┈┈┈┈┈┈┈┈┈┈┈┈┈┈
[INFO] [stderr] 
[INFO] [stderr] ACTUAL OUTPUT:
[INFO] [stderr] ┈┈┈┈┈┈┈┈┈┈┈┈┈┈┈┈┈┈┈┈┈┈┈┈┈┈┈┈┈┈┈┈┈┈┈┈┈┈┈┈┈┈┈┈┈┈┈┈┈┈┈┈┈┈┈┈┈┈┈┈
[INFO] [stderr] error[E0432]: unresolved import `registry::post_component`
[INFO] [stderr]  --> tests/compile_fail/children_type.rs:1:5
[INFO] [stderr]   |
[INFO] [stderr] 1 | use registry::post_component;
[INFO] [stderr]   |     ^^^^^^^^^^--------------
[INFO] [stderr]   |               |
[INFO] [stderr]   |               no `post_component` in the root
[INFO] [stderr] ┈┈┈┈┈┈┈┈┈┈┈┈┈┈┈┈┈┈┈┈┈┈┈┈┈┈┈┈┈┈┈┈┈┈┈┈┈┈┈┈┈┈┈┈┈┈┈┈┈┈┈┈┈┈┈┈┈┈┈┈
[INFO] [stderr] note: If the actual output is the correct output you can bless it by rerunning
[INFO] [stderr]       your test with the environment variable TRYBUILD=overwrite
[INFO] [stderr] 
[INFO] [stderr] test tests/compile_fail/generics.rs ... mismatch
[INFO] [stderr] 
[INFO] [stderr] EXPECTED:
[INFO] [stderr] ┈┈┈┈┈┈┈┈┈┈┈┈┈┈┈┈┈┈┈┈┈┈┈┈┈┈┈┈┈┈┈┈┈┈┈┈┈┈┈┈┈┈┈┈┈┈┈┈┈┈┈┈┈┈┈┈┈┈┈┈
[INFO] [stderr] error: #[post_component] components cannot be generic (v1 scope)
[INFO] [stderr]        = help: #[post_component] must sit above #[component] or #[island] (no such attribute was found below it)
[INFO] [stderr]  --> tests/compile_fail/generics.rs:5:11
[INFO] [stderr]   |
[INFO] [stderr] 5 | pub fn Bad<T: Clone>(msg: String) {
[INFO] [stderr]   |           ^
[INFO] [stderr] ┈┈┈┈┈┈┈┈┈┈┈┈┈┈┈┈┈┈┈┈┈┈┈┈┈┈┈┈┈┈┈┈┈┈┈┈┈┈┈┈┈┈┈┈┈┈┈┈┈┈┈┈┈┈┈┈┈┈┈┈
[INFO] [stderr] 
[INFO] [stderr] ACTUAL OUTPUT:
[INFO] [stderr] ┈┈┈┈┈┈┈┈┈┈┈┈┈┈┈┈┈┈┈┈┈┈┈┈┈┈┈┈┈┈┈┈┈┈┈┈┈┈┈┈┈┈┈┈┈┈┈┈┈┈┈┈┈┈┈┈┈┈┈┈
[INFO] [stderr] error[E0432]: unresolved import `registry::post_component`
[INFO] [stderr]  --> tests/compile_fail/generics.rs:1:5
[INFO] [stderr]   |
[INFO] [stderr] 1 | use registry::post_component;
[INFO] [stderr]   |     ^^^^^^^^^^--------------
[INFO] [stderr]   |               |
[INFO] [stderr]   |               no `post_component` in the root
[INFO] [stderr] ┈┈┈┈┈┈┈┈┈┈┈┈┈┈┈┈┈┈┈┈┈┈┈┈┈┈┈┈┈┈┈┈┈┈┈┈┈┈┈┈┈┈┈┈┈┈┈┈┈┈┈┈┈┈┈┈┈┈┈┈
[INFO] [stderr] note: If the actual output is the correct output you can bless it by rerunning
[INFO] [stderr]       your test with the environment variable TRYBUILD=overwrite
[INFO] [stderr] 
[INFO] [stderr] test tests/compile_fail/pattern_prop.rs ... mismatch
[INFO] [stderr] 
[INFO] [stderr] EXPECTED:
[INFO] [stderr] ┈┈┈┈┈┈┈┈┈┈┈┈┈┈┈┈┈┈┈┈┈┈┈┈┈┈┈┈┈┈┈┈┈┈┈┈┈┈┈┈┈┈┈┈┈┈┈┈┈┈┈┈┈┈┈┈┈┈┈┈
[INFO] [stderr] error: #[post_component] props must be plain identifiers, not patterns
[INFO] [stderr]        = help: #[post_component] must sit above #[component] or #[island] (no such attribute was found below it)
[INFO] [stderr]  --> tests/compile_fail/pattern_prop.rs:5:12
[INFO] [stderr]   |
[INFO] [stderr] 5 | pub fn Bad((a, b): (String, String)) {
[INFO] [stderr]   |            ^^^^^^
[INFO] [stderr] ┈┈┈┈┈┈┈┈┈┈┈┈┈┈┈┈┈┈┈┈┈┈┈┈┈┈┈┈┈┈┈┈┈┈┈┈┈┈┈┈┈┈┈┈┈┈┈┈┈┈┈┈┈┈┈┈┈┈┈┈
[INFO] [stderr] 
[INFO] [stderr] ACTUAL OUTPUT:
[INFO] [stderr] ┈┈┈┈┈┈┈┈┈┈┈┈┈┈┈┈┈┈┈┈┈┈┈┈┈┈┈┈┈┈┈┈┈┈┈┈┈┈┈┈┈┈┈┈┈┈┈┈┈┈┈┈┈┈┈┈┈┈┈┈
[INFO] [stderr] error[E0432]: unresolved import `registry::post_component`
[INFO] [stderr]  --> tests/compile_fail/pattern_prop.rs:1:5
[INFO] [stderr]   |
[INFO] [stderr] 1 | use registry::post_component;
[INFO] [stderr]   |     ^^^^^^^^^^--------------
[INFO] [stderr]   |               |
[INFO] [stderr]   |               no `post_component` in the root
[INFO] [stderr] ┈┈┈┈┈┈┈┈┈┈┈┈┈┈┈┈┈┈┈┈┈┈┈┈┈┈┈┈┈┈┈┈┈┈┈┈┈┈┈┈┈┈┈┈┈┈┈┈┈┈┈┈┈┈┈┈┈┈┈┈
[INFO] [stderr] note: If the actual output is the correct output you can bless it by rerunning
[INFO] [stderr]       your test with the environment variable TRYBUILD=overwrite
[INFO] [stderr] 
[INFO] [stderr] test tests/compile_fail/self_receiver.rs ... mismatch
[INFO] [stderr] 
[INFO] [stderr] EXPECTED:
[INFO] [stderr] ┈┈┈┈┈┈┈┈┈┈┈┈┈┈┈┈┈┈┈┈┈┈┈┈┈┈┈┈┈┈┈┈┈┈┈┈┈┈┈┈┈┈┈┈┈┈┈┈┈┈┈┈┈┈┈┈┈┈┈┈
[INFO] [stderr] error: #[post_component] components cannot take `self`
[INFO] [stderr]        = help: #[post_component] must sit above #[component] or #[island] (no such attribute was found below it)
[INFO] [stderr]  --> tests/compile_fail/self_receiver.rs:7:16
[INFO] [stderr]   |
[INFO] [stderr] 7 |     pub fn bad(self, msg: String) {
[INFO] [stderr]   |                ^^^^
[INFO] [stderr] ┈┈┈┈┈┈┈┈┈┈┈┈┈┈┈┈┈┈┈┈┈┈┈┈┈┈┈┈┈┈┈┈┈┈┈┈┈┈┈┈┈┈┈┈┈┈┈┈┈┈┈┈┈┈┈┈┈┈┈┈
[INFO] [stderr] 
[INFO] [stderr] ACTUAL OUTPUT:
[INFO] [stderr] ┈┈┈┈┈┈┈┈┈┈┈┈┈┈┈┈┈┈┈┈┈┈┈┈┈┈┈┈┈┈┈┈┈┈┈┈┈┈┈┈┈┈┈┈┈┈┈┈┈┈┈┈┈┈┈┈┈┈┈┈
[INFO] [stderr] error[E0432]: unresolved import `registry::post_component`
[INFO] [stderr]  --> tests/compile_fail/self_receiver.rs:1:5
[INFO] [stderr]   |
[INFO] [stderr] 1 | use registry::post_component;
[INFO] [stderr]   |     ^^^^^^^^^^--------------
[INFO] [stderr]   |               |
[INFO] [stderr]   |               no `post_component` in the root
[INFO] [stderr] ┈┈┈┈┈┈┈┈┈┈┈┈┈┈┈┈┈┈┈┈┈┈┈┈┈┈┈┈┈┈┈┈┈┈┈┈┈┈┈┈┈┈┈┈┈┈┈┈┈┈┈┈┈┈┈┈┈┈┈┈
[INFO] [stderr] note: If the actual output is the correct output you can bless it by rerunning
[INFO] [stderr]       your test with the environment variable TRYBUILD=overwrite
[INFO] [stderr] 
[INFO] [stderr] test tests/compile_fail/unsupported_prop_type.rs ... mismatch
[INFO] [stderr] 
[INFO] [stderr] EXPECTED:
[INFO] [stderr] ┈┈┈┈┈┈┈┈┈┈┈┈┈┈┈┈┈┈┈┈┈┈┈┈┈┈┈┈┈┈┈┈┈┈┈┈┈┈┈┈┈┈┈┈┈┈┈┈┈┈┈┈┈┈┈┈┈┈┈┈
[INFO] [stderr] error: #[post_component] v1 supports props of type String, f64, i64, bool, or Option of one of these, plus `children: Children`
[INFO] [stderr]        = help: #[post_component] must sit above #[component] or #[island] (no such attribute was found below it)
[INFO] [stderr]  --> tests/compile_fail/unsupported_prop_type.rs:5:18
[INFO] [stderr]   |
[INFO] [stderr] 5 | pub fn Bad(data: Vec<String>) {
[INFO] [stderr]   |                  ^^^
[INFO] [stderr] ┈┈┈┈┈┈┈┈┈┈┈┈┈┈┈┈┈┈┈┈┈┈┈┈┈┈┈┈┈┈┈┈┈┈┈┈┈┈┈┈┈┈┈┈┈┈┈┈┈┈┈┈┈┈┈┈┈┈┈┈
[INFO] [stderr] 
[INFO] [stderr] ACTUAL OUTPUT:
[INFO] [stderr] ┈┈┈┈┈┈┈┈┈┈┈┈┈┈┈┈┈┈┈┈┈┈┈┈┈┈┈┈┈┈┈┈┈┈┈┈┈┈┈┈┈┈┈┈┈┈┈┈┈┈┈┈┈┈┈┈┈┈┈┈
[INFO] [stderr] error[E0432]: unresolved import `registry::post_component`
[INFO] [stderr]  --> tests/compile_fail/unsupported_prop_type.rs:1:5
[INFO] [stderr]   |
[INFO] [stderr] 1 | use registry::post_component;
[INFO] [stderr]   |     ^^^^^^^^^^--------------
[INFO] [stderr]   |               |
[INFO] [stderr]   |               no `post_component` in the root
[INFO] [stderr] ┈┈┈┈┈┈┈┈┈┈┈┈┈┈┈┈┈┈┈┈┈┈┈┈┈┈┈┈┈┈┈┈┈┈┈┈┈┈┈┈┈┈┈┈┈┈┈┈┈┈┈┈┈┈┈┈┈┈┈┈
[INFO] [stderr] note: If the actual output is the correct output you can bless it by rerunning
[INFO] [stderr]       your test with the environment variable TRYBUILD=overwrite
[INFO] [stderr] 
[INFO] [stderr] 
[INFO] [stderr] 
[INFO] [stdout] test unsupported_prop_type_is_a_clear_compile_error ... FAILED
[INFO] [stdout] 
[INFO] [stdout] failures:
[INFO] [stdout] 
[INFO] [stdout] ---- unsupported_prop_type_is_a_clear_compile_error stdout ----
[INFO] [stdout] 
[INFO] [stdout] thread 'unsupported_prop_type_is_a_clear_compile_error' (4638) panicked at /opt/rustwide/cargo-home/registry/src/index.crates.io-1949cf8c6b5b557f/trybuild-1.0.117/src/run.rs:102:13:
[INFO] [stdout] 7 of 7 tests failed
[INFO] [stdout] stack backtrace:
[INFO] [stdout]    0:     0x5d9ba8afeb31 - std[617be2ca0a6fd877]::backtrace_rs::backtrace::libunwind::trace
[INFO] [stdout]                                at /rustc/e3feeb59cd1bdd011a2bfcc0747b55125d9b8527/library/std/src/../../backtrace/src/backtrace/libunwind.rs:117:9
[INFO] [stdout]    1:     0x5d9ba8afeb31 - std[617be2ca0a6fd877]::backtrace_rs::backtrace::trace_unsynchronized::<std[617be2ca0a6fd877]::sys::backtrace::_print_fmt::{closure#1}>
[INFO] [stdout]                                at /rustc/e3feeb59cd1bdd011a2bfcc0747b55125d9b8527/library/std/src/../../backtrace/src/backtrace/mod.rs:66:14
[INFO] [stdout]    2:     0x5d9ba8afeb31 - std[617be2ca0a6fd877]::sys::backtrace::_print_fmt
[INFO] [stdout]                                at /rustc/e3feeb59cd1bdd011a2bfcc0747b55125d9b8527/library/std/src/sys/backtrace.rs:74:9
[INFO] [stdout]    3:     0x5d9ba8afeb31 - <<std[617be2ca0a6fd877]::sys::backtrace::BacktraceLock>::print::DisplayBacktrace as core[a373ad73a504971]::fmt::Display>::fmt
[INFO] [stdout]                                at /rustc/e3feeb59cd1bdd011a2bfcc0747b55125d9b8527/library/std/src/sys/backtrace.rs:44:26
[INFO] [stdout]    4:     0x5d9ba8b1502a - <core[a373ad73a504971]::fmt::rt::Argument>::fmt
[INFO] [stdout]                                at /rustc/e3feeb59cd1bdd011a2bfcc0747b55125d9b8527/library/core/src/fmt/rt.rs:152:76
[INFO] [stdout]    5:     0x5d9ba8b1502a - core[a373ad73a504971]::fmt::write
[INFO] [stdout]    6:     0x5d9ba8b0342c - core[a373ad73a504971]::io::write::default_write_fmt::<alloc[2e1b2a31b91974c5]::vec::Vec<u8>>
[INFO] [stdout]                                at /rustc/e3feeb59cd1bdd011a2bfcc0747b55125d9b8527/library/core/src/io/write.rs:402:11
[INFO] [stdout]    7:     0x5d9ba8b0342c - <alloc[2e1b2a31b91974c5]::vec::Vec<u8> as core[a373ad73a504971]::io::write::Write>::write_fmt
[INFO] [stdout]                                at /rustc/e3feeb59cd1bdd011a2bfcc0747b55125d9b8527/library/core/src/io/write.rs:335:13
[INFO] [stdout]    8:     0x5d9ba8ad7f96 - <std[617be2ca0a6fd877]::sys::backtrace::BacktraceLock>::print
[INFO] [stdout]                                at /rustc/e3feeb59cd1bdd011a2bfcc0747b55125d9b8527/library/std/src/sys/backtrace.rs:47:9
[INFO] [stdout]    9:     0x5d9ba8ad7f96 - std[617be2ca0a6fd877]::panicking::default_hook::{closure#0}
[INFO] [stdout]                                at /rustc/e3feeb59cd1bdd011a2bfcc0747b55125d9b8527/library/std/src/panicking.rs:289:27
[INFO] [stdout]   10:     0x5d9ba8af60d9 - std[617be2ca0a6fd877]::panicking::default_hook
[INFO] [stdout]                                at /rustc/e3feeb59cd1bdd011a2bfcc0747b55125d9b8527/library/std/src/panicking.rs:313:9
[INFO] [stdout]   11:     0x5d9ba8a8f680 - <alloc[2e1b2a31b91974c5]::boxed::Box<dyn for<'a, 'b> core[a373ad73a504971]::ops::function::Fn<(&'a std[617be2ca0a6fd877]::panic::PanicHookInfo<'b>,), Output = ()> + core[a373ad73a504971]::marker::Sync + core[a373ad73a504971]::marker::Send> as core[a373ad73a504971]::ops::function::Fn<(&std[617be2ca0a6fd877]::panic::PanicHookInfo,)>>::call
[INFO] [stdout]                                at /rustc/e3feeb59cd1bdd011a2bfcc0747b55125d9b8527/library/alloc/src/boxed.rs:2328:9
[INFO] [stdout]   12:     0x5d9ba8a8f680 - test[aada8e7e76ba119b]::test_main_inner::{closure#0}
[INFO] [stdout]                                at /rustc/e3feeb59cd1bdd011a2bfcc0747b55125d9b8527/library/test/src/lib.rs:137:21
[INFO] [stdout]   13:     0x5d9ba8af6292 - <alloc[2e1b2a31b91974c5]::boxed::Box<dyn for<'a, 'b> core[a373ad73a504971]::ops::function::Fn<(&'a std[617be2ca0a6fd877]::panic::PanicHookInfo<'b>,), Output = ()> + core[a373ad73a504971]::marker::Sync + core[a373ad73a504971]::marker::Send> as core[a373ad73a504971]::ops::function::Fn<(&std[617be2ca0a6fd877]::panic::PanicHookInfo,)>>::call
[INFO] [stdout]                                at /rustc/e3feeb59cd1bdd011a2bfcc0747b55125d9b8527/library/alloc/src/boxed.rs:2328:9
[INFO] [stdout]   14:     0x5d9ba8af6292 - std[617be2ca0a6fd877]::panicking::panic_with_hook
[INFO] [stdout]                                at /rustc/e3feeb59cd1bdd011a2bfcc0747b55125d9b8527/library/std/src/panicking.rs:819:13
[INFO] [stdout]   15:     0x5d9ba8ad8042 - std[617be2ca0a6fd877]::panicking::panic_handler::{closure#0}
[INFO] [stdout]                                at /rustc/e3feeb59cd1bdd011a2bfcc0747b55125d9b8527/library/std/src/panicking.rs:685:13
[INFO] [stdout]   16:     0x5d9ba8ad0869 - std[617be2ca0a6fd877]::sys::backtrace::__rust_end_short_backtrace::<std[617be2ca0a6fd877]::panicking::panic_handler::{closure#0}, !>
[INFO] [stdout]                                at /rustc/e3feeb59cd1bdd011a2bfcc0747b55125d9b8527/library/std/src/sys/backtrace.rs:182:18
[INFO] [stdout]   17:     0x5d9ba8ad8c4d - __rustc[ea4f61d10b84890b]::rust_begin_unwind
[INFO] [stdout]                                at /rustc/e3feeb59cd1bdd011a2bfcc0747b55125d9b8527/library/std/src/panicking.rs:676:5
[INFO] [stdout]   18:     0x5d9ba8b1581c - core[a373ad73a504971]::panicking::panic_fmt
[INFO] [stdout]                                at /rustc/e3feeb59cd1bdd011a2bfcc0747b55125d9b8527/library/core/src/panicking.rs:80:14
[INFO] [stdout]   19:     0x5d9ba88d9e84 - <trybuild[e5cfe8cfc4f6b498]::Runner>::run
[INFO] [stdout]                                at /opt/rustwide/cargo-home/registry/src/index.crates.io-1949cf8c6b5b557f/trybuild-1.0.117/src/run.rs:102:13
[INFO] [stdout]   20:     0x5d9ba88e6bd8 - <trybuild[e5cfe8cfc4f6b498]::TestCases as core[a373ad73a504971]::ops::drop::Drop>::drop
[INFO] [stdout]                                at /opt/rustwide/cargo-home/registry/src/index.crates.io-1949cf8c6b5b557f/trybuild-1.0.117/src/lib.rs:342:38
[INFO] [stdout]   21:     0x5d9ba8866b87 - core[a373ad73a504971]::ptr::drop_glue::<trybuild[e5cfe8cfc4f6b498]::TestCases>
[INFO] [stdout]                                at /rustc/e3feeb59cd1bdd011a2bfcc0747b55125d9b8527/library/core/src/ptr/mod.rs:848:1
[INFO] [stdout]   22:     0x5d9ba8866d93 - compile_fail[7d116109df67e8ce]::unsupported_prop_type_is_a_clear_compile_error
[INFO] [stdout]                                at /opt/rustwide/workdir/crates/registry/tests/compile_fail.rs:6:71
[INFO] [stdout]   23:     0x5d9ba8866ce7 - compile_fail[7d116109df67e8ce]::unsupported_prop_type_is_a_clear_compile_error::{closure#0}
[INFO] [stdout]                                at /opt/rustwide/workdir/crates/registry/tests/compile_fail.rs:5:52
[INFO] [stdout]   24:     0x5d9ba88671f6 - <compile_fail[7d116109df67e8ce]::unsupported_prop_type_is_a_clear_compile_error::{closure#0} as core[a373ad73a504971]::ops::function::FnOnce<()>>::call_once
[INFO] [stdout]                                at /rustc/e3feeb59cd1bdd011a2bfcc0747b55125d9b8527/library/core/src/ops/function.rs:250:5
[INFO] [stdout]   25:     0x5d9ba8a82acb - <fn() -> core[a373ad73a504971]::result::Result<(), alloc[2e1b2a31b91974c5]::string::String> as core[a373ad73a504971]::ops::function::FnOnce<()>>::call_once
[INFO] [stdout]                                at /rustc/e3feeb59cd1bdd011a2bfcc0747b55125d9b8527/library/core/src/ops/function.rs:250:5
[INFO] [stdout]   26:     0x5d9ba8a82acb - test[aada8e7e76ba119b]::__rust_begin_short_backtrace::<core[a373ad73a504971]::result::Result<(), alloc[2e1b2a31b91974c5]::string::String>, fn() -> core[a373ad73a504971]::result::Result<(), alloc[2e1b2a31b91974c5]::string::String>>
[INFO] [stdout]                                at /rustc/e3feeb59cd1bdd011a2bfcc0747b55125d9b8527/library/test/src/lib.rs:701:18
[INFO] [stdout]   27:     0x5d9ba8a8fca5 - test[aada8e7e76ba119b]::run_test_in_process::{closure#0}
[INFO] [stdout]                                at /rustc/e3feeb59cd1bdd011a2bfcc0747b55125d9b8527/library/test/src/lib.rs:724:74
[INFO] [stdout]   28:     0x5d9ba8a8fca5 - <core[a373ad73a504971]::panic::unwind_safe::AssertUnwindSafe<test[aada8e7e76ba119b]::run_test_in_process::{closure#0}> as core[a373ad73a504971]::ops::function::FnOnce<()>>::call_once
[INFO] [stdout]                                at /rustc/e3feeb59cd1bdd011a2bfcc0747b55125d9b8527/library/core/src/panic/unwind_safe.rs:275:9
[INFO] [stdout]   29:     0x5d9ba8a8fca5 - std[617be2ca0a6fd877]::panicking::catch_unwind::do_call::<core[a373ad73a504971]::panic::unwind_safe::AssertUnwindSafe<test[aada8e7e76ba119b]::run_test_in_process::{closure#0}>, core[a373ad73a504971]::result::Result<(), alloc[2e1b2a31b91974c5]::string::String>>
[INFO] [stdout]                                at /rustc/e3feeb59cd1bdd011a2bfcc0747b55125d9b8527/library/std/src/panicking.rs:573:43
[INFO] [stdout]   30:     0x5d9ba8a8fca5 - std[617be2ca0a6fd877]::panicking::catch_unwind::<core[a373ad73a504971]::result::Result<(), alloc[2e1b2a31b91974c5]::string::String>, core[a373ad73a504971]::panic::unwind_safe::AssertUnwindSafe<test[aada8e7e76ba119b]::run_test_in_process::{closure#0}>>
[INFO] [stdout]                                at /rustc/e3feeb59cd1bdd011a2bfcc0747b55125d9b8527/library/std/src/panicking.rs:541:19
[INFO] [stdout]   31:     0x5d9ba8a8fca5 - std[617be2ca0a6fd877]::panic::catch_unwind::<core[a373ad73a504971]::panic::unwind_safe::AssertUnwindSafe<test[aada8e7e76ba119b]::run_test_in_process::{closure#0}>, core[a373ad73a504971]::result::Result<(), alloc[2e1b2a31b91974c5]::string::String>>
[INFO] [stdout]                                at /rustc/e3feeb59cd1bdd011a2bfcc0747b55125d9b8527/library/std/src/panic.rs:359:14
[INFO] [stdout]   32:     0x5d9ba8a8fca5 - test[aada8e7e76ba119b]::run_test_in_process
[INFO] [stdout]                                at /rustc/e3feeb59cd1bdd011a2bfcc0747b55125d9b8527/library/test/src/lib.rs:724:27
[INFO] [stdout]   33:     0x5d9ba8a8fca5 - test[aada8e7e76ba119b]::run_test::{closure#0}
[INFO] [stdout]                                at /rustc/e3feeb59cd1bdd011a2bfcc0747b55125d9b8527/library/test/src/lib.rs:645:43
[INFO] [stdout]   34:     0x5d9ba8a89594 - test[aada8e7e76ba119b]::run_test::{closure#1}
[INFO] [stdout]                                at /rustc/e3feeb59cd1bdd011a2bfcc0747b55125d9b8527/library/test/src/lib.rs:675:41
[INFO] [stdout]   35:     0x5d9ba8a89594 - std[617be2ca0a6fd877]::sys::backtrace::__rust_begin_short_backtrace::<test[aada8e7e76ba119b]::run_test::{closure#1}, ()>
[INFO] [stdout]                                at /rustc/e3feeb59cd1bdd011a2bfcc0747b55125d9b8527/library/std/src/sys/backtrace.rs:166:18
[INFO] [stdout]   36:     0x5d9ba8a92d32 - std[617be2ca0a6fd877]::thread::lifecycle::spawn_unchecked::<test[aada8e7e76ba119b]::run_test::{closure#1}, ()>::{closure#1}::{closure#0}
[INFO] [stdout]                                at /rustc/e3feeb59cd1bdd011a2bfcc0747b55125d9b8527/library/std/src/thread/lifecycle.rs:70:13
[INFO] [stdout]   37:     0x5d9ba8a92d32 - <core[a373ad73a504971]::panic::unwind_safe::AssertUnwindSafe<std[617be2ca0a6fd877]::thread::lifecycle::spawn_unchecked<test[aada8e7e76ba119b]::run_test::{closure#1}, ()>::{closure#1}::{closure#0}> as core[a373ad73a504971]::ops::function::FnOnce<()>>::call_once
[INFO] [stdout]                                at /rustc/e3feeb59cd1bdd011a2bfcc0747b55125d9b8527/library/core/src/panic/unwind_safe.rs:275:9
[INFO] [stdout]   38:     0x5d9ba8a92d32 - std[617be2ca0a6fd877]::panicking::catch_unwind::do_call::<core[a373ad73a504971]::panic::unwind_safe::AssertUnwindSafe<std[617be2ca0a6fd877]::thread::lifecycle::spawn_unchecked<test[aada8e7e76ba119b]::run_test::{closure#1}, ()>::{closure#1}::{closure#0}>, ()>
[INFO] [stdout]                                at /rustc/e3feeb59cd1bdd011a2bfcc0747b55125d9b8527/library/std/src/panicking.rs:573:43
[INFO] [stdout]   39:     0x5d9ba8a92d32 - std[617be2ca0a6fd877]::panicking::catch_unwind::<(), core[a373ad73a504971]::panic::unwind_safe::AssertUnwindSafe<std[617be2ca0a6fd877]::thread::lifecycle::spawn_unchecked<test[aada8e7e76ba119b]::run_test::{closure#1}, ()>::{closure#1}::{closure#0}>>
[INFO] [stdout]                                at /rustc/e3feeb59cd1bdd011a2bfcc0747b55125d9b8527/library/std/src/panicking.rs:541:19
[INFO] [stdout]   40:     0x5d9ba8a92d32 - std[617be2ca0a6fd877]::panic::catch_unwind::<core[a373ad73a504971]::panic::unwind_safe::AssertUnwindSafe<std[617be2ca0a6fd877]::thread::lifecycle::spawn_unchecked<test[aada8e7e76ba119b]::run_test::{closure#1}, ()>::{closure#1}::{closure#0}>, ()>
[INFO] [stdout]                                at /rustc/e3feeb59cd1bdd011a2bfcc0747b55125d9b8527/library/std/src/panic.rs:359:14
[INFO] [stdout]   41:     0x5d9ba8a92d32 - std[617be2ca0a6fd877]::thread::lifecycle::spawn_unchecked::<test[aada8e7e76ba119b]::run_test::{closure#1}, ()>::{closure#1}
[INFO] [stdout]                                at /rustc/e3feeb59cd1bdd011a2bfcc0747b55125d9b8527/library/std/src/thread/lifecycle.rs:68:26
[INFO] [stdout]   42:     0x5d9ba8a92d32 - <std[617be2ca0a6fd877]::thread::lifecycle::spawn_unchecked<test[aada8e7e76ba119b]::run_test::{closure#1}, ()>::{closure#1} as core[a373ad73a504971]::ops::function::FnOnce<()>>::call_once::{shim:vtable#0}
[INFO] [stdout]                                at /rustc/e3feeb59cd1bdd011a2bfcc0747b55125d9b8527/library/core/src/ops/function.rs:250:5
[INFO] [stdout]   43:     0x5d9ba8afdd8f - <alloc[2e1b2a31b91974c5]::boxed::Box<dyn core[a373ad73a504971]::ops::function::FnOnce<(), Output = ()> + core[a373ad73a504971]::marker::Send> as core[a373ad73a504971]::ops::function::FnOnce<()>>::call_once
[INFO] [stdout]                                at /rustc/e3feeb59cd1bdd011a2bfcc0747b55125d9b8527/library/alloc/src/boxed.rs:2314:9
[INFO] [stdout]   44:     0x5d9ba8afdd8f - <std[617be2ca0a6fd877]::sys::thread::unix::Thread>::new::thread_start
[INFO] [stdout]                                at /rustc/e3feeb59cd1bdd011a2bfcc0747b55125d9b8527/library/std/src/sys/thread/unix.rs:127:17
[INFO] [stdout]   45:     0x70126c4b8dfa - <unknown>
[INFO] [stdout]   46:     0x70126c54c3d4 - clone
[INFO] [stdout]   47:                0x0 - <unknown>
[INFO] [stdout] 
[INFO] [stdout] 
[INFO] [stdout] failures:
[INFO] [stdout]     unsupported_prop_type_is_a_clear_compile_error
[INFO] [stdout] 
[INFO] [stdout] test result: FAILED. 0 passed; 1 failed; 0 ignored; 0 measured; 0 filtered out; finished in 151.62s
[INFO] [stdout] 
[INFO] [stderr] error: test failed, to rerun pass `-p registry --test compile_fail`
[INFO] running `Command { std: "docker" "inspect" "24e52810e440d8f803d25aae47517b64500748f22e1a3444fb57d3187e343b68", kill_on_drop: false }`
[INFO] running `Command { std: "docker" "rm" "-f" "24e52810e440d8f803d25aae47517b64500748f22e1a3444fb57d3187e343b68", kill_on_drop: false }`
[INFO] [stdout] 24e52810e440d8f803d25aae47517b64500748f22e1a3444fb57d3187e343b68
