[INFO] cloning repository https://github.com/chokriabouzid-star/engineering-civilization
[INFO] running `Command { std: "git" "-c" "credential.helper=" "-c" "credential.helper=/workspace/cargo-home/bin/git-credential-null" "clone" "--bare" "https://github.com/chokriabouzid-star/engineering-civilization" "/workspace/cache/git-repos/https%3A%2F%2Fgithub.com%2Fchokriabouzid-star%2Fengineering-civilization", kill_on_drop: false }`
[INFO] [stderr] Cloning into bare repository '/workspace/cache/git-repos/https%3A%2F%2Fgithub.com%2Fchokriabouzid-star%2Fengineering-civilization'...
[INFO] running `Command { std: "git" "rev-parse" "HEAD", kill_on_drop: false }`
[INFO] [stdout] a035ebf0fe0107d0894934edc08b04df995c611f
[INFO] testing chokriabouzid-star/engineering-civilization against 1.100.0-beta.1 for beta-1.100-2
[INFO] running `Command { std: "git" "clone" "/workspace/cache/git-repos/https%3A%2F%2Fgithub.com%2Fchokriabouzid-star%2Fengineering-civilization" "/workspace/builds/worker-4-tc2/source", kill_on_drop: false }`
[INFO] [stderr] Cloning into '/workspace/builds/worker-4-tc2/source'...
[INFO] [stderr] done.
[INFO] removed /workspace/builds/worker-4-tc2/source/rust-toolchain.toml
[INFO] started tweaking git repo https://github.com/chokriabouzid-star/engineering-civilization
[INFO] finished tweaking git repo https://github.com/chokriabouzid-star/engineering-civilization
[INFO] tweaked toml for git repo https://github.com/chokriabouzid-star/engineering-civilization written to /workspace/builds/worker-4-tc2/source/Cargo.toml
[INFO] validating manifest of git repo https://github.com/chokriabouzid-star/engineering-civilization on toolchain 1.100.0-beta.1
[INFO] running `Command { std: CARGO_HOME="/workspace/cargo-home" RUSTUP_HOME="/workspace/rustup-home" "/workspace/cargo-home/bin/cargo" "+1.100.0-beta.1" "metadata" "--manifest-path" "Cargo.toml" "--no-deps", kill_on_drop: false }`
[INFO] crate git repo https://github.com/chokriabouzid-star/engineering-civilization already has a lockfile, it will not be regenerated
[INFO] running `Command { std: CARGO_HOME="/workspace/cargo-home" RUSTUP_HOME="/workspace/rustup-home" "/workspace/cargo-home/bin/cargo" "+1.100.0-beta.1" "fetch" "--manifest-path" "Cargo.toml", kill_on_drop: false }`
[INFO] [stderr] warning: unused workspace dependency `anyhow`
[INFO] [stderr]  --> Cargo.toml:6:1
[INFO] [stderr]   |
[INFO] [stderr] 6 | anyhow = "1.0"
[INFO] [stderr]   | ^^^^^^
[INFO] [stderr]   |
[INFO] [stderr]   = note: `cargo::unused_workspace_dependencies` is set to `warn` by default
[INFO] [stderr] help: consider removing the workspace dependency `anyhow`
[INFO] [stderr] warning: unused workspace dependency `chrono`
[INFO] [stderr]   --> Cargo.toml:13:25
[INFO] [stderr]    |
[INFO] [stderr] 13 | [workspace.dependencies.chrono]
[INFO] [stderr]    |                         ^^^^^^
[INFO] [stderr]    |
[INFO] [stderr] help: consider removing the workspace dependency `chrono`
[INFO] [stderr] warning: unused workspace dependency `ec-analysis`
[INFO] [stderr]   --> Cargo.toml:17:25
[INFO] [stderr]    |
[INFO] [stderr] 17 | [workspace.dependencies.ec-analysis]
[INFO] [stderr]    |                         ^^^^^^^^^^^
[INFO] [stderr]    |
[INFO] [stderr] help: consider removing the workspace dependency `ec-analysis`
[INFO] [stderr] warning: unused workspace dependency `ec-api`
[INFO] [stderr]   --> Cargo.toml:20:25
[INFO] [stderr]    |
[INFO] [stderr] 20 | [workspace.dependencies.ec-api]
[INFO] [stderr]    |                         ^^^^^^
[INFO] [stderr]    |
[INFO] [stderr] help: consider removing the workspace dependency `ec-api`
[INFO] [stderr] warning: unused workspace dependency `ec-app`
[INFO] [stderr]   --> Cargo.toml:23:25
[INFO] [stderr]    |
[INFO] [stderr] 23 | [workspace.dependencies.ec-app]
[INFO] [stderr]    |                         ^^^^^^
[INFO] [stderr]    |
[INFO] [stderr] help: consider removing the workspace dependency `ec-app`
[INFO] [stderr] warning: unused workspace dependency `ec-cli`
[INFO] [stderr]   --> Cargo.toml:26:25
[INFO] [stderr]    |
[INFO] [stderr] 26 | [workspace.dependencies.ec-cli]
[INFO] [stderr]    |                         ^^^^^^
[INFO] [stderr]    |
[INFO] [stderr] help: consider removing the workspace dependency `ec-cli`
[INFO] [stderr] warning: unused workspace dependency `ec-codegen`
[INFO] [stderr]   --> Cargo.toml:29:25
[INFO] [stderr]    |
[INFO] [stderr] 29 | [workspace.dependencies.ec-codegen]
[INFO] [stderr]    |                         ^^^^^^^^^^
[INFO] [stderr]    |
[INFO] [stderr] help: consider removing the workspace dependency `ec-codegen`
[INFO] [stderr] warning: unused workspace dependency `ec-constitutional`
[INFO] [stderr]   --> Cargo.toml:32:25
[INFO] [stderr]    |
[INFO] [stderr] 32 | [workspace.dependencies.ec-constitutional]
[INFO] [stderr]    |                         ^^^^^^^^^^^^^^^^^
[INFO] [stderr]    |
[INFO] [stderr] help: consider removing the workspace dependency `ec-constitutional`
[INFO] [stderr] warning: unused workspace dependency `ec-epistemic`
[INFO] [stderr]   --> Cargo.toml:35:25
[INFO] [stderr]    |
[INFO] [stderr] 35 | [workspace.dependencies.ec-epistemic]
[INFO] [stderr]    |                         ^^^^^^^^^^^^
[INFO] [stderr]    |
[INFO] [stderr] help: consider removing the workspace dependency `ec-epistemic`
[INFO] [stderr] warning: unused workspace dependency `ec-fitness`
[INFO] [stderr]   --> Cargo.toml:38:25
[INFO] [stderr]    |
[INFO] [stderr] 38 | [workspace.dependencies.ec-fitness]
[INFO] [stderr]    |                         ^^^^^^^^^^
[INFO] [stderr]    |
[INFO] [stderr] help: consider removing the workspace dependency `ec-fitness`
[INFO] [stderr] warning: unused workspace dependency `ec-governance`
[INFO] [stderr]   --> Cargo.toml:41:25
[INFO] [stderr]    |
[INFO] [stderr] 41 | [workspace.dependencies.ec-governance]
[INFO] [stderr]    |                         ^^^^^^^^^^^^^
[INFO] [stderr]    |
[INFO] [stderr] help: consider removing the workspace dependency `ec-governance`
[INFO] [stderr] warning: unused workspace dependency `ec-memory`
[INFO] [stderr]   --> Cargo.toml:44:25
[INFO] [stderr]    |
[INFO] [stderr] 44 | [workspace.dependencies.ec-memory]
[INFO] [stderr]    |                         ^^^^^^^^^
[INFO] [stderr]    |
[INFO] [stderr] help: consider removing the workspace dependency `ec-memory`
[INFO] [stderr] warning: unused workspace dependency `ec-sandbox`
[INFO] [stderr]   --> Cargo.toml:47:25
[INFO] [stderr]    |
[INFO] [stderr] 47 | [workspace.dependencies.ec-sandbox]
[INFO] [stderr]    |                         ^^^^^^^^^^
[INFO] [stderr]    |
[INFO] [stderr] help: consider removing the workspace dependency `ec-sandbox`
[INFO] [stderr] warning: unused workspace dependency `proptest`
[INFO] [stderr]  --> Cargo.toml:7:1
[INFO] [stderr]   |
[INFO] [stderr] 7 | proptest = "1.6"
[INFO] [stderr]   | ^^^^^^^^
[INFO] [stderr]   |
[INFO] [stderr] help: consider removing the workspace dependency `proptest`
[INFO] [stderr] warning: unused workspace dependency `rand`
[INFO] [stderr]  --> Cargo.toml:8:1
[INFO] [stderr]   |
[INFO] [stderr] 8 | rand = "0.8"
[INFO] [stderr]   | ^^^^
[INFO] [stderr]   |
[INFO] [stderr] help: consider removing the workspace dependency `rand`
[INFO] [stderr] warning: unused workspace dependency `serde`
[INFO] [stderr]   --> Cargo.toml:50:25
[INFO] [stderr]    |
[INFO] [stderr] 50 | [workspace.dependencies.serde]
[INFO] [stderr]    |                         ^^^^^
[INFO] [stderr]    |
[INFO] [stderr] help: consider removing the workspace dependency `serde`
[INFO] [stderr] warning: unused workspace dependency `serde_json`
[INFO] [stderr]  --> Cargo.toml:9:1
[INFO] [stderr]   |
[INFO] [stderr] 9 | serde_json = "1.0"
[INFO] [stderr]   | ^^^^^^^^^^
[INFO] [stderr]   |
[INFO] [stderr] help: consider removing the workspace dependency `serde_json`
[INFO] [stderr] warning: unused workspace dependency `sha2`
[INFO] [stderr]   --> Cargo.toml:10:1
[INFO] [stderr]    |
[INFO] [stderr] 10 | sha2 = "0.10"
[INFO] [stderr]    | ^^^^
[INFO] [stderr]    |
[INFO] [stderr] help: consider removing the workspace dependency `sha2`
[INFO] [stderr] warning: unused workspace dependency `thiserror`
[INFO] [stderr]   --> Cargo.toml:11:1
[INFO] [stderr]    |
[INFO] [stderr] 11 | thiserror = "2.0"
[INFO] [stderr]    | ^^^^^^^^^
[INFO] [stderr]    |
[INFO] [stderr] help: consider removing the workspace dependency `thiserror`
[INFO] [stderr] warning: unused workspace dependency `tokio`
[INFO] [stderr]   --> Cargo.toml:54:25
[INFO] [stderr]    |
[INFO] [stderr] 54 | [workspace.dependencies.tokio]
[INFO] [stderr]    |                         ^^^^^
[INFO] [stderr]    |
[INFO] [stderr] help: consider removing the workspace dependency `tokio`
[INFO] [stderr] warning: unused workspace dependency `uuid`
[INFO] [stderr]   --> Cargo.toml:58:25
[INFO] [stderr]    |
[INFO] [stderr] 58 | [workspace.dependencies.uuid]
[INFO] [stderr]    |                         ^^^^
[INFO] [stderr]    |
[INFO] [stderr] help: consider removing the workspace dependency `uuid`
[INFO] [stderr] warning: unused field `edition` in `workspace.package`
[INFO] [stderr]   --> Cargo.toml:63:1
[INFO] [stderr]    |
[INFO] [stderr] 63 | edition = "2021"
[INFO] [stderr]    | ^^^^^^^
[INFO] [stderr]    |
[INFO] [stderr]    = note: `cargo::unused_workspace_package_fields` is set to `warn` by default
[INFO] [stderr] help: consider removing the field `workspace.package.edition`
[INFO] [stderr] warning: unused field `version` in `workspace.package`
[INFO] [stderr]   --> Cargo.toml:66:1
[INFO] [stderr]    |
[INFO] [stderr] 66 | version = "0.3.0"
[INFO] [stderr]    | ^^^^^^^
[INFO] [stderr]    |
[INFO] [stderr] help: consider removing the field `workspace.package.version`
[INFO] [stderr] warning: workspace (manifest) generated 23 warnings
[INFO] [stderr]     Blocking waiting for file lock on package cache
[INFO] [stderr]     Blocking waiting for file lock on package cache
[INFO] running `Command { std: "docker" "create" "-v" "/var/lib/crater-agent-workspace/builds/worker-4-tc2/source:/opt/rustwide/workdir:ro,Z" "-v" "/var/lib/crater-agent-workspace/builds/worker-4-tc2/target:/opt/rustwide/target:rw,Z" "-v" "/var/lib/crater-agent-workspace/cargo-home:/opt/rustwide/cargo-home:ro,Z" "-v" "/var/lib/crater-agent-workspace/rustup-home:/opt/rustwide/rustup-home:ro,Z" "-m" "1610612736" "--network" "none" "ghcr.io/rust-lang/crates-build-env/linux@sha256:3111399a4047eeb3a02b7a90e478d715f38a8c6669b5c4b49d30a17385265909" "sleep" "infinity", kill_on_drop: false }`
[INFO] [stdout] 9a23d49445cce069b8ce4d5c7eb11c88c0cabfd7ddbe33a42c297fa6d7af7d9f
[INFO] running `Command { std: "docker" "start" "9a23d49445cce069b8ce4d5c7eb11c88c0cabfd7ddbe33a42c297fa6d7af7d9f", kill_on_drop: false }`
[INFO] running `Command { std: "docker" "inspect" "9a23d49445cce069b8ce4d5c7eb11c88c0cabfd7ddbe33a42c297fa6d7af7d9f", kill_on_drop: false }`
[INFO] running `Command { std: "docker" "exec" "-e" "SOURCE_DIR=/opt/rustwide/workdir" "-e" "CARGO_HOME=/opt/rustwide/cargo-home" "-e" "RUSTUP_HOME=/opt/rustwide/rustup-home" "-e" "CARGO_TARGET_DIR=/opt/rustwide/target" "-w" "/opt/rustwide/workdir" "--user" "0:0" "9a23d49445cce069b8ce4d5c7eb11c88c0cabfd7ddbe33a42c297fa6d7af7d9f" "/opt/rustwide/cargo-home/bin/cargo" "+1.100.0-beta.1" "metadata" "--no-deps" "--format-version=1", kill_on_drop: false }`
[INFO] running `Command { std: "docker" "inspect" "9a23d49445cce069b8ce4d5c7eb11c88c0cabfd7ddbe33a42c297fa6d7af7d9f", kill_on_drop: false }`
[INFO] running `Command { std: "docker" "exec" "-e" "SOURCE_DIR=/opt/rustwide/workdir" "-e" "CARGO_HOME=/opt/rustwide/cargo-home" "-e" "RUSTUP_HOME=/opt/rustwide/rustup-home" "-e" "CARGO_TARGET_DIR=/opt/rustwide/target" "-e" "CARGO_INCREMENTAL=0" "-e" "RUST_BACKTRACE=full" "-e" "RUSTFLAGS=--cap-lints=warn" "-e" "RUSTDOCFLAGS=--cap-lints=warn" "-w" "/opt/rustwide/workdir" "--user" "0:0" "9a23d49445cce069b8ce4d5c7eb11c88c0cabfd7ddbe33a42c297fa6d7af7d9f" "/opt/rustwide/cargo-home/bin/cargo" "+1.100.0-beta.1" "build" "--frozen" "--message-format=json", kill_on_drop: false }`
[INFO] [stderr] warning: unused workspace dependency `anyhow`
[INFO] [stderr]  --> Cargo.toml:6:1
[INFO] [stderr]   |
[INFO] [stderr] 6 | anyhow = "1.0"
[INFO] [stderr]   | ^^^^^^
[INFO] [stderr]   |
[INFO] [stderr]   = note: `cargo::unused_workspace_dependencies` is set to `warn` by default
[INFO] [stderr] help: consider removing the workspace dependency `anyhow`
[INFO] [stderr] warning: unused workspace dependency `chrono`
[INFO] [stderr]   --> Cargo.toml:13:25
[INFO] [stderr]    |
[INFO] [stderr] 13 | [workspace.dependencies.chrono]
[INFO] [stderr]    |                         ^^^^^^
[INFO] [stderr]    |
[INFO] [stderr] help: consider removing the workspace dependency `chrono`
[INFO] [stderr] warning: unused workspace dependency `ec-analysis`
[INFO] [stderr]   --> Cargo.toml:17:25
[INFO] [stderr]    |
[INFO] [stderr] 17 | [workspace.dependencies.ec-analysis]
[INFO] [stderr]    |                         ^^^^^^^^^^^
[INFO] [stderr]    |
[INFO] [stderr] help: consider removing the workspace dependency `ec-analysis`
[INFO] [stderr] warning: unused workspace dependency `ec-api`
[INFO] [stderr]   --> Cargo.toml:20:25
[INFO] [stderr]    |
[INFO] [stderr] 20 | [workspace.dependencies.ec-api]
[INFO] [stderr]    |                         ^^^^^^
[INFO] [stderr]    |
[INFO] [stderr] help: consider removing the workspace dependency `ec-api`
[INFO] [stderr] warning: unused workspace dependency `ec-app`
[INFO] [stderr]   --> Cargo.toml:23:25
[INFO] [stderr]    |
[INFO] [stderr] 23 | [workspace.dependencies.ec-app]
[INFO] [stderr]    |                         ^^^^^^
[INFO] [stderr]    |
[INFO] [stderr] help: consider removing the workspace dependency `ec-app`
[INFO] [stderr] warning: unused workspace dependency `ec-cli`
[INFO] [stderr]   --> Cargo.toml:26:25
[INFO] [stderr]    |
[INFO] [stderr] 26 | [workspace.dependencies.ec-cli]
[INFO] [stderr]    |                         ^^^^^^
[INFO] [stderr]    |
[INFO] [stderr] help: consider removing the workspace dependency `ec-cli`
[INFO] [stderr] warning: unused workspace dependency `ec-codegen`
[INFO] [stderr]   --> Cargo.toml:29:25
[INFO] [stderr]    |
[INFO] [stderr] 29 | [workspace.dependencies.ec-codegen]
[INFO] [stderr]    |                         ^^^^^^^^^^
[INFO] [stderr]    |
[INFO] [stderr] help: consider removing the workspace dependency `ec-codegen`
[INFO] [stderr] warning: unused workspace dependency `ec-constitutional`
[INFO] [stderr]   --> Cargo.toml:32:25
[INFO] [stderr]    |
[INFO] [stderr] 32 | [workspace.dependencies.ec-constitutional]
[INFO] [stderr]    |                         ^^^^^^^^^^^^^^^^^
[INFO] [stderr]    |
[INFO] [stderr] help: consider removing the workspace dependency `ec-constitutional`
[INFO] [stderr] warning: unused workspace dependency `ec-epistemic`
[INFO] [stderr]   --> Cargo.toml:35:25
[INFO] [stderr]    |
[INFO] [stderr] 35 | [workspace.dependencies.ec-epistemic]
[INFO] [stderr]    |                         ^^^^^^^^^^^^
[INFO] [stderr]    |
[INFO] [stderr] help: consider removing the workspace dependency `ec-epistemic`
[INFO] [stderr] warning: unused workspace dependency `ec-fitness`
[INFO] [stderr]   --> Cargo.toml:38:25
[INFO] [stderr]    |
[INFO] [stderr] 38 | [workspace.dependencies.ec-fitness]
[INFO] [stderr]    |                         ^^^^^^^^^^
[INFO] [stderr]    |
[INFO] [stderr] help: consider removing the workspace dependency `ec-fitness`
[INFO] [stderr] warning: unused workspace dependency `ec-governance`
[INFO] [stderr]   --> Cargo.toml:41:25
[INFO] [stderr]    |
[INFO] [stderr] 41 | [workspace.dependencies.ec-governance]
[INFO] [stderr]    |                         ^^^^^^^^^^^^^
[INFO] [stderr]    |
[INFO] [stderr] help: consider removing the workspace dependency `ec-governance`
[INFO] [stderr] warning: unused workspace dependency `ec-memory`
[INFO] [stderr]   --> Cargo.toml:44:25
[INFO] [stderr]    |
[INFO] [stderr] 44 | [workspace.dependencies.ec-memory]
[INFO] [stderr]    |                         ^^^^^^^^^
[INFO] [stderr]    |
[INFO] [stderr] help: consider removing the workspace dependency `ec-memory`
[INFO] [stderr] warning: unused workspace dependency `ec-sandbox`
[INFO] [stderr]   --> Cargo.toml:47:25
[INFO] [stderr]    |
[INFO] [stderr] 47 | [workspace.dependencies.ec-sandbox]
[INFO] [stderr]    |                         ^^^^^^^^^^
[INFO] [stderr]    |
[INFO] [stderr] help: consider removing the workspace dependency `ec-sandbox`
[INFO] [stderr] warning: unused workspace dependency `proptest`
[INFO] [stderr]  --> Cargo.toml:7:1
[INFO] [stderr]   |
[INFO] [stderr] 7 | proptest = "1.6"
[INFO] [stderr]   | ^^^^^^^^
[INFO] [stderr]   |
[INFO] [stderr] help: consider removing the workspace dependency `proptest`
[INFO] [stderr] warning: unused workspace dependency `rand`
[INFO] [stderr]  --> Cargo.toml:8:1
[INFO] [stderr]   |
[INFO] [stderr] 8 | rand = "0.8"
[INFO] [stderr]   | ^^^^
[INFO] [stderr]   |
[INFO] [stderr] help: consider removing the workspace dependency `rand`
[INFO] [stderr] warning: unused workspace dependency `serde`
[INFO] [stderr]   --> Cargo.toml:50:25
[INFO] [stderr]    |
[INFO] [stderr] 50 | [workspace.dependencies.serde]
[INFO] [stderr]    |                         ^^^^^
[INFO] [stderr]    |
[INFO] [stderr] help: consider removing the workspace dependency `serde`
[INFO] [stderr] warning: unused workspace dependency `serde_json`
[INFO] [stderr]  --> Cargo.toml:9:1
[INFO] [stderr]   |
[INFO] [stderr] 9 | serde_json = "1.0"
[INFO] [stderr]   | ^^^^^^^^^^
[INFO] [stderr]   |
[INFO] [stderr] help: consider removing the workspace dependency `serde_json`
[INFO] [stderr] warning: unused workspace dependency `sha2`
[INFO] [stderr]   --> Cargo.toml:10:1
[INFO] [stderr]    |
[INFO] [stderr] 10 | sha2 = "0.10"
[INFO] [stderr]    | ^^^^
[INFO] [stderr]    |
[INFO] [stderr] help: consider removing the workspace dependency `sha2`
[INFO] [stderr] warning: unused workspace dependency `thiserror`
[INFO] [stderr]   --> Cargo.toml:11:1
[INFO] [stderr]    |
[INFO] [stderr] 11 | thiserror = "2.0"
[INFO] [stderr]    | ^^^^^^^^^
[INFO] [stderr]    |
[INFO] [stderr] help: consider removing the workspace dependency `thiserror`
[INFO] [stderr] warning: unused workspace dependency `tokio`
[INFO] [stderr]   --> Cargo.toml:54:25
[INFO] [stderr]    |
[INFO] [stderr] 54 | [workspace.dependencies.tokio]
[INFO] [stderr]    |                         ^^^^^
[INFO] [stderr]    |
[INFO] [stderr] help: consider removing the workspace dependency `tokio`
[INFO] [stderr] warning: unused workspace dependency `uuid`
[INFO] [stderr]   --> Cargo.toml:58:25
[INFO] [stderr]    |
[INFO] [stderr] 58 | [workspace.dependencies.uuid]
[INFO] [stderr]    |                         ^^^^
[INFO] [stderr]    |
[INFO] [stderr] help: consider removing the workspace dependency `uuid`
[INFO] [stderr] warning: unused field `edition` in `workspace.package`
[INFO] [stderr]   --> Cargo.toml:63:1
[INFO] [stderr]    |
[INFO] [stderr] 63 | edition = "2021"
[INFO] [stderr]    | ^^^^^^^
[INFO] [stderr]    |
[INFO] [stderr]    = note: `cargo::unused_workspace_package_fields` is set to `warn` by default
[INFO] [stderr] help: consider removing the field `workspace.package.edition`
[INFO] [stderr] warning: unused field `version` in `workspace.package`
[INFO] [stderr]   --> Cargo.toml:66:1
[INFO] [stderr]    |
[INFO] [stderr] 66 | version = "0.3.0"
[INFO] [stderr]    | ^^^^^^^
[INFO] [stderr]    |
[INFO] [stderr] help: consider removing the field `workspace.package.version`
[INFO] [stderr] warning: workspace (manifest) generated 23 warnings
[INFO] [stderr]    Compiling unicode-ident v1.0.24
[INFO] [stderr]    Compiling quote v1.0.45
[INFO] [stderr]    Compiling libc v0.2.186
[INFO] [stderr]    Compiling zerocopy v0.8.48
[INFO] [stderr]    Compiling pin-project-lite v0.2.17
[INFO] [stderr]    Compiling zmij v1.0.21
[INFO] [stderr]    Compiling ahash v0.8.12
[INFO] [stderr]    Compiling serde_json v1.0.149
[INFO] [stderr]    Compiling tracing-core v0.1.36
[INFO] [stderr]    Compiling getrandom v0.4.2
[INFO] [stderr]    Compiling find-msvc-tools v0.1.9
[INFO] [stderr]    Compiling log v0.4.29
[INFO] [stderr]    Compiling num-traits v0.2.19
[INFO] [stderr]    Compiling memchr v2.8.0
[INFO] [stderr]    Compiling typenum v1.20.0
[INFO] [stderr]    Compiling hashbrown v0.17.1
[INFO] [stderr]    Compiling iana-time-zone v0.1.65
[INFO] [stderr]    Compiling proc-macro2 v1.0.106
[INFO] [stderr]    Compiling anyhow v1.0.104
[INFO] [stderr]    Compiling cc v1.2.62
[INFO] [stderr]    Compiling toml_write v0.1.2
[INFO] [stderr]    Compiling winnow v0.7.15
[INFO] [stderr]    Compiling http v1.4.0
[INFO] [stderr]    Compiling fallible-streaming-iterator v0.1.9
[INFO] [stderr]    Compiling cpufeatures v0.2.17
[INFO] [stderr]    Compiling bitflags v2.11.1
[INFO] [stderr]    Compiling fallible-iterator v0.3.0
[INFO] [stderr]    Compiling indexmap v2.14.0
[INFO] [stderr]    Compiling futures-util v0.3.32
[INFO] [stderr]    Compiling futures-channel v0.3.32
[INFO] [stderr]    Compiling syn v2.0.117
[INFO] [stderr]    Compiling generic-array v0.14.7
[INFO] [stderr]    Compiling sync_wrapper v1.0.2
[INFO] [stderr]    Compiling httpdate v1.0.3
[INFO] [stderr]    Compiling form_urlencoded v1.2.2
[INFO] [stderr]    Compiling serde_path_to_error v0.1.20
[INFO] [stderr]    Compiling matchit v0.7.3
[INFO] [stderr]    Compiling clap_builder v4.6.0
[INFO] [stderr]    Compiling block-buffer v0.10.4
[INFO] [stderr]    Compiling crypto-common v0.1.7
[INFO] [stderr]    Compiling http-body v1.0.1
[INFO] [stderr]    Compiling digest v0.10.7
[INFO] [stderr]    Compiling http-body-util v0.1.3
[INFO] [stderr]    Compiling parking_lot_core v0.9.12
[INFO] [stderr]    Compiling errno v0.3.14
[INFO] [stderr]    Compiling libsqlite3-sys v0.28.0
[INFO] [stderr]    Compiling signal-hook-registry v1.4.8
[INFO] [stderr]    Compiling mio v1.2.0
[INFO] [stderr]    Compiling socket2 v0.6.3
[INFO] [stderr]    Compiling parking_lot v0.12.5
[INFO] [stderr]    Compiling sha2 v0.10.9
[INFO] [stderr]    Compiling uuid v1.23.1
[INFO] [stderr]    Compiling getrandom v0.2.17
[INFO] [stderr]    Compiling rand_core v0.6.4
[INFO] [stderr]    Compiling serde_derive v1.0.228
[INFO] [stderr]    Compiling tracing-attributes v0.1.31
[INFO] [stderr]    Compiling thiserror-impl v2.0.18
[INFO] [stderr]    Compiling tokio-macros v2.7.0
[INFO] [stderr]    Compiling async-trait v0.1.89
[INFO] [stderr]    Compiling clap_derive v4.6.1
[INFO] [stderr]    Compiling ppv-lite86 v0.2.21
[INFO] [stderr]    Compiling hashbrown v0.14.5
[INFO] [stderr]    Compiling tokio v1.52.3
[INFO] [stderr]    Compiling rand_chacha v0.3.1
[INFO] [stderr]    Compiling rand v0.8.6
[INFO] [stderr]    Compiling hashlink v0.9.1
[INFO] [stderr]    Compiling dashmap v5.5.3
[INFO] [stderr]    Compiling thiserror v2.0.18
[INFO] [stderr]    Compiling tracing v0.1.44
[INFO] [stderr]    Compiling clap v4.6.1
[INFO] [stderr]    Compiling axum-core v0.4.5
[INFO] [stderr]    Compiling tower v0.4.13
[INFO] [stderr]    Compiling serde v1.0.228
[INFO] [stderr]    Compiling ec-fitness v0.1.0 (/opt/rustwide/workdir/crates/ec-fitness)
[INFO] [stderr]    Compiling chrono v0.4.44
[INFO] [stderr]    Compiling serde_spanned v0.6.9
[INFO] [stderr]    Compiling toml_datetime v0.6.11
[INFO] [stderr]    Compiling serde_urlencoded v0.7.1
[INFO] [stderr]    Compiling ec-epistemic v0.1.0 (/opt/rustwide/workdir/crates/ec-epistemic)
[INFO] [stderr]    Compiling ec-analysis v0.1.0 (/opt/rustwide/workdir/crates/ec-analysis)
[INFO] [stderr]    Compiling toml_edit v0.22.27
[INFO] [stderr]    Compiling rusqlite v0.31.0
[INFO] [stderr]    Compiling toml v0.8.23
[INFO] [stderr]    Compiling ec-constitutional v0.1.0 (/opt/rustwide/workdir/crates/ec-constitutional)
[INFO] [stderr]    Compiling hyper v1.9.0
[INFO] [stderr]    Compiling tower v0.5.3
[INFO] [stderr]    Compiling ec-memory v0.1.0 (/opt/rustwide/workdir/crates/ec-memory)
[INFO] [stderr]    Compiling ec-codegen v0.1.0 (/opt/rustwide/workdir/crates/ec-codegen)
[INFO] [stderr]    Compiling ec-sandbox v0.1.0 (/opt/rustwide/workdir/crates/ec-sandbox)
[INFO] [stderr]    Compiling ec-governance v0.1.0 (/opt/rustwide/workdir/crates/ec-governance)
[INFO] [stderr]    Compiling hyper-util v0.1.20
[INFO] [stderr]    Compiling axum v0.7.9
[INFO] [stderr]    Compiling ec-app v0.1.0 (/opt/rustwide/workdir/crates/ec-app)
[INFO] [stderr]    Compiling ec-cli v0.1.0 (/opt/rustwide/workdir/crates/ec-cli)
[INFO] [stderr]    Compiling ec-api v0.1.0 (/opt/rustwide/workdir/crates/ec-api)
[INFO] [stderr] warning: unused dependency `thiserror`
[INFO] [stderr]   --> crates/ec-analysis/Cargo.toml:12:1
[INFO] [stderr]    |
[INFO] [stderr] 12 | thiserror = "2.0"
[INFO] [stderr]    | ^^^^^^^^^^^^^^^^^
[INFO] [stderr]    |
[INFO] [stderr]    = note: `cargo::unused_dependencies` is set to `warn` by default
[INFO] [stderr] help: consider removing the dependency on `thiserror`
[INFO] [stderr] warning: `ec-analysis` (manifest) generated 1 warning
[INFO] [stderr] warning: unused dependency `ec-app`
[INFO] [stderr]   --> crates/ec-api/Cargo.toml:14:1
[INFO] [stderr]    |
[INFO] [stderr] 14 | ec-app          = { path = "../ec-app" }
[INFO] [stderr]    | ^^^^^^^^^^^^^^^^^^^^^^^^^^^^^^^^^^^^^^^^
[INFO] [stderr]    |
[INFO] [stderr]    = note: `cargo::unused_dependencies` is set to `warn` by default
[INFO] [stderr] help: consider removing the dependency on `ec-app`
[INFO] [stderr] warning: unused dependency `tower`
[INFO] [stderr]   --> crates/ec-api/Cargo.toml:22:1
[INFO] [stderr]    |
[INFO] [stderr] 22 | tower   = "0.4"
[INFO] [stderr]    | ^^^^^^^^^^^^^^^
[INFO] [stderr]    |
[INFO] [stderr] help: consider removing the dependency on `tower`
[INFO] [stderr] warning: `ec-api` (manifest) generated 2 warnings
[INFO] [stderr] warning: unused dependency `ec-governance`
[INFO] [stderr]   --> crates/ec-cli/Cargo.toml:16:1
[INFO] [stderr]    |
[INFO] [stderr] 16 | ec-governance = { path = "../ec-governance" }
[INFO] [stderr]    | ^^^^^^^^^^^^^^^^^^^^^^^^^^^^^^^^^^^^^^^^^^^^^
[INFO] [stderr]    |
[INFO] [stderr]    = note: `cargo::unused_dependencies` is set to `warn` by default
[INFO] [stderr] help: consider removing the dependency on `ec-governance`
[INFO] [stderr] warning: `ec-cli` (manifest) generated 1 warning
[INFO] [stderr] warning: unused dependency `ec-analysis`
[INFO] [stderr]   --> crates/ec-codegen/Cargo.toml:11:1
[INFO] [stderr]    |
[INFO] [stderr] 11 | ec-analysis = { path = "../ec-analysis" }
[INFO] [stderr]    | ^^^^^^^^^^^^^^^^^^^^^^^^^^^^^^^^^^^^^^^^^
[INFO] [stderr]    |
[INFO] [stderr]    = note: `cargo::unused_dependencies` is set to `warn` by default
[INFO] [stderr] help: consider removing the dependency on `ec-analysis`
[INFO] [stderr] warning: unused dependency `ec-memory`
[INFO] [stderr]   --> crates/ec-codegen/Cargo.toml:12:1
[INFO] [stderr]    |
[INFO] [stderr] 12 | ec-memory = { path = "../ec-memory" }
[INFO] [stderr]    | ^^^^^^^^^^^^^^^^^^^^^^^^^^^^^^^^^^^^^
[INFO] [stderr]    |
[INFO] [stderr] help: consider removing the dependency on `ec-memory`
[INFO] [stderr] warning: `ec-codegen` (manifest) generated 2 warnings
[INFO] [stderr] warning: unused dependency `anyhow`
[INFO] [stderr]   --> crates/ec-constitutional/Cargo.toml:15:1
[INFO] [stderr]    |
[INFO] [stderr] 15 | anyhow       = "1.0"
[INFO] [stderr]    | ^^^^^^^^^^^^^^^^^^^^
[INFO] [stderr]    |
[INFO] [stderr]    = note: `cargo::unused_dependencies` is set to `warn` by default
[INFO] [stderr] help: consider removing the dependency on `anyhow`
[INFO] [stderr] warning: unused dependency `serde_json`
[INFO] [stderr]   --> crates/ec-constitutional/Cargo.toml:13:1
[INFO] [stderr]    |
[INFO] [stderr] 13 | serde_json   = "1.0"
[INFO] [stderr]    | ^^^^^^^^^^^^^^^^^^^^
[INFO] [stderr]    |
[INFO] [stderr] help: consider removing the dependency on `serde_json`
[INFO] [stderr] warning: unused dependency `sha2`
[INFO] [stderr]   --> crates/ec-constitutional/Cargo.toml:18:1
[INFO] [stderr]    |
[INFO] [stderr] 18 | sha2         = "0.10"
[INFO] [stderr]    | ^^^^^^^^^^^^^^^^^^^^^
[INFO] [stderr]    |
[INFO] [stderr] help: consider removing the dependency on `sha2`
[INFO] [stderr] warning: `ec-constitutional` (manifest) generated 3 warnings
[INFO] [stderr] warning: unused dependency `ec-fitness`
[INFO] [stderr]   --> crates/ec-epistemic/Cargo.toml:10:1
[INFO] [stderr]    |
[INFO] [stderr] 10 | ec-fitness = { path = "../ec-fitness" }
[INFO] [stderr]    | ^^^^^^^^^^^^^^^^^^^^^^^^^^^^^^^^^^^^^^^
[INFO] [stderr]    |
[INFO] [stderr]    = note: `cargo::unused_dependencies` is set to `warn` by default
[INFO] [stderr] help: consider removing the dependency on `ec-fitness`
[INFO] [stderr] warning: `ec-epistemic` (manifest) generated 1 warning
[INFO] [stderr] warning: unused dependency `ec-constitutional`
[INFO] [stderr]   --> crates/ec-governance/Cargo.toml:11:1
[INFO] [stderr]    |
[INFO] [stderr] 11 | ec-constitutional = { path = "../ec-constitutional" }
[INFO] [stderr]    | ^^^^^^^^^^^^^^^^^^^^^^^^^^^^^^^^^^^^^^^^^^^^^^^^^^^^^
[INFO] [stderr]    |
[INFO] [stderr]    = note: `cargo::unused_dependencies` is set to `warn` by default
[INFO] [stderr] help: consider removing the dependency on `ec-constitutional`
[INFO] [stderr] warning: `ec-governance` (manifest) generated 1 warning
[INFO] [stderr] warning: unused dependency `rand`
[INFO] [stderr]   --> crates/ec-sandbox/Cargo.toml:20:1
[INFO] [stderr]    |
[INFO] [stderr] 20 | rand              = "0.8"
[INFO] [stderr]    | ^^^^^^^^^^^^^^^^^^^^^^^^^
[INFO] [stderr]    |
[INFO] [stderr]    = note: `cargo::unused_dependencies` is set to `warn` by default
[INFO] [stderr] help: consider removing the dependency on `rand`
[INFO] [stderr] warning: unused dependency `tokio`
[INFO] [stderr]   --> crates/ec-sandbox/Cargo.toml:19:1
[INFO] [stderr]    |
[INFO] [stderr] 19 | tokio             = { version = "1.35", features = ["full"] }
[INFO] [stderr]    | ^^^^^^^^^^^^^^^^^^^^^^^^^^^^^^^^^^^^^^^^^^^^^^^^^^^^^^^^^^^^^
[INFO] [stderr]    |
[INFO] [stderr] help: consider removing the dependency on `tokio`
[INFO] [stderr] warning: `ec-sandbox` (manifest) generated 2 warnings
[INFO] [stderr]     Finished `dev` profile [unoptimized + debuginfo] target(s) in 58.34s
[INFO] running `Command { std: "docker" "inspect" "9a23d49445cce069b8ce4d5c7eb11c88c0cabfd7ddbe33a42c297fa6d7af7d9f", kill_on_drop: false }`
[INFO] running `Command { std: "docker" "exec" "-e" "SOURCE_DIR=/opt/rustwide/workdir" "-e" "CARGO_HOME=/opt/rustwide/cargo-home" "-e" "RUSTUP_HOME=/opt/rustwide/rustup-home" "-e" "CARGO_TARGET_DIR=/opt/rustwide/target" "-e" "CARGO_INCREMENTAL=0" "-e" "RUST_BACKTRACE=full" "-e" "RUSTFLAGS=--cap-lints=warn" "-e" "RUSTDOCFLAGS=--cap-lints=warn" "-w" "/opt/rustwide/workdir" "--user" "0:0" "9a23d49445cce069b8ce4d5c7eb11c88c0cabfd7ddbe33a42c297fa6d7af7d9f" "/opt/rustwide/cargo-home/bin/cargo" "+1.100.0-beta.1" "test" "--frozen" "--no-run" "--message-format=json", kill_on_drop: false }`
[INFO] [stderr] warning: unused workspace dependency `anyhow`
[INFO] [stderr]  --> Cargo.toml:6:1
[INFO] [stderr]   |
[INFO] [stderr] 6 | anyhow = "1.0"
[INFO] [stderr]   | ^^^^^^
[INFO] [stderr]   |
[INFO] [stderr]   = note: `cargo::unused_workspace_dependencies` is set to `warn` by default
[INFO] [stderr] help: consider removing the workspace dependency `anyhow`
[INFO] [stderr] warning: unused workspace dependency `chrono`
[INFO] [stderr]   --> Cargo.toml:13:25
[INFO] [stderr]    |
[INFO] [stderr] 13 | [workspace.dependencies.chrono]
[INFO] [stderr]    |                         ^^^^^^
[INFO] [stderr]    |
[INFO] [stderr] help: consider removing the workspace dependency `chrono`
[INFO] [stderr] warning: unused workspace dependency `ec-analysis`
[INFO] [stderr]   --> Cargo.toml:17:25
[INFO] [stderr]    |
[INFO] [stderr] 17 | [workspace.dependencies.ec-analysis]
[INFO] [stderr]    |                         ^^^^^^^^^^^
[INFO] [stderr]    |
[INFO] [stderr] help: consider removing the workspace dependency `ec-analysis`
[INFO] [stderr] warning: unused workspace dependency `ec-api`
[INFO] [stderr]   --> Cargo.toml:20:25
[INFO] [stderr]    |
[INFO] [stderr] 20 | [workspace.dependencies.ec-api]
[INFO] [stderr]    |                         ^^^^^^
[INFO] [stderr]    |
[INFO] [stderr] help: consider removing the workspace dependency `ec-api`
[INFO] [stderr] warning: unused workspace dependency `ec-app`
[INFO] [stderr]   --> Cargo.toml:23:25
[INFO] [stderr]    |
[INFO] [stderr] 23 | [workspace.dependencies.ec-app]
[INFO] [stderr]    |                         ^^^^^^
[INFO] [stderr]    |
[INFO] [stderr] help: consider removing the workspace dependency `ec-app`
[INFO] [stderr] warning: unused workspace dependency `ec-cli`
[INFO] [stderr]   --> Cargo.toml:26:25
[INFO] [stderr]    |
[INFO] [stderr] 26 | [workspace.dependencies.ec-cli]
[INFO] [stderr]    |                         ^^^^^^
[INFO] [stderr]    |
[INFO] [stderr] help: consider removing the workspace dependency `ec-cli`
[INFO] [stderr] warning: unused workspace dependency `ec-codegen`
[INFO] [stderr]   --> Cargo.toml:29:25
[INFO] [stderr]    |
[INFO] [stderr] 29 | [workspace.dependencies.ec-codegen]
[INFO] [stderr]    |                         ^^^^^^^^^^
[INFO] [stderr]    |
[INFO] [stderr] help: consider removing the workspace dependency `ec-codegen`
[INFO] [stderr] warning: unused workspace dependency `ec-constitutional`
[INFO] [stderr]   --> Cargo.toml:32:25
[INFO] [stderr]    |
[INFO] [stderr] 32 | [workspace.dependencies.ec-constitutional]
[INFO] [stderr]    |                         ^^^^^^^^^^^^^^^^^
[INFO] [stderr]    |
[INFO] [stderr] help: consider removing the workspace dependency `ec-constitutional`
[INFO] [stderr] warning: unused workspace dependency `ec-epistemic`
[INFO] [stderr]   --> Cargo.toml:35:25
[INFO] [stderr]    |
[INFO] [stderr] 35 | [workspace.dependencies.ec-epistemic]
[INFO] [stderr]    |                         ^^^^^^^^^^^^
[INFO] [stderr]    |
[INFO] [stderr] help: consider removing the workspace dependency `ec-epistemic`
[INFO] [stderr] warning: unused workspace dependency `ec-fitness`
[INFO] [stderr]   --> Cargo.toml:38:25
[INFO] [stderr]    |
[INFO] [stderr] 38 | [workspace.dependencies.ec-fitness]
[INFO] [stderr]    |                         ^^^^^^^^^^
[INFO] [stderr]    |
[INFO] [stderr] help: consider removing the workspace dependency `ec-fitness`
[INFO] [stderr] warning: unused workspace dependency `ec-governance`
[INFO] [stderr]   --> Cargo.toml:41:25
[INFO] [stderr]    |
[INFO] [stderr] 41 | [workspace.dependencies.ec-governance]
[INFO] [stderr]    |                         ^^^^^^^^^^^^^
[INFO] [stderr]    |
[INFO] [stderr] help: consider removing the workspace dependency `ec-governance`
[INFO] [stderr] warning: unused workspace dependency `ec-memory`
[INFO] [stderr]   --> Cargo.toml:44:25
[INFO] [stderr]    |
[INFO] [stderr] 44 | [workspace.dependencies.ec-memory]
[INFO] [stderr]    |                         ^^^^^^^^^
[INFO] [stderr]    |
[INFO] [stderr] help: consider removing the workspace dependency `ec-memory`
[INFO] [stderr] warning: unused workspace dependency `ec-sandbox`
[INFO] [stderr]   --> Cargo.toml:47:25
[INFO] [stderr]    |
[INFO] [stderr] 47 | [workspace.dependencies.ec-sandbox]
[INFO] [stderr]    |                         ^^^^^^^^^^
[INFO] [stderr]    |
[INFO] [stderr] help: consider removing the workspace dependency `ec-sandbox`
[INFO] [stderr] warning: unused workspace dependency `proptest`
[INFO] [stderr]  --> Cargo.toml:7:1
[INFO] [stderr]   |
[INFO] [stderr] 7 | proptest = "1.6"
[INFO] [stderr]   | ^^^^^^^^
[INFO] [stderr]   |
[INFO] [stderr] help: consider removing the workspace dependency `proptest`
[INFO] [stderr] warning: unused workspace dependency `rand`
[INFO] [stderr]  --> Cargo.toml:8:1
[INFO] [stderr]   |
[INFO] [stderr] 8 | rand = "0.8"
[INFO] [stderr]   | ^^^^
[INFO] [stderr]   |
[INFO] [stderr] help: consider removing the workspace dependency `rand`
[INFO] [stderr] warning: unused workspace dependency `serde`
[INFO] [stderr]   --> Cargo.toml:50:25
[INFO] [stderr]    |
[INFO] [stderr] 50 | [workspace.dependencies.serde]
[INFO] [stderr]    |                         ^^^^^
[INFO] [stderr]    |
[INFO] [stderr] help: consider removing the workspace dependency `serde`
[INFO] [stderr] warning: unused workspace dependency `serde_json`
[INFO] [stderr]  --> Cargo.toml:9:1
[INFO] [stderr]   |
[INFO] [stderr] 9 | serde_json = "1.0"
[INFO] [stderr]   | ^^^^^^^^^^
[INFO] [stderr]   |
[INFO] [stderr] help: consider removing the workspace dependency `serde_json`
[INFO] [stderr] warning: unused workspace dependency `sha2`
[INFO] [stderr]   --> Cargo.toml:10:1
[INFO] [stderr]    |
[INFO] [stderr] 10 | sha2 = "0.10"
[INFO] [stderr]    | ^^^^
[INFO] [stderr]    |
[INFO] [stderr] help: consider removing the workspace dependency `sha2`
[INFO] [stderr] warning: unused workspace dependency `thiserror`
[INFO] [stderr]   --> Cargo.toml:11:1
[INFO] [stderr]    |
[INFO] [stderr] 11 | thiserror = "2.0"
[INFO] [stderr]    | ^^^^^^^^^
[INFO] [stderr]    |
[INFO] [stderr] help: consider removing the workspace dependency `thiserror`
[INFO] [stderr] warning: unused workspace dependency `tokio`
[INFO] [stderr]   --> Cargo.toml:54:25
[INFO] [stderr]    |
[INFO] [stderr] 54 | [workspace.dependencies.tokio]
[INFO] [stderr]    |                         ^^^^^
[INFO] [stderr]    |
[INFO] [stderr] help: consider removing the workspace dependency `tokio`
[INFO] [stderr] warning: unused workspace dependency `uuid`
[INFO] [stderr]   --> Cargo.toml:58:25
[INFO] [stderr]    |
[INFO] [stderr] 58 | [workspace.dependencies.uuid]
[INFO] [stderr]    |                         ^^^^
[INFO] [stderr]    |
[INFO] [stderr] help: consider removing the workspace dependency `uuid`
[INFO] [stderr] warning: unused field `edition` in `workspace.package`
[INFO] [stderr]   --> Cargo.toml:63:1
[INFO] [stderr]    |
[INFO] [stderr] 63 | edition = "2021"
[INFO] [stderr]    | ^^^^^^^
[INFO] [stderr]    |
[INFO] [stderr]    = note: `cargo::unused_workspace_package_fields` is set to `warn` by default
[INFO] [stderr] help: consider removing the field `workspace.package.edition`
[INFO] [stderr] warning: unused field `version` in `workspace.package`
[INFO] [stderr]   --> Cargo.toml:66:1
[INFO] [stderr]    |
[INFO] [stderr] 66 | version = "0.3.0"
[INFO] [stderr]    | ^^^^^^^
[INFO] [stderr]    |
[INFO] [stderr] help: consider removing the field `workspace.package.version`
[INFO] [stderr] warning: workspace (manifest) generated 23 warnings
[INFO] [stderr]    Compiling zerocopy v0.8.48
[INFO] [stderr]    Compiling bitflags v2.11.1
[INFO] [stderr]    Compiling rustix v1.1.4
[INFO] [stderr]    Compiling linux-raw-sys v0.12.1
[INFO] [stderr]    Compiling fastrand v2.4.1
[INFO] [stderr]    Compiling syn v2.0.117
[INFO] [stderr]    Compiling regex-syntax v0.8.10
[INFO] [stderr]    Compiling getrandom v0.3.4
[INFO] [stderr]    Compiling wait-timeout v0.2.1
[INFO] [stderr]    Compiling quick-error v1.2.3
[INFO] [stderr]    Compiling bit-vec v0.8.0
[INFO] [stderr]    Compiling unarray v0.1.4
[INFO] [stderr]    Compiling aho-corasick v1.1.4
[INFO] [stderr]    Compiling crossbeam-utils v0.8.22
[INFO] [stderr]    Compiling crossbeam-deque v0.8.7
[INFO] [stderr]    Compiling futures-io v0.3.32
[INFO] [stderr]    Compiling futures-task v0.3.32
[INFO] [stderr]    Compiling either v1.18.0
[INFO] [stderr]    Compiling slab v0.4.12
[INFO] [stderr]    Compiling litemap v0.8.2
[INFO] [stderr]    Compiling writeable v0.6.3
[INFO] [stderr]    Compiling itertools v0.10.5
[INFO] [stderr]    Compiling is-terminal v0.4.17
[INFO] [stderr]    Compiling icu_normalizer_data v2.2.0
[INFO] [stderr]    Compiling icu_properties_data v2.2.0
[INFO] [stderr]    Compiling rand_core v0.9.5
[INFO] [stderr]    Compiling unicase v2.9.0
[INFO] [stderr]    Compiling time-macros v0.2.27
[INFO] [stderr]    Compiling bit-set v0.8.0
[INFO] [stderr]    Compiling futures-util v0.3.32
[INFO] [stderr]    Compiling deranged v0.5.8
[INFO] [stderr]    Compiling cookie v0.18.1
[INFO] [stderr]    Compiling http v0.2.12
[INFO] [stderr]    Compiling rand v0.9.4
[INFO] [stderr]    Compiling rand_xorshift v0.4.0
[INFO] [stderr]    Compiling yansi v1.0.1
[INFO] [stderr]    Compiling diff v0.1.13
[INFO] [stderr]    Compiling auto-future v1.0.0
[INFO] [stderr]    Compiling mime_guess v2.0.5
[INFO] [stderr]    Compiling predicates-core v1.0.10
[INFO] [stderr]    Compiling float-cmp v0.10.0
[INFO] [stderr]    Compiling pretty_assertions v1.4.1
[INFO] [stderr]    Compiling termtree v0.5.1
[INFO] [stderr]    Compiling normalize-line-endings v0.3.0
[INFO] [stderr]    Compiling crossbeam-epoch v0.9.20
[INFO] [stderr]    Compiling assert_cmd v2.2.2
[INFO] [stderr]    Compiling difflib v0.4.0
[INFO] [stderr]    Compiling predicates-tree v1.0.13
[INFO] [stderr]    Compiling criterion-plot v0.5.0
[INFO] [stderr]    Compiling rayon-core v1.13.0
[INFO] [stderr]    Compiling time v0.3.47
[INFO] [stderr]    Compiling rayon v1.12.0
[INFO] [stderr]    Compiling tempfile v3.27.0
[INFO] [stderr]    Compiling rusty-fork v0.3.1
[INFO] [stderr]    Compiling regex-automata v0.4.14
[INFO] [stderr]    Compiling synstructure v0.13.2
[INFO] [stderr]    Compiling serde_derive v1.0.228
[INFO] [stderr]    Compiling zerocopy-derive v0.8.48
[INFO] [stderr]    Compiling thiserror-impl v2.0.18
[INFO] [stderr]    Compiling tracing-attributes v0.1.31
[INFO] [stderr]    Compiling tokio-macros v2.7.0
[INFO] [stderr]    Compiling clap_derive v4.6.1
[INFO] [stderr]    Compiling zerovec-derive v0.11.3
[INFO] [stderr]    Compiling displaydoc v0.2.5
[INFO] [stderr]    Compiling async-trait v0.1.89
[INFO] [stderr]    Compiling pin-project-internal v1.1.13
[INFO] [stderr]    Compiling thiserror-impl v1.0.69
[INFO] [stderr]    Compiling zerofrom-derive v0.1.7
[INFO] [stderr]    Compiling yoke-derive v0.8.2
[INFO] [stderr]    Compiling regex v1.12.3
[INFO] [stderr]    Compiling bstr v1.12.1
[INFO] [stderr]    Compiling predicates v3.1.4
[INFO] [stderr]    Compiling tokio v1.52.3
[INFO] [stderr]    Compiling thiserror v1.0.69
[INFO] [stderr]    Compiling pin-project v1.1.13
[INFO] [stderr]    Compiling tracing v0.1.44
[INFO] [stderr]    Compiling thiserror v2.0.18
[INFO] [stderr]    Compiling reserve-port v2.4.0
[INFO] [stderr]    Compiling zerofrom v0.1.8
[INFO] [stderr]    Compiling axum-core v0.4.5
[INFO] [stderr]    Compiling yoke v0.8.2
[INFO] [stderr]    Compiling clap v4.6.1
[INFO] [stderr]    Compiling zerovec v0.11.6
[INFO] [stderr]    Compiling zerotrie v0.2.4
[INFO] [stderr]    Compiling tinystr v0.8.3
[INFO] [stderr]    Compiling potential_utf v0.1.5
[INFO] [stderr]    Compiling serde v1.0.228
[INFO] [stderr]    Compiling icu_collections v2.2.0
[INFO] [stderr]    Compiling icu_locale_core v2.2.0
[INFO] [stderr]    Compiling ec-fitness v0.1.0 (/opt/rustwide/workdir/crates/ec-fitness)
[INFO] [stderr]    Compiling chrono v0.4.44
[INFO] [stderr]    Compiling serde_spanned v0.6.9
[INFO] [stderr]    Compiling toml_datetime v0.6.11
[INFO] [stderr]    Compiling tinytemplate v1.2.1
[INFO] [stderr]    Compiling serde_urlencoded v0.7.1
[INFO] [stderr]    Compiling ec-epistemic v0.1.0 (/opt/rustwide/workdir/crates/ec-epistemic)
[INFO] [stderr]    Compiling ec-analysis v0.1.0 (/opt/rustwide/workdir/crates/ec-analysis)
[INFO] [stderr]    Compiling toml_edit v0.22.27
[INFO] [stderr]    Compiling icu_provider v2.2.0
[INFO] [stderr]    Compiling icu_properties v2.2.0
[INFO] [stderr]    Compiling icu_normalizer v2.2.0
[INFO] [stderr]    Compiling hyper v1.9.0
[INFO] [stderr]    Compiling tower v0.5.3
[INFO] [stderr]    Compiling tower v0.4.13
[INFO] [stderr]    Compiling idna_adapter v1.2.2
[INFO] [stderr]    Compiling idna v1.1.0
[INFO] [stderr]    Compiling url v2.5.8
[INFO] [stderr]    Compiling ahash v0.8.12
[INFO] [stderr]    Compiling ppv-lite86 v0.2.21
[INFO] [stderr]    Compiling half v2.7.1
[INFO] [stderr]    Compiling hashbrown v0.14.5
[INFO] [stderr]    Compiling hyper-util v0.1.20
[INFO] [stderr]    Compiling ciborium-ll v0.2.2
[INFO] [stderr]    Compiling rand_chacha v0.3.1
[INFO] [stderr]    Compiling rand_chacha v0.9.0
[INFO] [stderr]    Compiling toml v0.8.23
[INFO] [stderr]    Compiling dashmap v5.5.3
[INFO] [stderr]    Compiling hashlink v0.9.1
[INFO] [stderr]    Compiling ciborium v0.2.2
[INFO] [stderr]    Compiling rand v0.8.6
[INFO] [stderr]    Compiling proptest v1.11.0
[INFO] [stderr]    Compiling rusqlite v0.31.0
[INFO] [stderr]    Compiling ec-constitutional v0.1.0 (/opt/rustwide/workdir/crates/ec-constitutional)
[INFO] [stderr]    Compiling criterion v0.5.1
[INFO] [stderr]    Compiling rust-multipart-rfc7578_2 v0.6.1
[INFO] [stderr]    Compiling ec-sandbox v0.1.0 (/opt/rustwide/workdir/crates/ec-sandbox)
[INFO] [stderr]    Compiling ec-memory v0.1.0 (/opt/rustwide/workdir/crates/ec-memory)
[INFO] [stderr]    Compiling axum v0.7.9
[INFO] [stderr]    Compiling ec-governance v0.1.0 (/opt/rustwide/workdir/crates/ec-governance)
[INFO] [stderr]    Compiling ec-codegen v0.1.0 (/opt/rustwide/workdir/crates/ec-codegen)
[INFO] [stderr]    Compiling ec-app v0.1.0 (/opt/rustwide/workdir/crates/ec-app)
[INFO] [stderr]    Compiling ec-cli v0.1.0 (/opt/rustwide/workdir/crates/ec-cli)
[INFO] [stderr]    Compiling ec-api v0.1.0 (/opt/rustwide/workdir/crates/ec-api)
[INFO] [stderr]    Compiling axum-test v14.10.0
[INFO] [stderr] warning: unused dependency `thiserror`
[INFO] [stderr]   --> crates/ec-analysis/Cargo.toml:12:1
[INFO] [stderr]    |
[INFO] [stderr] 12 | thiserror = "2.0"
[INFO] [stderr]    | ^^^^^^^^^^^^^^^^^
[INFO] [stderr]    |
[INFO] [stderr]    = note: `cargo::unused_dependencies` is set to `warn` by default
[INFO] [stderr] help: consider removing the dependency on `thiserror`
[INFO] [stderr] warning: `ec-analysis` (manifest) generated 1 warning
[INFO] [stderr] warning: unused dependency `ec-app`
[INFO] [stderr]   --> crates/ec-api/Cargo.toml:14:1
[INFO] [stderr]    |
[INFO] [stderr] 14 | ec-app          = { path = "../ec-app" }
[INFO] [stderr]    | ^^^^^^^^^^^^^^^^^^^^^^^^^^^^^^^^^^^^^^^^
[INFO] [stderr]    |
[INFO] [stderr]    = note: `cargo::unused_dependencies` is set to `warn` by default
[INFO] [stderr] help: consider removing the dependency on `ec-app`
[INFO] [stderr] warning: `ec-api` (manifest) generated 1 warning
[INFO] [stderr] warning: unused dependency `ec-analysis`
[INFO] [stderr]   --> crates/ec-codegen/Cargo.toml:11:1
[INFO] [stderr]    |
[INFO] [stderr] 11 | ec-analysis = { path = "../ec-analysis" }
[INFO] [stderr]    | ^^^^^^^^^^^^^^^^^^^^^^^^^^^^^^^^^^^^^^^^^
[INFO] [stderr]    |
[INFO] [stderr]    = note: `cargo::unused_dependencies` is set to `warn` by default
[INFO] [stderr] help: consider removing the dependency on `ec-analysis`
[INFO] [stderr] help: to still use for development builds, move to `dev-dependencies`
[INFO] [stderr] warning: unused dependency `ec-memory`
[INFO] [stderr]   --> crates/ec-codegen/Cargo.toml:12:1
[INFO] [stderr]    |
[INFO] [stderr] 12 | ec-memory = { path = "../ec-memory" }
[INFO] [stderr]    | ^^^^^^^^^^^^^^^^^^^^^^^^^^^^^^^^^^^^^
[INFO] [stderr]    |
[INFO] [stderr] help: consider removing the dependency on `ec-memory`
[INFO] [stderr] warning: `ec-codegen` (manifest) generated 2 warnings
[INFO] [stderr] warning: unused dependency `anyhow`
[INFO] [stderr]   --> crates/ec-constitutional/Cargo.toml:15:1
[INFO] [stderr]    |
[INFO] [stderr] 15 | anyhow       = "1.0"
[INFO] [stderr]    | ^^^^^^^^^^^^^^^^^^^^
[INFO] [stderr]    |
[INFO] [stderr]    = note: `cargo::unused_dependencies` is set to `warn` by default
[INFO] [stderr] help: consider removing the dependency on `anyhow`
[INFO] [stderr] warning: unused dependency `serde_json`
[INFO] [stderr]   --> crates/ec-constitutional/Cargo.toml:13:1
[INFO] [stderr]    |
[INFO] [stderr] 13 | serde_json   = "1.0"
[INFO] [stderr]    | ^^^^^^^^^^^^^^^^^^^^
[INFO] [stderr]    |
[INFO] [stderr] help: consider removing the dependency on `serde_json`
[INFO] [stderr] warning: unused dependency `sha2`
[INFO] [stderr]   --> crates/ec-constitutional/Cargo.toml:18:1
[INFO] [stderr]    |
[INFO] [stderr] 18 | sha2         = "0.10"
[INFO] [stderr]    | ^^^^^^^^^^^^^^^^^^^^^
[INFO] [stderr]    |
[INFO] [stderr] help: consider removing the dependency on `sha2`
[INFO] [stderr] warning: `ec-constitutional` (manifest) generated 3 warnings
[INFO] [stderr] warning: unused dependency `ec-fitness`
[INFO] [stderr]   --> crates/ec-epistemic/Cargo.toml:10:1
[INFO] [stderr]    |
[INFO] [stderr] 10 | ec-fitness = { path = "../ec-fitness" }
[INFO] [stderr]    | ^^^^^^^^^^^^^^^^^^^^^^^^^^^^^^^^^^^^^^^
[INFO] [stderr]    |
[INFO] [stderr]    = note: `cargo::unused_dependencies` is set to `warn` by default
[INFO] [stderr] help: consider removing the dependency on `ec-fitness`
[INFO] [stderr] warning: `ec-epistemic` (manifest) generated 1 warning
[INFO] [stderr] warning: unused dependency `ec-constitutional`
[INFO] [stderr]   --> crates/ec-governance/Cargo.toml:11:1
[INFO] [stderr]    |
[INFO] [stderr] 11 | ec-constitutional = { path = "../ec-constitutional" }
[INFO] [stderr]    | ^^^^^^^^^^^^^^^^^^^^^^^^^^^^^^^^^^^^^^^^^^^^^^^^^^^^^
[INFO] [stderr]    |
[INFO] [stderr]    = note: `cargo::unused_dependencies` is set to `warn` by default
[INFO] [stderr] help: consider removing the dependency on `ec-constitutional`
[INFO] [stderr] warning: `ec-governance` (manifest) generated 1 warning
[INFO] [stderr] warning: unused dependency `rand`
[INFO] [stderr]   --> crates/ec-sandbox/Cargo.toml:20:1
[INFO] [stderr]    |
[INFO] [stderr] 20 | rand              = "0.8"
[INFO] [stderr]    | ^^^^^^^^^^^^^^^^^^^^^^^^^
[INFO] [stderr]    |
[INFO] [stderr]    = note: `cargo::unused_dependencies` is set to `warn` by default
[INFO] [stderr] help: consider removing the dependency on `rand`
[INFO] [stderr] warning: unused dependency `tokio`
[INFO] [stderr]   --> crates/ec-sandbox/Cargo.toml:19:1
[INFO] [stderr]    |
[INFO] [stderr] 19 | tokio             = { version = "1.35", features = ["full"] }
[INFO] [stderr]    | ^^^^^^^^^^^^^^^^^^^^^^^^^^^^^^^^^^^^^^^^^^^^^^^^^^^^^^^^^^^^^
[INFO] [stderr]    |
[INFO] [stderr] help: consider removing the dependency on `tokio`
[INFO] [stderr] warning: `ec-sandbox` (manifest) generated 2 warnings
[INFO] [stderr]     Finished `test` profile [unoptimized + debuginfo] target(s) in 1m 15s
[INFO] running `Command { std: "docker" "inspect" "9a23d49445cce069b8ce4d5c7eb11c88c0cabfd7ddbe33a42c297fa6d7af7d9f", kill_on_drop: false }`
[INFO] running `Command { std: "docker" "exec" "-e" "SOURCE_DIR=/opt/rustwide/workdir" "-e" "CARGO_HOME=/opt/rustwide/cargo-home" "-e" "RUSTUP_HOME=/opt/rustwide/rustup-home" "-e" "CARGO_TARGET_DIR=/opt/rustwide/target" "-e" "CARGO_INCREMENTAL=0" "-e" "RUST_BACKTRACE=full" "-e" "RUSTFLAGS=--cap-lints=warn" "-e" "RUSTDOCFLAGS=--cap-lints=warn" "-w" "/opt/rustwide/workdir" "--user" "0:0" "9a23d49445cce069b8ce4d5c7eb11c88c0cabfd7ddbe33a42c297fa6d7af7d9f" "/opt/rustwide/cargo-home/bin/cargo" "+1.100.0-beta.1" "test" "--frozen", kill_on_drop: false }`
[INFO] [stderr] warning: unused workspace dependency `anyhow`
[INFO] [stderr]  --> Cargo.toml:6:1
[INFO] [stderr]   |
[INFO] [stderr] 6 | anyhow = "1.0"
[INFO] [stderr]   | ^^^^^^
[INFO] [stderr]   |
[INFO] [stderr]   = note: `cargo::unused_workspace_dependencies` is set to `warn` by default
[INFO] [stderr] help: consider removing the workspace dependency `anyhow`
[INFO] [stderr] warning: unused workspace dependency `chrono`
[INFO] [stderr]   --> Cargo.toml:13:25
[INFO] [stderr]    |
[INFO] [stderr] 13 | [workspace.dependencies.chrono]
[INFO] [stderr]    |                         ^^^^^^
[INFO] [stderr]    |
[INFO] [stderr] help: consider removing the workspace dependency `chrono`
[INFO] [stderr] warning: unused workspace dependency `ec-analysis`
[INFO] [stderr]   --> Cargo.toml:17:25
[INFO] [stderr]    |
[INFO] [stderr] 17 | [workspace.dependencies.ec-analysis]
[INFO] [stderr]    |                         ^^^^^^^^^^^
[INFO] [stderr]    |
[INFO] [stderr] help: consider removing the workspace dependency `ec-analysis`
[INFO] [stderr] warning: unused workspace dependency `ec-api`
[INFO] [stderr]   --> Cargo.toml:20:25
[INFO] [stderr]    |
[INFO] [stderr] 20 | [workspace.dependencies.ec-api]
[INFO] [stderr]    |                         ^^^^^^
[INFO] [stderr]    |
[INFO] [stderr] help: consider removing the workspace dependency `ec-api`
[INFO] [stderr] warning: unused workspace dependency `ec-app`
[INFO] [stderr]   --> Cargo.toml:23:25
[INFO] [stderr]    |
[INFO] [stderr] 23 | [workspace.dependencies.ec-app]
[INFO] [stderr]    |                         ^^^^^^
[INFO] [stderr]    |
[INFO] [stderr] help: consider removing the workspace dependency `ec-app`
[INFO] [stderr] warning: unused workspace dependency `ec-cli`
[INFO] [stderr]   --> Cargo.toml:26:25
[INFO] [stderr]    |
[INFO] [stderr] 26 | [workspace.dependencies.ec-cli]
[INFO] [stderr]    |                         ^^^^^^
[INFO] [stderr]    |
[INFO] [stderr] help: consider removing the workspace dependency `ec-cli`
[INFO] [stderr] warning: unused workspace dependency `ec-codegen`
[INFO] [stderr]   --> Cargo.toml:29:25
[INFO] [stderr]    |
[INFO] [stderr] 29 | [workspace.dependencies.ec-codegen]
[INFO] [stderr]    |                         ^^^^^^^^^^
[INFO] [stderr]    |
[INFO] [stderr] help: consider removing the workspace dependency `ec-codegen`
[INFO] [stderr] warning: unused workspace dependency `ec-constitutional`
[INFO] [stderr]   --> Cargo.toml:32:25
[INFO] [stderr]    |
[INFO] [stderr] 32 | [workspace.dependencies.ec-constitutional]
[INFO] [stderr]    |                         ^^^^^^^^^^^^^^^^^
[INFO] [stderr]    |
[INFO] [stderr] help: consider removing the workspace dependency `ec-constitutional`
[INFO] [stderr] warning: unused workspace dependency `ec-epistemic`
[INFO] [stderr]   --> Cargo.toml:35:25
[INFO] [stderr]    |
[INFO] [stderr] 35 | [workspace.dependencies.ec-epistemic]
[INFO] [stderr]    |                         ^^^^^^^^^^^^
[INFO] [stderr]    |
[INFO] [stderr] help: consider removing the workspace dependency `ec-epistemic`
[INFO] [stderr] warning: unused workspace dependency `ec-fitness`
[INFO] [stderr]   --> Cargo.toml:38:25
[INFO] [stderr]    |
[INFO] [stderr] 38 | [workspace.dependencies.ec-fitness]
[INFO] [stderr]    |                         ^^^^^^^^^^
[INFO] [stderr]    |
[INFO] [stderr] help: consider removing the workspace dependency `ec-fitness`
[INFO] [stderr] warning: unused workspace dependency `ec-governance`
[INFO] [stderr]   --> Cargo.toml:41:25
[INFO] [stderr]    |
[INFO] [stderr] 41 | [workspace.dependencies.ec-governance]
[INFO] [stderr]    |                         ^^^^^^^^^^^^^
[INFO] [stderr]    |
[INFO] [stderr] help: consider removing the workspace dependency `ec-governance`
[INFO] [stderr] warning: unused workspace dependency `ec-memory`
[INFO] [stderr]   --> Cargo.toml:44:25
[INFO] [stderr]    |
[INFO] [stderr] 44 | [workspace.dependencies.ec-memory]
[INFO] [stderr]    |                         ^^^^^^^^^
[INFO] [stderr]    |
[INFO] [stderr] help: consider removing the workspace dependency `ec-memory`
[INFO] [stderr] warning: unused workspace dependency `ec-sandbox`
[INFO] [stderr]   --> Cargo.toml:47:25
[INFO] [stderr]    |
[INFO] [stderr] 47 | [workspace.dependencies.ec-sandbox]
[INFO] [stderr]    |                         ^^^^^^^^^^
[INFO] [stderr]    |
[INFO] [stderr] help: consider removing the workspace dependency `ec-sandbox`
[INFO] [stderr] warning: unused workspace dependency `proptest`
[INFO] [stderr]  --> Cargo.toml:7:1
[INFO] [stderr]   |
[INFO] [stderr] 7 | proptest = "1.6"
[INFO] [stderr]   | ^^^^^^^^
[INFO] [stderr]   |
[INFO] [stderr] help: consider removing the workspace dependency `proptest`
[INFO] [stderr] warning: unused workspace dependency `rand`
[INFO] [stderr]  --> Cargo.toml:8:1
[INFO] [stderr]   |
[INFO] [stderr] 8 | rand = "0.8"
[INFO] [stderr]   | ^^^^
[INFO] [stderr]   |
[INFO] [stderr] help: consider removing the workspace dependency `rand`
[INFO] [stderr] warning: unused workspace dependency `serde`
[INFO] [stderr]   --> Cargo.toml:50:25
[INFO] [stderr]    |
[INFO] [stderr] 50 | [workspace.dependencies.serde]
[INFO] [stderr]    |                         ^^^^^
[INFO] [stderr]    |
[INFO] [stderr] help: consider removing the workspace dependency `serde`
[INFO] [stderr] warning: unused workspace dependency `serde_json`
[INFO] [stderr]  --> Cargo.toml:9:1
[INFO] [stderr]   |
[INFO] [stderr] 9 | serde_json = "1.0"
[INFO] [stderr]   | ^^^^^^^^^^
[INFO] [stderr]   |
[INFO] [stderr] help: consider removing the workspace dependency `serde_json`
[INFO] [stderr] warning: unused workspace dependency `sha2`
[INFO] [stderr]   --> Cargo.toml:10:1
[INFO] [stderr]    |
[INFO] [stderr] 10 | sha2 = "0.10"
[INFO] [stderr]    | ^^^^
[INFO] [stderr]    |
[INFO] [stderr] help: consider removing the workspace dependency `sha2`
[INFO] [stderr] warning: unused workspace dependency `thiserror`
[INFO] [stderr]   --> Cargo.toml:11:1
[INFO] [stderr]    |
[INFO] [stderr] 11 | thiserror = "2.0"
[INFO] [stderr]    | ^^^^^^^^^
[INFO] [stderr]    |
[INFO] [stderr] help: consider removing the workspace dependency `thiserror`
[INFO] [stderr] warning: unused workspace dependency `tokio`
[INFO] [stderr]   --> Cargo.toml:54:25
[INFO] [stderr]    |
[INFO] [stderr] 54 | [workspace.dependencies.tokio]
[INFO] [stderr]    |                         ^^^^^
[INFO] [stderr]    |
[INFO] [stderr] help: consider removing the workspace dependency `tokio`
[INFO] [stderr] warning: unused workspace dependency `uuid`
[INFO] [stderr]   --> Cargo.toml:58:25
[INFO] [stderr]    |
[INFO] [stderr] 58 | [workspace.dependencies.uuid]
[INFO] [stderr]    |                         ^^^^
[INFO] [stderr]    |
[INFO] [stderr] help: consider removing the workspace dependency `uuid`
[INFO] [stderr] warning: unused field `edition` in `workspace.package`
[INFO] [stderr]   --> Cargo.toml:63:1
[INFO] [stderr]    |
[INFO] [stderr] 63 | edition = "2021"
[INFO] [stderr]    | ^^^^^^^
[INFO] [stderr]    |
[INFO] [stderr]    = note: `cargo::unused_workspace_package_fields` is set to `warn` by default
[INFO] [stderr] help: consider removing the field `workspace.package.edition`
[INFO] [stderr] warning: unused field `version` in `workspace.package`
[INFO] [stderr]   --> Cargo.toml:66:1
[INFO] [stderr]    |
[INFO] [stderr] 66 | version = "0.3.0"
[INFO] [stderr]    | ^^^^^^^
[INFO] [stderr]    |
[INFO] [stderr] help: consider removing the field `workspace.package.version`
[INFO] [stderr] warning: workspace (manifest) generated 23 warnings
[INFO] [stderr] warning: unused dependency `thiserror`
[INFO] [stderr]   --> crates/ec-analysis/Cargo.toml:12:1
[INFO] [stderr]    |
[INFO] [stderr] 12 | thiserror = "2.0"
[INFO] [stderr]    | ^^^^^^^^^^^^^^^^^
[INFO] [stderr]    |
[INFO] [stderr]    = note: `cargo::unused_dependencies` is set to `warn` by default
[INFO] [stderr] help: consider removing the dependency on `thiserror`
[INFO] [stderr] warning: `ec-analysis` (manifest) generated 1 warning
[INFO] [stderr] warning: unused dependency `ec-app`
[INFO] [stderr]   --> crates/ec-api/Cargo.toml:14:1
[INFO] [stderr]    |
[INFO] [stderr] 14 | ec-app          = { path = "../ec-app" }
[INFO] [stderr]    | ^^^^^^^^^^^^^^^^^^^^^^^^^^^^^^^^^^^^^^^^
[INFO] [stderr]    |
[INFO] [stderr]    = note: `cargo::unused_dependencies` is set to `warn` by default
[INFO] [stderr] help: consider removing the dependency on `ec-app`
[INFO] [stderr] warning: `ec-api` (manifest) generated 1 warning
[INFO] [stderr] warning: unused dependency `ec-analysis`
[INFO] [stderr]   --> crates/ec-codegen/Cargo.toml:11:1
[INFO] [stderr]    |
[INFO] [stderr] 11 | ec-analysis = { path = "../ec-analysis" }
[INFO] [stderr]    | ^^^^^^^^^^^^^^^^^^^^^^^^^^^^^^^^^^^^^^^^^
[INFO] [stderr]    |
[INFO] [stderr]    = note: `cargo::unused_dependencies` is set to `warn` by default
[INFO] [stderr] help: consider removing the dependency on `ec-analysis`
[INFO] [stderr] help: to still use for development builds, move to `dev-dependencies`
[INFO] [stderr] warning: unused dependency `ec-memory`
[INFO] [stderr]   --> crates/ec-codegen/Cargo.toml:12:1
[INFO] [stderr]    |
[INFO] [stderr] 12 | ec-memory = { path = "../ec-memory" }
[INFO] [stderr]    | ^^^^^^^^^^^^^^^^^^^^^^^^^^^^^^^^^^^^^
[INFO] [stderr]    |
[INFO] [stderr] help: consider removing the dependency on `ec-memory`
[INFO] [stderr] warning: `ec-codegen` (manifest) generated 2 warnings
[INFO] [stderr] warning: unused dependency `anyhow`
[INFO] [stderr]   --> crates/ec-constitutional/Cargo.toml:15:1
[INFO] [stderr]    |
[INFO] [stderr] 15 | anyhow       = "1.0"
[INFO] [stderr]    | ^^^^^^^^^^^^^^^^^^^^
[INFO] [stderr]    |
[INFO] [stderr]    = note: `cargo::unused_dependencies` is set to `warn` by default
[INFO] [stderr] help: consider removing the dependency on `anyhow`
[INFO] [stderr] warning: unused dependency `serde_json`
[INFO] [stderr]   --> crates/ec-constitutional/Cargo.toml:13:1
[INFO] [stderr]    |
[INFO] [stderr] 13 | serde_json   = "1.0"
[INFO] [stderr]    | ^^^^^^^^^^^^^^^^^^^^
[INFO] [stderr]    |
[INFO] [stderr] help: consider removing the dependency on `serde_json`
[INFO] [stderr] warning: unused dependency `sha2`
[INFO] [stderr]   --> crates/ec-constitutional/Cargo.toml:18:1
[INFO] [stderr]    |
[INFO] [stderr] 18 | sha2         = "0.10"
[INFO] [stderr]    | ^^^^^^^^^^^^^^^^^^^^^
[INFO] [stderr]    |
[INFO] [stderr] help: consider removing the dependency on `sha2`
[INFO] [stderr] warning: `ec-constitutional` (manifest) generated 3 warnings
[INFO] [stderr] warning: unused dependency `ec-fitness`
[INFO] [stderr]   --> crates/ec-epistemic/Cargo.toml:10:1
[INFO] [stderr]    |
[INFO] [stderr] 10 | ec-fitness = { path = "../ec-fitness" }
[INFO] [stderr]    | ^^^^^^^^^^^^^^^^^^^^^^^^^^^^^^^^^^^^^^^
[INFO] [stderr]    |
[INFO] [stderr]    = note: `cargo::unused_dependencies` is set to `warn` by default
[INFO] [stderr] help: consider removing the dependency on `ec-fitness`
[INFO] [stderr] warning: `ec-epistemic` (manifest) generated 1 warning
[INFO] [stderr] warning: unused dependency `ec-constitutional`
[INFO] [stderr]   --> crates/ec-governance/Cargo.toml:11:1
[INFO] [stderr]    |
[INFO] [stderr] 11 | ec-constitutional = { path = "../ec-constitutional" }
[INFO] [stderr]    | ^^^^^^^^^^^^^^^^^^^^^^^^^^^^^^^^^^^^^^^^^^^^^^^^^^^^^
[INFO] [stderr]    |
[INFO] [stderr]    = note: `cargo::unused_dependencies` is set to `warn` by default
[INFO] [stderr] help: consider removing the dependency on `ec-constitutional`
[INFO] [stderr] warning: `ec-governance` (manifest) generated 1 warning
[INFO] [stderr] warning: unused dependency `rand`
[INFO] [stderr]   --> crates/ec-sandbox/Cargo.toml:20:1
[INFO] [stderr]    |
[INFO] [stderr] 20 | rand              = "0.8"
[INFO] [stderr]    | ^^^^^^^^^^^^^^^^^^^^^^^^^
[INFO] [stderr]    |
[INFO] [stderr]    = note: `cargo::unused_dependencies` is set to `warn` by default
[INFO] [stderr] help: consider removing the dependency on `rand`
[INFO] [stderr] warning: unused dependency `tokio`
[INFO] [stderr]   --> crates/ec-sandbox/Cargo.toml:19:1
[INFO] [stderr]    |
[INFO] [stderr] 19 | tokio             = { version = "1.35", features = ["full"] }
[INFO] [stderr]    | ^^^^^^^^^^^^^^^^^^^^^^^^^^^^^^^^^^^^^^^^^^^^^^^^^^^^^^^^^^^^^
[INFO] [stderr]    |
[INFO] [stderr] help: consider removing the dependency on `tokio`
[INFO] [stderr] warning: `ec-sandbox` (manifest) generated 2 warnings
[INFO] [stderr]     Finished `test` profile [unoptimized + debuginfo] target(s) in 0.55s
[INFO] [stderr]      Running unittests src/lib.rs (/opt/rustwide/target/debug/build/ec-analysis/c09b261eba406cbe/out/ec_analysis-c09b261eba406cbe)
[INFO] [stdout] 
[INFO] [stdout] running 52 tests
[INFO] [stdout] test analyzer::tests::unsafe_code_low_security ... ok
[INFO] [stdout] test analyzer::tests::empty_code_all_in_range ... ok
[INFO] [stdout] test complexity::tests::match_counts_as_branch ... ok
[INFO] [stdout] test complexity::tests::no_functions_defaults_to_1 ... ok
[INFO] [stdout] test coverage::tests::one_fn_no_test_zero ... ok
[INFO] [stdout] test analyzer::tests::many_uses_lower_architecture ... ok
[INFO] [stdout] test analyzer::tests::consistent_results ... ok
[INFO] [stdout] test complexity::tests::complex_code_lower_score ... ok
[INFO] [stdout] test depth_guard::tests::shallow_code_passes ... ok
[INFO] [stdout] test analyzer::tests::many_allocations_lower_performance ... ok
[INFO] [stdout] test coverage::tests::all_tested ... ok
[INFO] [stdout] test complexity::tests::simple_function_low_complexity ... ok
[INFO] [stdout] test complexity::tests::branching_increases_complexity ... ok
[INFO] [stdout] test coverage::tests::no_functions_neutral ... ok
[INFO] [stdout] test analyzer::tests::simple_main_high_security ... ok
[INFO] [stdout] test analyzer::tests::validates_successfully ... ok
[INFO] [stdout] test metrics::tests::clamp01_works ... ok
[INFO] [stdout] test metrics::tests::count_functions_works ... ok
[INFO] [stdout] test coverage::tests::one_fn_one_test_full ... ok
[INFO] [stdout] test reversibility::tests::fs_counted_as_side_effect ... ok
[INFO] [stdout] test metrics::tests::count_pattern_works ... ok
[INFO] [stdout] test metrics::tests::count_test_functions_works ... ok
[INFO] [stdout] test reversibility::tests::many_side_effects_floor ... ok
[INFO] [stdout] test reversibility::tests::println_lowers_score ... ok
[INFO] [stdout] test reversibility::tests::pure_code_scores_1 ... ok
[INFO] [stdout] test security::tests::combined_penalties ... ok
[INFO] [stdout] test security::tests::one_unsafe_scores_07 ... ok
[INFO] [stdout] test security::tests::panic_penalty ... ok
[INFO] [stdout] test security::tests::many_unsafe_floors_at_zero ... ok
[INFO] [stdout] test security::tests::no_issues_scores_1 ... ok
[INFO] [stdout] test security::tests::unwrap_penalty ... ok
[INFO] [stdout] test depth_guard::tests::deep_braces_rejected ... ok
[INFO] [stdout] test depth_guard::tests::deep_unary_rejected ... ok
[INFO] [stdout] test isolation::tests::missing_json_line_is_a_protocol_error ... ok
[INFO] [stdout] test visitors::coupling_visitor::tests::ec_workspace_uses_ignored ... ok
[INFO] [stdout] test visitors::coupling_visitor::tests::pub_use_of_local_mod_glob_no_penalty ... ok
[INFO] [stdout] test visitors::coupling_visitor::tests::pub_use_of_local_mod_no_penalty ... ok
[INFO] [stdout] test isolation::tests::worker_output_roundtrips_through_json ... ok
[INFO] [stdout] test visitors::coupling_visitor::tests::regression_baseline_from_epistemic_lib ... ok
[INFO] [stdout] test visitors::coupling_visitor::tests::super_in_test_mod_no_penalty ... ok
[INFO] [stdout] test isolation::tests::foreign_stdout_is_rejected_not_silently_accepted ... ok
[INFO] [stdout] test visitors::coupling_visitor::tests::pub_use_of_external_still_penalized ... ok
[INFO] [stdout] test visitors::coupling_visitor::tests::plain_use_of_external_still_penalized ... ok
[INFO] [stdout] test isolation::tests::missing_worker_binary_is_a_spawn_error ... ok
[INFO] [stdout] test visitors::coupling_visitor::tests::pub_use_before_mod_declaration_still_exempted ... ok
[INFO] [stdout] test visitors::coupling_visitor::tests::crate_path_no_penalty ... ok
[INFO] [stdout] test visitors::coupling_visitor::tests::std_uses_counted_separately ... ok
[INFO] [stdout] test visitors::coupling_visitor::tests::mixed_case_epistemic_pattern ... ok
[INFO] [stdout] test isolation::tests::worker_starts_with_a_cleared_environment ... ok
[INFO] [stdout] test isolation::tests::signal_death_is_a_crash_not_a_result ... ok
[INFO] [stdout] test isolation::tests::nonzero_worker_exit_is_a_crash ... ok
[INFO] [stderr]      Running tests/f1_depth_guard_gate.rs (/opt/rustwide/target/debug/build/ec-analysis/b6c745d0ba988e8e/out/f1_depth_guard_gate-b6c745d0ba988e8e)
[INFO] [stdout] test isolation::tests::hung_worker_is_killed_at_its_deadline ... ok
[INFO] [stdout] 
[INFO] [stdout] test result: ok. 52 passed; 0 failed; 0 ignored; 0 measured; 0 filtered out; finished in 0.71s
[INFO] [stdout] 
[INFO] [stdout] 
[INFO] [stdout] running 4 tests
[INFO] [stdout] test f1_gate_deep_braces_handled_safely ... ok
[INFO] [stdout] test f1_gate_deep_refs_handled_safely ... ok
[INFO] [stdout] test f1_gate_deep_parens_handled_safely ... ok
[INFO] [stdout] test f1_gate_valid_nested_code_passes ... ok
[INFO] [stdout] 
[INFO] [stdout] test result: ok. 4 passed; 0 failed; 0 ignored; 0 measured; 0 filtered out; finished in 0.02s
[INFO] [stdout] 
[INFO] [stderr]      Running tests/phase4_gate.rs (/opt/rustwide/target/debug/build/ec-analysis/39d3616ab491b314/out/phase4_gate-39d3616ab491b314)
[INFO] [stdout] 
[INFO] [stdout] running 15 tests
[INFO] [stdout] test phase4_invalid_code_has_parse_warning ... ok
[INFO] [stdout] test phase4_fitness_and_confidence_are_separate ... ok
[INFO] [stdout] test phase4_confidence_high_for_ast_dimensions ... ok
[INFO] [stdout] test phase4_confidence_overall_is_min ... ok
[INFO] [stdout] test phase4_confidence_low_for_heuristic_dimensions ... ok
[INFO] [stdout] test phase4_all_six_confidences_populated ... ok
[INFO] [stdout] test phase4_unsafe_code_has_warning ... ok
[INFO] [stdout] test phase4_safe_code_no_unsafe_warning ... ok
[INFO] [stdout] test phase4_all_six_dimensions_populated ... ok
[INFO] [stdout] test phase4_gate_complete ... ok
[INFO] [stdout] test phase4_tier1_superior_to_bad_code ... ok
[INFO] [stdout] test phase4_ast_not_fooled_by_string ... ok
[INFO] [stdout] test phase4_ast_fixes_v1_comment_bug ... ok
[INFO] [stdout] test phase4_old_api_unsafe_still_penalized ... ok
[INFO] [stderr]      Running tests/week19_gate.rs (/opt/rustwide/target/debug/build/ec-analysis/63d360a301bbd804/out/week19_gate-63d360a301bbd804)
[INFO] [stdout] test phase4_old_api_unchanged ... ok
[INFO] [stdout] 
[INFO] [stdout] test result: ok. 15 passed; 0 failed; 0 ignored; 0 measured; 0 filtered out; finished in 0.05s
[INFO] [stdout] 
[INFO] [stdout] 
[INFO] [stdout] running 20 tests
[INFO] [stdout] test gate_functions_without_tests_coverage_zero ... ok
[INFO] [stdout] test gate_no_allocations_high_performance ... ok
[INFO] [stdout] test gate_no_uses_high_stability ... ok
[INFO] [stdout] test gate_same_code_same_result ... ok
[INFO] [stdout] test gate_pure_code_high_reversibility ... ok
[INFO] [stdout] test gate_comment_only_valid ... ok
[INFO] [stdout] test gate_test_functions_boost_coverage ... ok
[INFO] [stdout] test gate_unsafe_code_penalty ... ok
[INFO] [stdout] test gate_simple_code_high_maintainability ... ok
[INFO] [stdout] test gate_safe_code_security_1 ... ok
[INFO] [stdout] test gate_unwrap_penalty ... ok
[INFO] [stdout] test gate_all_dimensions_in_range ... ok
[INFO] [stdout] test week19_gate_complete ... ok
[INFO] [stdout] test gate_no_functions_coverage_neutral ... ok
[INFO] [stdout] test gate_io_lowers_reversibility ... ok
[INFO] [stdout] test gate_empty_code_valid ... ok
[INFO] [stdout] test gate_complex_code_lower_maintainability ... ok
[INFO] [stdout] test gate_many_uses_lower_stability ... ok
[INFO] [stdout] test gate_allocations_lower_performance ... ok
[INFO] [stdout] test gate_analyze_code_returns_valid_fitness ... ok
[INFO] [stdout] 
[INFO] [stdout] test result: ok. 20 passed; 0 failed; 0 ignored; 0 measured; 0 filtered out; finished in 0.01s
[INFO] [stdout] 
[INFO] [stderr]      Running tests/week28_gate.rs (/opt/rustwide/target/debug/build/ec-analysis/78dbc95858478909/out/week28_gate-78dbc95858478909)
[INFO] [stdout] 
[INFO] [stdout] running 14 tests
[INFO] [stdout] test w28_old_api_unchanged ... ok
[INFO] [stdout] test w28_invalid_code_zero_confidence ... ok
[INFO] [stdout] test w28_old_api_unsafe_still_penalized ... ok
[INFO] [stdout] test w28_syn_handles_invalid_gracefully ... ok
[INFO] [stdout] test w28_safe_code_high_security_confidence ... ok
[INFO] [stderr]      Running tests/week29_gate.rs (/opt/rustwide/target/debug/build/ec-analysis/fb713dd2bf8a9210/out/week29_gate-fb713dd2bf8a9210)
[INFO] [stdout] test w28_unsafe_code_has_warning ... ok
[INFO] [stdout] test w28_syn_parses_complex_code ... ok
[INFO] [stdout] test w28_safe_code_no_unsafe_warning ... ok
[INFO] [stdout] test w28_ast_vs_v1_comment_difference ... ok
[INFO] [stdout] test w28_comment_not_penalized_in_ast ... ok
[INFO] [stdout] test w28_confidence_present ... ok
[INFO] [stdout] test week28_gate_complete ... ok
[INFO] [stdout] test w28_unsafe_code_lower_security_confidence ... ok
[INFO] [stdout] test w28_syn_parses_valid_code ... ok
[INFO] [stdout] 
[INFO] [stdout] test result: ok. 14 passed; 0 failed; 0 ignored; 0 measured; 0 filtered out; finished in 0.07s
[INFO] [stdout] 
[INFO] [stdout] 
[INFO] [stdout] running 13 tests
[INFO] [stdout] test w29_confidence_high_for_ast ... ok
[INFO] [stdout] test w29_unsafe_confidence_still_high ... ok
[INFO] [stdout] test w29_string_literal_not_penalized ... ok
[INFO] [stdout] test w29_safe_code_confidence_high ... ok
[INFO] [stdout] test w29_safe_code_scores_high ... ok
[INFO] [stdout] test w29_doc_comment_mitigates_unsafe_fn ... ok
[INFO] [stdout] test w29_unsafe_block_penalized ... ok
[INFO] [stderr]      Running tests/week30_gate.rs (/opt/rustwide/target/debug/build/ec-analysis/b2c29d255d3ef276/out/week30_gate-b2c29d255d3ef276)
[INFO] [stdout] test w29_unsafe_fn_penalized ... ok
[INFO] [stdout] test w29_more_unsafe_lower_score ... ok
[INFO] [stdout] test w29_doc_comment_does_not_help_expr_block ... ok
[INFO] [stdout] test w29_comment_vs_v1 ... ok
[INFO] [stdout] test w29_comment_not_penalized ... ok
[INFO] [stdout] test week29_gate_complete ... ok
[INFO] [stdout] 
[INFO] [stdout] test result: ok. 13 passed; 0 failed; 0 ignored; 0 measured; 0 filtered out; finished in 0.20s
[INFO] [stdout] 
[INFO] [stdout] 
[INFO] [stdout] running 17 tests
[INFO] [stdout] test w30_two_ifs_add_2 ... ok
[INFO] [stdout] test w30_match_arms_counted ... ok
[INFO] [stdout] test w30_single_arm_plus_wildcard ... ok
[INFO] [stdout] test w30_test_fn_excluded_from_production ... ok
[INFO] [stdout] test w30_empty_fn_cc_1 ... ok
[INFO] [stdout] test w30_and_counts ... ok
[INFO] [stdout] test w30_if_adds_1 ... ok
[INFO] [stdout] test w30_or_counts ... ok
[INFO] [stdout] test w30_multiple_question_marks ... ok
[INFO] [stdout] test w30_question_mark_counts ... ok
[INFO] [stdout] test w30_simple_fn_cc_1 ... ok
[INFO] [stdout] test w30_high_complexity_no_crash ... ok
[INFO] [stdout] test w30_confidence_reasonable ... ok
[INFO] [stdout] test w30_complex_lower_maintainability ... ok
[INFO] [stdout] test week30_gate_complete ... ok
[INFO] [stdout] test w30_multiple_functions_independent ... ok
[INFO] [stdout] test w30_maintainability_in_range ... ok
[INFO] [stdout] 
[INFO] [stdout] test result: ok. 17 passed; 0 failed; 0 ignored; 0 measured; 0 filtered out; finished in 0.12s
[INFO] [stdout] 
[INFO] [stderr]      Running tests/week31_gate.rs (/opt/rustwide/target/debug/build/ec-analysis/2a152385b0ce85f0/out/week31_gate-2a152385b0ce85f0)
[INFO] [stdout] 
[INFO] [stdout] running 23 tests
[INFO] [stdout] test w31_no_fns_coverage_neutral ... ok
[INFO] [stdout] test w31_external_uses_more_penalty ... ok
[INFO] [stdout] test w31_static_const_no_penalty ... ok
[INFO] [stdout] test w31_assert_macros_counted ... ok
[INFO] [stdout] test w31_multiple_side_effects_cumulative ... ok
[INFO] [stdout] test w31_many_uses_lower_stability ... ok
[INFO] [stdout] test w31_std_uses_less_penalty ... ok
[INFO] [stdout] test w31_half_coverage ... ok
[INFO] [stdout] test week31_gate_complete ... ok
[INFO] [stdout] test w31_test_coverage_confidence_medium_with_tests ... ok
[INFO] [stdout] test w31_pure_code_full_reversibility ... ok
[INFO] [stdout] test w31_static_mut_double_penalty ... ok
[INFO] [stdout] test w31_test_coverage_confidence_low_without_tests ... ok
[INFO] [stdout] test w31_coupling_confidence ... ok
[INFO] [stdout] test w31_println_penalized ... ok
[INFO] [stdout] test w31_prod_only_zero_coverage ... ok
[INFO] [stdout] test w31_side_effect_confidence ... ok
[INFO] [stdout] test w31_full_report_safe_code ... ok
[INFO] [stdout] test w31_eprintln_penalized ... ok
[INFO] [stdout] test w31_full_report_with_tests ... ok
[INFO] [stdout] test w31_equal_test_prod_full_coverage ... ok
[INFO] [stdout] test w31_no_uses_full_stability ... ok
[INFO] [stderr]      Running tests/week32_gate.rs (/opt/rustwide/target/debug/build/ec-analysis/1eaad5400718d4f7/out/week32_gate-1eaad5400718d4f7)
[INFO] [stdout] test w31_full_report_unsafe_io_code ... ok
[INFO] [stdout] 
[INFO] [stdout] test result: ok. 23 passed; 0 failed; 0 ignored; 0 measured; 0 filtered out; finished in 0.03s
[INFO] [stdout] 
[INFO] [stdout] 
[INFO] [stdout] running 13 tests
[INFO] [stdout] test w32_confidence_lower_for_heuristic_dimensions ... ok
[INFO] [stdout] test w32_confidence_higher_for_ast_than_estimated ... ok
[INFO] [stdout] test w32_ast_better_than_v1_heuristic_for_comments ... ok
[INFO] [stdout] test w32_tier4_has_unsafe_warning ... ok
[INFO] [stdout] test w32_tier1_higher_security_than_tier4 ... ok
[INFO] [stdout] test w32_both_files_parse_successfully ... ok
[INFO] [stdout] test w32_ast_not_fooled_by_string_literal ... ok
[INFO] [stdout] test w32_tier1_higher_reversibility_than_tier4 ... ok
[INFO] [stdout] test w32_tier1_higher_coverage_than_tier4 ... ok
[INFO] [stdout] test w32_both_fitness_valid ... ok
[INFO] [stdout] test w32_tier1_higher_maintainability_than_tier4 ... ok
[INFO] [stderr]      Running tests/week33_gate.rs (/opt/rustwide/target/debug/build/ec-analysis/3fbfaa62b59e0fa9/out/week33_gate-3fbfaa62b59e0fa9)
[INFO] [stdout] test week32_gate_complete ... ok
[INFO] [stdout] test w32_tier1_fewer_warnings_than_tier4 ... ok
[INFO] [stdout] 
[INFO] [stdout] test result: ok. 13 passed; 0 failed; 0 ignored; 0 measured; 0 filtered out; finished in 0.02s
[INFO] [stdout] 
[INFO] [stdout] 
[INFO] [stdout] running 15 tests
[INFO] [stdout] test w33_no_allocations_score_1 ... ok
[INFO] [stdout] test w33_full_report_alloc_code ... ok
[INFO] [stdout] test w33_to_string_penalized ... ok
[INFO] [stdout] test w33_hashmap_new_penalized ... ok
[INFO] [stdout] test w33_clone_penalized ... ok
[INFO] [stdout] test w33_format_macro_penalized ... ok
[INFO] [stdout] test w33_vec_macro_penalized ... ok
[INFO] [stdout] test w33_string_new_penalized ... ok
[INFO] [stdout] test w33_vec_new_penalized ... ok
[INFO] [stdout] test w33_box_new_penalized ... ok
[INFO] [stdout] test w33_more_allocs_lower_score ... ok
[INFO] [stdout] test w33_full_report_perf ... ok
[INFO] [stdout] test week33_gate_complete ... ok
[INFO] [stdout] test w33_pure_math_score_1 ... ok
[INFO] [stdout] test w33_perf_confidence ... ok
[INFO] [stderr]      Running unittests src/lib.rs (/opt/rustwide/target/debug/build/ec-api/7ff84a5c716a67e9/out/ec_api-7ff84a5c716a67e9)
[INFO] [stdout] 
[INFO] [stdout] test result: ok. 15 passed; 0 failed; 0 ignored; 0 measured; 0 filtered out; finished in 0.08s
[INFO] [stdout] 
[INFO] [stdout] 
[INFO] [stdout] running 2 tests
[INFO] [stdout] test auth::tests::header_name_is_lowercase_and_stable ... ok
[INFO] [stdout] test handlers::f1_status_tests::worker_failures_map_to_honest_http_statuses ... ok
[INFO] [stdout] 
[INFO] [stdout] test result: ok. 2 passed; 0 failed; 0 ignored; 0 measured; 0 filtered out; finished in 0.00s
[INFO] [stdout] 
[INFO] [stderr]      Running unittests src/main.rs (/opt/rustwide/target/debug/build/ec-api/af258b4f5a56bda5/out/ec_server-af258b4f5a56bda5)
[INFO] [stdout] 
[INFO] [stderr]      Running tests/f1_server_survival.rs (/opt/rustwide/target/debug/build/ec-api/824bb11f22e8d4f5/out/f1_server_survival-824bb11f22e8d4f5)
[INFO] [stdout] running 0 tests
[INFO] [stdout] 
[INFO] [stdout] test result: ok. 0 passed; 0 failed; 0 ignored; 0 measured; 0 filtered out; finished in 0.00s
[INFO] [stdout] 
[INFO] [stdout] 
[INFO] [stdout] running 1 test
[INFO] [stdout] test crashing_analysis_does_not_kill_server ... ok
[INFO] [stdout] 
[INFO] [stdout] test result: ok. 1 passed; 0 failed; 0 ignored; 0 measured; 0 filtered out; finished in 0.50s
[INFO] [stdout] 
[INFO] [stderr]      Running tests/persistence_gate.rs (/opt/rustwide/target/debug/build/ec-api/d9a158ced335cd49/out/persistence_gate-d9a158ced335cd49)
[INFO] [stdout] 
[INFO] [stdout] running 1 test
[INFO] [stderr]      Running tests/week50_gate.rs (/opt/rustwide/target/debug/build/ec-api/07a4b0bd639a22c8/out/week50_gate-07a4b0bd639a22c8)
[INFO] [stdout] test restart_preserves_proposals_and_audit ... ok
[INFO] [stdout] 
[INFO] [stdout] test result: ok. 1 passed; 0 failed; 0 ignored; 0 measured; 0 filtered out; finished in 0.06s
[INFO] [stdout] 
[INFO] [stdout] 
[INFO] [stdout] running 19 tests
[INFO] [stdout] test w50_protected_route_rejects_wrong_key ... ok
[INFO] [stdout] test w50_health_returns_ok ... ok
[INFO] [stdout] test w50_approve_invalid_id_returns_error ... ok
[INFO] [stdout] test w50_approve_nonexistent_returns_error ... ok
[INFO] [stdout] test w50_drift_insufficient_data ... ok
[INFO] [stdout] test w50_memory_nodes_empty ... ok
[INFO] [stdout] test w50_reject_proposal ... ok
[INFO] [stdout] test w50_governance_full_cycle ... ok
[INFO] [stdout] test w50_health_works_without_api_key ... ok
[INFO] [stdout] test w50_multiple_proposals_listed ... ok
[INFO] [stdout] test w50_similar_empty_memory ... ok
[INFO] [stdout] test w50_analyze_rejects_missing_key ... ok
[INFO] [stdout] test w50_submit_proposal_returns_id ... ok
[INFO] [stdout] test w50_submit_loosen_proposal ... ok
[INFO] [stdout] test w50_protected_route_accepts_correct_key ... ok
[INFO] [stdout] test w50_protected_route_rejects_missing_key ... ok
[INFO] [stdout] test w50_gate_complete ... FAILED
[INFO] [stdout] test w50_analyze_returns_all_dimensions ... FAILED
[INFO] [stdout] test w50_analyze_invalid_code_still_responds ... FAILED
[INFO] [stdout] 
[INFO] [stdout] failures:
[INFO] [stdout] 
[INFO] [stdout] ---- w50_gate_complete stdout ----
[INFO] [stdout] 
[INFO] [stdout] thread 'w50_gate_complete' (5602) panicked at crates/ec-api/tests/week50_gate.rs:353:5:
[INFO] [stdout] assertion `left == right` failed
[INFO] [stdout]   left: 500
[INFO] [stdout]  right: 200
[INFO] [stdout] stack backtrace:
[INFO] [stdout]    0:     0x5a79fa789841 - std[617be2ca0a6fd877]::backtrace_rs::backtrace::libunwind::trace
[INFO] [stdout]                                at /rustc/e3feeb59cd1bdd011a2bfcc0747b55125d9b8527/library/std/src/../../backtrace/src/backtrace/libunwind.rs:117:9
[INFO] [stdout]    1:     0x5a79fa789841 - std[617be2ca0a6fd877]::backtrace_rs::backtrace::trace_unsynchronized::<std[617be2ca0a6fd877]::sys::backtrace::_print_fmt::{closure#1}>
[INFO] [stdout]                                at /rustc/e3feeb59cd1bdd011a2bfcc0747b55125d9b8527/library/std/src/../../backtrace/src/backtrace/mod.rs:66:14
[INFO] [stdout]    2:     0x5a79fa789841 - std[617be2ca0a6fd877]::sys::backtrace::_print_fmt
[INFO] [stdout]                                at /rustc/e3feeb59cd1bdd011a2bfcc0747b55125d9b8527/library/std/src/sys/backtrace.rs:74:9
[INFO] [stdout]    3:     0x5a79fa789841 - <<std[617be2ca0a6fd877]::sys::backtrace::BacktraceLock>::print::DisplayBacktrace as core[a373ad73a504971]::fmt::Display>::fmt
[INFO] [stdout]                                at /rustc/e3feeb59cd1bdd011a2bfcc0747b55125d9b8527/library/std/src/sys/backtrace.rs:44:26
[INFO] [stdout]    4:     0x5a79fa7a04ba - <core[a373ad73a504971]::fmt::rt::Argument>::fmt
[INFO] [stdout]                                at /rustc/e3feeb59cd1bdd011a2bfcc0747b55125d9b8527/library/core/src/fmt/rt.rs:152:76
[INFO] [stdout]    5:     0x5a79fa7a04ba - core[a373ad73a504971]::fmt::write
[INFO] [stdout]    6:     0x5a79fa78e7dc - core[a373ad73a504971]::io::write::default_write_fmt::<alloc[2e1b2a31b91974c5]::vec::Vec<u8>>
[INFO] [stdout]                                at /rustc/e3feeb59cd1bdd011a2bfcc0747b55125d9b8527/library/core/src/io/write.rs:402:11
[INFO] [stdout]    7:     0x5a79fa78e7dc - <alloc[2e1b2a31b91974c5]::vec::Vec<u8> as core[a373ad73a504971]::io::write::Write>::write_fmt
[INFO] [stdout]                                at /rustc/e3feeb59cd1bdd011a2bfcc0747b55125d9b8527/library/core/src/io/write.rs:335:13
[INFO] [stdout]    8:     0x5a79fa763ca6 - <std[617be2ca0a6fd877]::sys::backtrace::BacktraceLock>::print
[INFO] [stdout]                                at /rustc/e3feeb59cd1bdd011a2bfcc0747b55125d9b8527/library/std/src/sys/backtrace.rs:47:9
[INFO] [stdout]    9:     0x5a79fa763ca6 - std[617be2ca0a6fd877]::panicking::default_hook::{closure#0}
[INFO] [stdout]                                at /rustc/e3feeb59cd1bdd011a2bfcc0747b55125d9b8527/library/std/src/panicking.rs:289:27
[INFO] [stdout]   10:     0x5a79fa781539 - std[617be2ca0a6fd877]::panicking::default_hook
[INFO] [stdout]                                at /rustc/e3feeb59cd1bdd011a2bfcc0747b55125d9b8527/library/std/src/panicking.rs:313:9
[INFO] [stdout]   11:     0x5a79fa04dc30 - <alloc[2e1b2a31b91974c5]::boxed::Box<dyn for<'a, 'b> core[a373ad73a504971]::ops::function::Fn<(&'a std[617be2ca0a6fd877]::panic::PanicHookInfo<'b>,), Output = ()> + core[a373ad73a504971]::marker::Sync + core[a373ad73a504971]::marker::Send> as core[a373ad73a504971]::ops::function::Fn<(&std[617be2ca0a6fd877]::panic::PanicHookInfo,)>>::call
[INFO] [stdout]                                at /rustc/e3feeb59cd1bdd011a2bfcc0747b55125d9b8527/library/alloc/src/boxed.rs:2328:9
[INFO] [stdout]   12:     0x5a79fa04dc30 - test[aada8e7e76ba119b]::test_main_inner::{closure#0}
[INFO] [stdout]                                at /rustc/e3feeb59cd1bdd011a2bfcc0747b55125d9b8527/library/test/src/lib.rs:137:21
[INFO] [stdout]   13:     0x5a79fa781862 - <alloc[2e1b2a31b91974c5]::boxed::Box<dyn for<'a, 'b> core[a373ad73a504971]::ops::function::Fn<(&'a std[617be2ca0a6fd877]::panic::PanicHookInfo<'b>,), Output = ()> + core[a373ad73a504971]::marker::Sync + core[a373ad73a504971]::marker::Send> as core[a373ad73a504971]::ops::function::Fn<(&std[617be2ca0a6fd877]::panic::PanicHookInfo,)>>::call
[INFO] [stdout]                                at /rustc/e3feeb59cd1bdd011a2bfcc0747b55125d9b8527/library/alloc/src/boxed.rs:2328:9
[INFO] [stdout]   14:     0x5a79fa781862 - std[617be2ca0a6fd877]::panicking::panic_with_hook
[INFO] [stdout]                                at /rustc/e3feeb59cd1bdd011a2bfcc0747b55125d9b8527/library/std/src/panicking.rs:819:13
[INFO] [stdout]   15:     0x5a79fa763d52 - std[617be2ca0a6fd877]::panicking::panic_handler::{closure#0}
[INFO] [stdout]                                at /rustc/e3feeb59cd1bdd011a2bfcc0747b55125d9b8527/library/std/src/panicking.rs:685:13
[INFO] [stdout]   16:     0x5a79fa75c3f9 - std[617be2ca0a6fd877]::sys::backtrace::__rust_end_short_backtrace::<std[617be2ca0a6fd877]::panicking::panic_handler::{closure#0}, !>
[INFO] [stdout]                                at /rustc/e3feeb59cd1bdd011a2bfcc0747b55125d9b8527/library/std/src/sys/backtrace.rs:182:18
[INFO] [stdout]   17:     0x5a79fa764c5d - __rustc[ea4f61d10b84890b]::rust_begin_unwind
[INFO] [stdout]                                at /rustc/e3feeb59cd1bdd011a2bfcc0747b55125d9b8527/library/std/src/panicking.rs:676:5
[INFO] [stdout]   18:     0x5a79fa7a0d0c - core[a373ad73a504971]::panicking::panic_fmt
[INFO] [stdout]                                at /rustc/e3feeb59cd1bdd011a2bfcc0747b55125d9b8527/library/core/src/panicking.rs:80:14
[INFO] [stdout]   19:     0x5a79fa7a0b73 - core[a373ad73a504971]::panicking::assert_failed_inner
[INFO] [stdout]                                at /rustc/e3feeb59cd1bdd011a2bfcc0747b55125d9b8527/library/core/src/panicking.rs:452:17
[INFO] [stdout]   20:     0x5a79fa0238f0 - core[a373ad73a504971]::panicking::assert_failed::<http[4fb471ac6f647cc9]::status::StatusCode, u16>
[INFO] [stdout]                                at /rustc/e3feeb59cd1bdd011a2bfcc0747b55125d9b8527/library/core/src/panicking.rs:407:5
[INFO] [stdout]   21:     0x5a79fa02934f - week50_gate[e4d125698b581ea8]::w50_gate_complete::{closure#0}
[INFO] [stdout]                                at /opt/rustwide/workdir/crates/ec-api/tests/week50_gate.rs:353:5
[INFO] [stdout]   22:     0x5a79fa027d22 - <core[a373ad73a504971]::pin::Pin<&mut dyn core[a373ad73a504971]::future::future::Future<Output = ()>> as core[a373ad73a504971]::future::future::Future>::poll
[INFO] [stdout]                                at /rustc/e3feeb59cd1bdd011a2bfcc0747b55125d9b8527/library/core/src/future/future.rs:133:9
[INFO] [stdout]   23:     0x5a79fa027d9d - <core[a373ad73a504971]::pin::Pin<&mut core[a373ad73a504971]::pin::Pin<&mut dyn core[a373ad73a504971]::future::future::Future<Output = ()>>> as core[a373ad73a504971]::future::future::Future>::poll
[INFO] [stdout]                                at /rustc/e3feeb59cd1bdd011a2bfcc0747b55125d9b8527/library/core/src/future/future.rs:133:9
[INFO] [stdout]   24:     0x5a79fa0405bd - <tokio[edf456506b815107]::runtime::scheduler::current_thread::CoreGuard>::block_on::<core[a373ad73a504971]::pin::Pin<&mut core[a373ad73a504971]::pin::Pin<&mut dyn core[a373ad73a504971]::future::future::Future<Output = ()>>>>::{closure#0}::{closure#0}::{closure#0}
[INFO] [stdout]                                at /opt/rustwide/cargo-home/registry/src/index.crates.io-1949cf8c6b5b557f/tokio-1.52.3/src/runtime/scheduler/current_thread/mod.rs:778:70
[INFO] [stdout]   25:     0x5a79fa0404e5 - tokio[edf456506b815107]::task::coop::with_budget::<core[a373ad73a504971]::task::poll::Poll<()>, <tokio[edf456506b815107]::runtime::scheduler::current_thread::CoreGuard>::block_on<core[a373ad73a504971]::pin::Pin<&mut core[a373ad73a504971]::pin::Pin<&mut dyn core[a373ad73a504971]::future::future::Future<Output = ()>>>>::{closure#0}::{closure#0}::{closure#0}>
[INFO] [stdout]                                at /opt/rustwide/cargo-home/registry/src/index.crates.io-1949cf8c6b5b557f/tokio-1.52.3/src/task/coop/mod.rs:167:5
[INFO] [stdout]   26:     0x5a79fa0404e5 - tokio[edf456506b815107]::task::coop::budget::<core[a373ad73a504971]::task::poll::Poll<()>, <tokio[edf456506b815107]::runtime::scheduler::current_thread::CoreGuard>::block_on<core[a373ad73a504971]::pin::Pin<&mut core[a373ad73a504971]::pin::Pin<&mut dyn core[a373ad73a504971]::future::future::Future<Output = ()>>>>::{closure#0}::{closure#0}::{closure#0}>
[INFO] [stdout]                                at /opt/rustwide/cargo-home/registry/src/index.crates.io-1949cf8c6b5b557f/tokio-1.52.3/src/task/coop/mod.rs:133:5
[INFO] [stdout]   27:     0x5a79fa0404e5 - <tokio[edf456506b815107]::runtime::scheduler::current_thread::CoreGuard>::block_on::<core[a373ad73a504971]::pin::Pin<&mut core[a373ad73a504971]::pin::Pin<&mut dyn core[a373ad73a504971]::future::future::Future<Output = ()>>>>::{closure#0}::{closure#0}
[INFO] [stdout]                                at /opt/rustwide/cargo-home/registry/src/index.crates.io-1949cf8c6b5b557f/tokio-1.52.3/src/runtime/scheduler/current_thread/mod.rs:778:25
[INFO] [stdout]   28:     0x5a79fa03ad02 - <tokio[edf456506b815107]::runtime::scheduler::current_thread::Context>::enter::<core[a373ad73a504971]::task::poll::Poll<()>, <tokio[edf456506b815107]::runtime::scheduler::current_thread::CoreGuard>::block_on<core[a373ad73a504971]::pin::Pin<&mut core[a373ad73a504971]::pin::Pin<&mut dyn core[a373ad73a504971]::future::future::Future<Output = ()>>>>::{closure#0}::{closure#0}>
[INFO] [stdout]                                at /opt/rustwide/cargo-home/registry/src/index.crates.io-1949cf8c6b5b557f/tokio-1.52.3/src/runtime/scheduler/current_thread/mod.rs:451:19
[INFO] [stdout]   29:     0x5a79fa03f96d - <tokio[edf456506b815107]::runtime::scheduler::current_thread::CoreGuard>::block_on::<core[a373ad73a504971]::pin::Pin<&mut core[a373ad73a504971]::pin::Pin<&mut dyn core[a373ad73a504971]::future::future::Future<Output = ()>>>>::{closure#0}
[INFO] [stdout]                                at /opt/rustwide/cargo-home/registry/src/index.crates.io-1949cf8c6b5b557f/tokio-1.52.3/src/runtime/scheduler/current_thread/mod.rs:777:44
[INFO] [stdout]   30:     0x5a79fa03ec14 - <tokio[edf456506b815107]::runtime::scheduler::current_thread::CoreGuard>::enter::<<tokio[edf456506b815107]::runtime::scheduler::current_thread::CoreGuard>::block_on<core[a373ad73a504971]::pin::Pin<&mut core[a373ad73a504971]::pin::Pin<&mut dyn core[a373ad73a504971]::future::future::Future<Output = ()>>>>::{closure#0}, core[a373ad73a504971]::option::Option<()>>::{closure#0}
[INFO] [stdout]                                at /opt/rustwide/cargo-home/registry/src/index.crates.io-1949cf8c6b5b557f/tokio-1.52.3/src/runtime/scheduler/current_thread/mod.rs:865:68
[INFO] [stdout]   31:     0x5a79fa01faab - <tokio[edf456506b815107]::runtime::context::scoped::Scoped<tokio[edf456506b815107]::runtime::scheduler::Context>>::set::<<tokio[edf456506b815107]::runtime::scheduler::current_thread::CoreGuard>::enter<<tokio[edf456506b815107]::runtime::scheduler::current_thread::CoreGuard>::block_on<core[a373ad73a504971]::pin::Pin<&mut core[a373ad73a504971]::pin::Pin<&mut dyn core[a373ad73a504971]::future::future::Future<Output = ()>>>>::{closure#0}, core[a373ad73a504971]::option::Option<()>>::{closure#0}, (alloc[2e1b2a31b91974c5]::boxed::Box<tokio[edf456506b815107]::runtime::scheduler::current_thread::Core>, core[a373ad73a504971]::option::Option<()>)>
[INFO] [stdout]                                at /opt/rustwide/cargo-home/registry/src/index.crates.io-1949cf8c6b5b557f/tokio-1.52.3/src/runtime/context/scoped.rs:40:9
[INFO] [stdout]   32:     0x5a79fa025d19 - tokio[edf456506b815107]::runtime::context::set_scheduler::<(alloc[2e1b2a31b91974c5]::boxed::Box<tokio[edf456506b815107]::runtime::scheduler::current_thread::Core>, core[a373ad73a504971]::option::Option<()>), <tokio[edf456506b815107]::runtime::scheduler::current_thread::CoreGuard>::enter<<tokio[edf456506b815107]::runtime::scheduler::current_thread::CoreGuard>::block_on<core[a373ad73a504971]::pin::Pin<&mut core[a373ad73a504971]::pin::Pin<&mut dyn core[a373ad73a504971]::future::future::Future<Output = ()>>>>::{closure#0}, core[a373ad73a504971]::option::Option<()>>::{closure#0}>::{closure#0}
[INFO] [stdout]                                at /opt/rustwide/cargo-home/registry/src/index.crates.io-1949cf8c6b5b557f/tokio-1.52.3/src/runtime/context.rs:181:38
[INFO] [stdout]   33:     0x5a79fa02010f - <std[617be2ca0a6fd877]::thread::local::LocalKey<tokio[edf456506b815107]::runtime::context::Context>>::try_with::<tokio[edf456506b815107]::runtime::context::set_scheduler<(alloc[2e1b2a31b91974c5]::boxed::Box<tokio[edf456506b815107]::runtime::scheduler::current_thread::Core>, core[a373ad73a504971]::option::Option<()>), <tokio[edf456506b815107]::runtime::scheduler::current_thread::CoreGuard>::enter<<tokio[edf456506b815107]::runtime::scheduler::current_thread::CoreGuard>::block_on<core[a373ad73a504971]::pin::Pin<&mut core[a373ad73a504971]::pin::Pin<&mut dyn core[a373ad73a504971]::future::future::Future<Output = ()>>>>::{closure#0}, core[a373ad73a504971]::option::Option<()>>::{closure#0}>::{closure#0}, (alloc[2e1b2a31b91974c5]::boxed::Box<tokio[edf456506b815107]::runtime::scheduler::current_thread::Core>, core[a373ad73a504971]::option::Option<()>)>
[INFO] [stdout]                                at /rustc/e3feeb59cd1bdd011a2bfcc0747b55125d9b8527/library/std/src/thread/local.rs:463:12
[INFO] [stdout]   34:     0x5a79fa01fcbe - <std[617be2ca0a6fd877]::thread::local::LocalKey<tokio[edf456506b815107]::runtime::context::Context>>::with::<tokio[edf456506b815107]::runtime::context::set_scheduler<(alloc[2e1b2a31b91974c5]::boxed::Box<tokio[edf456506b815107]::runtime::scheduler::current_thread::Core>, core[a373ad73a504971]::option::Option<()>), <tokio[edf456506b815107]::runtime::scheduler::current_thread::CoreGuard>::enter<<tokio[edf456506b815107]::runtime::scheduler::current_thread::CoreGuard>::block_on<core[a373ad73a504971]::pin::Pin<&mut core[a373ad73a504971]::pin::Pin<&mut dyn core[a373ad73a504971]::future::future::Future<Output = ()>>>>::{closure#0}, core[a373ad73a504971]::option::Option<()>>::{closure#0}>::{closure#0}, (alloc[2e1b2a31b91974c5]::boxed::Box<tokio[edf456506b815107]::runtime::scheduler::current_thread::Core>, core[a373ad73a504971]::option::Option<()>)>
[INFO] [stdout]                                at /rustc/e3feeb59cd1bdd011a2bfcc0747b55125d9b8527/library/std/src/thread/local.rs:427:20
[INFO] [stdout]   35:     0x5a79fa02395d - tokio[edf456506b815107]::runtime::context::set_scheduler::<(alloc[2e1b2a31b91974c5]::boxed::Box<tokio[edf456506b815107]::runtime::scheduler::current_thread::Core>, core[a373ad73a504971]::option::Option<()>), <tokio[edf456506b815107]::runtime::scheduler::current_thread::CoreGuard>::enter<<tokio[edf456506b815107]::runtime::scheduler::current_thread::CoreGuard>::block_on<core[a373ad73a504971]::pin::Pin<&mut core[a373ad73a504971]::pin::Pin<&mut dyn core[a373ad73a504971]::future::future::Future<Output = ()>>>>::{closure#0}, core[a373ad73a504971]::option::Option<()>>::{closure#0}>
[INFO] [stdout]                                at /opt/rustwide/cargo-home/registry/src/index.crates.io-1949cf8c6b5b557f/tokio-1.52.3/src/runtime/context.rs:181:17
[INFO] [stdout]   36:     0x5a79fa03bd70 - <tokio[edf456506b815107]::runtime::scheduler::current_thread::CoreGuard>::enter::<<tokio[edf456506b815107]::runtime::scheduler::current_thread::CoreGuard>::block_on<core[a373ad73a504971]::pin::Pin<&mut core[a373ad73a504971]::pin::Pin<&mut dyn core[a373ad73a504971]::future::future::Future<Output = ()>>>>::{closure#0}, core[a373ad73a504971]::option::Option<()>>
[INFO] [stdout]                                at /opt/rustwide/cargo-home/registry/src/index.crates.io-1949cf8c6b5b557f/tokio-1.52.3/src/runtime/scheduler/current_thread/mod.rs:865:27
[INFO] [stdout]   37:     0x5a79fa03c066 - <tokio[edf456506b815107]::runtime::scheduler::current_thread::CoreGuard>::block_on::<core[a373ad73a504971]::pin::Pin<&mut core[a373ad73a504971]::pin::Pin<&mut dyn core[a373ad73a504971]::future::future::Future<Output = ()>>>>
[INFO] [stdout]                                at /opt/rustwide/cargo-home/registry/src/index.crates.io-1949cf8c6b5b557f/tokio-1.52.3/src/runtime/scheduler/current_thread/mod.rs:765:24
[INFO] [stdout]   38:     0x5a79fa03e820 - <tokio[edf456506b815107]::runtime::scheduler::current_thread::CurrentThread>::block_on::<core[a373ad73a504971]::pin::Pin<&mut dyn core[a373ad73a504971]::future::future::Future<Output = ()>>>::{closure#0}
[INFO] [stdout]                                at /opt/rustwide/cargo-home/registry/src/index.crates.io-1949cf8c6b5b557f/tokio-1.52.3/src/runtime/scheduler/current_thread/mod.rs:205:33
[INFO] [stdout]   39:     0x5a79fa023ed8 - tokio[edf456506b815107]::runtime::context::runtime::enter_runtime::<<tokio[edf456506b815107]::runtime::scheduler::current_thread::CurrentThread>::block_on<core[a373ad73a504971]::pin::Pin<&mut dyn core[a373ad73a504971]::future::future::Future<Output = ()>>>::{closure#0}, ()>
[INFO] [stdout]                                at /opt/rustwide/cargo-home/registry/src/index.crates.io-1949cf8c6b5b557f/tokio-1.52.3/src/runtime/context/runtime.rs:65:16
[INFO] [stdout]   40:     0x5a79fa03a8c4 - <tokio[edf456506b815107]::runtime::scheduler::current_thread::CurrentThread>::block_on::<core[a373ad73a504971]::pin::Pin<&mut dyn core[a373ad73a504971]::future::future::Future<Output = ()>>>
[INFO] [stdout]                                at /opt/rustwide/cargo-home/registry/src/index.crates.io-1949cf8c6b5b557f/tokio-1.52.3/src/runtime/scheduler/current_thread/mod.rs:193:9
[INFO] [stdout]   41:     0x5a79fa01f6bf - <tokio[edf456506b815107]::runtime::runtime::Runtime>::block_on_inner::<core[a373ad73a504971]::pin::Pin<&mut dyn core[a373ad73a504971]::future::future::Future<Output = ()>>>
[INFO] [stdout]                                at /opt/rustwide/cargo-home/registry/src/index.crates.io-1949cf8c6b5b557f/tokio-1.52.3/src/runtime/runtime.rs:371:52
[INFO] [stdout]   42:     0x5a79fa01f80b - <tokio[edf456506b815107]::runtime::runtime::Runtime>::block_on::<core[a373ad73a504971]::pin::Pin<&mut dyn core[a373ad73a504971]::future::future::Future<Output = ()>>>
[INFO] [stdout]                                at /opt/rustwide/cargo-home/registry/src/index.crates.io-1949cf8c6b5b557f/tokio-1.52.3/src/runtime/runtime.rs:345:18
[INFO] [stdout]   43:     0x5a79fa037951 - week50_gate[e4d125698b581ea8]::w50_gate_complete
[INFO] [stdout]                                at /opt/rustwide/workdir/crates/ec-api/tests/week50_gate.rs:388:43
[INFO] [stdout]   44:     0x5a79fa028627 - week50_gate[e4d125698b581ea8]::w50_gate_complete::{closure#0}
[INFO] [stdout]                                at /opt/rustwide/workdir/crates/ec-api/tests/week50_gate.rs:341:29
[INFO] [stdout]   45:     0x5a79fa028396 - <week50_gate[e4d125698b581ea8]::w50_gate_complete::{closure#0} as core[a373ad73a504971]::ops::function::FnOnce<()>>::call_once
[INFO] [stdout]                                at /rustc/e3feeb59cd1bdd011a2bfcc0747b55125d9b8527/library/core/src/ops/function.rs:250:5
[INFO] [stdout]   46:     0x5a79fa04107b - <fn() -> core[a373ad73a504971]::result::Result<(), alloc[2e1b2a31b91974c5]::string::String> as core[a373ad73a504971]::ops::function::FnOnce<()>>::call_once
[INFO] [stdout]                                at /rustc/e3feeb59cd1bdd011a2bfcc0747b55125d9b8527/library/core/src/ops/function.rs:250:5
[INFO] [stdout]   47:     0x5a79fa04107b - test[aada8e7e76ba119b]::__rust_begin_short_backtrace::<core[a373ad73a504971]::result::Result<(), alloc[2e1b2a31b91974c5]::string::String>, fn() -> core[a373ad73a504971]::result::Result<(), alloc[2e1b2a31b91974c5]::string::String>>
[INFO] [stdout]                                at /rustc/e3feeb59cd1bdd011a2bfcc0747b55125d9b8527/library/test/src/lib.rs:701:18
[INFO] [stdout]   48:     0x5a79fa04e255 - test[aada8e7e76ba119b]::run_test_in_process::{closure#0}
[INFO] [stdout]                                at /rustc/e3feeb59cd1bdd011a2bfcc0747b55125d9b8527/library/test/src/lib.rs:724:74
[INFO] [stdout]   49:     0x5a79fa04e255 - <core[a373ad73a504971]::panic::unwind_safe::AssertUnwindSafe<test[aada8e7e76ba119b]::run_test_in_process::{closure#0}> as core[a373ad73a504971]::ops::function::FnOnce<()>>::call_once
[INFO] [stdout]                                at /rustc/e3feeb59cd1bdd011a2bfcc0747b55125d9b8527/library/core/src/panic/unwind_safe.rs:275:9
[INFO] [stdout]   50:     0x5a79fa04e255 - std[617be2ca0a6fd877]::panicking::catch_unwind::do_call::<core[a373ad73a504971]::panic::unwind_safe::AssertUnwindSafe<test[aada8e7e76ba119b]::run_test_in_process::{closure#0}>, core[a373ad73a504971]::result::Result<(), alloc[2e1b2a31b91974c5]::string::String>>
[INFO] [stdout]                                at /rustc/e3feeb59cd1bdd011a2bfcc0747b55125d9b8527/library/std/src/panicking.rs:573:43
[INFO] [stdout]   51:     0x5a79fa04e255 - std[617be2ca0a6fd877]::panicking::catch_unwind::<core[a373ad73a504971]::result::Result<(), alloc[2e1b2a31b91974c5]::string::String>, core[a373ad73a504971]::panic::unwind_safe::AssertUnwindSafe<test[aada8e7e76ba119b]::run_test_in_process::{closure#0}>>
[INFO] [stdout]                                at /rustc/e3feeb59cd1bdd011a2bfcc0747b55125d9b8527/library/std/src/panicking.rs:541:19
[INFO] [stdout]   52:     0x5a79fa04e255 - std[617be2ca0a6fd877]::panic::catch_unwind::<core[a373ad73a504971]::panic::unwind_safe::AssertUnwindSafe<test[aada8e7e76ba119b]::run_test_in_process::{closure#0}>, core[a373ad73a504971]::result::Result<(), alloc[2e1b2a31b91974c5]::string::String>>
[INFO] [stdout]                                at /rustc/e3feeb59cd1bdd011a2bfcc0747b55125d9b8527/library/std/src/panic.rs:359:14
[INFO] [stdout]   53:     0x5a79fa04e255 - test[aada8e7e76ba119b]::run_test_in_process
[INFO] [stdout]                                at /rustc/e3feeb59cd1bdd011a2bfcc0747b55125d9b8527/library/test/src/lib.rs:724:27
[INFO] [stdout]   54:     0x5a79fa04e255 - test[aada8e7e76ba119b]::run_test::{closure#0}
[INFO] [stdout]                                at /rustc/e3feeb59cd1bdd011a2bfcc0747b55125d9b8527/library/test/src/lib.rs:645:43
[INFO] [stdout]   55:     0x5a79fa047b44 - test[aada8e7e76ba119b]::run_test::{closure#1}
[INFO] [stdout]                                at /rustc/e3feeb59cd1bdd011a2bfcc0747b55125d9b8527/library/test/src/lib.rs:675:41
[INFO] [stdout]   56:     0x5a79fa047b44 - std[617be2ca0a6fd877]::sys::backtrace::__rust_begin_short_backtrace::<test[aada8e7e76ba119b]::run_test::{closure#1}, ()>
[INFO] [stdout]                                at /rustc/e3feeb59cd1bdd011a2bfcc0747b55125d9b8527/library/std/src/sys/backtrace.rs:166:18
[INFO] [stdout]   57:     0x5a79fa0512e2 - std[617be2ca0a6fd877]::thread::lifecycle::spawn_unchecked::<test[aada8e7e76ba119b]::run_test::{closure#1}, ()>::{closure#1}::{closure#0}
[INFO] [stdout]                                at /rustc/e3feeb59cd1bdd011a2bfcc0747b55125d9b8527/library/std/src/thread/lifecycle.rs:70:13
[INFO] [stdout]   58:     0x5a79fa0512e2 - <core[a373ad73a504971]::panic::unwind_safe::AssertUnwindSafe<std[617be2ca0a6fd877]::thread::lifecycle::spawn_unchecked<test[aada8e7e76ba119b]::run_test::{closure#1}, ()>::{closure#1}::{closure#0}> as core[a373ad73a504971]::ops::function::FnOnce<()>>::call_once
[INFO] [stdout]                                at /rustc/e3feeb59cd1bdd011a2bfcc0747b55125d9b8527/library/core/src/panic/unwind_safe.rs:275:9
[INFO] [stdout]   59:     0x5a79fa0512e2 - std[617be2ca0a6fd877]::panicking::catch_unwind::do_call::<core[a373ad73a504971]::panic::unwind_safe::AssertUnwindSafe<std[617be2ca0a6fd877]::thread::lifecycle::spawn_unchecked<test[aada8e7e76ba119b]::run_test::{closure#1}, ()>::{closure#1}::{closure#0}>, ()>
[INFO] [stdout]                                at /rustc/e3feeb59cd1bdd011a2bfcc0747b55125d9b8527/library/std/src/panicking.rs:573:43
[INFO] [stdout]   60:     0x5a79fa0512e2 - std[617be2ca0a6fd877]::panicking::catch_unwind::<(), core[a373ad73a504971]::panic::unwind_safe::AssertUnwindSafe<std[617be2ca0a6fd877]::thread::lifecycle::spawn_unchecked<test[aada8e7e76ba119b]::run_test::{closure#1}, ()>::{closure#1}::{closure#0}>>
[INFO] [stdout]                                at /rustc/e3feeb59cd1bdd011a2bfcc0747b55125d9b8527/library/std/src/panicking.rs:541:19
[INFO] [stdout]   61:     0x5a79fa0512e2 - std[617be2ca0a6fd877]::panic::catch_unwind::<core[a373ad73a504971]::panic::unwind_safe::AssertUnwindSafe<std[617be2ca0a6fd877]::thread::lifecycle::spawn_unchecked<test[aada8e7e76ba119b]::run_test::{closure#1}, ()>::{closure#1}::{closure#0}>, ()>
[INFO] [stdout]                                at /rustc/e3feeb59cd1bdd011a2bfcc0747b55125d9b8527/library/std/src/panic.rs:359:14
[INFO] [stdout]   62:     0x5a79fa0512e2 - std[617be2ca0a6fd877]::thread::lifecycle::spawn_unchecked::<test[aada8e7e76ba119b]::run_test::{closure#1}, ()>::{closure#1}
[INFO] [stdout]                                at /rustc/e3feeb59cd1bdd011a2bfcc0747b55125d9b8527/library/std/src/thread/lifecycle.rs:68:26
[INFO] [stdout]   63:     0x5a79fa0512e2 - <std[617be2ca0a6fd877]::thread::lifecycle::spawn_unchecked<test[aada8e7e76ba119b]::run_test::{closure#1}, ()>::{closure#1} as core[a373ad73a504971]::ops::function::FnOnce<()>>::call_once::{shim:vtable#0}
[INFO] [stdout]                                at /rustc/e3feeb59cd1bdd011a2bfcc0747b55125d9b8527/library/core/src/ops/function.rs:250:5
[INFO] [stdout]   64:     0x5a79fa788a9f - <alloc[2e1b2a31b91974c5]::boxed::Box<dyn core[a373ad73a504971]::ops::function::FnOnce<(), Output = ()> + core[a373ad73a504971]::marker::Send> as core[a373ad73a504971]::ops::function::FnOnce<()>>::call_once
[INFO] [stdout]                                at /rustc/e3feeb59cd1bdd011a2bfcc0747b55125d9b8527/library/alloc/src/boxed.rs:2314:9
[INFO] [stdout]   65:     0x5a79fa788a9f - <std[617be2ca0a6fd877]::sys::thread::unix::Thread>::new::thread_start
[INFO] [stdout]                                at /rustc/e3feeb59cd1bdd011a2bfcc0747b55125d9b8527/library/std/src/sys/thread/unix.rs:127:17
[INFO] [stdout]   66:     0x756da4341dfa - <unknown>
[INFO] [stdout]   67:     0x756da43d53d4 - clone
[INFO] [stdout]   68:                0x0 - <unknown>
[INFO] [stdout] 
[INFO] [stdout] ---- w50_analyze_returns_all_dimensions stdout ----
[INFO] [stdout] 
[INFO] [stdout] thread 'w50_analyze_returns_all_dimensions' (5598) panicked at crates/ec-api/tests/week50_gate.rs:98:5:
[INFO] [stdout] assertion `left == right` failed
[INFO] [stdout]   left: 500
[INFO] [stdout]  right: 200
[INFO] [stdout] stack backtrace:
[INFO] [stdout]    0:     0x5a79fa789841 - std[617be2ca0a6fd877]::backtrace_rs::backtrace::libunwind::trace
[INFO] [stdout]                                at /rustc/e3feeb59cd1bdd011a2bfcc0747b55125d9b8527/library/std/src/../../backtrace/src/backtrace/libunwind.rs:117:9
[INFO] [stdout]    1:     0x5a79fa789841 - std[617be2ca0a6fd877]::backtrace_rs::backtrace::trace_unsynchronized::<std[617be2ca0a6fd877]::sys::backtrace::_print_fmt::{closure#1}>
[INFO] [stdout]                                at /rustc/e3feeb59cd1bdd011a2bfcc0747b55125d9b8527/library/std/src/../../backtrace/src/backtrace/mod.rs:66:14
[INFO] [stdout]    2:     0x5a79fa789841 - std[617be2ca0a6fd877]::sys::backtrace::_print_fmt
[INFO] [stdout]                                at /rustc/e3feeb59cd1bdd011a2bfcc0747b55125d9b8527/library/std/src/sys/backtrace.rs:74:9
[INFO] [stdout]    3:     0x5a79fa789841 - <<std[617be2ca0a6fd877]::sys::backtrace::BacktraceLock>::print::DisplayBacktrace as core[a373ad73a504971]::fmt::Display>::fmt
[INFO] [stdout]                                at /rustc/e3feeb59cd1bdd011a2bfcc0747b55125d9b8527/library/std/src/sys/backtrace.rs:44:26
[INFO] [stdout]    4:     0x5a79fa7a04ba - <core[a373ad73a504971]::fmt::rt::Argument>::fmt
[INFO] [stdout]                                at /rustc/e3feeb59cd1bdd011a2bfcc0747b55125d9b8527/library/core/src/fmt/rt.rs:152:76
[INFO] [stdout]    5:     0x5a79fa7a04ba - core[a373ad73a504971]::fmt::write
[INFO] [stdout]    6:     0x5a79fa78e7dc - core[a373ad73a504971]::io::write::default_write_fmt::<alloc[2e1b2a31b91974c5]::vec::Vec<u8>>
[INFO] [stdout]                                at /rustc/e3feeb59cd1bdd011a2bfcc0747b55125d9b8527/library/core/src/io/write.rs:402:11
[INFO] [stdout]    7:     0x5a79fa78e7dc - <alloc[2e1b2a31b91974c5]::vec::Vec<u8> as core[a373ad73a504971]::io::write::Write>::write_fmt
[INFO] [stdout]                                at /rustc/e3feeb59cd1bdd011a2bfcc0747b55125d9b8527/library/core/src/io/write.rs:335:13
[INFO] [stdout]    8:     0x5a79fa763ca6 - <std[617be2ca0a6fd877]::sys::backtrace::BacktraceLock>::print
[INFO] [stdout]                                at /rustc/e3feeb59cd1bdd011a2bfcc0747b55125d9b8527/library/std/src/sys/backtrace.rs:47:9
[INFO] [stdout]    9:     0x5a79fa763ca6 - std[617be2ca0a6fd877]::panicking::default_hook::{closure#0}
[INFO] [stdout]                                at /rustc/e3feeb59cd1bdd011a2bfcc0747b55125d9b8527/library/std/src/panicking.rs:289:27
[INFO] [stdout]   10:     0x5a79fa781539 - std[617be2ca0a6fd877]::panicking::default_hook
[INFO] [stdout]                                at /rustc/e3feeb59cd1bdd011a2bfcc0747b55125d9b8527/library/std/src/panicking.rs:313:9
[INFO] [stdout]   11:     0x5a79fa04dc30 - <alloc[2e1b2a31b91974c5]::boxed::Box<dyn for<'a, 'b> core[a373ad73a504971]::ops::function::Fn<(&'a std[617be2ca0a6fd877]::panic::PanicHookInfo<'b>,), Output = ()> + core[a373ad73a504971]::marker::Sync + core[a373ad73a504971]::marker::Send> as core[a373ad73a504971]::ops::function::Fn<(&std[617be2ca0a6fd877]::panic::PanicHookInfo,)>>::call
[INFO] [stdout]                                at /rustc/e3feeb59cd1bdd011a2bfcc0747b55125d9b8527/library/alloc/src/boxed.rs:2328:9
[INFO] [stdout]   12:     0x5a79fa04dc30 - test[aada8e7e76ba119b]::test_main_inner::{closure#0}
[INFO] [stdout]                                at /rustc/e3feeb59cd1bdd011a2bfcc0747b55125d9b8527/library/test/src/lib.rs:137:21
[INFO] [stdout]   13:     0x5a79fa781862 - <alloc[2e1b2a31b91974c5]::boxed::Box<dyn for<'a, 'b> core[a373ad73a504971]::ops::function::Fn<(&'a std[617be2ca0a6fd877]::panic::PanicHookInfo<'b>,), Output = ()> + core[a373ad73a504971]::marker::Sync + core[a373ad73a504971]::marker::Send> as core[a373ad73a504971]::ops::function::Fn<(&std[617be2ca0a6fd877]::panic::PanicHookInfo,)>>::call
[INFO] [stdout]                                at /rustc/e3feeb59cd1bdd011a2bfcc0747b55125d9b8527/library/alloc/src/boxed.rs:2328:9
[INFO] [stdout]   14:     0x5a79fa781862 - std[617be2ca0a6fd877]::panicking::panic_with_hook
[INFO] [stdout]                                at /rustc/e3feeb59cd1bdd011a2bfcc0747b55125d9b8527/library/std/src/panicking.rs:819:13
[INFO] [stdout]   15:     0x5a79fa763d52 - std[617be2ca0a6fd877]::panicking::panic_handler::{closure#0}
[INFO] [stdout]                                at /rustc/e3feeb59cd1bdd011a2bfcc0747b55125d9b8527/library/std/src/panicking.rs:685:13
[INFO] [stdout]   16:     0x5a79fa75c3f9 - std[617be2ca0a6fd877]::sys::backtrace::__rust_end_short_backtrace::<std[617be2ca0a6fd877]::panicking::panic_handler::{closure#0}, !>
[INFO] [stdout]                                at /rustc/e3feeb59cd1bdd011a2bfcc0747b55125d9b8527/library/std/src/sys/backtrace.rs:182:18
[INFO] [stdout]   17:     0x5a79fa764c5d - __rustc[ea4f61d10b84890b]::rust_begin_unwind
[INFO] [stdout]                                at /rustc/e3feeb59cd1bdd011a2bfcc0747b55125d9b8527/library/std/src/panicking.rs:676:5
[INFO] [stdout]   18:     0x5a79fa7a0d0c - core[a373ad73a504971]::panicking::panic_fmt
[INFO] [stdout]                                at /rustc/e3feeb59cd1bdd011a2bfcc0747b55125d9b8527/library/core/src/panicking.rs:80:14
[INFO] [stdout]   19:     0x5a79fa7a0b73 - core[a373ad73a504971]::panicking::assert_failed_inner
[INFO] [stdout]                                at /rustc/e3feeb59cd1bdd011a2bfcc0747b55125d9b8527/library/core/src/panicking.rs:452:17
[INFO] [stdout]   20:     0x5a79fa0238f0 - core[a373ad73a504971]::panicking::assert_failed::<http[4fb471ac6f647cc9]::status::StatusCode, u16>
[INFO] [stdout]                                at /rustc/e3feeb59cd1bdd011a2bfcc0747b55125d9b8527/library/core/src/panicking.rs:407:5
[INFO] [stdout]   21:     0x5a79fa03456f - week50_gate[e4d125698b581ea8]::w50_analyze_returns_all_dimensions::{closure#0}
[INFO] [stdout]                                at /opt/rustwide/workdir/crates/ec-api/tests/week50_gate.rs:98:5
[INFO] [stdout]   22:     0x5a79fa027d22 - <core[a373ad73a504971]::pin::Pin<&mut dyn core[a373ad73a504971]::future::future::Future<Output = ()>> as core[a373ad73a504971]::future::future::Future>::poll
[INFO] [stdout]                                at /rustc/e3feeb59cd1bdd011a2bfcc0747b55125d9b8527/library/core/src/future/future.rs:133:9
[INFO] [stdout]   23:     0x5a79fa027d9d - <core[a373ad73a504971]::pin::Pin<&mut core[a373ad73a504971]::pin::Pin<&mut dyn core[a373ad73a504971]::future::future::Future<Output = ()>>> as core[a373ad73a504971]::future::future::Future>::poll
[INFO] [stdout]                                at /rustc/e3feeb59cd1bdd011a2bfcc0747b55125d9b8527/library/core/src/future/future.rs:133:9
[INFO] [stdout]   24:     0x5a79fa0405bd - <tokio[edf456506b815107]::runtime::scheduler::current_thread::CoreGuard>::block_on::<core[a373ad73a504971]::pin::Pin<&mut core[a373ad73a504971]::pin::Pin<&mut dyn core[a373ad73a504971]::future::future::Future<Output = ()>>>>::{closure#0}::{closure#0}::{closure#0}
[INFO] [stdout]                                at /opt/rustwide/cargo-home/registry/src/index.crates.io-1949cf8c6b5b557f/tokio-1.52.3/src/runtime/scheduler/current_thread/mod.rs:778:70
[INFO] [stdout]   25:     0x5a79fa0404e5 - tokio[edf456506b815107]::task::coop::with_budget::<core[a373ad73a504971]::task::poll::Poll<()>, <tokio[edf456506b815107]::runtime::scheduler::current_thread::CoreGuard>::block_on<core[a373ad73a504971]::pin::Pin<&mut core[a373ad73a504971]::pin::Pin<&mut dyn core[a373ad73a504971]::future::future::Future<Output = ()>>>>::{closure#0}::{closure#0}::{closure#0}>
[INFO] [stdout]                                at /opt/rustwide/cargo-home/registry/src/index.crates.io-1949cf8c6b5b557f/tokio-1.52.3/src/task/coop/mod.rs:167:5
[INFO] [stdout]   26:     0x5a79fa0404e5 - tokio[edf456506b815107]::task::coop::budget::<core[a373ad73a504971]::task::poll::Poll<()>, <tokio[edf456506b815107]::runtime::scheduler::current_thread::CoreGuard>::block_on<core[a373ad73a504971]::pin::Pin<&mut core[a373ad73a504971]::pin::Pin<&mut dyn core[a373ad73a504971]::future::future::Future<Output = ()>>>>::{closure#0}::{closure#0}::{closure#0}>
[INFO] [stdout]                                at /opt/rustwide/cargo-home/registry/src/index.crates.io-1949cf8c6b5b557f/tokio-1.52.3/src/task/coop/mod.rs:133:5
[INFO] [stdout]   27:     0x5a79fa0404e5 - <tokio[edf456506b815107]::runtime::scheduler::current_thread::CoreGuard>::block_on::<core[a373ad73a504971]::pin::Pin<&mut core[a373ad73a504971]::pin::Pin<&mut dyn core[a373ad73a504971]::future::future::Future<Output = ()>>>>::{closure#0}::{closure#0}
[INFO] [stdout]                                at /opt/rustwide/cargo-home/registry/src/index.crates.io-1949cf8c6b5b557f/tokio-1.52.3/src/runtime/scheduler/current_thread/mod.rs:778:25
[INFO] [stdout]   28:     0x5a79fa03ad02 - <tokio[edf456506b815107]::runtime::scheduler::current_thread::Context>::enter::<core[a373ad73a504971]::task::poll::Poll<()>, <tokio[edf456506b815107]::runtime::scheduler::current_thread::CoreGuard>::block_on<core[a373ad73a504971]::pin::Pin<&mut core[a373ad73a504971]::pin::Pin<&mut dyn core[a373ad73a504971]::future::future::Future<Output = ()>>>>::{closure#0}::{closure#0}>
[INFO] [stdout]                                at /opt/rustwide/cargo-home/registry/src/index.crates.io-1949cf8c6b5b557f/tokio-1.52.3/src/runtime/scheduler/current_thread/mod.rs:451:19
[INFO] [stdout]   29:     0x5a79fa03f96d - <tokio[edf456506b815107]::runtime::scheduler::current_thread::CoreGuard>::block_on::<core[a373ad73a504971]::pin::Pin<&mut core[a373ad73a504971]::pin::Pin<&mut dyn core[a373ad73a504971]::future::future::Future<Output = ()>>>>::{closure#0}
[INFO] [stdout]                                at /opt/rustwide/cargo-home/registry/src/index.crates.io-1949cf8c6b5b557f/tokio-1.52.3/src/runtime/scheduler/current_thread/mod.rs:777:44
[INFO] [stdout]   30:     0x5a79fa03ec14 - <tokio[edf456506b815107]::runtime::scheduler::current_thread::CoreGuard>::enter::<<tokio[edf456506b815107]::runtime::scheduler::current_thread::CoreGuard>::block_on<core[a373ad73a504971]::pin::Pin<&mut core[a373ad73a504971]::pin::Pin<&mut dyn core[a373ad73a504971]::future::future::Future<Output = ()>>>>::{closure#0}, core[a373ad73a504971]::option::Option<()>>::{closure#0}
[INFO] [stdout]                                at /opt/rustwide/cargo-home/registry/src/index.crates.io-1949cf8c6b5b557f/tokio-1.52.3/src/runtime/scheduler/current_thread/mod.rs:865:68
[INFO] [stdout]   31:     0x5a79fa01faab - <tokio[edf456506b815107]::runtime::context::scoped::Scoped<tokio[edf456506b815107]::runtime::scheduler::Context>>::set::<<tokio[edf456506b815107]::runtime::scheduler::current_thread::CoreGuard>::enter<<tokio[edf456506b815107]::runtime::scheduler::current_thread::CoreGuard>::block_on<core[a373ad73a504971]::pin::Pin<&mut core[a373ad73a504971]::pin::Pin<&mut dyn core[a373ad73a504971]::future::future::Future<Output = ()>>>>::{closure#0}, core[a373ad73a504971]::option::Option<()>>::{closure#0}, (alloc[2e1b2a31b91974c5]::boxed::Box<tokio[edf456506b815107]::runtime::scheduler::current_thread::Core>, core[a373ad73a504971]::option::Option<()>)>
[INFO] [stdout]                                at /opt/rustwide/cargo-home/registry/src/index.crates.io-1949cf8c6b5b557f/tokio-1.52.3/src/runtime/context/scoped.rs:40:9
[INFO] [stdout]   32:     0x5a79fa025d19 - tokio[edf456506b815107]::runtime::context::set_scheduler::<(alloc[2e1b2a31b91974c5]::boxed::Box<tokio[edf456506b815107]::runtime::scheduler::current_thread::Core>, core[a373ad73a504971]::option::Option<()>), <tokio[edf456506b815107]::runtime::scheduler::current_thread::CoreGuard>::enter<<tokio[edf456506b815107]::runtime::scheduler::current_thread::CoreGuard>::block_on<core[a373ad73a504971]::pin::Pin<&mut core[a373ad73a504971]::pin::Pin<&mut dyn core[a373ad73a504971]::future::future::Future<Output = ()>>>>::{closure#0}, core[a373ad73a504971]::option::Option<()>>::{closure#0}>::{closure#0}
[INFO] [stdout]                                at /opt/rustwide/cargo-home/registry/src/index.crates.io-1949cf8c6b5b557f/tokio-1.52.3/src/runtime/context.rs:181:38
[INFO] [stdout]   33:     0x5a79fa02010f - <std[617be2ca0a6fd877]::thread::local::LocalKey<tokio[edf456506b815107]::runtime::context::Context>>::try_with::<tokio[edf456506b815107]::runtime::context::set_scheduler<(alloc[2e1b2a31b91974c5]::boxed::Box<tokio[edf456506b815107]::runtime::scheduler::current_thread::Core>, core[a373ad73a504971]::option::Option<()>), <tokio[edf456506b815107]::runtime::scheduler::current_thread::CoreGuard>::enter<<tokio[edf456506b815107]::runtime::scheduler::current_thread::CoreGuard>::block_on<core[a373ad73a504971]::pin::Pin<&mut core[a373ad73a504971]::pin::Pin<&mut dyn core[a373ad73a504971]::future::future::Future<Output = ()>>>>::{closure#0}, core[a373ad73a504971]::option::Option<()>>::{closure#0}>::{closure#0}, (alloc[2e1b2a31b91974c5]::boxed::Box<tokio[edf456506b815107]::runtime::scheduler::current_thread::Core>, core[a373ad73a504971]::option::Option<()>)>
[INFO] [stdout]                                at /rustc/e3feeb59cd1bdd011a2bfcc0747b55125d9b8527/library/std/src/thread/local.rs:463:12
[INFO] [stdout]   34:     0x5a79fa01fcbe - <std[617be2ca0a6fd877]::thread::local::LocalKey<tokio[edf456506b815107]::runtime::context::Context>>::with::<tokio[edf456506b815107]::runtime::context::set_scheduler<(alloc[2e1b2a31b91974c5]::boxed::Box<tokio[edf456506b815107]::runtime::scheduler::current_thread::Core>, core[a373ad73a504971]::option::Option<()>), <tokio[edf456506b815107]::runtime::scheduler::current_thread::CoreGuard>::enter<<tokio[edf456506b815107]::runtime::scheduler::current_thread::CoreGuard>::block_on<core[a373ad73a504971]::pin::Pin<&mut core[a373ad73a504971]::pin::Pin<&mut dyn core[a373ad73a504971]::future::future::Future<Output = ()>>>>::{closure#0}, core[a373ad73a504971]::option::Option<()>>::{closure#0}>::{closure#0}, (alloc[2e1b2a31b91974c5]::boxed::Box<tokio[edf456506b815107]::runtime::scheduler::current_thread::Core>, core[a373ad73a504971]::option::Option<()>)>
[INFO] [stdout]                                at /rustc/e3feeb59cd1bdd011a2bfcc0747b55125d9b8527/library/std/src/thread/local.rs:427:20
[INFO] [stdout]   35:     0x5a79fa02395d - tokio[edf456506b815107]::runtime::context::set_scheduler::<(alloc[2e1b2a31b91974c5]::boxed::Box<tokio[edf456506b815107]::runtime::scheduler::current_thread::Core>, core[a373ad73a504971]::option::Option<()>), <tokio[edf456506b815107]::runtime::scheduler::current_thread::CoreGuard>::enter<<tokio[edf456506b815107]::runtime::scheduler::current_thread::CoreGuard>::block_on<core[a373ad73a504971]::pin::Pin<&mut core[a373ad73a504971]::pin::Pin<&mut dyn core[a373ad73a504971]::future::future::Future<Output = ()>>>>::{closure#0}, core[a373ad73a504971]::option::Option<()>>::{closure#0}>
[INFO] [stdout]                                at /opt/rustwide/cargo-home/registry/src/index.crates.io-1949cf8c6b5b557f/tokio-1.52.3/src/runtime/context.rs:181:17
[INFO] [stdout]   36:     0x5a79fa03bd70 - <tokio[edf456506b815107]::runtime::scheduler::current_thread::CoreGuard>::enter::<<tokio[edf456506b815107]::runtime::scheduler::current_thread::CoreGuard>::block_on<core[a373ad73a504971]::pin::Pin<&mut core[a373ad73a504971]::pin::Pin<&mut dyn core[a373ad73a504971]::future::future::Future<Output = ()>>>>::{closure#0}, core[a373ad73a504971]::option::Option<()>>
[INFO] [stdout]                                at /opt/rustwide/cargo-home/registry/src/index.crates.io-1949cf8c6b5b557f/tokio-1.52.3/src/runtime/scheduler/current_thread/mod.rs:865:27
[INFO] [stdout]   37:     0x5a79fa03c066 - <tokio[edf456506b815107]::runtime::scheduler::current_thread::CoreGuard>::block_on::<core[a373ad73a504971]::pin::Pin<&mut core[a373ad73a504971]::pin::Pin<&mut dyn core[a373ad73a504971]::future::future::Future<Output = ()>>>>
[INFO] [stdout]                                at /opt/rustwide/cargo-home/registry/src/index.crates.io-1949cf8c6b5b557f/tokio-1.52.3/src/runtime/scheduler/current_thread/mod.rs:765:24
[INFO] [stdout]   38:     0x5a79fa03e820 - <tokio[edf456506b815107]::runtime::scheduler::current_thread::CurrentThread>::block_on::<core[a373ad73a504971]::pin::Pin<&mut dyn core[a373ad73a504971]::future::future::Future<Output = ()>>>::{closure#0}
[INFO] [stdout]                                at /opt/rustwide/cargo-home/registry/src/index.crates.io-1949cf8c6b5b557f/tokio-1.52.3/src/runtime/scheduler/current_thread/mod.rs:205:33
[INFO] [stdout]   39:     0x5a79fa023ed8 - tokio[edf456506b815107]::runtime::context::runtime::enter_runtime::<<tokio[edf456506b815107]::runtime::scheduler::current_thread::CurrentThread>::block_on<core[a373ad73a504971]::pin::Pin<&mut dyn core[a373ad73a504971]::future::future::Future<Output = ()>>>::{closure#0}, ()>
[INFO] [stdout]                                at /opt/rustwide/cargo-home/registry/src/index.crates.io-1949cf8c6b5b557f/tokio-1.52.3/src/runtime/context/runtime.rs:65:16
[INFO] [stdout]   40:     0x5a79fa03a8c4 - <tokio[edf456506b815107]::runtime::scheduler::current_thread::CurrentThread>::block_on::<core[a373ad73a504971]::pin::Pin<&mut dyn core[a373ad73a504971]::future::future::Future<Output = ()>>>
[INFO] [stdout]                                at /opt/rustwide/cargo-home/registry/src/index.crates.io-1949cf8c6b5b557f/tokio-1.52.3/src/runtime/scheduler/current_thread/mod.rs:193:9
[INFO] [stdout]   41:     0x5a79fa01f6bf - <tokio[edf456506b815107]::runtime::runtime::Runtime>::block_on_inner::<core[a373ad73a504971]::pin::Pin<&mut dyn core[a373ad73a504971]::future::future::Future<Output = ()>>>
[INFO] [stdout]                                at /opt/rustwide/cargo-home/registry/src/index.crates.io-1949cf8c6b5b557f/tokio-1.52.3/src/runtime/runtime.rs:371:52
[INFO] [stdout]   42:     0x5a79fa01f80b - <tokio[edf456506b815107]::runtime::runtime::Runtime>::block_on::<core[a373ad73a504971]::pin::Pin<&mut dyn core[a373ad73a504971]::future::future::Future<Output = ()>>>
[INFO] [stdout]                                at /opt/rustwide/cargo-home/registry/src/index.crates.io-1949cf8c6b5b557f/tokio-1.52.3/src/runtime/runtime.rs:345:18
[INFO] [stdout]   43:     0x5a79fa038dbf - week50_gate[e4d125698b581ea8]::w50_analyze_returns_all_dimensions
[INFO] [stdout]                                at /opt/rustwide/workdir/crates/ec-api/tests/week50_gate.rs:107:57
[INFO] [stdout]   44:     0x5a79fa028867 - week50_gate[e4d125698b581ea8]::w50_analyze_returns_all_dimensions::{closure#0}
[INFO] [stdout]                                at /opt/rustwide/workdir/crates/ec-api/tests/week50_gate.rs:90:46
[INFO] [stdout]   45:     0x5a79fa028516 - <week50_gate[e4d125698b581ea8]::w50_analyze_returns_all_dimensions::{closure#0} as core[a373ad73a504971]::ops::function::FnOnce<()>>::call_once
[INFO] [stdout]                                at /rustc/e3feeb59cd1bdd011a2bfcc0747b55125d9b8527/library/core/src/ops/function.rs:250:5
[INFO] [stdout]   46:     0x5a79fa04107b - <fn() -> core[a373ad73a504971]::result::Result<(), alloc[2e1b2a31b91974c5]::string::String> as core[a373ad73a504971]::ops::function::FnOnce<()>>::call_once
[INFO] [stdout]                                at /rustc/e3feeb59cd1bdd011a2bfcc0747b55125d9b8527/library/core/src/ops/function.rs:250:5
[INFO] [stdout]   47:     0x5a79fa04107b - test[aada8e7e76ba119b]::__rust_begin_short_backtrace::<core[a373ad73a504971]::result::Result<(), alloc[2e1b2a31b91974c5]::string::String>, fn() -> core[a373ad73a504971]::result::Result<(), alloc[2e1b2a31b91974c5]::string::String>>
[INFO] [stdout]                                at /rustc/e3feeb59cd1bdd011a2bfcc0747b55125d9b8527/library/test/src/lib.rs:701:18
[INFO] [stdout]   48:     0x5a79fa04e255 - test[aada8e7e76ba119b]::run_test_in_process::{closure#0}
[INFO] [stdout]                                at /rustc/e3feeb59cd1bdd011a2bfcc0747b55125d9b8527/library/test/src/lib.rs:724:74
[INFO] [stdout]   49:     0x5a79fa04e255 - <core[a373ad73a504971]::panic::unwind_safe::AssertUnwindSafe<test[aada8e7e76ba119b]::run_test_in_process::{closure#0}> as core[a373ad73a504971]::ops::function::FnOnce<()>>::call_once
[INFO] [stdout]                                at /rustc/e3feeb59cd1bdd011a2bfcc0747b55125d9b8527/library/core/src/panic/unwind_safe.rs:275:9
[INFO] [stdout]   50:     0x5a79fa04e255 - std[617be2ca0a6fd877]::panicking::catch_unwind::do_call::<core[a373ad73a504971]::panic::unwind_safe::AssertUnwindSafe<test[aada8e7e76ba119b]::run_test_in_process::{closure#0}>, core[a373ad73a504971]::result::Result<(), alloc[2e1b2a31b91974c5]::string::String>>
[INFO] [stdout]                                at /rustc/e3feeb59cd1bdd011a2bfcc0747b55125d9b8527/library/std/src/panicking.rs:573:43
[INFO] [stdout]   51:     0x5a79fa04e255 - std[617be2ca0a6fd877]::panicking::catch_unwind::<core[a373ad73a504971]::result::Result<(), alloc[2e1b2a31b91974c5]::string::String>, core[a373ad73a504971]::panic::unwind_safe::AssertUnwindSafe<test[aada8e7e76ba119b]::run_test_in_process::{closure#0}>>
[INFO] [stdout]                                at /rustc/e3feeb59cd1bdd011a2bfcc0747b55125d9b8527/library/std/src/panicking.rs:541:19
[INFO] [stdout]   52:     0x5a79fa04e255 - std[617be2ca0a6fd877]::panic::catch_unwind::<core[a373ad73a504971]::panic::unwind_safe::AssertUnwindSafe<test[aada8e7e76ba119b]::run_test_in_process::{closure#0}>, core[a373ad73a504971]::result::Result<(), alloc[2e1b2a31b91974c5]::string::String>>
[INFO] [stdout]                                at /rustc/e3feeb59cd1bdd011a2bfcc0747b55125d9b8527/library/std/src/panic.rs:359:14
[INFO] [stdout]   53:     0x5a79fa04e255 - test[aada8e7e76ba119b]::run_test_in_process
[INFO] [stdout]                                at /rustc/e3feeb59cd1bdd011a2bfcc0747b55125d9b8527/library/test/src/lib.rs:724:27
[INFO] [stdout]   54:     0x5a79fa04e255 - test[aada8e7e76ba119b]::run_test::{closure#0}
[INFO] [stdout]                                at /rustc/e3feeb59cd1bdd011a2bfcc0747b55125d9b8527/library/test/src/lib.rs:645:43
[INFO] [stdout]   55:     0x5a79fa047b44 - test[aada8e7e76ba119b]::run_test::{closure#1}
[INFO] [stdout]                                at /rustc/e3feeb59cd1bdd011a2bfcc0747b55125d9b8527/library/test/src/lib.rs:675:41
[INFO] [stdout]   56:     0x5a79fa047b44 - std[617be2ca0a6fd877]::sys::backtrace::__rust_begin_short_backtrace::<test[aada8e7e76ba119b]::run_test::{closure#1}, ()>
[INFO] [stdout]                                at /rustc/e3feeb59cd1bdd011a2bfcc0747b55125d9b8527/library/std/src/sys/backtrace.rs:166:18
[INFO] [stdout]   57:     0x5a79fa0512e2 - std[617be2ca0a6fd877]::thread::lifecycle::spawn_unchecked::<test[aada8e7e76ba119b]::run_test::{closure#1}, ()>::{closure#1}::{closure#0}
[INFO] [stdout]                                at /rustc/e3feeb59cd1bdd011a2bfcc0747b55125d9b8527/library/std/src/thread/lifecycle.rs:70:13
[INFO] [stdout]   58:     0x5a79fa0512e2 - <core[a373ad73a504971]::panic::unwind_safe::AssertUnwindSafe<std[617be2ca0a6fd877]::thread::lifecycle::spawn_unchecked<test[aada8e7e76ba119b]::run_test::{closure#1}, ()>::{closure#1}::{closure#0}> as core[a373ad73a504971]::ops::function::FnOnce<()>>::call_once
[INFO] [stdout]                                at /rustc/e3feeb59cd1bdd011a2bfcc0747b55125d9b8527/library/core/src/panic/unwind_safe.rs:275:9
[INFO] [stdout]   59:     0x5a79fa0512e2 - std[617be2ca0a6fd877]::panicking::catch_unwind::do_call::<core[a373ad73a504971]::panic::unwind_safe::AssertUnwindSafe<std[617be2ca0a6fd877]::thread::lifecycle::spawn_unchecked<test[aada8e7e76ba119b]::run_test::{closure#1}, ()>::{closure#1}::{closure#0}>, ()>
[INFO] [stdout]                                at /rustc/e3feeb59cd1bdd011a2bfcc0747b55125d9b8527/library/std/src/panicking.rs:573:43
[INFO] [stdout]   60:     0x5a79fa0512e2 - std[617be2ca0a6fd877]::panicking::catch_unwind::<(), core[a373ad73a504971]::panic::unwind_safe::AssertUnwindSafe<std[617be2ca0a6fd877]::thread::lifecycle::spawn_unchecked<test[aada8e7e76ba119b]::run_test::{closure#1}, ()>::{closure#1}::{closure#0}>>
[INFO] [stdout]                                at /rustc/e3feeb59cd1bdd011a2bfcc0747b55125d9b8527/library/std/src/panicking.rs:541:19
[INFO] [stdout]   61:     0x5a79fa0512e2 - std[617be2ca0a6fd877]::panic::catch_unwind::<core[a373ad73a504971]::panic::unwind_safe::AssertUnwindSafe<std[617be2ca0a6fd877]::thread::lifecycle::spawn_unchecked<test[aada8e7e76ba119b]::run_test::{closure#1}, ()>::{closure#1}::{closure#0}>, ()>
[INFO] [stdout]                                at /rustc/e3feeb59cd1bdd011a2bfcc0747b55125d9b8527/library/std/src/panic.rs:359:14
[INFO] [stdout]   62:     0x5a79fa0512e2 - std[617be2ca0a6fd877]::thread::lifecycle::spawn_unchecked::<test[aada8e7e76ba119b]::run_test::{closure#1}, ()>::{closure#1}
[INFO] [stdout]                                at /rustc/e3feeb59cd1bdd011a2bfcc0747b55125d9b8527/library/std/src/thread/lifecycle.rs:68:26
[INFO] [stdout]   63:     0x5a79fa0512e2 - <std[617be2ca0a6fd877]::thread::lifecycle::spawn_unchecked<test[aada8e7e76ba119b]::run_test::{closure#1}, ()>::{closure#1} as core[a373ad73a504971]::ops::function::FnOnce<()>>::call_once::{shim:vtable#0}
[INFO] [stdout]                                at /rustc/e3feeb59cd1bdd011a2bfcc0747b55125d9b8527/library/core/src/ops/function.rs:250:5
[INFO] [stdout]   64:     0x5a79fa788a9f - <alloc[2e1b2a31b91974c5]::boxed::Box<dyn core[a373ad73a504971]::ops::function::FnOnce<(), Output = ()> + core[a373ad73a504971]::marker::Send> as core[a373ad73a504971]::ops::function::FnOnce<()>>::call_once
[INFO] [stdout]                                at /rustc/e3feeb59cd1bdd011a2bfcc0747b55125d9b8527/library/alloc/src/boxed.rs:2314:9
[INFO] [stdout]   65:     0x5a79fa788a9f - <std[617be2ca0a6fd877]::sys::thread::unix::Thread>::new::thread_start
[INFO] [stdout]                                at /rustc/e3feeb59cd1bdd011a2bfcc0747b55125d9b8527/library/std/src/sys/thread/unix.rs:127:17
[INFO] [stdout]   66:     0x756da4341dfa - <unknown>
[INFO] [stdout]   67:     0x756da43d53d4 - clone
[INFO] [stdout]   68:                0x0 - <unknown>
[INFO] [stdout] 
[INFO] [stdout] ---- w50_analyze_invalid_code_still_responds stdout ----
[INFO] [stdout] 
[INFO] [stdout] thread 'w50_analyze_invalid_code_still_responds' (5596) panicked at crates/ec-api/tests/week50_gate.rs:119:5:
[INFO] [stdout] assertion `left == right` failed
[INFO] [stdout]   left: 500
[INFO] [stdout]  right: 200
[INFO] [stdout] stack backtrace:
[INFO] [stdout]    0:     0x5a79fa789841 - std[617be2ca0a6fd877]::backtrace_rs::backtrace::libunwind::trace
[INFO] [stdout]                                at /rustc/e3feeb59cd1bdd011a2bfcc0747b55125d9b8527/library/std/src/../../backtrace/src/backtrace/libunwind.rs:117:9
[INFO] [stdout]    1:     0x5a79fa789841 - std[617be2ca0a6fd877]::backtrace_rs::backtrace::trace_unsynchronized::<std[617be2ca0a6fd877]::sys::backtrace::_print_fmt::{closure#1}>
[INFO] [stdout]                                at /rustc/e3feeb59cd1bdd011a2bfcc0747b55125d9b8527/library/std/src/../../backtrace/src/backtrace/mod.rs:66:14
[INFO] [stdout]    2:     0x5a79fa789841 - std[617be2ca0a6fd877]::sys::backtrace::_print_fmt
[INFO] [stdout]                                at /rustc/e3feeb59cd1bdd011a2bfcc0747b55125d9b8527/library/std/src/sys/backtrace.rs:74:9
[INFO] [stdout]    3:     0x5a79fa789841 - <<std[617be2ca0a6fd877]::sys::backtrace::BacktraceLock>::print::DisplayBacktrace as core[a373ad73a504971]::fmt::Display>::fmt
[INFO] [stdout]                                at /rustc/e3feeb59cd1bdd011a2bfcc0747b55125d9b8527/library/std/src/sys/backtrace.rs:44:26
[INFO] [stdout]    4:     0x5a79fa7a04ba - <core[a373ad73a504971]::fmt::rt::Argument>::fmt
[INFO] [stdout]                                at /rustc/e3feeb59cd1bdd011a2bfcc0747b55125d9b8527/library/core/src/fmt/rt.rs:152:76
[INFO] [stdout]    5:     0x5a79fa7a04ba - core[a373ad73a504971]::fmt::write
[INFO] [stdout]    6:     0x5a79fa78e7dc - core[a373ad73a504971]::io::write::default_write_fmt::<alloc[2e1b2a31b91974c5]::vec::Vec<u8>>
[INFO] [stdout]                                at /rustc/e3feeb59cd1bdd011a2bfcc0747b55125d9b8527/library/core/src/io/write.rs:402:11
[INFO] [stdout]    7:     0x5a79fa78e7dc - <alloc[2e1b2a31b91974c5]::vec::Vec<u8> as core[a373ad73a504971]::io::write::Write>::write_fmt
[INFO] [stdout]                                at /rustc/e3feeb59cd1bdd011a2bfcc0747b55125d9b8527/library/core/src/io/write.rs:335:13
[INFO] [stdout]    8:     0x5a79fa763ca6 - <std[617be2ca0a6fd877]::sys::backtrace::BacktraceLock>::print
[INFO] [stdout]                                at /rustc/e3feeb59cd1bdd011a2bfcc0747b55125d9b8527/library/std/src/sys/backtrace.rs:47:9
[INFO] [stdout]    9:     0x5a79fa763ca6 - std[617be2ca0a6fd877]::panicking::default_hook::{closure#0}
[INFO] [stdout]                                at /rustc/e3feeb59cd1bdd011a2bfcc0747b55125d9b8527/library/std/src/panicking.rs:289:27
[INFO] [stdout]   10:     0x5a79fa781539 - std[617be2ca0a6fd877]::panicking::default_hook
[INFO] [stdout]                                at /rustc/e3feeb59cd1bdd011a2bfcc0747b55125d9b8527/library/std/src/panicking.rs:313:9
[INFO] [stdout]   11:     0x5a79fa04dc30 - <alloc[2e1b2a31b91974c5]::boxed::Box<dyn for<'a, 'b> core[a373ad73a504971]::ops::function::Fn<(&'a std[617be2ca0a6fd877]::panic::PanicHookInfo<'b>,), Output = ()> + core[a373ad73a504971]::marker::Sync + core[a373ad73a504971]::marker::Send> as core[a373ad73a504971]::ops::function::Fn<(&std[617be2ca0a6fd877]::panic::PanicHookInfo,)>>::call
[INFO] [stdout]                                at /rustc/e3feeb59cd1bdd011a2bfcc0747b55125d9b8527/library/alloc/src/boxed.rs:2328:9
[INFO] [stdout]   12:     0x5a79fa04dc30 - test[aada8e7e76ba119b]::test_main_inner::{closure#0}
[INFO] [stdout]                                at /rustc/e3feeb59cd1bdd011a2bfcc0747b55125d9b8527/library/test/src/lib.rs:137:21
[INFO] [stdout]   13:     0x5a79fa781862 - <alloc[2e1b2a31b91974c5]::boxed::Box<dyn for<'a, 'b> core[a373ad73a504971]::ops::function::Fn<(&'a std[617be2ca0a6fd877]::panic::PanicHookInfo<'b>,), Output = ()> + core[a373ad73a504971]::marker::Sync + core[a373ad73a504971]::marker::Send> as core[a373ad73a504971]::ops::function::Fn<(&std[617be2ca0a6fd877]::panic::PanicHookInfo,)>>::call
[INFO] [stdout]                                at /rustc/e3feeb59cd1bdd011a2bfcc0747b55125d9b8527/library/alloc/src/boxed.rs:2328:9
[INFO] [stdout]   14:     0x5a79fa781862 - std[617be2ca0a6fd877]::panicking::panic_with_hook
[INFO] [stdout]                                at /rustc/e3feeb59cd1bdd011a2bfcc0747b55125d9b8527/library/std/src/panicking.rs:819:13
[INFO] [stdout]   15:     0x5a79fa763d52 - std[617be2ca0a6fd877]::panicking::panic_handler::{closure#0}
[INFO] [stdout]                                at /rustc/e3feeb59cd1bdd011a2bfcc0747b55125d9b8527/library/std/src/panicking.rs:685:13
[INFO] [stdout]   16:     0x5a79fa75c3f9 - std[617be2ca0a6fd877]::sys::backtrace::__rust_end_short_backtrace::<std[617be2ca0a6fd877]::panicking::panic_handler::{closure#0}, !>
[INFO] [stdout]                                at /rustc/e3feeb59cd1bdd011a2bfcc0747b55125d9b8527/library/std/src/sys/backtrace.rs:182:18
[INFO] [stdout]   17:     0x5a79fa764c5d - __rustc[ea4f61d10b84890b]::rust_begin_unwind
[INFO] [stdout]                                at /rustc/e3feeb59cd1bdd011a2bfcc0747b55125d9b8527/library/std/src/panicking.rs:676:5
[INFO] [stdout]   18:     0x5a79fa7a0d0c - core[a373ad73a504971]::panicking::panic_fmt
[INFO] [stdout]                                at /rustc/e3feeb59cd1bdd011a2bfcc0747b55125d9b8527/library/core/src/panicking.rs:80:14
[INFO] [stdout]   19:     0x5a79fa7a0b73 - core[a373ad73a504971]::panicking::assert_failed_inner
[INFO] [stdout]                                at /rustc/e3feeb59cd1bdd011a2bfcc0747b55125d9b8527/library/core/src/panicking.rs:452:17
[INFO] [stdout]   20:     0x5a79fa0238f0 - core[a373ad73a504971]::panicking::assert_failed::<http[4fb471ac6f647cc9]::status::StatusCode, u16>
[INFO] [stdout]                                at /rustc/e3feeb59cd1bdd011a2bfcc0747b55125d9b8527/library/core/src/panicking.rs:407:5
[INFO] [stdout]   21:     0x5a79fa036a4d - week50_gate[e4d125698b581ea8]::w50_analyze_invalid_code_still_responds::{closure#0}
[INFO] [stdout]                                at /opt/rustwide/workdir/crates/ec-api/tests/week50_gate.rs:119:5
[INFO] [stdout]   22:     0x5a79fa027d22 - <core[a373ad73a504971]::pin::Pin<&mut dyn core[a373ad73a504971]::future::future::Future<Output = ()>> as core[a373ad73a504971]::future::future::Future>::poll
[INFO] [stdout]                                at /rustc/e3feeb59cd1bdd011a2bfcc0747b55125d9b8527/library/core/src/future/future.rs:133:9
[INFO] [stdout]   23:     0x5a79fa027d9d - <core[a373ad73a504971]::pin::Pin<&mut core[a373ad73a504971]::pin::Pin<&mut dyn core[a373ad73a504971]::future::future::Future<Output = ()>>> as core[a373ad73a504971]::future::future::Future>::poll
[INFO] [stdout]                                at /rustc/e3feeb59cd1bdd011a2bfcc0747b55125d9b8527/library/core/src/future/future.rs:133:9
[INFO] [stdout]   24:     0x5a79fa0405bd - <tokio[edf456506b815107]::runtime::scheduler::current_thread::CoreGuard>::block_on::<core[a373ad73a504971]::pin::Pin<&mut core[a373ad73a504971]::pin::Pin<&mut dyn core[a373ad73a504971]::future::future::Future<Output = ()>>>>::{closure#0}::{closure#0}::{closure#0}
[INFO] [stdout]                                at /opt/rustwide/cargo-home/registry/src/index.crates.io-1949cf8c6b5b557f/tokio-1.52.3/src/runtime/scheduler/current_thread/mod.rs:778:70
[INFO] [stdout]   25:     0x5a79fa0404e5 - tokio[edf456506b815107]::task::coop::with_budget::<core[a373ad73a504971]::task::poll::Poll<()>, <tokio[edf456506b815107]::runtime::scheduler::current_thread::CoreGuard>::block_on<core[a373ad73a504971]::pin::Pin<&mut core[a373ad73a504971]::pin::Pin<&mut dyn core[a373ad73a504971]::future::future::Future<Output = ()>>>>::{closure#0}::{closure#0}::{closure#0}>
[INFO] [stdout]                                at /opt/rustwide/cargo-home/registry/src/index.crates.io-1949cf8c6b5b557f/tokio-1.52.3/src/task/coop/mod.rs:167:5
[INFO] [stdout]   26:     0x5a79fa0404e5 - tokio[edf456506b815107]::task::coop::budget::<core[a373ad73a504971]::task::poll::Poll<()>, <tokio[edf456506b815107]::runtime::scheduler::current_thread::CoreGuard>::block_on<core[a373ad73a504971]::pin::Pin<&mut core[a373ad73a504971]::pin::Pin<&mut dyn core[a373ad73a504971]::future::future::Future<Output = ()>>>>::{closure#0}::{closure#0}::{closure#0}>
[INFO] [stdout]                                at /opt/rustwide/cargo-home/registry/src/index.crates.io-1949cf8c6b5b557f/tokio-1.52.3/src/task/coop/mod.rs:133:5
[INFO] [stdout]   27:     0x5a79fa0404e5 - <tokio[edf456506b815107]::runtime::scheduler::current_thread::CoreGuard>::block_on::<core[a373ad73a504971]::pin::Pin<&mut core[a373ad73a504971]::pin::Pin<&mut dyn core[a373ad73a504971]::future::future::Future<Output = ()>>>>::{closure#0}::{closure#0}
[INFO] [stdout]                                at /opt/rustwide/cargo-home/registry/src/index.crates.io-1949cf8c6b5b557f/tokio-1.52.3/src/runtime/scheduler/current_thread/mod.rs:778:25
[INFO] [stdout]   28:     0x5a79fa03ad02 - <tokio[edf456506b815107]::runtime::scheduler::current_thread::Context>::enter::<core[a373ad73a504971]::task::poll::Poll<()>, <tokio[edf456506b815107]::runtime::scheduler::current_thread::CoreGuard>::block_on<core[a373ad73a504971]::pin::Pin<&mut core[a373ad73a504971]::pin::Pin<&mut dyn core[a373ad73a504971]::future::future::Future<Output = ()>>>>::{closure#0}::{closure#0}>
[INFO] [stdout]                                at /opt/rustwide/cargo-home/registry/src/index.crates.io-1949cf8c6b5b557f/tokio-1.52.3/src/runtime/scheduler/current_thread/mod.rs:451:19
[INFO] [stdout]   29:     0x5a79fa03f96d - <tokio[edf456506b815107]::runtime::scheduler::current_thread::CoreGuard>::block_on::<core[a373ad73a504971]::pin::Pin<&mut core[a373ad73a504971]::pin::Pin<&mut dyn core[a373ad73a504971]::future::future::Future<Output = ()>>>>::{closure#0}
[INFO] [stdout]                                at /opt/rustwide/cargo-home/registry/src/index.crates.io-1949cf8c6b5b557f/tokio-1.52.3/src/runtime/scheduler/current_thread/mod.rs:777:44
[INFO] [stdout]   30:     0x5a79fa03ec14 - <tokio[edf456506b815107]::runtime::scheduler::current_thread::CoreGuard>::enter::<<tokio[edf456506b815107]::runtime::scheduler::current_thread::CoreGuard>::block_on<core[a373ad73a504971]::pin::Pin<&mut core[a373ad73a504971]::pin::Pin<&mut dyn core[a373ad73a504971]::future::future::Future<Output = ()>>>>::{closure#0}, core[a373ad73a504971]::option::Option<()>>::{closure#0}
[INFO] [stdout]                                at /opt/rustwide/cargo-home/registry/src/index.crates.io-1949cf8c6b5b557f/tokio-1.52.3/src/runtime/scheduler/current_thread/mod.rs:865:68
[INFO] [stdout]   31:     0x5a79fa01faab - <tokio[edf456506b815107]::runtime::context::scoped::Scoped<tokio[edf456506b815107]::runtime::scheduler::Context>>::set::<<tokio[edf456506b815107]::runtime::scheduler::current_thread::CoreGuard>::enter<<tokio[edf456506b815107]::runtime::scheduler::current_thread::CoreGuard>::block_on<core[a373ad73a504971]::pin::Pin<&mut core[a373ad73a504971]::pin::Pin<&mut dyn core[a373ad73a504971]::future::future::Future<Output = ()>>>>::{closure#0}, core[a373ad73a504971]::option::Option<()>>::{closure#0}, (alloc[2e1b2a31b91974c5]::boxed::Box<tokio[edf456506b815107]::runtime::scheduler::current_thread::Core>, core[a373ad73a504971]::option::Option<()>)>
[INFO] [stdout]                                at /opt/rustwide/cargo-home/registry/src/index.crates.io-1949cf8c6b5b557f/tokio-1.52.3/src/runtime/context/scoped.rs:40:9
[INFO] [stdout]   32:     0x5a79fa025d19 - tokio[edf456506b815107]::runtime::context::set_scheduler::<(alloc[2e1b2a31b91974c5]::boxed::Box<tokio[edf456506b815107]::runtime::scheduler::current_thread::Core>, core[a373ad73a504971]::option::Option<()>), <tokio[edf456506b815107]::runtime::scheduler::current_thread::CoreGuard>::enter<<tokio[edf456506b815107]::runtime::scheduler::current_thread::CoreGuard>::block_on<core[a373ad73a504971]::pin::Pin<&mut core[a373ad73a504971]::pin::Pin<&mut dyn core[a373ad73a504971]::future::future::Future<Output = ()>>>>::{closure#0}, core[a373ad73a504971]::option::Option<()>>::{closure#0}>::{closure#0}
[INFO] [stdout]                                at /opt/rustwide/cargo-home/registry/src/index.crates.io-1949cf8c6b5b557f/tokio-1.52.3/src/runtime/context.rs:181:38
[INFO] [stdout]   33:     0x5a79fa02010f - <std[617be2ca0a6fd877]::thread::local::LocalKey<tokio[edf456506b815107]::runtime::context::Context>>::try_with::<tokio[edf456506b815107]::runtime::context::set_scheduler<(alloc[2e1b2a31b91974c5]::boxed::Box<tokio[edf456506b815107]::runtime::scheduler::current_thread::Core>, core[a373ad73a504971]::option::Option<()>), <tokio[edf456506b815107]::runtime::scheduler::current_thread::CoreGuard>::enter<<tokio[edf456506b815107]::runtime::scheduler::current_thread::CoreGuard>::block_on<core[a373ad73a504971]::pin::Pin<&mut core[a373ad73a504971]::pin::Pin<&mut dyn core[a373ad73a504971]::future::future::Future<Output = ()>>>>::{closure#0}, core[a373ad73a504971]::option::Option<()>>::{closure#0}>::{closure#0}, (alloc[2e1b2a31b91974c5]::boxed::Box<tokio[edf456506b815107]::runtime::scheduler::current_thread::Core>, core[a373ad73a504971]::option::Option<()>)>
[INFO] [stdout]                                at /rustc/e3feeb59cd1bdd011a2bfcc0747b55125d9b8527/library/std/src/thread/local.rs:463:12
[INFO] [stdout]   34:     0x5a79fa01fcbe - <std[617be2ca0a6fd877]::thread::local::LocalKey<tokio[edf456506b815107]::runtime::context::Context>>::with::<tokio[edf456506b815107]::runtime::context::set_scheduler<(alloc[2e1b2a31b91974c5]::boxed::Box<tokio[edf456506b815107]::runtime::scheduler::current_thread::Core>, core[a373ad73a504971]::option::Option<()>), <tokio[edf456506b815107]::runtime::scheduler::current_thread::CoreGuard>::enter<<tokio[edf456506b815107]::runtime::scheduler::current_thread::CoreGuard>::block_on<core[a373ad73a504971]::pin::Pin<&mut core[a373ad73a504971]::pin::Pin<&mut dyn core[a373ad73a504971]::future::future::Future<Output = ()>>>>::{closure#0}, core[a373ad73a504971]::option::Option<()>>::{closure#0}>::{closure#0}, (alloc[2e1b2a31b91974c5]::boxed::Box<tokio[edf456506b815107]::runtime::scheduler::current_thread::Core>, core[a373ad73a504971]::option::Option<()>)>
[INFO] [stdout]                                at /rustc/e3feeb59cd1bdd011a2bfcc0747b55125d9b8527/library/std/src/thread/local.rs:427:20
[INFO] [stdout]   35:     0x5a79fa02395d - tokio[edf456506b815107]::runtime::context::set_scheduler::<(alloc[2e1b2a31b91974c5]::boxed::Box<tokio[edf456506b815107]::runtime::scheduler::current_thread::Core>, core[a373ad73a504971]::option::Option<()>), <tokio[edf456506b815107]::runtime::scheduler::current_thread::CoreGuard>::enter<<tokio[edf456506b815107]::runtime::scheduler::current_thread::CoreGuard>::block_on<core[a373ad73a504971]::pin::Pin<&mut core[a373ad73a504971]::pin::Pin<&mut dyn core[a373ad73a504971]::future::future::Future<Output = ()>>>>::{closure#0}, core[a373ad73a504971]::option::Option<()>>::{closure#0}>
[INFO] [stdout]                                at /opt/rustwide/cargo-home/registry/src/index.crates.io-1949cf8c6b5b557f/tokio-1.52.3/src/runtime/context.rs:181:17
[INFO] [stdout]   36:     0x5a79fa03bd70 - <tokio[edf456506b815107]::runtime::scheduler::current_thread::CoreGuard>::enter::<<tokio[edf456506b815107]::runtime::scheduler::current_thread::CoreGuard>::block_on<core[a373ad73a504971]::pin::Pin<&mut core[a373ad73a504971]::pin::Pin<&mut dyn core[a373ad73a504971]::future::future::Future<Output = ()>>>>::{closure#0}, core[a373ad73a504971]::option::Option<()>>
[INFO] [stdout]                                at /opt/rustwide/cargo-home/registry/src/index.crates.io-1949cf8c6b5b557f/tokio-1.52.3/src/runtime/scheduler/current_thread/mod.rs:865:27
[INFO] [stdout]   37:     0x5a79fa03c066 - <tokio[edf456506b815107]::runtime::scheduler::current_thread::CoreGuard>::block_on::<core[a373ad73a504971]::pin::Pin<&mut core[a373ad73a504971]::pin::Pin<&mut dyn core[a373ad73a504971]::future::future::Future<Output = ()>>>>
[INFO] [stdout]                                at /opt/rustwide/cargo-home/registry/src/index.crates.io-1949cf8c6b5b557f/tokio-1.52.3/src/runtime/scheduler/current_thread/mod.rs:765:24
[INFO] [stdout]   38:     0x5a79fa03e820 - <tokio[edf456506b815107]::runtime::scheduler::current_thread::CurrentThread>::block_on::<core[a373ad73a504971]::pin::Pin<&mut dyn core[a373ad73a504971]::future::future::Future<Output = ()>>>::{closure#0}
[INFO] [stdout]                                at /opt/rustwide/cargo-home/registry/src/index.crates.io-1949cf8c6b5b557f/tokio-1.52.3/src/runtime/scheduler/current_thread/mod.rs:205:33
[INFO] [stdout]   39:     0x5a79fa023ed8 - tokio[edf456506b815107]::runtime::context::runtime::enter_runtime::<<tokio[edf456506b815107]::runtime::scheduler::current_thread::CurrentThread>::block_on<core[a373ad73a504971]::pin::Pin<&mut dyn core[a373ad73a504971]::future::future::Future<Output = ()>>>::{closure#0}, ()>
[INFO] [stdout]                                at /opt/rustwide/cargo-home/registry/src/index.crates.io-1949cf8c6b5b557f/tokio-1.52.3/src/runtime/context/runtime.rs:65:16
[INFO] [stdout]   40:     0x5a79fa03a8c4 - <tokio[edf456506b815107]::runtime::scheduler::current_thread::CurrentThread>::block_on::<core[a373ad73a504971]::pin::Pin<&mut dyn core[a373ad73a504971]::future::future::Future<Output = ()>>>
[INFO] [stdout]                                at /opt/rustwide/cargo-home/registry/src/index.crates.io-1949cf8c6b5b557f/tokio-1.52.3/src/runtime/scheduler/current_thread/mod.rs:193:9
[INFO] [stdout]   41:     0x5a79fa01f6bf - <tokio[edf456506b815107]::runtime::runtime::Runtime>::block_on_inner::<core[a373ad73a504971]::pin::Pin<&mut dyn core[a373ad73a504971]::future::future::Future<Output = ()>>>
[INFO] [stdout]                                at /opt/rustwide/cargo-home/registry/src/index.crates.io-1949cf8c6b5b557f/tokio-1.52.3/src/runtime/runtime.rs:371:52
[INFO] [stdout]   42:     0x5a79fa01f80b - <tokio[edf456506b815107]::runtime::runtime::Runtime>::block_on::<core[a373ad73a504971]::pin::Pin<&mut dyn core[a373ad73a504971]::future::future::Future<Output = ()>>>
[INFO] [stdout]                                at /opt/rustwide/cargo-home/registry/src/index.crates.io-1949cf8c6b5b557f/tokio-1.52.3/src/runtime/runtime.rs:345:18
[INFO] [stdout]   43:     0x5a79fa03948f - week50_gate[e4d125698b581ea8]::w50_analyze_invalid_code_still_responds
[INFO] [stdout]                                at /opt/rustwide/workdir/crates/ec-api/tests/week50_gate.rs:121:58
[INFO] [stdout]   44:     0x5a79fa028927 - week50_gate[e4d125698b581ea8]::w50_analyze_invalid_code_still_responds::{closure#0}
[INFO] [stdout]                                at /opt/rustwide/workdir/crates/ec-api/tests/week50_gate.rs:111:51
[INFO] [stdout]   45:     0x5a79fa028596 - <week50_gate[e4d125698b581ea8]::w50_analyze_invalid_code_still_responds::{closure#0} as core[a373ad73a504971]::ops::function::FnOnce<()>>::call_once
[INFO] [stdout]                                at /rustc/e3feeb59cd1bdd011a2bfcc0747b55125d9b8527/library/core/src/ops/function.rs:250:5
[INFO] [stdout]   46:     0x5a79fa04107b - <fn() -> core[a373ad73a504971]::result::Result<(), alloc[2e1b2a31b91974c5]::string::String> as core[a373ad73a504971]::ops::function::FnOnce<()>>::call_once
[INFO] [stdout]                                at /rustc/e3feeb59cd1bdd011a2bfcc0747b55125d9b8527/library/core/src/ops/function.rs:250:5
[INFO] [stdout]   47:     0x5a79fa04107b - test[aada8e7e76ba119b]::__rust_begin_short_backtrace::<core[a373ad73a504971]::result::Result<(), alloc[2e1b2a31b91974c5]::string::String>, fn() -> core[a373ad73a504971]::result::Result<(), alloc[2e1b2a31b91974c5]::string::String>>
[INFO] [stdout]                                at /rustc/e3feeb59cd1bdd011a2bfcc0747b55125d9b8527/library/test/src/lib.rs:701:18
[INFO] [stdout]   48:     0x5a79fa04e255 - test[aada8e7e76ba119b]::run_test_in_process::{closure#0}
[INFO] [stdout]                                at /rustc/e3feeb59cd1bdd011a2bfcc0747b55125d9b8527/library/test/src/lib.rs:724:74
[INFO] [stdout]   49:     0x5a79fa04e255 - <core[a373ad73a504971]::panic::unwind_safe::AssertUnwindSafe<test[aada8e7e76ba119b]::run_test_in_process::{closure#0}> as core[a373ad73a504971]::ops::function::FnOnce<()>>::call_once
[INFO] [stdout]                                at /rustc/e3feeb59cd1bdd011a2bfcc0747b55125d9b8527/library/core/src/panic/unwind_safe.rs:275:9
[INFO] [stdout]   50:     0x5a79fa04e255 - std[617be2ca0a6fd877]::panicking::catch_unwind::do_call::<core[a373ad73a504971]::panic::unwind_safe::AssertUnwindSafe<test[aada8e7e76ba119b]::run_test_in_process::{closure#0}>, core[a373ad73a504971]::result::Result<(), alloc[2e1b2a31b91974c5]::string::String>>
[INFO] [stdout]                                at /rustc/e3feeb59cd1bdd011a2bfcc0747b55125d9b8527/library/std/src/panicking.rs:573:43
[INFO] [stdout]   51:     0x5a79fa04e255 - std[617be2ca0a6fd877]::panicking::catch_unwind::<core[a373ad73a504971]::result::Result<(), alloc[2e1b2a31b91974c5]::string::String>, core[a373ad73a504971]::panic::unwind_safe::AssertUnwindSafe<test[aada8e7e76ba119b]::run_test_in_process::{closure#0}>>
[INFO] [stdout]                                at /rustc/e3feeb59cd1bdd011a2bfcc0747b55125d9b8527/library/std/src/panicking.rs:541:19
[INFO] [stdout]   52:     0x5a79fa04e255 - std[617be2ca0a6fd877]::panic::catch_unwind::<core[a373ad73a504971]::panic::unwind_safe::AssertUnwindSafe<test[aada8e7e76ba119b]::run_test_in_process::{closure#0}>, core[a373ad73a504971]::result::Result<(), alloc[2e1b2a31b91974c5]::string::String>>
[INFO] [stdout]                                at /rustc/e3feeb59cd1bdd011a2bfcc0747b55125d9b8527/library/std/src/panic.rs:359:14
[INFO] [stdout]   53:     0x5a79fa04e255 - test[aada8e7e76ba119b]::run_test_in_process
[INFO] [stdout]                                at /rustc/e3feeb59cd1bdd011a2bfcc0747b55125d9b8527/library/test/src/lib.rs:724:27
[INFO] [stdout]   54:     0x5a79fa04e255 - test[aada8e7e76ba119b]::run_test::{closure#0}
[INFO] [stdout]                                at /rustc/e3feeb59cd1bdd011a2bfcc0747b55125d9b8527/library/test/src/lib.rs:645:43
[INFO] [stdout]   55:     0x5a79fa047b44 - test[aada8e7e76ba119b]::run_test::{closure#1}
[INFO] [stdout]                                at /rustc/e3feeb59cd1bdd011a2bfcc0747b55125d9b8527/library/test/src/lib.rs:675:41
[INFO] [stdout]   56:     0x5a79fa047b44 - std[617be2ca0a6fd877]::sys::backtrace::__rust_begin_short_backtrace::<test[aada8e7e76ba119b]::run_test::{closure#1}, ()>
[INFO] [stdout]                                at /rustc/e3feeb59cd1bdd011a2bfcc0747b55125d9b8527/library/std/src/sys/backtrace.rs:166:18
[INFO] [stdout]   57:     0x5a79fa0512e2 - std[617be2ca0a6fd877]::thread::lifecycle::spawn_unchecked::<test[aada8e7e76ba119b]::run_test::{closure#1}, ()>::{closure#1}::{closure#0}
[INFO] [stdout]                                at /rustc/e3feeb59cd1bdd011a2bfcc0747b55125d9b8527/library/std/src/thread/lifecycle.rs:70:13
[INFO] [stdout]   58:     0x5a79fa0512e2 - <core[a373ad73a504971]::panic::unwind_safe::AssertUnwindSafe<std[617be2ca0a6fd877]::thread::lifecycle::spawn_unchecked<test[aada8e7e76ba119b]::run_test::{closure#1}, ()>::{closure#1}::{closure#0}> as core[a373ad73a504971]::ops::function::FnOnce<()>>::call_once
[INFO] [stdout]                                at /rustc/e3feeb59cd1bdd011a2bfcc0747b55125d9b8527/library/core/src/panic/unwind_safe.rs:275:9
[INFO] [stdout]   59:     0x5a79fa0512e2 - std[617be2ca0a6fd877]::panicking::catch_unwind::do_call::<core[a373ad73a504971]::panic::unwind_safe::AssertUnwindSafe<std[617be2ca0a6fd877]::thread::lifecycle::spawn_unchecked<test[aada8e7e76ba119b]::run_test::{closure#1}, ()>::{closure#1}::{closure#0}>, ()>
[INFO] [stdout]                                at /rustc/e3feeb59cd1bdd011a2bfcc0747b55125d9b8527/library/std/src/panicking.rs:573:43
[INFO] [stdout]   60:     0x5a79fa0512e2 - std[617be2ca0a6fd877]::panicking::catch_unwind::<(), core[a373ad73a504971]::panic::unwind_safe::AssertUnwindSafe<std[617be2ca0a6fd877]::thread::lifecycle::spawn_unchecked<test[aada8e7e76ba119b]::run_test::{closure#1}, ()>::{closure#1}::{closure#0}>>
[INFO] [stdout]                                at /rustc/e3feeb59cd1bdd011a2bfcc0747b55125d9b8527/library/std/src/panicking.rs:541:19
[INFO] [stdout]   61:     0x5a79fa0512e2 - std[617be2ca0a6fd877]::panic::catch_unwind::<core[a373ad73a504971]::panic::unwind_safe::AssertUnwindSafe<std[617be2ca0a6fd877]::thread::lifecycle::spawn_unchecked<test[aada8e7e76ba119b]::run_test::{closure#1}, ()>::{closure#1}::{closure#0}>, ()>
[INFO] [stdout]                                at /rustc/e3feeb59cd1bdd011a2bfcc0747b55125d9b8527/library/std/src/panic.rs:359:14
[INFO] [stdout]   62:     0x5a79fa0512e2 - std[617be2ca0a6fd877]::thread::lifecycle::spawn_unchecked::<test[aada8e7e76ba119b]::run_test::{closure#1}, ()>::{closure#1}
[INFO] [stdout]                                at /rustc/e3feeb59cd1bdd011a2bfcc0747b55125d9b8527/library/std/src/thread/lifecycle.rs:68:26
[INFO] [stdout]   63:     0x5a79fa0512e2 - <std[617be2ca0a6fd877]::thread::lifecycle::spawn_unchecked<test[aada8e7e76ba119b]::run_test::{closure#1}, ()>::{closure#1} as core[a373ad73a504971]::ops::function::FnOnce<()>>::call_once::{shim:vtable#0}
[INFO] [stdout]                                at /rustc/e3feeb59cd1bdd011a2bfcc0747b55125d9b8527/library/core/src/ops/function.rs:250:5
[INFO] [stdout]   64:     0x5a79fa788a9f - <alloc[2e1b2a31b91974c5]::boxed::Box<dyn core[a373ad73a504971]::ops::function::FnOnce<(), Output = ()> + core[a373ad73a504971]::marker::Send> as core[a373ad73a504971]::ops::function::FnOnce<()>>::call_once
[INFO] [stdout]                                at /rustc/e3feeb59cd1bdd011a2bfcc0747b55125d9b8527/library/alloc/src/boxed.rs:2314:9
[INFO] [stdout]   65:     0x5a79fa788a9f - <std[617be2ca0a6fd877]::sys::thread::unix::Thread>::new::thread_start
[INFO] [stdout]                                at /rustc/e3feeb59cd1bdd011a2bfcc0747b55125d9b8527/library/std/src/sys/thread/unix.rs:127:17
[INFO] [stdout]   66:     0x756da4341dfa - <unknown>
[INFO] [stdout]   67:     0x756da43d53d4 - clone
[INFO] [stdout]   68:                0x0 - <unknown>
[INFO] [stdout] 
[INFO] [stdout] 
[INFO] [stdout] failures:
[INFO] [stdout]     w50_analyze_invalid_code_still_responds
[INFO] [stdout]     w50_analyze_returns_all_dimensions
[INFO] [stdout]     w50_gate_complete
[INFO] [stdout] 
[INFO] [stdout] test result: FAILED. 16 passed; 3 failed; 0 ignored; 0 measured; 0 filtered out; finished in 0.24s
[INFO] [stdout] 
[INFO] [stderr] error: test failed, to rerun pass `-p ec-api --test week50_gate`
[INFO] running `Command { std: "docker" "inspect" "9a23d49445cce069b8ce4d5c7eb11c88c0cabfd7ddbe33a42c297fa6d7af7d9f", kill_on_drop: false }`
[INFO] running `Command { std: "docker" "rm" "-f" "9a23d49445cce069b8ce4d5c7eb11c88c0cabfd7ddbe33a42c297fa6d7af7d9f", kill_on_drop: false }`
[INFO] [stdout] 9a23d49445cce069b8ce4d5c7eb11c88c0cabfd7ddbe33a42c297fa6d7af7d9f
