[INFO] cloning repository https://github.com/bryanmatteson/kdl-config
[INFO] running `Command { std: "git" "-c" "credential.helper=" "-c" "credential.helper=/workspace/cargo-home/bin/git-credential-null" "clone" "--bare" "https://github.com/bryanmatteson/kdl-config" "/workspace/cache/git-repos/https%3A%2F%2Fgithub.com%2Fbryanmatteson%2Fkdl-config", kill_on_drop: false }`
[INFO] [stderr] Cloning into bare repository '/workspace/cache/git-repos/https%3A%2F%2Fgithub.com%2Fbryanmatteson%2Fkdl-config'...
[INFO] running `Command { std: "git" "rev-parse" "HEAD", kill_on_drop: false }`
[INFO] [stdout] 72934aaf243707d6b62cbf061e9f4baa51981821
[INFO] testing bryanmatteson/kdl-config against 1.100.0-beta.1 for beta-1.100-2
[INFO] running `Command { std: "git" "clone" "/workspace/cache/git-repos/https%3A%2F%2Fgithub.com%2Fbryanmatteson%2Fkdl-config" "/workspace/builds/worker-6-tc2/source", kill_on_drop: false }`
[INFO] [stderr] Cloning into '/workspace/builds/worker-6-tc2/source'...
[INFO] [stderr] done.
[INFO] started tweaking git repo https://github.com/bryanmatteson/kdl-config
[INFO] finished tweaking git repo https://github.com/bryanmatteson/kdl-config
[INFO] tweaked toml for git repo https://github.com/bryanmatteson/kdl-config written to /workspace/builds/worker-6-tc2/source/Cargo.toml
[INFO] validating manifest of git repo https://github.com/bryanmatteson/kdl-config on toolchain 1.100.0-beta.1
[INFO] running `Command { std: CARGO_HOME="/workspace/cargo-home" RUSTUP_HOME="/workspace/rustup-home" "/workspace/cargo-home/bin/cargo" "+1.100.0-beta.1" "metadata" "--manifest-path" "Cargo.toml" "--no-deps", kill_on_drop: false }`
[INFO] crate git repo https://github.com/bryanmatteson/kdl-config already has a lockfile, it will not be regenerated
[INFO] running `Command { std: CARGO_HOME="/workspace/cargo-home" RUSTUP_HOME="/workspace/rustup-home" "/workspace/cargo-home/bin/cargo" "+1.100.0-beta.1" "fetch" "--manifest-path" "Cargo.toml", kill_on_drop: false }`
[INFO] [stderr] warning: unused field `description` in `workspace.package`
[INFO] [stderr]   --> Cargo.toml:21:1
[INFO] [stderr]    |
[INFO] [stderr] 21 | description = "Strongly-typed configuration derived from KDL documents"
[INFO] [stderr]    | ^^^^^^^^^^^
[INFO] [stderr]    |
[INFO] [stderr]    = note: `cargo::unused_workspace_package_fields` is set to `warn` by default
[INFO] [stderr] help: consider removing the field `workspace.package.description`
[INFO] [stderr] warning: workspace (manifest) generated 1 warning
[INFO] [stderr] warning: `package.homepage` is redundant with `package.repository`
[INFO] [stderr]  --> crates/kdl-config-derive/Cargo.toml:9:5
[INFO] [stderr]   |
[INFO] [stderr] 8 |     repository.workspace = true
[INFO] [stderr]   |     ----------
[INFO] [stderr] 9 |     homepage.workspace   = true
[INFO] [stderr]   |     ^^^^^^^^
[INFO] [stderr]   |
[INFO] [stderr]   = note: `cargo::redundant_homepage` is set to `warn` by default
[INFO] [stderr] help: consider removing `package.homepage`
[INFO] [stderr] warning: `kdl-config-derive` (manifest) generated 1 warning
[INFO] [stderr] warning: `package.homepage` is redundant with `package.repository`
[INFO] [stderr]  --> crates/kdl-config/Cargo.toml:9:5
[INFO] [stderr]   |
[INFO] [stderr] 8 |     repository.workspace = true
[INFO] [stderr]   |     ----------
[INFO] [stderr] 9 |     homepage.workspace   = true
[INFO] [stderr]   |     ^^^^^^^^
[INFO] [stderr]   |
[INFO] [stderr]   = note: `cargo::redundant_homepage` is set to `warn` by default
[INFO] [stderr] help: consider removing `package.homepage`
[INFO] [stderr] warning: `kdl-config` (manifest) generated 1 warning
[INFO] running `Command { std: "docker" "create" "-v" "/var/lib/crater-agent-workspace/builds/worker-6-tc2/source:/opt/rustwide/workdir:ro,Z" "-v" "/var/lib/crater-agent-workspace/builds/worker-6-tc2/target:/opt/rustwide/target:rw,Z" "-v" "/var/lib/crater-agent-workspace/cargo-home:/opt/rustwide/cargo-home:ro,Z" "-v" "/var/lib/crater-agent-workspace/rustup-home:/opt/rustwide/rustup-home:ro,Z" "-m" "1610612736" "--network" "none" "ghcr.io/rust-lang/crates-build-env/linux@sha256:3111399a4047eeb3a02b7a90e478d715f38a8c6669b5c4b49d30a17385265909" "sleep" "infinity", kill_on_drop: false }`
[INFO] [stdout] 6b98d5b2d7fe67f1474c5fdd1a315131528a72be28f22b674322ac0525e184ae
[INFO] running `Command { std: "docker" "start" "6b98d5b2d7fe67f1474c5fdd1a315131528a72be28f22b674322ac0525e184ae", kill_on_drop: false }`
[INFO] running `Command { std: "docker" "inspect" "6b98d5b2d7fe67f1474c5fdd1a315131528a72be28f22b674322ac0525e184ae", kill_on_drop: false }`
[INFO] running `Command { std: "docker" "exec" "-e" "SOURCE_DIR=/opt/rustwide/workdir" "-e" "CARGO_HOME=/opt/rustwide/cargo-home" "-e" "RUSTUP_HOME=/opt/rustwide/rustup-home" "-e" "CARGO_TARGET_DIR=/opt/rustwide/target" "-w" "/opt/rustwide/workdir" "--user" "0:0" "6b98d5b2d7fe67f1474c5fdd1a315131528a72be28f22b674322ac0525e184ae" "/opt/rustwide/cargo-home/bin/cargo" "+1.100.0-beta.1" "metadata" "--no-deps" "--format-version=1", kill_on_drop: false }`
[INFO] running `Command { std: "docker" "inspect" "6b98d5b2d7fe67f1474c5fdd1a315131528a72be28f22b674322ac0525e184ae", kill_on_drop: false }`
[INFO] running `Command { std: "docker" "exec" "-e" "SOURCE_DIR=/opt/rustwide/workdir" "-e" "CARGO_HOME=/opt/rustwide/cargo-home" "-e" "RUSTUP_HOME=/opt/rustwide/rustup-home" "-e" "CARGO_TARGET_DIR=/opt/rustwide/target" "-e" "CARGO_INCREMENTAL=0" "-e" "RUST_BACKTRACE=full" "-e" "RUSTFLAGS=--cap-lints=warn" "-e" "RUSTDOCFLAGS=--cap-lints=warn" "-w" "/opt/rustwide/workdir" "--user" "0:0" "6b98d5b2d7fe67f1474c5fdd1a315131528a72be28f22b674322ac0525e184ae" "/opt/rustwide/cargo-home/bin/cargo" "+1.100.0-beta.1" "build" "--frozen" "--message-format=json", kill_on_drop: false }`
[INFO] [stderr] warning: unused field `description` in `workspace.package`
[INFO] [stderr]   --> Cargo.toml:21:1
[INFO] [stderr]    |
[INFO] [stderr] 21 | description = "Strongly-typed configuration derived from KDL documents"
[INFO] [stderr]    | ^^^^^^^^^^^
[INFO] [stderr]    |
[INFO] [stderr]    = note: `cargo::unused_workspace_package_fields` is set to `warn` by default
[INFO] [stderr] help: consider removing the field `workspace.package.description`
[INFO] [stderr] warning: workspace (manifest) generated 1 warning
[INFO] [stderr] warning: `package.homepage` is redundant with `package.repository`
[INFO] [stderr]  --> crates/kdl-config-derive/Cargo.toml:9:5
[INFO] [stderr]   |
[INFO] [stderr] 8 |     repository.workspace = true
[INFO] [stderr]   |     ----------
[INFO] [stderr] 9 |     homepage.workspace   = true
[INFO] [stderr]   |     ^^^^^^^^
[INFO] [stderr]   |
[INFO] [stderr]   = note: `cargo::redundant_homepage` is set to `warn` by default
[INFO] [stderr] help: consider removing `package.homepage`
[INFO] [stderr] warning: `kdl-config-derive` (manifest) generated 1 warning
[INFO] [stderr] warning: `package.homepage` is redundant with `package.repository`
[INFO] [stderr]  --> crates/kdl-config/Cargo.toml:9:5
[INFO] [stderr]   |
[INFO] [stderr] 8 |     repository.workspace = true
[INFO] [stderr]   |     ----------
[INFO] [stderr] 9 |     homepage.workspace   = true
[INFO] [stderr]   |     ^^^^^^^^
[INFO] [stderr]   |
[INFO] [stderr]   = note: `cargo::redundant_homepage` is set to `warn` by default
[INFO] [stderr] help: consider removing `package.homepage`
[INFO] [stderr] warning: `kdl-config` (manifest) generated 1 warning
[INFO] [stderr]    Compiling num-traits v0.2.19
[INFO] [stderr]    Compiling proc-macro2 v1.0.106
[INFO] [stderr]    Compiling quote v1.0.44
[INFO] [stderr]    Compiling unicode-ident v1.0.22
[INFO] [stderr]    Compiling memchr v2.7.6
[INFO] [stderr]    Compiling regex-syntax v0.8.9
[INFO] [stderr]    Compiling winnow v0.6.24
[INFO] [stderr]    Compiling miette v7.6.0
[INFO] [stderr]    Compiling aho-corasick v1.1.4
[INFO] [stderr]    Compiling num-integer v0.1.46
[INFO] [stderr]    Compiling num-complex v0.4.6
[INFO] [stderr]    Compiling syn v2.0.114
[INFO] [stderr]    Compiling num-bigint v0.4.6
[INFO] [stderr]    Compiling num-iter v0.1.45
[INFO] [stderr]    Compiling regex-automata v0.4.14
[INFO] [stderr]    Compiling num-rational v0.4.2
[INFO] [stderr]    Compiling num v0.4.3
[INFO] [stderr]    Compiling kdl v6.5.0
[INFO] [stderr]    Compiling regex v1.12.3
[INFO] [stderr]    Compiling kdl-config-derive v0.4.5 (/opt/rustwide/workdir/crates/kdl-config-derive)
[INFO] [stderr]    Compiling kdl-config v0.4.5 (/opt/rustwide/workdir/crates/kdl-config)
[INFO] [stderr]     Finished `dev` profile [unoptimized + debuginfo] target(s) in 26.82s
[INFO] running `Command { std: "docker" "inspect" "6b98d5b2d7fe67f1474c5fdd1a315131528a72be28f22b674322ac0525e184ae", kill_on_drop: false }`
[INFO] running `Command { std: "docker" "exec" "-e" "SOURCE_DIR=/opt/rustwide/workdir" "-e" "CARGO_HOME=/opt/rustwide/cargo-home" "-e" "RUSTUP_HOME=/opt/rustwide/rustup-home" "-e" "CARGO_TARGET_DIR=/opt/rustwide/target" "-e" "CARGO_INCREMENTAL=0" "-e" "RUST_BACKTRACE=full" "-e" "RUSTFLAGS=--cap-lints=warn" "-e" "RUSTDOCFLAGS=--cap-lints=warn" "-w" "/opt/rustwide/workdir" "--user" "0:0" "6b98d5b2d7fe67f1474c5fdd1a315131528a72be28f22b674322ac0525e184ae" "/opt/rustwide/cargo-home/bin/cargo" "+1.100.0-beta.1" "test" "--frozen" "--no-run" "--message-format=json", kill_on_drop: false }`
[INFO] [stderr] warning: unused field `description` in `workspace.package`
[INFO] [stderr]   --> Cargo.toml:21:1
[INFO] [stderr]    |
[INFO] [stderr] 21 | description = "Strongly-typed configuration derived from KDL documents"
[INFO] [stderr]    | ^^^^^^^^^^^
[INFO] [stderr]    |
[INFO] [stderr]    = note: `cargo::unused_workspace_package_fields` is set to `warn` by default
[INFO] [stderr] help: consider removing the field `workspace.package.description`
[INFO] [stderr] warning: workspace (manifest) generated 1 warning
[INFO] [stderr] warning: `package.homepage` is redundant with `package.repository`
[INFO] [stderr]  --> crates/kdl-config-derive/Cargo.toml:9:5
[INFO] [stderr]   |
[INFO] [stderr] 8 |     repository.workspace = true
[INFO] [stderr]   |     ----------
[INFO] [stderr] 9 |     homepage.workspace   = true
[INFO] [stderr]   |     ^^^^^^^^
[INFO] [stderr]   |
[INFO] [stderr]   = note: `cargo::redundant_homepage` is set to `warn` by default
[INFO] [stderr] help: consider removing `package.homepage`
[INFO] [stderr] warning: `kdl-config-derive` (manifest) generated 1 warning
[INFO] [stderr] warning: `package.homepage` is redundant with `package.repository`
[INFO] [stderr]  --> crates/kdl-config/Cargo.toml:9:5
[INFO] [stderr]   |
[INFO] [stderr] 8 |     repository.workspace = true
[INFO] [stderr]   |     ----------
[INFO] [stderr] 9 |     homepage.workspace   = true
[INFO] [stderr]   |     ^^^^^^^^
[INFO] [stderr]   |
[INFO] [stderr]   = note: `cargo::redundant_homepage` is set to `warn` by default
[INFO] [stderr] help: consider removing `package.homepage`
[INFO] [stderr] warning: `kdl-config` (manifest) generated 1 warning
[INFO] [stderr]    Compiling serde_core v1.0.228
[INFO] [stderr]    Compiling libc v0.2.180
[INFO] [stderr]    Compiling proc-macro2 v1.0.106
[INFO] [stderr]    Compiling unicode-ident v1.0.22
[INFO] [stderr]    Compiling quote v1.0.44
[INFO] [stderr]    Compiling getrandom v0.3.4
[INFO] [stderr]    Compiling zmij v1.0.19
[INFO] [stderr]    Compiling serde_json v1.0.149
[INFO] [stderr]    Compiling serde v1.0.228
[INFO] [stderr]    Compiling target-triple v1.0.0
[INFO] [stderr]    Compiling winnow v0.7.14
[INFO] [stderr]    Compiling toml_writer v1.0.6+spec-1.1.0
[INFO] [stderr]    Compiling itoa v1.0.17
[INFO] [stderr]    Compiling rustix v1.1.3
[INFO] [stderr]    Compiling termcolor v1.4.1
[INFO] [stderr]    Compiling glob v0.3.3
[INFO] [stderr]    Compiling zerocopy v0.8.38
[INFO] [stderr]    Compiling bitflags v2.10.0
[INFO] [stderr]    Compiling linux-raw-sys v0.11.0
[INFO] [stderr]    Compiling once_cell v1.21.3
[INFO] [stderr]    Compiling bit-vec v0.8.0
[INFO] [stderr]    Compiling quick-error v1.2.3
[INFO] [stderr]    Compiling unarray v0.1.4
[INFO] [stderr]    Compiling bit-set v0.8.0
[INFO] [stderr]    Compiling syn v2.0.114
[INFO] [stderr]    Compiling wait-timeout v0.2.1
[INFO] [stderr]    Compiling rand_core v0.9.5
[INFO] [stderr]    Compiling rand v0.9.5
[INFO] [stderr]    Compiling rand_xorshift v0.4.0
[INFO] [stderr]    Compiling toml_parser v1.0.6+spec-1.1.0
[INFO] [stderr]    Compiling tempfile v3.24.0
[INFO] [stderr]    Compiling rusty-fork v0.3.1
[INFO] [stderr]    Compiling toml_datetime v0.7.5+spec-1.1.0
[INFO] [stderr]    Compiling serde_spanned v1.0.4
[INFO] [stderr]    Compiling toml v0.9.11+spec-1.1.0
[INFO] [stderr]    Compiling ppv-lite86 v0.2.21
[INFO] [stderr]    Compiling rand_chacha v0.9.0
[INFO] [stderr]    Compiling proptest v1.9.0
[INFO] [stderr]    Compiling serde_derive v1.0.228
[INFO] [stderr]    Compiling kdl-config-derive v0.4.5 (/opt/rustwide/workdir/crates/kdl-config-derive)
[INFO] [stderr]    Compiling trybuild v1.0.115
[INFO] [stderr]    Compiling kdl-config v0.4.5 (/opt/rustwide/workdir/crates/kdl-config)
[INFO] [stderr]     Finished `test` profile [unoptimized + debuginfo] target(s) in 1m 15s
[INFO] running `Command { std: "docker" "inspect" "6b98d5b2d7fe67f1474c5fdd1a315131528a72be28f22b674322ac0525e184ae", kill_on_drop: false }`
[INFO] running `Command { std: "docker" "exec" "-e" "SOURCE_DIR=/opt/rustwide/workdir" "-e" "CARGO_HOME=/opt/rustwide/cargo-home" "-e" "RUSTUP_HOME=/opt/rustwide/rustup-home" "-e" "CARGO_TARGET_DIR=/opt/rustwide/target" "-e" "CARGO_INCREMENTAL=0" "-e" "RUST_BACKTRACE=full" "-e" "RUSTFLAGS=--cap-lints=warn" "-e" "RUSTDOCFLAGS=--cap-lints=warn" "-w" "/opt/rustwide/workdir" "--user" "0:0" "6b98d5b2d7fe67f1474c5fdd1a315131528a72be28f22b674322ac0525e184ae" "/opt/rustwide/cargo-home/bin/cargo" "+1.100.0-beta.1" "test" "--frozen", kill_on_drop: false }`
[INFO] [stderr] warning: unused field `description` in `workspace.package`
[INFO] [stderr]   --> Cargo.toml:21:1
[INFO] [stderr]    |
[INFO] [stderr] 21 | description = "Strongly-typed configuration derived from KDL documents"
[INFO] [stderr]    | ^^^^^^^^^^^
[INFO] [stderr]    |
[INFO] [stderr]    = note: `cargo::unused_workspace_package_fields` is set to `warn` by default
[INFO] [stderr] help: consider removing the field `workspace.package.description`
[INFO] [stderr] warning: workspace (manifest) generated 1 warning
[INFO] [stderr] warning: `package.homepage` is redundant with `package.repository`
[INFO] [stderr]  --> crates/kdl-config-derive/Cargo.toml:9:5
[INFO] [stderr]   |
[INFO] [stderr] 8 |     repository.workspace = true
[INFO] [stderr]   |     ----------
[INFO] [stderr] 9 |     homepage.workspace   = true
[INFO] [stderr]   |     ^^^^^^^^
[INFO] [stderr]   |
[INFO] [stderr]   = note: `cargo::redundant_homepage` is set to `warn` by default
[INFO] [stderr] help: consider removing `package.homepage`
[INFO] [stderr] warning: `kdl-config-derive` (manifest) generated 1 warning
[INFO] [stderr] warning: `package.homepage` is redundant with `package.repository`
[INFO] [stderr]  --> crates/kdl-config/Cargo.toml:9:5
[INFO] [stderr]   |
[INFO] [stderr] 8 |     repository.workspace = true
[INFO] [stderr]   |     ----------
[INFO] [stderr] 9 |     homepage.workspace   = true
[INFO] [stderr]   |     ^^^^^^^^
[INFO] [stderr]   |
[INFO] [stderr]   = note: `cargo::redundant_homepage` is set to `warn` by default
[INFO] [stderr] help: consider removing `package.homepage`
[INFO] [stderr] warning: `kdl-config` (manifest) generated 1 warning
[INFO] [stderr]     Finished `test` profile [unoptimized + debuginfo] target(s) in 0.20s
[INFO] [stderr]      Running unittests src/lib.rs (/opt/rustwide/target/debug/build/kdl-config/e3094e019e1e27e4/out/kdl_config-e3094e019e1e27e4)
[INFO] [stdout] 
[INFO] [stdout] running 36 tests
[INFO] [stdout] test layer::tests::preserve_modifiers_keeps_marker ... ok
[INFO] [stdout] test layer::tests::modifiers_apply_in_layers ... ok
[INFO] [stdout] test layer::tests::merge_by_name_merges_children ... ok
[INFO] [stdout] test merge::tests::option_merge ... ok
[INFO] [stdout] test merge::tests::scalar_merge ... ok
[INFO] [stdout] test layer::tests::merge_append_keeps_all_children ... ok
[INFO] [stdout] test merge::tests::vec_merge ... ok
[INFO] [stdout] test newtypes::tests::duration_parses_units ... ok
[INFO] [stdout] test formatter::tests::append_block_when_missing ... ok
[INFO] [stdout] test newtypes::tests::duration_from_kdl_value ... ok
[INFO] [stdout] test formatter::tests::brace_matching_skips_comments ... ok
[INFO] [stdout] test formatter::tests::brace_matching_skips_escaped_quotes ... ok
[INFO] [stdout] test loader::tests::load_single_file ... ok
[INFO] [stdout] test loader::tests::default_typed_load_uses_later_layer_values ... ok
[INFO] [stdout] test formatter::tests::nested_blocks_are_not_treated_as_top_level ... ok
[INFO] [stdout] test formatter::tests::replace_existing_block ... ok
[INFO] [stdout] test loader::tests::document_mode_accepts_multiple_merged_top_level_nodes ... ok
[INFO] [stdout] test formatter::tests::brace_matching_skips_raw_strings ... ok
[INFO] [stdout] test newtypes::tests::identifier_enforces_bare_syntax ... ok
[INFO] [stdout] test newtypes::tests::duration_rejects_invalid ... ok
[INFO] [stdout] test newtypes::tests::positive_count_from_kdl_value ... ok
[INFO] [stdout] test formatter::tests::remove_block ... ok
[INFO] [stdout] test newtypes::tests::scalar_decode_from_inline_value ... ok
[INFO] [stdout] test loader::tests::load_with_precedence_orders_layers_deterministically ... ok
[INFO] [stdout] test loader::tests::load_with_report_tracks_winning_layer ... ok
[INFO] [stdout] test newtypes::tests::scalar_decode_from_value_child ... ok
[INFO] [stdout] test newtypes::tests::scalar_render_as_single_positional_value ... ok
[INFO] [stdout] test newtypes::tests::weight_bounds ... ok
[INFO] [stdout] test loader::tests::load_report_matches_layer_override_even_with_first_conflict_policy ... ok
[INFO] [stdout] test loader::tests::load_multiple_layers ... ok
[INFO] [stdout] test resolve::tests::indexes_count_only_same_named_siblings ... ok
[INFO] [stdout] test resolve::tests::ambiguous_path_requires_index ... ok
[INFO] [stdout] test newtypes::tests::zero_duration_displays_as_milliseconds ... ok
[INFO] [stdout] test sigil_fragments::tests::removing_an_import_reports_fragment_preprocessing_changed_the_document ... ok
[INFO] [stdout] test resolve::tests::explicit_index_path_resolves ... ok
[INFO] [stdout] test resolve::tests::decode_subtree_by_path ... ok
[INFO] [stdout] 
[INFO] [stdout] test result: ok. 36 passed; 0 failed; 0 ignored; 0 measured; 0 filtered out; finished in 0.03s
[INFO] [stdout] 
[INFO] [stdout] 
[INFO] [stdout] running 6 tests
[INFO] [stderr]      Running tests/bare_identifiers.rs (/opt/rustwide/target/debug/build/kdl-config/1c4a33951db12d70/out/bare_identifiers-1c4a33951db12d70)
[INFO] [stdout] test field_tag_supports_optional_vectors_and_nested_types ... ok
[INFO] [stdout] test field_tag_only_changes_the_selected_string_fields ... ok
[INFO] [stdout] test untagged_nested_type_keeps_ordinary_string_rendering ... ok
[INFO] [stdout] test field_tag_applies_during_roundtrip_updates ... ok
[INFO] [stdout] test root_tag_applies_during_roundtrip_updates ... ok
[INFO] [stderr]      Running tests/choice_test.rs (/opt/rustwide/target/debug/build/kdl-config/03311048704dbf22/out/choice_test-03311048704dbf22)
[INFO] [stdout] test root_tag_prefers_bare_legal_strings_recursively ... ok
[INFO] [stdout] 
[INFO] [stdout] test result: ok. 6 passed; 0 failed; 0 ignored; 0 measured; 0 filtered out; finished in 0.01s
[INFO] [stdout] 
[INFO] [stdout] 
[INFO] [stdout] running 15 tests
[INFO] [stdout] test children_any_skips_children_that_do_not_match_the_choice ... ok
[INFO] [stdout] test choice_fallback_preserves_an_unmatched_node ... ok
[INFO] [stdout] test choice_fallback_roundtrip_keeps_unchanged_source_exact ... ok
[INFO] [stdout] test choice_fallback_accepts_an_unboxed_node ... ok
[INFO] [stdout] test choice_payload_node_name_is_owned_by_the_variant ... ok
[INFO] [stdout] test choice_fallback_adds_a_wildcard_schema_branch ... ok
[INFO] [stdout] test choice_fallback_roundtrip_applies_raw_node_changes ... ok
[INFO] [stdout] test explicit_choice_variants_take_precedence_over_the_fallback ... ok
[INFO] [stdout] test test_choice_direct_match ... ok
[INFO] [stdout] test test_choice_render ... ok
[INFO] [stdout] test fallback_children_do_not_claim_a_modeled_child_alias ... ok
[INFO] [stdout] test scalar_children_any_roundtrip_updates_only_its_matching_child ... ok
[INFO] [stdout] test children_any_roundtrip_updates_only_matching_children ... ok
[INFO] [stdout] test fallback_children_do_not_claim_separately_modeled_nodes_during_updates ... ok
[INFO] [stderr]      Running tests/conversions.rs (/opt/rustwide/target/debug/build/kdl-config/9c80f369bc521cd7/out/conversions-9c80f369bc521cd7)
[INFO] [stdout] test missing_vec_children_default_to_an_empty_collection ... ok
[INFO] [stdout] 
[INFO] [stdout] test result: ok. 15 passed; 0 failed; 0 ignored; 0 measured; 0 filtered out; finished in 0.01s
[INFO] [stdout] 
[INFO] [stdout] 
[INFO] [stdout] running 5 tests
[INFO] [stdout] test array_conversion_accepts_scalar_and_array ... ok
[INFO] [stdout] test out_of_range_is_reported_for_int_coercions ... ok
[INFO] [stdout] test type_mismatch_reports_error ... ok
[INFO] [stdout] test f32_overflow_is_rejected_instead_of_becoming_infinity ... ok
[INFO] [stderr]      Running tests/end_to_end.rs (/opt/rustwide/target/debug/build/kdl-config/5b170e9b323f75d4/out/end_to_end-5b170e9b323f75d4)
[INFO] [stdout] test all_supported_integer_primitives_derive_and_roundtrip ... ok
[INFO] [stdout] 
[INFO] [stdout] test result: ok. 5 passed; 0 failed; 0 ignored; 0 measured; 0 filtered out; finished in 0.01s
[INFO] [stdout] 
[INFO] [stdout] 
[INFO] [stdout] running 73 tests
[INFO] [stdout] test deny_unknown_allows_default_placement_fields ... ok
[INFO] [stdout] test default_value_only_rejects_flags_without_explicit_placement ... ok
[INFO] [stdout] test deny_unknown_rejects_extra_args ... ok
[INFO] [stdout] test parses_and_renders_registry_btreemap ... ok
[INFO] [stdout] test parse_str_uses_single_top_level_node ... ok
[INFO] [stdout] test flag_style_with_without_only ... ok
[INFO] [stdout] test parse_config_default_bool_mode_overrides ... ok
[INFO] [stdout] test invalid_enum_variant_is_error ... ok
[INFO] [stdout] test conflict_policies_apply_in_deterministic_order ... ok
[INFO] [stdout] test deny_unknown_rejects_extra_keys ... ok
[INFO] [stdout] test parses_and_renders_children_map_btreemap ... ok
[INFO] [stdout] test attr_flag_only_disallows_keyed_values ... ok
[INFO] [stdout] test explicit_keyed_disables_flags ... ok
[INFO] [stdout] test parse_config_overrides_default_placement ... ok
[INFO] [stdout] test parses_children_map_keyed_by_first_arg ... ok
[INFO] [stdout] test parses_children_map_scalar_values ... ok
[INFO] [stdout] test deny_unknown_suggests_similar_child ... ok
[INFO] [stdout] test parses_children_map_keyed_by_attribute ... ok
[INFO] [stdout] test missing_bools_default_false_and_none ... ok
[INFO] [stdout] test parses_children_map_keyed_by_fn ... ok
[INFO] [stdout] test parses_negative_default_literals ... ok
[INFO] [stdout] test duplicate_attributes_use_conflict_policy ... ok
[INFO] [stdout] test parses_custom_flag_names ... ok
[INFO] [stdout] test parses_enum_with_any_selector ... ok
[INFO] [stdout] test parses_exhaustive_attr_and_value_nodes ... ok
[INFO] [stdout] test parses_enum_with_select_attr_preserve ... ok
[INFO] [stdout] test parses_bool_presence_and_value ... ok
[INFO] [stdout] test parses_enum_variants_with_struct_payloads ... ok
[INFO] [stdout] test positional_list_renders_as_args ... ok
[INFO] [stdout] test parses_signal_modifiers ... ok
[INFO] [stdout] test path_absolute_uses_root ... ok
[INFO] [stdout] test parses_enum_tuple_variants_and_non_string_tags ... ok
[INFO] [stdout] test parses_children_map_vec_append ... ok
[INFO] [stdout] test presence_only_child_nodes_allow_empty_values ... ok
[INFO] [stdout] test presence_only_bools_reject_explicit_values ... ok
[INFO] [stdout] test positional_list_parses_all_args ... ok
[INFO] [stdout] test path_re_roots_relative ... ok
[INFO] [stdout] test positional_and_flag_candidates_conflict ... ok
[INFO] [stdout] test registry_duplicate_error_is_reported ... ok
[INFO] [stdout] test registry_key_arg_uses_custom_index ... ok
[INFO] [stdout] test presence_only_optional_renders_only_positive_flag ... ok
[INFO] [stdout] test registry_conflict_last_wins ... ok
[INFO] [stdout] test presence_value_defaults_match_expected ... ok
[INFO] [stdout] test registry_key_attr_is_removed_before_parsing ... ok
[INFO] [stdout] test registry_vec_append_keeps_duplicates ... ok
[INFO] [stdout] test parses_node_modifiers_into_fields ... ok
[INFO] [stdout] test parses_registry_vec_in_document_order ... ok
[INFO] [stdout] test parses_children_map_keyed_by_child_name ... ok
[INFO] [stdout] test parses_registry_keyed_by_first_arg ... ok
[INFO] [stdout] test raw_parse_preserves_raw_string_quoting ... ok
[INFO] [stdout] test raw_parse_preserves_identifier_quoting ... ok
[INFO] [stdout] test render_bool_false_emits_negative_flag ... ok
[INFO] [stdout] test render_is_deterministic ... ok
[INFO] [stdout] test rejects_out_of_range_integers ... ok
[INFO] [stdout] test deny_unknown_suggests_similar_attr ... ok
[INFO] [stdout] test renders_enum_tuple_variants_and_non_string_tags ... ok
[INFO] [stdout] test registry_key_fn_is_used ... ok
[INFO] [stdout] test registry_vec_last_moves_to_last_occurrence ... ok
[INFO] [stdout] test renders_node_modifiers_from_fields ... ok
[INFO] [stdout] test renders_repeated_attrs_for_vecs ... ok
[INFO] [stdout] test scalar_custom_type_parses_attr ... ok
[INFO] [stdout] test required_bools_still_error_when_missing ... ok
[INFO] [stdout] test skip_fields_allow_input_under_deny_unknown ... ok
[INFO] [stdout] test scalar_custom_type_parses_value_node ... ok
[INFO] [stdout] test vec_append_conflict_concatenates ... ok
[INFO] [stdout] test renders_enum_variants_inline ... ok
[INFO] [stdout] test select_consume_allows_deny_unknown_children ... ok
[INFO] [stdout] test scalar_custom_type_defaults_work ... ok
[INFO] [stdout] test selector_inject_defaults_to_preserve_for_registry ... ok
[INFO] [stdout] test tuple_structs_parse_positional_args ... ok
[INFO] [stdout] test tuple_struct_defaults_and_optional_work ... ok
[INFO] [stdout] test value_only_bools_reject_flags ... ok
[INFO] [stderr]      Running tests/field_sorting.rs (/opt/rustwide/target/debug/build/kdl-config/d8be5f4bb1ee056b/out/field_sorting-d8be5f4bb1ee056b)
[INFO] [stdout] test unit_structs_require_no_payload ... ok
[INFO] [stdout] 
[INFO] [stdout] test result: ok. 73 passed; 0 failed; 0 ignored; 0 measured; 0 filtered out; finished in 0.09s
[INFO] [stdout] 
[INFO] [stdout] 
[INFO] [stdout] running 4 tests
[INFO] [stdout] test canonical_order_remains_the_compatibility_default ... ok
[INFO] [stdout] test flags_follow_keyed_attributes ... ok
[INFO] [stdout] test declaration_order_follows_rust_fields_at_each_structural_level ... ok
[INFO] [stdout] test lexicographical_order_sorts_all_named_fields ... ok
[INFO] [stdout] 
[INFO] [stdout] test result: ok. 4 passed; 0 failed; 0 ignored; 0 measured; 0 filtered out; finished in 0.01s
[INFO] [stdout] 
[INFO] [stderr]      Running tests/fragment_expansion_config.rs (/opt/rustwide/target/debug/build/kdl-config/41e8e41d856fe497/out/fragment_expansion_config-41e8e41d856fe497)
[INFO] [stdout] 
[INFO] [stdout] running 7 tests
[INFO] [stdout] test disabling_fragments_works_with_document_root_mode ... ok
[INFO] [stdout] test disabling_fragments_preserves_bare_from_for_typed_decode ... ok
[INFO] [stdout] test round_trip_and_fragment_aware_render_honor_disabled_fragments ... ok
[INFO] [stdout] test sigil_fragment_expansion_is_enabled_by_default_and_preserves_from ... ok
[INFO] [stdout] test layered_loader_honors_disabled_fragments_during_source_parse ... ok
[INFO] [stdout] test raw_parse_helpers_honor_fragment_config ... ok
[INFO] [stdout] test derive_attribute_disables_fragments_for_typed_entry_points ... ok
[INFO] [stdout] 
[INFO] [stdout] test result: ok. 7 passed; 0 failed; 0 ignored; 0 measured; 0 filtered out; finished in 0.03s
[INFO] [stdout] 
[INFO] [stderr]      Running tests/fragments.rs (/opt/rustwide/target/debug/build/kdl-config/bc803226221c9500/out/fragments-bc803226221c9500)
[INFO] [stdout] 
[INFO] [stdout] running 19 tests
[INFO] [stdout] test rejects_fragment_lookup_for_wrong_type_scope ... ok
[INFO] [stdout] test expands_fragments_inside_nested_nodes ... ok
[INFO] [stdout] test from_materializes_typed_fragment_at_top_level ... ok
[INFO] [stdout] test roundtrip_preserves_fragment_and_use_nodes ... ok
[INFO] [stdout] test rejects_annotation_style_fragment_definition ... ok
[INFO] [stdout] test fragment_aware_update_preserves_use_overrides ... ok
[INFO] [stdout] test expands_typed_fragments ... ok
[INFO] [stdout] test fragment_aware_update_preserves_use_attrs ... ok
[INFO] [stdout] test expands_use_overrides ... ok
[INFO] [stdout] test fragment_aware_update_emits_remove_override_for_single_use_deletion ... ok
[INFO] [stdout] test expands_use_attr_overrides ... ok
[INFO] [stdout] test expands_nested_use_from_fragment_body ... ok
[INFO] [stdout] test nested_fragment_recursion_reports_recursion_chain ... ok
[INFO] [stdout] test rejects_fragment_without_type_argument ... ok
[INFO] [stdout] test expands_use_flag_tokens_as_child_overrides ... ok
[INFO] [stdout] test fragment_aware_update_moves_change_into_fragment ... ok
[INFO] [stdout] test typed_fragment_header_defaults_apply_without_tilde_patch ... ok
[INFO] [stdout] test fragment_and_local_object_override_are_deep_merged ... ok
[INFO] [stdout] test typed_fragment_names_are_scoped_by_type ... ok
[INFO] [stdout] 
[INFO] [stdout] test result: ok. 19 passed; 0 failed; 0 ignored; 0 measured; 0 filtered out; finished in 0.04s
[INFO] [stdout] 
[INFO] [stderr]      Running tests/from_attr.rs (/opt/rustwide/target/debug/build/kdl-config/fe02ccfb052556dd/out/from_attr-fe02ccfb052556dd)
[INFO] [stdout] 
[INFO] [stdout] running 6 tests
[INFO] [stdout] test from_renders_back_to_string ... ok
[INFO] [stdout] test try_from_rejects_invalid_value ... ok
[INFO] [stderr]      Running tests/golden.rs (/opt/rustwide/target/debug/build/kdl-config/9f215fde54699778/out/golden-9f215fde54699778)
[INFO] [stdout] test from_parses_string_to_newtype ... ok
[INFO] [stdout] test from_parses_optional ... ok
[INFO] [stdout] test from_vec_parses_elements ... ok
[INFO] [stdout] test try_from_parses_valid_value ... ok
[INFO] [stdout] 
[INFO] [stdout] test result: ok. 6 passed; 0 failed; 0 ignored; 0 measured; 0 filtered out; finished in 0.01s
[INFO] [stdout] 
[INFO] [stdout] 
[INFO] [stdout] running 2 tests
[INFO] [stdout] test modifiers_are_preserved_in_raw_parse ... ok
[INFO] [stdout] test golden_kitchen_sink_roundtrip ... ok
[INFO] [stdout] 
[INFO] [stdout] test result: ok. 2 passed; 0 failed; 0 ignored; 0 measured; 0 filtered out; finished in 0.04s
[INFO] [stdout] 
[INFO] [stderr]      Running tests/helpers.rs (/opt/rustwide/target/debug/build/kdl-config/8722f189a5e1b689/out/helpers-8722f189a5e1b689)
[INFO] [stdout] 
[INFO] [stdout] running 5 tests
[INFO] [stdout] test resolve_scalar_first_last_append_behavior ... ok
[INFO] [stdout] test resolve_vec_append_behavior ... ok
[INFO] [stdout] test custom_flags_require_both_overrides ... ok
[INFO] [stderr]      Running tests/identifier.rs (/opt/rustwide/target/debug/build/kdl-config/8fe5713d3808ccf5/out/identifier-8fe5713d3808ccf5)
[INFO] [stdout] test both_flag_style_is_ambiguous_when_both_sets_present ... ok
[INFO] [stdout] test conflicting_flags_are_errors ... ok
[INFO] [stdout] 
[INFO] [stdout] test result: ok. 5 passed; 0 failed; 0 ignored; 0 measured; 0 filtered out; finished in 0.01s
[INFO] [stdout] 
[INFO] [stdout] 
[INFO] [stdout] running 8 tests
[INFO] [stdout] test identifier_registry_keys_render_bare ... ok
[INFO] [stdout] test identifier_registry_vec_keys_render_bare_in_declaration_order ... ok
[INFO] [stdout] test identifier_registry_roundtrip_updates_remove_key_quotes ... ok
[INFO] [stdout] test identifier_decodes_bare_or_quoted_but_rejects_non_identifiers ... ok
[INFO] [stdout] test lenient_identifier_registry_keys_choose_their_wire_syntax ... ok
[INFO] [stdout] test identifier_roundtrip_updates_remove_quotes ... ok
[INFO] [stdout] test identifier_renders_bare_in_every_scalar_shape ... ok
[INFO] [stdout] test lenient_identifier_uses_bare_or_quoted_syntax_as_needed ... ok
[INFO] [stdout] 
[INFO] [stdout] test result: ok. 8 passed; 0 failed; 0 ignored; 0 measured; 0 filtered out; finished in 0.02s
[INFO] [stdout] 
[INFO] [stderr]      Running tests/kdl_derive_test.rs (/opt/rustwide/target/debug/build/kdl-config/96905c552c7c3308/out/kdl_derive_test-96905c552c7c3308)
[INFO] [stdout] 
[INFO] [stdout] running 8 tests
[INFO] [stdout] test kdl_derive_union_schema_only_compiles ... ok
[INFO] [stdout] test kdl_derive_choice_parses_by_node_name ... ok
[INFO] [stderr]      Running tests/merge_and_partial_derive.rs (/opt/rustwide/target/debug/build/kdl-config/615d03e6ce12c358/out/merge_and_partial_derive-615d03e6ce12c358)
[INFO] [stdout] test kdl_node_alias_accepts_singular_repeated_children ... ok
[INFO] [stdout] test kdl_derive_node_accepts_validate_eq_style ... ok
[INFO] [stdout] test kdl_node_alias_accepts_plural_compact_child ... ok
[INFO] [stdout] test kdl_derive_node_accepts_validate_call_style ... ok
[INFO] [stdout] test kdl_derive_node_defaults_to_node_mode ... ok
[INFO] [stdout] test kdl_node_name_any_accepts_both_forms ... ok
[INFO] [stdout] 
[INFO] [stdout] test result: ok. 8 passed; 0 failed; 0 ignored; 0 measured; 0 filtered out; finished in 0.02s
[INFO] [stdout] 
[INFO] [stdout] 
[INFO] [stdout] running 3 tests
[INFO] [stdout] test kdl_merge_respects_field_policies ... ok
[INFO] [stdout] test kdl_partial_applies_option_overlay_to_base_type ... ok
[INFO] [stderr]      Running tests/merge_enum.rs (/opt/rustwide/target/debug/build/kdl-config/e2cbbf40725331d3/out/merge_enum-e2cbbf40725331d3)
[INFO] [stdout] test kdl_merge_supports_custom_merge_functions ... ok
[INFO] [stdout] 
[INFO] [stdout] test result: ok. 3 passed; 0 failed; 0 ignored; 0 measured; 0 filtered out; finished in 0.00s
[INFO] [stdout] 
[INFO] [stdout] 
[INFO] [stdout] running 2 tests
[INFO] [stdout] test enum_custom_func_is_honored ... ok
[INFO] [stderr]      Running tests/merge_props.rs (/opt/rustwide/target/debug/build/kdl-config/64465e37c4d1e3bd/out/merge_props-64465e37c4d1e3bd)
[INFO] [stdout] test enum_replaces_on_merge ... ok
[INFO] [stdout] 
[INFO] [stdout] test result: ok. 2 passed; 0 failed; 0 ignored; 0 measured; 0 filtered out; finished in 0.00s
[INFO] [stdout] 
[INFO] [stdout] 
[INFO] [stdout] running 3 tests
[INFO] [stdout] test merge_with_different_names_appends_child ... ok
[INFO] [stdout] test append_merge_preserves_child_count ... ok
[INFO] [stdout] test by_name_merge_dedupes_children ... ok
[INFO] [stdout] 
[INFO] [stdout] test result: ok. 3 passed; 0 failed; 0 ignored; 0 measured; 0 filtered out; finished in 0.14s
[INFO] [stdout] 
[INFO] [stderr]      Running tests/merge_skip.rs (/opt/rustwide/target/debug/build/kdl-config/e38898ca19adc596/out/merge_skip-e38898ca19adc596)
[INFO] [stdout] 
[INFO] [stdout] running 1 test
[INFO] [stdout] test skip_field_is_kept_from_self ... ok
[INFO] [stderr]      Running tests/parse_error_reporting.rs (/opt/rustwide/target/debug/build/kdl-config/63b0f6c5b2545bb2/out/parse_error_reporting-63b0f6c5b2545bb2)
[INFO] [stdout] 
[INFO] [stdout] test result: ok. 1 passed; 0 failed; 0 ignored; 0 measured; 0 filtered out; finished in 0.00s
[INFO] [stdout] 
[INFO] [stdout] 
[INFO] [stdout] running 4 tests
[INFO] [stdout] test parse_config_reports_kdl_diagnostics ... ok
[INFO] [stdout] test parse_str_roundtrip_reports_kdl_diagnostics ... ok
[INFO] [stdout] test parse_str_reports_kdl_diagnostics ... ok
[INFO] [stdout] test typed_error_paths_use_same_name_sibling_indexes ... ok
[INFO] [stdout] 
[INFO] [stdout] test result: ok. 4 passed; 0 failed; 0 ignored; 0 measured; 0 filtered out; finished in 0.02s
[INFO] [stdout] 
[INFO] [stderr]      Running tests/partial_autogen.rs (/opt/rustwide/target/debug/build/kdl-config/f57bce1fbaa5635d/out/partial_autogen-f57bce1fbaa5635d)
[INFO] [stdout] 
[INFO] [stdout] running 9 tests
[INFO] [stdout] test absent_root_is_identity ... ok
[INFO] [stdout] test nested_child_subfield_merges ... ok
[INFO] [stdout] test append_skip_whole_enum_optionvalue_merge_law ... ok
[INFO] [stdout] test built_in_identifier_newtypes_support_generated_partials ... ok
[INFO] [stderr]      Running tests/partial_compile_fail.rs (/opt/rustwide/target/debug/build/kdl-config/a37becce90dedca6/out/partial_compile_fail-a37becce90dedca6)
[INFO] [stdout] test flatten_recurses_subfield ... ok
[INFO] [stdout] test keyed_children_merge_in_place_and_preserve_base_order ... ok
[INFO] [stdout] test rename_all_carried_to_partial ... ok
[INFO] [stdout] test keyed_children_reject_unknown_and_duplicate_keys_within_one_layer ... ok
[INFO] [stdout] test nested_subfield_non_clobber ... ok
[INFO] [stdout] 
[INFO] [stdout] test result: ok. 9 passed; 0 failed; 0 ignored; 0 measured; 0 filtered out; finished in 0.01s
[INFO] [stdout] 
[INFO] [stdout] 
[INFO] [stdout] running 1 test
[INFO] [stderr] warning: unused workspace dependency `kdl-config`
[INFO] [stderr]   --> Cargo.toml:60:25
[INFO] [stderr]    |
[INFO] [stderr] 60 | [workspace.dependencies.kdl-config]
[INFO] [stderr]    |                         ^^^^^^^^^^
[INFO] [stderr]    |
[INFO] [stderr]    = note: `cargo::unused_workspace_dependencies` is set to `warn` by default
[INFO] [stderr] help: consider removing the workspace dependency `kdl-config`
[INFO] [stderr] warning: workspace (manifest) generated 1 warning
[INFO] [stderr] warning: `package.homepage` is redundant with `package.repository`
[INFO] [stderr]  --> /opt/rustwide/workdir/crates/kdl-config/Cargo.toml:9:5
[INFO] [stderr]   |
[INFO] [stderr] 8 |     repository.workspace = true
[INFO] [stderr]   |     ----------
[INFO] [stderr] 9 |     homepage.workspace   = true
[INFO] [stderr]   |     ^^^^^^^^
[INFO] [stderr]   |
[INFO] [stderr]   = note: `cargo::redundant_homepage` is set to `warn` by default
[INFO] [stderr] help: consider removing `package.homepage`
[INFO] [stderr] warning: `kdl-config` (manifest) generated 1 warning
[INFO] [stderr] warning: `package.homepage` is redundant with `package.repository`
[INFO] [stderr]  --> /opt/rustwide/workdir/crates/kdl-config-derive/Cargo.toml:9:5
[INFO] [stderr]   |
[INFO] [stderr] 8 |     repository.workspace = true
[INFO] [stderr]   |     ----------
[INFO] [stderr] 9 |     homepage.workspace   = true
[INFO] [stderr]   |     ^^^^^^^^
[INFO] [stderr]   |
[INFO] [stderr]   = note: `cargo::redundant_homepage` is set to `warn` by default
[INFO] [stderr] help: consider removing `package.homepage`
[INFO] [stderr] warning: `kdl-config-derive` (manifest) generated 1 warning
[INFO] [stderr]    Compiling autocfg v1.5.0
[INFO] [stderr]     Checking cfg-if v1.0.4
[INFO] [stderr]    Compiling libc v0.2.180
[INFO] [stderr]    Compiling getrandom v0.3.4
[INFO] [stderr]    Compiling proc-macro2 v1.0.106
[INFO] [stderr]    Compiling unicode-ident v1.0.22
[INFO] [stderr]    Compiling rustix v1.1.3
[INFO] [stderr]    Compiling quote v1.0.44
[INFO] [stderr]    Compiling zerocopy v0.8.38
[INFO] [stderr]     Checking memchr v2.7.6
[INFO] [stderr]     Checking regex-syntax v0.8.9
[INFO] [stderr]     Checking linux-raw-sys v0.11.0
[INFO] [stderr]     Checking bitflags v2.10.0
[INFO] [stderr]     Checking fastrand v2.3.0
[INFO] [stderr]     Checking unicode-width v0.1.14
[INFO] [stderr]     Checking once_cell v1.21.3
[INFO] [stderr]     Checking quick-error v1.2.3
[INFO] [stderr]     Checking bit-vec v0.8.0
[INFO] [stderr]     Checking winnow v0.6.24
[INFO] [stderr]     Checking miette v7.6.0
[INFO] [stderr]     Checking fnv v1.0.7
[INFO] [stderr]     Checking unarray v0.1.4
[INFO] [stderr]     Checking bit-set v0.8.0
[INFO] [stderr]    Compiling num-traits v0.2.19
[INFO] [stderr]     Checking aho-corasick v1.1.4
[INFO] [stderr]    Compiling syn v2.0.114
[INFO] [stderr]     Checking num-integer v0.1.46
[INFO] [stderr]     Checking num-complex v0.4.6
[INFO] [stderr]     Checking num-bigint v0.4.6
[INFO] [stderr]     Checking num-iter v0.1.45
[INFO] [stderr]     Checking regex-automata v0.4.14
[INFO] [stderr]     Checking wait-timeout v0.2.1
[INFO] [stderr]     Checking rand_core v0.9.5
[INFO] [stderr]     Checking rand v0.9.5
[INFO] [stderr]     Checking rand_xorshift v0.4.0
[INFO] [stderr]     Checking tempfile v3.24.0
[INFO] [stderr]     Checking rusty-fork v0.3.1
[INFO] [stderr]     Checking num-rational v0.4.2
[INFO] [stderr]     Checking num v0.4.3
[INFO] [stderr]     Checking kdl v6.5.0
[INFO] [stderr]     Checking regex v1.12.3
[INFO] [stderr]     Checking ppv-lite86 v0.2.21
[INFO] [stderr]     Checking rand_chacha v0.9.0
[INFO] [stderr]     Checking proptest v1.9.0
[INFO] [stderr]    Compiling kdl-config-derive v0.4.5 (/opt/rustwide/workdir/crates/kdl-config-derive)
[INFO] [stderr]     Checking kdl-config v0.4.5 (/opt/rustwide/workdir/crates/kdl-config)
[INFO] [stderr]     Checking kdl-config-tests v0.0.0 (/opt/rustwide/target/tests/trybuild/kdl-config)
[INFO] [stderr]     Finished `dev` profile [unoptimized + debuginfo] target(s) in 28.36s
[INFO] [stderr] 
[INFO] [stderr] 
[INFO] [stderr] test tests/ui/partial_children_vec.rs ... mismatch
[INFO] [stderr] 
[INFO] [stderr] EXPECTED:
[INFO] [stderr] ┈┈┈┈┈┈┈┈┈┈┈┈┈┈┈┈┈┈┈┈┈┈┈┈┈┈┈┈┈┈┈┈┈┈┈┈┈┈┈┈┈┈┈┈┈┈┈┈┈┈┈┈┈┈┈┈┈┈┈┈
[INFO] [stderr] error[E0277]: the trait bound `Item: PartialKey` is not satisfied
[INFO] [stderr]   --> tests/ui/partial_children_vec.rs:12:41
[INFO] [stderr]    |
[INFO] [stderr] 12 | #[derive(Clone, Default, Kdl, KdlMerge, KdlPartial)]
[INFO] [stderr]    |                                         ^^^^^^^^^^ unsatisfied trait bound
[INFO] [stderr]    |
[INFO] [stderr] help: the trait `PartialKey` is not implemented for `Item`
[INFO] [stderr]   --> tests/ui/partial_children_vec.rs:7:1
[INFO] [stderr]    |
[INFO] [stderr]  7 | struct Item {
[INFO] [stderr]    | ^^^^^^^^^^^
[INFO] [stderr] note: required by a bound in `merge_keyed_children`
[INFO] [stderr]   --> src/merge.rs
[INFO] [stderr]    |
[INFO] [stderr]    | pub fn merge_keyed_children<T, P>(
[INFO] [stderr]    |        -------------------- required by a bound in this function
[INFO] [stderr] ...
[INFO] [stderr]    |     T: DeepMerge + PartialKey,
[INFO] [stderr]    |                    ^^^^^^^^^^ required by this bound in `merge_keyed_children`
[INFO] [stderr]    = note: this error originates in the derive macro `KdlPartial` (in Nightly builds, run with -Z macro-backtrace for more info)
[INFO] [stderr] 
[INFO] [stderr] error[E0277]: the trait bound `ItemPartial: PartialKey` is not satisfied
[INFO] [stderr]   --> tests/ui/partial_children_vec.rs:12:41
[INFO] [stderr]    |
[INFO] [stderr] 12 | #[derive(Clone, Default, Kdl, KdlMerge, KdlPartial)]
[INFO] [stderr]    |                                         ^^^^^^^^^^ unsatisfied trait bound
[INFO] [stderr]    |
[INFO] [stderr] help: the trait `PartialKey` is not implemented for `ItemPartial`
[INFO] [stderr]   --> tests/ui/partial_children_vec.rs:6:41
[INFO] [stderr]    |
[INFO] [stderr]  6 | #[derive(Clone, Default, Kdl, KdlMerge, KdlPartial)]
[INFO] [stderr]    |                                         ^^^^^^^^^^
[INFO] [stderr] note: required by a bound in `merge_keyed_children`
[INFO] [stderr]   --> src/merge.rs
[INFO] [stderr]    |
[INFO] [stderr]    | pub fn merge_keyed_children<T, P>(
[INFO] [stderr]    |        -------------------- required by a bound in this function
[INFO] [stderr] ...
[INFO] [stderr]    |     P: PartialConfig<T> + PartialKey<Key = T::Key>,
[INFO] [stderr]    |                           ^^^^^^^^^^^^^^^^^^^^^^^^ required by this bound in `merge_keyed_children`
[INFO] [stderr]    = note: this error originates in the derive macro `KdlPartial` (in Nightly builds, run with -Z macro-backtrace for more info)
[INFO] [stderr] ┈┈┈┈┈┈┈┈┈┈┈┈┈┈┈┈┈┈┈┈┈┈┈┈┈┈┈┈┈┈┈┈┈┈┈┈┈┈┈┈┈┈┈┈┈┈┈┈┈┈┈┈┈┈┈┈┈┈┈┈
[INFO] [stderr] 
[INFO] [stderr] ACTUAL OUTPUT:
[INFO] [stderr] ┈┈┈┈┈┈┈┈┈┈┈┈┈┈┈┈┈┈┈┈┈┈┈┈┈┈┈┈┈┈┈┈┈┈┈┈┈┈┈┈┈┈┈┈┈┈┈┈┈┈┈┈┈┈┈┈┈┈┈┈
[INFO] [stderr] error[E0277]: the trait bound `Item: PartialKey` is not satisfied
[INFO] [stderr]   --> tests/ui/partial_children_vec.rs:12:41
[INFO] [stderr]    |
[INFO] [stderr] 12 | #[derive(Clone, Default, Kdl, KdlMerge, KdlPartial)]
[INFO] [stderr]    |                                         ^^^^^^^^^^ unsatisfied trait bound
[INFO] [stderr]    |
[INFO] [stderr] help: the trait `PartialKey` is not implemented for `Item`
[INFO] [stderr]   --> tests/ui/partial_children_vec.rs:7:1
[INFO] [stderr]    |
[INFO] [stderr]  7 | struct Item {
[INFO] [stderr]    | ^^^^^^^^^^^
[INFO] [stderr] note: required by a bound in `merge_keyed_children`
[INFO] [stderr]   --> src/merge.rs
[INFO] [stderr]    |
[INFO] [stderr]    | pub fn merge_keyed_children<T, P>(
[INFO] [stderr] ...
[INFO] [stderr]    |     T: DeepMerge + PartialKey,
[INFO] [stderr]    |                    ^^^^^^^^^^ required by this bound in `merge_keyed_children`
[INFO] [stderr]    = note: this error originates in the derive macro `KdlPartial` (in Nightly builds, run with -Z macro-backtrace for more info)
[INFO] [stderr] 
[INFO] [stderr] error[E0277]: the trait bound `ItemPartial: PartialKey` is not satisfied
[INFO] [stderr]   --> tests/ui/partial_children_vec.rs:12:41
[INFO] [stderr]    |
[INFO] [stderr] 12 | #[derive(Clone, Default, Kdl, KdlMerge, KdlPartial)]
[INFO] [stderr]    |                                         ^^^^^^^^^^ unsatisfied trait bound
[INFO] [stderr]    |
[INFO] [stderr] help: the trait `PartialKey` is not implemented for `ItemPartial`
[INFO] [stderr]   --> tests/ui/partial_children_vec.rs:6:41
[INFO] [stderr]    |
[INFO] [stderr]  6 | #[derive(Clone, Default, Kdl, KdlMerge, KdlPartial)]
[INFO] [stderr]    |                                         ^^^^^^^^^^
[INFO] [stderr] note: required by a bound in `merge_keyed_children`
[INFO] [stderr]   --> src/merge.rs
[INFO] [stderr]    |
[INFO] [stderr]    | pub fn merge_keyed_children<T, P>(
[INFO] [stderr] ...
[INFO] [stderr]    |     P: PartialConfig<T> + PartialKey<Key = T::Key>,
[INFO] [stderr]    |                           ^^^^^^^^^^^^^^^^^^^^^^^^ required by this bound in `merge_keyed_children`
[INFO] [stderr]    = note: this error originates in the derive macro `KdlPartial` (in Nightly builds, run with -Z macro-backtrace for more info)
[INFO] [stderr] ┈┈┈┈┈┈┈┈┈┈┈┈┈┈┈┈┈┈┈┈┈┈┈┈┈┈┈┈┈┈┈┈┈┈┈┈┈┈┈┈┈┈┈┈┈┈┈┈┈┈┈┈┈┈┈┈┈┈┈┈
[INFO] [stderr] note: If the actual output is the correct output you can bless it by rerunning
[INFO] [stderr]       your test with the environment variable TRYBUILD=overwrite
[INFO] [stderr] 
[INFO] [stderr] test tests/ui/partial_modifier.rs ... ok
[INFO] [stderr] test tests/ui/partial_registry_vec.rs ... ok
[INFO] [stderr] 
[INFO] [stderr] 
[INFO] [stdout] test ui ... FAILED
[INFO] [stdout] 
[INFO] [stdout] failures:
[INFO] [stdout] 
[INFO] [stdout] ---- ui stdout ----
[INFO] [stdout] 
[INFO] [stdout] thread 'ui' (2708) panicked at /opt/rustwide/cargo-home/registry/src/index.crates.io-1949cf8c6b5b557f/trybuild-1.0.115/src/run.rs:102:13:
[INFO] [stdout] 1 of 3 tests failed
[INFO] [stdout] stack backtrace:
[INFO] [stdout]    0:     0x5869b0b30631 - std[617be2ca0a6fd877]::backtrace_rs::backtrace::libunwind::trace
[INFO] [stdout]                                at /rustc/e3feeb59cd1bdd011a2bfcc0747b55125d9b8527/library/std/src/../../backtrace/src/backtrace/libunwind.rs:117:9
[INFO] [stdout]    1:     0x5869b0b30631 - std[617be2ca0a6fd877]::backtrace_rs::backtrace::trace_unsynchronized::<std[617be2ca0a6fd877]::sys::backtrace::_print_fmt::{closure#1}>
[INFO] [stdout]                                at /rustc/e3feeb59cd1bdd011a2bfcc0747b55125d9b8527/library/std/src/../../backtrace/src/backtrace/mod.rs:66:14
[INFO] [stdout]    2:     0x5869b0b30631 - std[617be2ca0a6fd877]::sys::backtrace::_print_fmt
[INFO] [stdout]                                at /rustc/e3feeb59cd1bdd011a2bfcc0747b55125d9b8527/library/std/src/sys/backtrace.rs:74:9
[INFO] [stdout]    3:     0x5869b0b30631 - <<std[617be2ca0a6fd877]::sys::backtrace::BacktraceLock>::print::DisplayBacktrace as core[a373ad73a504971]::fmt::Display>::fmt
[INFO] [stdout]                                at /rustc/e3feeb59cd1bdd011a2bfcc0747b55125d9b8527/library/std/src/sys/backtrace.rs:44:26
[INFO] [stdout]    4:     0x5869b0b46b2a - <core[a373ad73a504971]::fmt::rt::Argument>::fmt
[INFO] [stdout]                                at /rustc/e3feeb59cd1bdd011a2bfcc0747b55125d9b8527/library/core/src/fmt/rt.rs:152:76
[INFO] [stdout]    5:     0x5869b0b46b2a - core[a373ad73a504971]::fmt::write
[INFO] [stdout]    6:     0x5869b0b34f2c - core[a373ad73a504971]::io::write::default_write_fmt::<alloc[2e1b2a31b91974c5]::vec::Vec<u8>>
[INFO] [stdout]                                at /rustc/e3feeb59cd1bdd011a2bfcc0747b55125d9b8527/library/core/src/io/write.rs:402:11
[INFO] [stdout]    7:     0x5869b0b34f2c - <alloc[2e1b2a31b91974c5]::vec::Vec<u8> as core[a373ad73a504971]::io::write::Write>::write_fmt
[INFO] [stdout]                                at /rustc/e3feeb59cd1bdd011a2bfcc0747b55125d9b8527/library/core/src/io/write.rs:335:13
[INFO] [stdout]    8:     0x5869b0b09a96 - <std[617be2ca0a6fd877]::sys::backtrace::BacktraceLock>::print
[INFO] [stdout]                                at /rustc/e3feeb59cd1bdd011a2bfcc0747b55125d9b8527/library/std/src/sys/backtrace.rs:47:9
[INFO] [stdout]    9:     0x5869b0b09a96 - std[617be2ca0a6fd877]::panicking::default_hook::{closure#0}
[INFO] [stdout]                                at /rustc/e3feeb59cd1bdd011a2bfcc0747b55125d9b8527/library/std/src/panicking.rs:289:27
[INFO] [stdout]   10:     0x5869b0b27bd9 - std[617be2ca0a6fd877]::panicking::default_hook
[INFO] [stdout]                                at /rustc/e3feeb59cd1bdd011a2bfcc0747b55125d9b8527/library/std/src/panicking.rs:313:9
[INFO] [stdout]   11:     0x5869b0ac1180 - <alloc[2e1b2a31b91974c5]::boxed::Box<dyn for<'a, 'b> core[a373ad73a504971]::ops::function::Fn<(&'a std[617be2ca0a6fd877]::panic::PanicHookInfo<'b>,), Output = ()> + core[a373ad73a504971]::marker::Sync + core[a373ad73a504971]::marker::Send> as core[a373ad73a504971]::ops::function::Fn<(&std[617be2ca0a6fd877]::panic::PanicHookInfo,)>>::call
[INFO] [stdout]                                at /rustc/e3feeb59cd1bdd011a2bfcc0747b55125d9b8527/library/alloc/src/boxed.rs:2328:9
[INFO] [stdout]   12:     0x5869b0ac1180 - test[aada8e7e76ba119b]::test_main_inner::{closure#0}
[INFO] [stdout]                                at /rustc/e3feeb59cd1bdd011a2bfcc0747b55125d9b8527/library/test/src/lib.rs:137:21
[INFO] [stdout]   13:     0x5869b0b27d92 - <alloc[2e1b2a31b91974c5]::boxed::Box<dyn for<'a, 'b> core[a373ad73a504971]::ops::function::Fn<(&'a std[617be2ca0a6fd877]::panic::PanicHookInfo<'b>,), Output = ()> + core[a373ad73a504971]::marker::Sync + core[a373ad73a504971]::marker::Send> as core[a373ad73a504971]::ops::function::Fn<(&std[617be2ca0a6fd877]::panic::PanicHookInfo,)>>::call
[INFO] [stdout]                                at /rustc/e3feeb59cd1bdd011a2bfcc0747b55125d9b8527/library/alloc/src/boxed.rs:2328:9
[INFO] [stdout]   14:     0x5869b0b27d92 - std[617be2ca0a6fd877]::panicking::panic_with_hook
[INFO] [stdout]                                at /rustc/e3feeb59cd1bdd011a2bfcc0747b55125d9b8527/library/std/src/panicking.rs:819:13
[INFO] [stdout]   15:     0x5869b0b09b42 - std[617be2ca0a6fd877]::panicking::panic_handler::{closure#0}
[INFO] [stdout]                                at /rustc/e3feeb59cd1bdd011a2bfcc0747b55125d9b8527/library/std/src/panicking.rs:685:13
[INFO] [stdout]   16:     0x5869b0b02369 - std[617be2ca0a6fd877]::sys::backtrace::__rust_end_short_backtrace::<std[617be2ca0a6fd877]::panicking::panic_handler::{closure#0}, !>
[INFO] [stdout]                                at /rustc/e3feeb59cd1bdd011a2bfcc0747b55125d9b8527/library/std/src/sys/backtrace.rs:182:18
[INFO] [stdout]   17:     0x5869b0b0a74d - __rustc[ea4f61d10b84890b]::rust_begin_unwind
[INFO] [stdout]                                at /rustc/e3feeb59cd1bdd011a2bfcc0747b55125d9b8527/library/std/src/panicking.rs:676:5
[INFO] [stdout]   18:     0x5869b0b4731c - core[a373ad73a504971]::panicking::panic_fmt
[INFO] [stdout]                                at /rustc/e3feeb59cd1bdd011a2bfcc0747b55125d9b8527/library/core/src/panicking.rs:80:14
[INFO] [stdout]   19:     0x5869b0972c24 - <trybuild[73c50145e775934d]::Runner>::run
[INFO] [stdout]                                at /opt/rustwide/cargo-home/registry/src/index.crates.io-1949cf8c6b5b557f/trybuild-1.0.115/src/run.rs:102:13
[INFO] [stdout]   20:     0x5869b097f7f8 - <trybuild[73c50145e775934d]::TestCases as core[a373ad73a504971]::ops::drop::Drop>::drop
[INFO] [stdout]                                at /opt/rustwide/cargo-home/registry/src/index.crates.io-1949cf8c6b5b557f/trybuild-1.0.115/src/lib.rs:342:38
[INFO] [stdout]   21:     0x5869b0898fb7 - core[a373ad73a504971]::ptr::drop_glue::<trybuild[73c50145e775934d]::TestCases>
[INFO] [stdout]                                at /rustc/e3feeb59cd1bdd011a2bfcc0747b55125d9b8527/library/core/src/ptr/mod.rs:848:1
[INFO] [stdout]   22:     0x5869b08991c3 - partial_compile_fail[4dcbeb9466c31355]::ui
[INFO] [stdout]                                at /opt/rustwide/workdir/crates/kdl-config/tests/partial_compile_fail.rs:15:1
[INFO] [stdout]   23:     0x5869b0899117 - partial_compile_fail[4dcbeb9466c31355]::ui::{closure#0}
[INFO] [stdout]                                at /opt/rustwide/workdir/crates/kdl-config/tests/partial_compile_fail.rs:12:8
[INFO] [stdout]   24:     0x5869b0899626 - <partial_compile_fail[4dcbeb9466c31355]::ui::{closure#0} as core[a373ad73a504971]::ops::function::FnOnce<()>>::call_once
[INFO] [stdout]                                at /rustc/e3feeb59cd1bdd011a2bfcc0747b55125d9b8527/library/core/src/ops/function.rs:250:5
[INFO] [stdout]   25:     0x5869b0ab45cb - <fn() -> core[a373ad73a504971]::result::Result<(), alloc[2e1b2a31b91974c5]::string::String> as core[a373ad73a504971]::ops::function::FnOnce<()>>::call_once
[INFO] [stdout]                                at /rustc/e3feeb59cd1bdd011a2bfcc0747b55125d9b8527/library/core/src/ops/function.rs:250:5
[INFO] [stdout]   26:     0x5869b0ab45cb - test[aada8e7e76ba119b]::__rust_begin_short_backtrace::<core[a373ad73a504971]::result::Result<(), alloc[2e1b2a31b91974c5]::string::String>, fn() -> core[a373ad73a504971]::result::Result<(), alloc[2e1b2a31b91974c5]::string::String>>
[INFO] [stdout]                                at /rustc/e3feeb59cd1bdd011a2bfcc0747b55125d9b8527/library/test/src/lib.rs:701:18
[INFO] [stdout]   27:     0x5869b0ac17a5 - test[aada8e7e76ba119b]::run_test_in_process::{closure#0}
[INFO] [stdout]                                at /rustc/e3feeb59cd1bdd011a2bfcc0747b55125d9b8527/library/test/src/lib.rs:724:74
[INFO] [stdout]   28:     0x5869b0ac17a5 - <core[a373ad73a504971]::panic::unwind_safe::AssertUnwindSafe<test[aada8e7e76ba119b]::run_test_in_process::{closure#0}> as core[a373ad73a504971]::ops::function::FnOnce<()>>::call_once
[INFO] [stdout]                                at /rustc/e3feeb59cd1bdd011a2bfcc0747b55125d9b8527/library/core/src/panic/unwind_safe.rs:275:9
[INFO] [stdout]   29:     0x5869b0ac17a5 - std[617be2ca0a6fd877]::panicking::catch_unwind::do_call::<core[a373ad73a504971]::panic::unwind_safe::AssertUnwindSafe<test[aada8e7e76ba119b]::run_test_in_process::{closure#0}>, core[a373ad73a504971]::result::Result<(), alloc[2e1b2a31b91974c5]::string::String>>
[INFO] [stdout]                                at /rustc/e3feeb59cd1bdd011a2bfcc0747b55125d9b8527/library/std/src/panicking.rs:573:43
[INFO] [stdout]   30:     0x5869b0ac17a5 - std[617be2ca0a6fd877]::panicking::catch_unwind::<core[a373ad73a504971]::result::Result<(), alloc[2e1b2a31b91974c5]::string::String>, core[a373ad73a504971]::panic::unwind_safe::AssertUnwindSafe<test[aada8e7e76ba119b]::run_test_in_process::{closure#0}>>
[INFO] [stdout]                                at /rustc/e3feeb59cd1bdd011a2bfcc0747b55125d9b8527/library/std/src/panicking.rs:541:19
[INFO] [stdout]   31:     0x5869b0ac17a5 - std[617be2ca0a6fd877]::panic::catch_unwind::<core[a373ad73a504971]::panic::unwind_safe::AssertUnwindSafe<test[aada8e7e76ba119b]::run_test_in_process::{closure#0}>, core[a373ad73a504971]::result::Result<(), alloc[2e1b2a31b91974c5]::string::String>>
[INFO] [stdout]                                at /rustc/e3feeb59cd1bdd011a2bfcc0747b55125d9b8527/library/std/src/panic.rs:359:14
[INFO] [stdout]   32:     0x5869b0ac17a5 - test[aada8e7e76ba119b]::run_test_in_process
[INFO] [stdout]                                at /rustc/e3feeb59cd1bdd011a2bfcc0747b55125d9b8527/library/test/src/lib.rs:724:27
[INFO] [stdout]   33:     0x5869b0ac17a5 - test[aada8e7e76ba119b]::run_test::{closure#0}
[INFO] [stdout]                                at /rustc/e3feeb59cd1bdd011a2bfcc0747b55125d9b8527/library/test/src/lib.rs:645:43
[INFO] [stdout]   34:     0x5869b0abb094 - test[aada8e7e76ba119b]::run_test::{closure#1}
[INFO] [stdout]                                at /rustc/e3feeb59cd1bdd011a2bfcc0747b55125d9b8527/library/test/src/lib.rs:675:41
[INFO] [stdout]   35:     0x5869b0abb094 - std[617be2ca0a6fd877]::sys::backtrace::__rust_begin_short_backtrace::<test[aada8e7e76ba119b]::run_test::{closure#1}, ()>
[INFO] [stdout]                                at /rustc/e3feeb59cd1bdd011a2bfcc0747b55125d9b8527/library/std/src/sys/backtrace.rs:166:18
[INFO] [stdout]   36:     0x5869b0ac4832 - std[617be2ca0a6fd877]::thread::lifecycle::spawn_unchecked::<test[aada8e7e76ba119b]::run_test::{closure#1}, ()>::{closure#1}::{closure#0}
[INFO] [stdout]                                at /rustc/e3feeb59cd1bdd011a2bfcc0747b55125d9b8527/library/std/src/thread/lifecycle.rs:70:13
[INFO] [stdout]   37:     0x5869b0ac4832 - <core[a373ad73a504971]::panic::unwind_safe::AssertUnwindSafe<std[617be2ca0a6fd877]::thread::lifecycle::spawn_unchecked<test[aada8e7e76ba119b]::run_test::{closure#1}, ()>::{closure#1}::{closure#0}> as core[a373ad73a504971]::ops::function::FnOnce<()>>::call_once
[INFO] [stdout]                                at /rustc/e3feeb59cd1bdd011a2bfcc0747b55125d9b8527/library/core/src/panic/unwind_safe.rs:275:9
[INFO] [stdout]   38:     0x5869b0ac4832 - std[617be2ca0a6fd877]::panicking::catch_unwind::do_call::<core[a373ad73a504971]::panic::unwind_safe::AssertUnwindSafe<std[617be2ca0a6fd877]::thread::lifecycle::spawn_unchecked<test[aada8e7e76ba119b]::run_test::{closure#1}, ()>::{closure#1}::{closure#0}>, ()>
[INFO] [stdout]                                at /rustc/e3feeb59cd1bdd011a2bfcc0747b55125d9b8527/library/std/src/panicking.rs:573:43
[INFO] [stdout]   39:     0x5869b0ac4832 - std[617be2ca0a6fd877]::panicking::catch_unwind::<(), core[a373ad73a504971]::panic::unwind_safe::AssertUnwindSafe<std[617be2ca0a6fd877]::thread::lifecycle::spawn_unchecked<test[aada8e7e76ba119b]::run_test::{closure#1}, ()>::{closure#1}::{closure#0}>>
[INFO] [stdout]                                at /rustc/e3feeb59cd1bdd011a2bfcc0747b55125d9b8527/library/std/src/panicking.rs:541:19
[INFO] [stdout]   40:     0x5869b0ac4832 - std[617be2ca0a6fd877]::panic::catch_unwind::<core[a373ad73a504971]::panic::unwind_safe::AssertUnwindSafe<std[617be2ca0a6fd877]::thread::lifecycle::spawn_unchecked<test[aada8e7e76ba119b]::run_test::{closure#1}, ()>::{closure#1}::{closure#0}>, ()>
[INFO] [stdout]                                at /rustc/e3feeb59cd1bdd011a2bfcc0747b55125d9b8527/library/std/src/panic.rs:359:14
[INFO] [stdout]   41:     0x5869b0ac4832 - std[617be2ca0a6fd877]::thread::lifecycle::spawn_unchecked::<test[aada8e7e76ba119b]::run_test::{closure#1}, ()>::{closure#1}
[INFO] [stdout]                                at /rustc/e3feeb59cd1bdd011a2bfcc0747b55125d9b8527/library/std/src/thread/lifecycle.rs:68:26
[INFO] [stdout]   42:     0x5869b0ac4832 - <std[617be2ca0a6fd877]::thread::lifecycle::spawn_unchecked<test[aada8e7e76ba119b]::run_test::{closure#1}, ()>::{closure#1} as core[a373ad73a504971]::ops::function::FnOnce<()>>::call_once::{shim:vtable#0}
[INFO] [stdout]                                at /rustc/e3feeb59cd1bdd011a2bfcc0747b55125d9b8527/library/core/src/ops/function.rs:250:5
[INFO] [stdout]   43:     0x5869b0b2f88f - <alloc[2e1b2a31b91974c5]::boxed::Box<dyn core[a373ad73a504971]::ops::function::FnOnce<(), Output = ()> + core[a373ad73a504971]::marker::Send> as core[a373ad73a504971]::ops::function::FnOnce<()>>::call_once
[INFO] [stdout]                                at /rustc/e3feeb59cd1bdd011a2bfcc0747b55125d9b8527/library/alloc/src/boxed.rs:2314:9
[INFO] [stdout]   44:     0x5869b0b2f88f - <std[617be2ca0a6fd877]::sys::thread::unix::Thread>::new::thread_start
[INFO] [stdout]                                at /rustc/e3feeb59cd1bdd011a2bfcc0747b55125d9b8527/library/std/src/sys/thread/unix.rs:127:17
[INFO] [stdout]   45:     0x7f2490fccdfa - <unknown>
[INFO] [stdout]   46:     0x7f24910603d4 - clone
[INFO] [stdout]   47:                0x0 - <unknown>
[INFO] [stdout] 
[INFO] [stdout] 
[INFO] [stdout] failures:
[INFO] [stdout]     ui
[INFO] [stdout] 
[INFO] [stdout] test result: FAILED. 0 passed; 1 failed; 0 ignored; 0 measured; 0 filtered out; finished in 44.72s
[INFO] [stdout] 
[INFO] [stderr] error: test failed, to rerun pass `-p kdl-config --test partial_compile_fail`
[INFO] running `Command { std: "docker" "inspect" "6b98d5b2d7fe67f1474c5fdd1a315131528a72be28f22b674322ac0525e184ae", kill_on_drop: false }`
[INFO] running `Command { std: "docker" "rm" "-f" "6b98d5b2d7fe67f1474c5fdd1a315131528a72be28f22b674322ac0525e184ae", kill_on_drop: false }`
[INFO] [stdout] 6b98d5b2d7fe67f1474c5fdd1a315131528a72be28f22b674322ac0525e184ae
