[INFO] cloning repository https://github.com/Tuntii/KayaDB
[INFO] running `Command { std: "git" "-c" "credential.helper=" "-c" "credential.helper=/workspace/cargo-home/bin/git-credential-null" "clone" "--bare" "https://github.com/Tuntii/KayaDB" "/workspace/cache/git-repos/https%3A%2F%2Fgithub.com%2FTuntii%2FKayaDB", kill_on_drop: false }`
[INFO] [stderr] Cloning into bare repository '/workspace/cache/git-repos/https%3A%2F%2Fgithub.com%2FTuntii%2FKayaDB'...
[INFO] running `Command { std: "git" "rev-parse" "HEAD", kill_on_drop: false }`
[INFO] [stdout] 1584ffb9d2852b73e5f37f886b5ee76af043d1b2
[INFO] testing Tuntii/KayaDB against 1.100.0-beta.1 for beta-1.100-2
[INFO] running `Command { std: "git" "clone" "/workspace/cache/git-repos/https%3A%2F%2Fgithub.com%2FTuntii%2FKayaDB" "/workspace/builds/worker-2-tc2/source", kill_on_drop: false }`
[INFO] [stderr] Cloning into '/workspace/builds/worker-2-tc2/source'...
[INFO] [stderr] done.
[INFO] removed /workspace/builds/worker-2-tc2/source/rust-toolchain.toml
[INFO] started tweaking git repo https://github.com/Tuntii/KayaDB
[INFO] finished tweaking git repo https://github.com/Tuntii/KayaDB
[INFO] tweaked toml for git repo https://github.com/Tuntii/KayaDB written to /workspace/builds/worker-2-tc2/source/Cargo.toml
[INFO] validating manifest of git repo https://github.com/Tuntii/KayaDB on toolchain 1.100.0-beta.1
[INFO] running `Command { std: CARGO_HOME="/workspace/cargo-home" RUSTUP_HOME="/workspace/rustup-home" "/workspace/cargo-home/bin/cargo" "+1.100.0-beta.1" "metadata" "--manifest-path" "Cargo.toml" "--no-deps", kill_on_drop: false }`
[INFO] crate git repo https://github.com/Tuntii/KayaDB already has a lockfile, it will not be regenerated
[INFO] running `Command { std: CARGO_HOME="/workspace/cargo-home" RUSTUP_HOME="/workspace/rustup-home" "/workspace/cargo-home/bin/cargo" "+1.100.0-beta.1" "fetch" "--manifest-path" "Cargo.toml", kill_on_drop: false }`
[INFO] [stderr] warning: unused field `description` in `workspace.package`
[INFO] [stderr]   --> Cargo.toml:54:1
[INFO] [stderr]    |
[INFO] [stderr] 54 | description = "Correctness-first, inspectable, embeddable storage engine with deterministic fault injection, LSM-tree storage, and R...
[INFO] [stderr]    | ^^^^^^^^^^^
[INFO] [stderr]    |
[INFO] [stderr]    = note: `cargo::unused_workspace_package_fields` is set to `warn` by default
[INFO] [stderr] help: consider removing the field `workspace.package.description`
[INFO] [stderr] warning: workspace (manifest) generated 1 warning
[INFO] [stderr] warning: `package.homepage` is redundant with `package.repository`
[INFO] [stderr]  --> crates/kaya-ebpf/Cargo.toml:8:1
[INFO] [stderr]   |
[INFO] [stderr] 7 | repository.workspace = true
[INFO] [stderr]   | ----------
[INFO] [stderr] 8 | homepage.workspace = true
[INFO] [stderr]   | ^^^^^^^^
[INFO] [stderr]   |
[INFO] [stderr]   = note: `cargo::redundant_homepage` is set to `warn` by default
[INFO] [stderr] help: consider removing `package.homepage`
[INFO] [stderr] warning: `kaya-ebpf` (manifest) generated 1 warning
[INFO] [stderr] warning: `package.homepage` is redundant with `package.repository`
[INFO] [stderr]  --> crates/kaya-io/Cargo.toml:8:1
[INFO] [stderr]   |
[INFO] [stderr] 7 | repository.workspace = true
[INFO] [stderr]   | ----------
[INFO] [stderr] 8 | homepage.workspace = true
[INFO] [stderr]   | ^^^^^^^^
[INFO] [stderr]   |
[INFO] [stderr]   = note: `cargo::redundant_homepage` is set to `warn` by default
[INFO] [stderr] help: consider removing `package.homepage`
[INFO] [stderr] warning: `kaya-io` (manifest) generated 1 warning
[INFO] [stderr] warning: `package.homepage` is redundant with `package.repository`
[INFO] [stderr]  --> crates/kaya-wal/Cargo.toml:8:1
[INFO] [stderr]   |
[INFO] [stderr] 7 | repository.workspace = true
[INFO] [stderr]   | ----------
[INFO] [stderr] 8 | homepage.workspace = true
[INFO] [stderr]   | ^^^^^^^^
[INFO] [stderr]   |
[INFO] [stderr]   = note: `cargo::redundant_homepage` is set to `warn` by default
[INFO] [stderr] help: consider removing `package.homepage`
[INFO] [stderr] warning: `kaya-wal` (manifest) generated 1 warning
[INFO] [stderr] warning: `package.homepage` is redundant with `package.repository`
[INFO] [stderr]  --> crates/kaya-core/Cargo.toml:8:1
[INFO] [stderr]   |
[INFO] [stderr] 7 | repository.workspace = true
[INFO] [stderr]   | ----------
[INFO] [stderr] 8 | homepage.workspace = true
[INFO] [stderr]   | ^^^^^^^^
[INFO] [stderr]   |
[INFO] [stderr]   = note: `cargo::redundant_homepage` is set to `warn` by default
[INFO] [stderr] help: consider removing `package.homepage`
[INFO] [stderr] warning: `kaya-core` (manifest) generated 1 warning
[INFO] [stderr] warning: `package.homepage` is redundant with `package.repository`
[INFO] [stderr]  --> crates/kaya-server/Cargo.toml:8:1
[INFO] [stderr]   |
[INFO] [stderr] 7 | repository.workspace = true
[INFO] [stderr]   | ----------
[INFO] [stderr] 8 | homepage.workspace = true
[INFO] [stderr]   | ^^^^^^^^
[INFO] [stderr]   |
[INFO] [stderr]   = note: `cargo::redundant_homepage` is set to `warn` by default
[INFO] [stderr] help: consider removing `package.homepage`
[INFO] [stderr] warning: `kaya-server` (manifest) generated 1 warning
[INFO] [stderr] warning: `package.homepage` is redundant with `package.repository`
[INFO] [stderr]  --> crates/kaya-client/Cargo.toml:8:1
[INFO] [stderr]   |
[INFO] [stderr] 7 | repository.workspace = true
[INFO] [stderr]   | ----------
[INFO] [stderr] 8 | homepage.workspace = true
[INFO] [stderr]   | ^^^^^^^^
[INFO] [stderr]   |
[INFO] [stderr]   = note: `cargo::redundant_homepage` is set to `warn` by default
[INFO] [stderr] help: consider removing `package.homepage`
[INFO] [stderr] warning: `kaya-client` (manifest) generated 1 warning
[INFO] [stderr] warning: `package.homepage` is redundant with `package.repository`
[INFO] [stderr]  --> crates/kaya-net/Cargo.toml:8:1
[INFO] [stderr]   |
[INFO] [stderr] 7 | repository.workspace = true
[INFO] [stderr]   | ----------
[INFO] [stderr] 8 | homepage.workspace = true
[INFO] [stderr]   | ^^^^^^^^
[INFO] [stderr]   |
[INFO] [stderr]   = note: `cargo::redundant_homepage` is set to `warn` by default
[INFO] [stderr] help: consider removing `package.homepage`
[INFO] [stderr] warning: `kaya-net` (manifest) generated 1 warning
[INFO] [stderr] warning: `package.homepage` is redundant with `package.repository`
[INFO] [stderr]  --> crates/kaya-raft/Cargo.toml:8:1
[INFO] [stderr]   |
[INFO] [stderr] 7 | repository.workspace = true
[INFO] [stderr]   | ----------
[INFO] [stderr] 8 | homepage.workspace = true
[INFO] [stderr]   | ^^^^^^^^
[INFO] [stderr]   |
[INFO] [stderr]   = note: `cargo::redundant_homepage` is set to `warn` by default
[INFO] [stderr] help: consider removing `package.homepage`
[INFO] [stderr] warning: `kaya-raft` (manifest) generated 1 warning
[INFO] [stderr] warning: `package.homepage` is redundant with `package.repository`
[INFO] [stderr]  --> crates/kaya-engine/Cargo.toml:8:1
[INFO] [stderr]   |
[INFO] [stderr] 7 | repository.workspace = true
[INFO] [stderr]   | ----------
[INFO] [stderr] 8 | homepage.workspace = true
[INFO] [stderr]   | ^^^^^^^^
[INFO] [stderr]   |
[INFO] [stderr]   = note: `cargo::redundant_homepage` is set to `warn` by default
[INFO] [stderr] help: consider removing `package.homepage`
[INFO] [stderr] warning: `kaya-engine` (manifest) generated 1 warning
[INFO] [stderr] warning: `package.homepage` is redundant with `package.repository`
[INFO] [stderr]  --> crates/kaya-lsm/Cargo.toml:8:1
[INFO] [stderr]   |
[INFO] [stderr] 7 | repository.workspace = true
[INFO] [stderr]   | ----------
[INFO] [stderr] 8 | homepage.workspace = true
[INFO] [stderr]   | ^^^^^^^^
[INFO] [stderr]   |
[INFO] [stderr]   = note: `cargo::redundant_homepage` is set to `warn` by default
[INFO] [stderr] help: consider removing `package.homepage`
[INFO] [stderr] warning: `kaya-lsm` (manifest) generated 1 warning
[INFO] [stderr] warning: `package.homepage` is redundant with `package.repository`
[INFO] [stderr]  --> crates/kaya-sim/Cargo.toml:8:1
[INFO] [stderr]   |
[INFO] [stderr] 7 | repository.workspace = true
[INFO] [stderr]   | ----------
[INFO] [stderr] 8 | homepage.workspace = true
[INFO] [stderr]   | ^^^^^^^^
[INFO] [stderr]   |
[INFO] [stderr]   = note: `cargo::redundant_homepage` is set to `warn` by default
[INFO] [stderr] help: consider removing `package.homepage`
[INFO] [stderr] warning: `kaya-sim` (manifest) generated 1 warning
[INFO] running `Command { std: "docker" "create" "-v" "/var/lib/crater-agent-workspace/builds/worker-2-tc2/source:/opt/rustwide/workdir:ro,Z" "-v" "/var/lib/crater-agent-workspace/builds/worker-2-tc2/target:/opt/rustwide/target:rw,Z" "-v" "/var/lib/crater-agent-workspace/cargo-home:/opt/rustwide/cargo-home:ro,Z" "-v" "/var/lib/crater-agent-workspace/rustup-home:/opt/rustwide/rustup-home:ro,Z" "-m" "1610612736" "--network" "none" "ghcr.io/rust-lang/crates-build-env/linux@sha256:3111399a4047eeb3a02b7a90e478d715f38a8c6669b5c4b49d30a17385265909" "sleep" "infinity", kill_on_drop: false }`
[INFO] [stdout] c90c5a116229d8f8550938d0f8a1271b762be5dc5d78596427a69db2e38ecae3
[INFO] running `Command { std: "docker" "start" "c90c5a116229d8f8550938d0f8a1271b762be5dc5d78596427a69db2e38ecae3", kill_on_drop: false }`
[INFO] running `Command { std: "docker" "inspect" "c90c5a116229d8f8550938d0f8a1271b762be5dc5d78596427a69db2e38ecae3", kill_on_drop: false }`
[INFO] running `Command { std: "docker" "exec" "-e" "SOURCE_DIR=/opt/rustwide/workdir" "-e" "CARGO_HOME=/opt/rustwide/cargo-home" "-e" "RUSTUP_HOME=/opt/rustwide/rustup-home" "-e" "CARGO_TARGET_DIR=/opt/rustwide/target" "-w" "/opt/rustwide/workdir" "--user" "0:0" "c90c5a116229d8f8550938d0f8a1271b762be5dc5d78596427a69db2e38ecae3" "/opt/rustwide/cargo-home/bin/cargo" "+1.100.0-beta.1" "metadata" "--no-deps" "--format-version=1", kill_on_drop: false }`
[INFO] running `Command { std: "docker" "inspect" "c90c5a116229d8f8550938d0f8a1271b762be5dc5d78596427a69db2e38ecae3", kill_on_drop: false }`
[INFO] running `Command { std: "docker" "exec" "-e" "SOURCE_DIR=/opt/rustwide/workdir" "-e" "CARGO_HOME=/opt/rustwide/cargo-home" "-e" "RUSTUP_HOME=/opt/rustwide/rustup-home" "-e" "CARGO_TARGET_DIR=/opt/rustwide/target" "-e" "CARGO_INCREMENTAL=0" "-e" "RUST_BACKTRACE=full" "-e" "RUSTFLAGS=--cap-lints=warn" "-e" "RUSTDOCFLAGS=--cap-lints=warn" "-w" "/opt/rustwide/workdir" "--user" "0:0" "c90c5a116229d8f8550938d0f8a1271b762be5dc5d78596427a69db2e38ecae3" "/opt/rustwide/cargo-home/bin/cargo" "+1.100.0-beta.1" "build" "--frozen" "--message-format=json", kill_on_drop: false }`
[INFO] [stderr] warning: unused field `description` in `workspace.package`
[INFO] [stderr]   --> Cargo.toml:54:1
[INFO] [stderr]    |
[INFO] [stderr] 54 | description = "Correctness-first, inspectable, embeddable storage engine with deterministic fault injection, LSM-tree storage, and R...
[INFO] [stderr]    | ^^^^^^^^^^^
[INFO] [stderr]    |
[INFO] [stderr]    = note: `cargo::unused_workspace_package_fields` is set to `warn` by default
[INFO] [stderr] help: consider removing the field `workspace.package.description`
[INFO] [stderr] warning: workspace (manifest) generated 1 warning
[INFO] [stderr] warning: `package.homepage` is redundant with `package.repository`
[INFO] [stderr]  --> crates/kaya-wal/Cargo.toml:8:1
[INFO] [stderr]   |
[INFO] [stderr] 7 | repository.workspace = true
[INFO] [stderr]   | ----------
[INFO] [stderr] 8 | homepage.workspace = true
[INFO] [stderr]   | ^^^^^^^^
[INFO] [stderr]   |
[INFO] [stderr]   = note: `cargo::redundant_homepage` is set to `warn` by default
[INFO] [stderr] help: consider removing `package.homepage`
[INFO] [stderr] warning: `kaya-wal` (manifest) generated 1 warning
[INFO] [stderr] warning: `package.homepage` is redundant with `package.repository`
[INFO] [stderr]  --> crates/kaya-core/Cargo.toml:8:1
[INFO] [stderr]   |
[INFO] [stderr] 7 | repository.workspace = true
[INFO] [stderr]   | ----------
[INFO] [stderr] 8 | homepage.workspace = true
[INFO] [stderr]   | ^^^^^^^^
[INFO] [stderr]   |
[INFO] [stderr]   = note: `cargo::redundant_homepage` is set to `warn` by default
[INFO] [stderr] help: consider removing `package.homepage`
[INFO] [stderr] warning: `kaya-core` (manifest) generated 1 warning
[INFO] [stderr] warning: `package.homepage` is redundant with `package.repository`
[INFO] [stderr]  --> crates/kaya-server/Cargo.toml:8:1
[INFO] [stderr]   |
[INFO] [stderr] 7 | repository.workspace = true
[INFO] [stderr]   | ----------
[INFO] [stderr] 8 | homepage.workspace = true
[INFO] [stderr]   | ^^^^^^^^
[INFO] [stderr]   |
[INFO] [stderr]   = note: `cargo::redundant_homepage` is set to `warn` by default
[INFO] [stderr] help: consider removing `package.homepage`
[INFO] [stderr] warning: `kaya-server` (manifest) generated 1 warning
[INFO] [stderr] warning: `package.homepage` is redundant with `package.repository`
[INFO] [stderr]  --> crates/kaya-client/Cargo.toml:8:1
[INFO] [stderr]   |
[INFO] [stderr] 7 | repository.workspace = true
[INFO] [stderr]   | ----------
[INFO] [stderr] 8 | homepage.workspace = true
[INFO] [stderr]   | ^^^^^^^^
[INFO] [stderr]   |
[INFO] [stderr]   = note: `cargo::redundant_homepage` is set to `warn` by default
[INFO] [stderr] help: consider removing `package.homepage`
[INFO] [stderr] warning: `kaya-client` (manifest) generated 1 warning
[INFO] [stderr] warning: `package.homepage` is redundant with `package.repository`
[INFO] [stderr]  --> crates/kaya-net/Cargo.toml:8:1
[INFO] [stderr]   |
[INFO] [stderr] 7 | repository.workspace = true
[INFO] [stderr]   | ----------
[INFO] [stderr] 8 | homepage.workspace = true
[INFO] [stderr]   | ^^^^^^^^
[INFO] [stderr]   |
[INFO] [stderr]   = note: `cargo::redundant_homepage` is set to `warn` by default
[INFO] [stderr] help: consider removing `package.homepage`
[INFO] [stderr] warning: `kaya-net` (manifest) generated 1 warning
[INFO] [stderr] warning: `package.homepage` is redundant with `package.repository`
[INFO] [stderr]  --> crates/kaya-raft/Cargo.toml:8:1
[INFO] [stderr]   |
[INFO] [stderr] 7 | repository.workspace = true
[INFO] [stderr]   | ----------
[INFO] [stderr] 8 | homepage.workspace = true
[INFO] [stderr]   | ^^^^^^^^
[INFO] [stderr]   |
[INFO] [stderr]   = note: `cargo::redundant_homepage` is set to `warn` by default
[INFO] [stderr] help: consider removing `package.homepage`
[INFO] [stderr] warning: `kaya-raft` (manifest) generated 1 warning
[INFO] [stderr] warning: `package.homepage` is redundant with `package.repository`
[INFO] [stderr]  --> crates/kaya-lsm/Cargo.toml:8:1
[INFO] [stderr]   |
[INFO] [stderr] 7 | repository.workspace = true
[INFO] [stderr]   | ----------
[INFO] [stderr] 8 | homepage.workspace = true
[INFO] [stderr]   | ^^^^^^^^
[INFO] [stderr]   |
[INFO] [stderr]   = note: `cargo::redundant_homepage` is set to `warn` by default
[INFO] [stderr] help: consider removing `package.homepage`
[INFO] [stderr] warning: `kaya-lsm` (manifest) generated 1 warning
[INFO] [stderr] warning: `package.homepage` is redundant with `package.repository`
[INFO] [stderr]  --> crates/kaya-engine/Cargo.toml:8:1
[INFO] [stderr]   |
[INFO] [stderr] 7 | repository.workspace = true
[INFO] [stderr]   | ----------
[INFO] [stderr] 8 | homepage.workspace = true
[INFO] [stderr]   | ^^^^^^^^
[INFO] [stderr]   |
[INFO] [stderr]   = note: `cargo::redundant_homepage` is set to `warn` by default
[INFO] [stderr] help: consider removing `package.homepage`
[INFO] [stderr] warning: `kaya-engine` (manifest) generated 1 warning
[INFO] [stderr] warning: `package.homepage` is redundant with `package.repository`
[INFO] [stderr]  --> crates/kaya-sim/Cargo.toml:8:1
[INFO] [stderr]   |
[INFO] [stderr] 7 | repository.workspace = true
[INFO] [stderr]   | ----------
[INFO] [stderr] 8 | homepage.workspace = true
[INFO] [stderr]   | ^^^^^^^^
[INFO] [stderr]   |
[INFO] [stderr]   = note: `cargo::redundant_homepage` is set to `warn` by default
[INFO] [stderr] help: consider removing `package.homepage`
[INFO] [stderr] warning: `kaya-sim` (manifest) generated 1 warning
[INFO] [stderr] warning: `package.homepage` is redundant with `package.repository`
[INFO] [stderr]  --> crates/kaya-ebpf/Cargo.toml:8:1
[INFO] [stderr]   |
[INFO] [stderr] 7 | repository.workspace = true
[INFO] [stderr]   | ----------
[INFO] [stderr] 8 | homepage.workspace = true
[INFO] [stderr]   | ^^^^^^^^
[INFO] [stderr]   |
[INFO] [stderr]   = note: `cargo::redundant_homepage` is set to `warn` by default
[INFO] [stderr] help: consider removing `package.homepage`
[INFO] [stderr] warning: `kaya-ebpf` (manifest) generated 1 warning
[INFO] [stderr] warning: `package.homepage` is redundant with `package.repository`
[INFO] [stderr]  --> crates/kaya-io/Cargo.toml:8:1
[INFO] [stderr]   |
[INFO] [stderr] 7 | repository.workspace = true
[INFO] [stderr]   | ----------
[INFO] [stderr] 8 | homepage.workspace = true
[INFO] [stderr]   | ^^^^^^^^
[INFO] [stderr]   |
[INFO] [stderr]   = note: `cargo::redundant_homepage` is set to `warn` by default
[INFO] [stderr] help: consider removing `package.homepage`
[INFO] [stderr] warning: `kaya-io` (manifest) generated 1 warning
[INFO] [stderr]    Compiling libc v0.2.186
[INFO] [stderr]    Compiling proc-macro2 v1.0.106
[INFO] [stderr]    Compiling quote v1.0.45
[INFO] [stderr]    Compiling generic-array v0.14.7
[INFO] [stderr]    Compiling subtle v2.6.1
[INFO] [stderr]    Compiling find-msvc-tools v0.1.9
[INFO] [stderr]    Compiling opaque-debug v0.3.1
[INFO] [stderr]    Compiling shlex v2.0.1
[INFO] [stderr]    Compiling pkg-config v0.3.33
[INFO] [stderr]    Compiling bytes v1.11.1
[INFO] [stderr]    Compiling zstd-safe v7.2.4
[INFO] [stderr]    Compiling serde_core v1.0.228
[INFO] [stderr]    Compiling zmij v1.0.21
[INFO] [stderr]    Compiling twox-hash v2.1.2
[INFO] [stderr]    Compiling lz4_flex v0.11.6
[INFO] [stderr]    Compiling serde_json v1.0.149
[INFO] [stderr]    Compiling memchr v2.8.0
[INFO] [stderr]    Compiling rand_core v0.10.1
[INFO] [stderr]    Compiling inout v0.1.4
[INFO] [stderr]    Compiling getrandom v0.4.3
[INFO] [stderr]    Compiling serde v1.0.228
[INFO] [stderr]    Compiling cpufeatures v0.3.1
[INFO] [stderr]    Compiling kaya-ebpf v0.2.1 (/opt/rustwide/workdir/crates/kaya-ebpf)
[INFO] [stderr]    Compiling chacha20 v0.10.2
[INFO] [stderr]    Compiling syn v2.0.117
[INFO] [stderr]    Compiling getrandom v0.2.17
[INFO] [stderr]    Compiling jobserver v0.1.34
[INFO] [stderr]    Compiling errno v0.3.14
[INFO] [stderr]    Compiling mio v1.2.0
[INFO] [stderr]    Compiling socket2 v0.6.3
[INFO] [stderr]    Compiling parking_lot_core v0.9.12
[INFO] [stderr]    Compiling signal-hook-registry v1.4.8
[INFO] [stderr]    Compiling rand_core v0.6.4
[INFO] [stderr]    Compiling crypto-common v0.1.7
[INFO] [stderr]    Compiling cc v1.2.64
[INFO] [stderr]    Compiling parking_lot v0.12.5
[INFO] [stderr]    Compiling universal-hash v0.5.1
[INFO] [stderr]    Compiling cipher v0.4.4
[INFO] [stderr]    Compiling polyval v0.6.2
[INFO] [stderr]    Compiling aes v0.8.4
[INFO] [stderr]    Compiling ctr v0.9.2
[INFO] [stderr]    Compiling ghash v0.5.1
[INFO] [stderr]    Compiling aead v0.5.2
[INFO] [stderr]    Compiling rand v0.10.2
[INFO] [stderr]    Compiling aes-gcm v0.10.3
[INFO] [stderr]    Compiling zstd-sys v2.0.16+zstd.1.5.7
[INFO] [stderr]    Compiling thiserror-impl v1.0.69
[INFO] [stderr]    Compiling tokio-macros v2.7.0
[INFO] [stderr]    Compiling serde_derive v1.0.228
[INFO] [stderr]    Compiling tokio v1.52.3
[INFO] [stderr]    Compiling thiserror v1.0.69
[INFO] [stderr]    Compiling kaya-core v0.2.1 (/opt/rustwide/workdir/crates/kaya-core)
[INFO] [stderr]    Compiling zstd v0.13.3
[INFO] [stderr]    Compiling kaya-lsm v0.2.1 (/opt/rustwide/workdir/crates/kaya-lsm)
[INFO] [stderr]    Compiling kaya-io v0.2.1 (/opt/rustwide/workdir/crates/kaya-io)
[INFO] [stderr]    Compiling kaya-raft v0.2.1 (/opt/rustwide/workdir/crates/kaya-raft)
[INFO] [stderr]    Compiling kaya-wal v0.2.1 (/opt/rustwide/workdir/crates/kaya-wal)
[INFO] [stderr]    Compiling kaya-engine v0.2.1 (/opt/rustwide/workdir/crates/kaya-engine)
[INFO] [stderr]    Compiling kaya-net v0.2.1 (/opt/rustwide/workdir/crates/kaya-net)
[INFO] [stderr]    Compiling kaya-client v0.2.1 (/opt/rustwide/workdir/crates/kaya-client)
[INFO] [stderr]    Compiling kaya-server v0.2.1 (/opt/rustwide/workdir/crates/kaya-server)
[INFO] [stderr]    Compiling kaya-sim v0.2.1 (/opt/rustwide/workdir/crates/kaya-sim)
[INFO] [stderr]    Compiling kaya-bench v0.2.1 (/opt/rustwide/workdir/crates/kaya-bench)
[INFO] [stderr]    Compiling kayactl v0.2.1 (/opt/rustwide/workdir/crates/kayactl)
[INFO] [stderr]    Compiling kaya-jepsen-test v0.2.1 (/opt/rustwide/workdir/crates/kaya-jepsen-test)
[INFO] [stderr] warning: unused dependency `kaya-io`
[INFO] [stderr]   --> crates/kaya-raft/Cargo.toml:21:1
[INFO] [stderr]    |
[INFO] [stderr] 21 | kaya-io = { workspace = true, optional = true }
[INFO] [stderr]    | ^^^^^^^^^^^^^^^^^^^^^^^^^^^^^^^^^^^^^^^^^^^^^^^
[INFO] [stderr]    |
[INFO] [stderr]    = note: `cargo::unused_dependencies` is set to `warn` by default
[INFO] [stderr] help: consider removing the dependency on `kaya-io`
[INFO] [stderr] warning: `kaya-raft` (manifest) generated 1 warning
[INFO] [stderr] warning: unused dependency `parking_lot`
[INFO] [stderr]   --> crates/kaya-server/Cargo.toml:25:1
[INFO] [stderr]    |
[INFO] [stderr] 25 | parking_lot = "0.12"
[INFO] [stderr]    | ^^^^^^^^^^^^^^^^^^^^
[INFO] [stderr]    |
[INFO] [stderr]    = note: `cargo::unused_dependencies` is set to `warn` by default
[INFO] [stderr] help: consider removing the dependency on `parking_lot`
[INFO] [stderr] warning: `kaya-server` (manifest) generated 1 warning
[INFO] [stderr] warning: unused dependency `serde_json`
[INFO] [stderr]   --> crates/kayactl/Cargo.toml:20:1
[INFO] [stderr]    |
[INFO] [stderr] 20 | serde_json = "1"
[INFO] [stderr]    | ^^^^^^^^^^^^^^^^
[INFO] [stderr]    |
[INFO] [stderr]    = note: `cargo::unused_dependencies` is set to `warn` by default
[INFO] [stderr] help: consider removing the dependency on `serde_json`
[INFO] [stderr] warning: `kayactl` (manifest) generated 1 warning
[INFO] [stderr]     Finished `dev` profile [unoptimized + debuginfo] target(s) in 1m 20s
[INFO] running `Command { std: "docker" "inspect" "c90c5a116229d8f8550938d0f8a1271b762be5dc5d78596427a69db2e38ecae3", kill_on_drop: false }`
[INFO] running `Command { std: "docker" "exec" "-e" "SOURCE_DIR=/opt/rustwide/workdir" "-e" "CARGO_HOME=/opt/rustwide/cargo-home" "-e" "RUSTUP_HOME=/opt/rustwide/rustup-home" "-e" "CARGO_TARGET_DIR=/opt/rustwide/target" "-e" "CARGO_INCREMENTAL=0" "-e" "RUST_BACKTRACE=full" "-e" "RUSTFLAGS=--cap-lints=warn" "-e" "RUSTDOCFLAGS=--cap-lints=warn" "-w" "/opt/rustwide/workdir" "--user" "0:0" "c90c5a116229d8f8550938d0f8a1271b762be5dc5d78596427a69db2e38ecae3" "/opt/rustwide/cargo-home/bin/cargo" "+1.100.0-beta.1" "test" "--frozen" "--no-run" "--message-format=json", kill_on_drop: false }`
[INFO] [stderr] warning: unused field `description` in `workspace.package`
[INFO] [stderr]   --> Cargo.toml:54:1
[INFO] [stderr]    |
[INFO] [stderr] 54 | description = "Correctness-first, inspectable, embeddable storage engine with deterministic fault injection, LSM-tree storage, and R...
[INFO] [stderr]    | ^^^^^^^^^^^
[INFO] [stderr]    |
[INFO] [stderr]    = note: `cargo::unused_workspace_package_fields` is set to `warn` by default
[INFO] [stderr] help: consider removing the field `workspace.package.description`
[INFO] [stderr] warning: workspace (manifest) generated 1 warning
[INFO] [stderr] warning: `package.homepage` is redundant with `package.repository`
[INFO] [stderr]  --> crates/kaya-wal/Cargo.toml:8:1
[INFO] [stderr]   |
[INFO] [stderr] 7 | repository.workspace = true
[INFO] [stderr]   | ----------
[INFO] [stderr] 8 | homepage.workspace = true
[INFO] [stderr]   | ^^^^^^^^
[INFO] [stderr]   |
[INFO] [stderr]   = note: `cargo::redundant_homepage` is set to `warn` by default
[INFO] [stderr] help: consider removing `package.homepage`
[INFO] [stderr] warning: `kaya-wal` (manifest) generated 1 warning
[INFO] [stderr] warning: `package.homepage` is redundant with `package.repository`
[INFO] [stderr]  --> crates/kaya-core/Cargo.toml:8:1
[INFO] [stderr]   |
[INFO] [stderr] 7 | repository.workspace = true
[INFO] [stderr]   | ----------
[INFO] [stderr] 8 | homepage.workspace = true
[INFO] [stderr]   | ^^^^^^^^
[INFO] [stderr]   |
[INFO] [stderr]   = note: `cargo::redundant_homepage` is set to `warn` by default
[INFO] [stderr] help: consider removing `package.homepage`
[INFO] [stderr] warning: `kaya-core` (manifest) generated 1 warning
[INFO] [stderr] warning: `package.homepage` is redundant with `package.repository`
[INFO] [stderr]  --> crates/kaya-server/Cargo.toml:8:1
[INFO] [stderr]   |
[INFO] [stderr] 7 | repository.workspace = true
[INFO] [stderr]   | ----------
[INFO] [stderr] 8 | homepage.workspace = true
[INFO] [stderr]   | ^^^^^^^^
[INFO] [stderr]   |
[INFO] [stderr]   = note: `cargo::redundant_homepage` is set to `warn` by default
[INFO] [stderr] help: consider removing `package.homepage`
[INFO] [stderr] warning: `kaya-server` (manifest) generated 1 warning
[INFO] [stderr] warning: `package.homepage` is redundant with `package.repository`
[INFO] [stderr]  --> crates/kaya-client/Cargo.toml:8:1
[INFO] [stderr]   |
[INFO] [stderr] 7 | repository.workspace = true
[INFO] [stderr]   | ----------
[INFO] [stderr] 8 | homepage.workspace = true
[INFO] [stderr]   | ^^^^^^^^
[INFO] [stderr]   |
[INFO] [stderr]   = note: `cargo::redundant_homepage` is set to `warn` by default
[INFO] [stderr] help: consider removing `package.homepage`
[INFO] [stderr] warning: `kaya-client` (manifest) generated 1 warning
[INFO] [stderr] warning: `package.homepage` is redundant with `package.repository`
[INFO] [stderr]  --> crates/kaya-net/Cargo.toml:8:1
[INFO] [stderr]   |
[INFO] [stderr] 7 | repository.workspace = true
[INFO] [stderr]   | ----------
[INFO] [stderr] 8 | homepage.workspace = true
[INFO] [stderr]   | ^^^^^^^^
[INFO] [stderr]   |
[INFO] [stderr]   = note: `cargo::redundant_homepage` is set to `warn` by default
[INFO] [stderr] help: consider removing `package.homepage`
[INFO] [stderr] warning: `kaya-net` (manifest) generated 1 warning
[INFO] [stderr] warning: `package.homepage` is redundant with `package.repository`
[INFO] [stderr]  --> crates/kaya-raft/Cargo.toml:8:1
[INFO] [stderr]   |
[INFO] [stderr] 7 | repository.workspace = true
[INFO] [stderr]   | ----------
[INFO] [stderr] 8 | homepage.workspace = true
[INFO] [stderr]   | ^^^^^^^^
[INFO] [stderr]   |
[INFO] [stderr]   = note: `cargo::redundant_homepage` is set to `warn` by default
[INFO] [stderr] help: consider removing `package.homepage`
[INFO] [stderr] warning: `kaya-raft` (manifest) generated 1 warning
[INFO] [stderr] warning: `package.homepage` is redundant with `package.repository`
[INFO] [stderr]  --> crates/kaya-lsm/Cargo.toml:8:1
[INFO] [stderr]   |
[INFO] [stderr] 7 | repository.workspace = true
[INFO] [stderr]   | ----------
[INFO] [stderr] 8 | homepage.workspace = true
[INFO] [stderr]   | ^^^^^^^^
[INFO] [stderr]   |
[INFO] [stderr]   = note: `cargo::redundant_homepage` is set to `warn` by default
[INFO] [stderr] help: consider removing `package.homepage`
[INFO] [stderr] warning: `kaya-lsm` (manifest) generated 1 warning
[INFO] [stderr] warning: `package.homepage` is redundant with `package.repository`
[INFO] [stderr]  --> crates/kaya-engine/Cargo.toml:8:1
[INFO] [stderr]   |
[INFO] [stderr] 7 | repository.workspace = true
[INFO] [stderr]   | ----------
[INFO] [stderr] 8 | homepage.workspace = true
[INFO] [stderr]   | ^^^^^^^^
[INFO] [stderr]   |
[INFO] [stderr]   = note: `cargo::redundant_homepage` is set to `warn` by default
[INFO] [stderr] help: consider removing `package.homepage`
[INFO] [stderr] warning: `kaya-engine` (manifest) generated 1 warning
[INFO] [stderr] warning: `package.homepage` is redundant with `package.repository`
[INFO] [stderr]  --> crates/kaya-sim/Cargo.toml:8:1
[INFO] [stderr]   |
[INFO] [stderr] 7 | repository.workspace = true
[INFO] [stderr]   | ----------
[INFO] [stderr] 8 | homepage.workspace = true
[INFO] [stderr]   | ^^^^^^^^
[INFO] [stderr]   |
[INFO] [stderr]   = note: `cargo::redundant_homepage` is set to `warn` by default
[INFO] [stderr] help: consider removing `package.homepage`
[INFO] [stderr] warning: `kaya-sim` (manifest) generated 1 warning
[INFO] [stderr] warning: `package.homepage` is redundant with `package.repository`
[INFO] [stderr]  --> crates/kaya-ebpf/Cargo.toml:8:1
[INFO] [stderr]   |
[INFO] [stderr] 7 | repository.workspace = true
[INFO] [stderr]   | ----------
[INFO] [stderr] 8 | homepage.workspace = true
[INFO] [stderr]   | ^^^^^^^^
[INFO] [stderr]   |
[INFO] [stderr]   = note: `cargo::redundant_homepage` is set to `warn` by default
[INFO] [stderr] help: consider removing `package.homepage`
[INFO] [stderr] warning: `kaya-ebpf` (manifest) generated 1 warning
[INFO] [stderr] warning: `package.homepage` is redundant with `package.repository`
[INFO] [stderr]  --> crates/kaya-io/Cargo.toml:8:1
[INFO] [stderr]   |
[INFO] [stderr] 7 | repository.workspace = true
[INFO] [stderr]   | ----------
[INFO] [stderr] 8 | homepage.workspace = true
[INFO] [stderr]   | ^^^^^^^^
[INFO] [stderr]   |
[INFO] [stderr]   = note: `cargo::redundant_homepage` is set to `warn` by default
[INFO] [stderr] help: consider removing `package.homepage`
[INFO] [stderr] warning: `kaya-io` (manifest) generated 1 warning
[INFO] [stderr]    Compiling serde_core v1.0.228
[INFO] [stderr]    Compiling bitflags v2.13.0
[INFO] [stderr]    Compiling fastrand v2.4.1
[INFO] [stderr]    Compiling serde v1.0.228
[INFO] [stderr]    Compiling zerocopy v0.8.48
[INFO] [stderr]    Compiling futures-task v0.3.32
[INFO] [stderr]    Compiling futures-core v0.3.32
[INFO] [stderr]    Compiling zerocopy-derive v0.8.48
[INFO] [stderr]    Compiling serial_test_derive v3.5.0
[INFO] [stderr]    Compiling futures-util v0.3.32
[INFO] [stderr]    Compiling rustix v1.1.4
[INFO] [stderr]    Compiling log v0.4.32
[INFO] [stderr]    Compiling autocfg v1.5.0
[INFO] [stderr]    Compiling regex-syntax v0.8.10
[INFO] [stderr]    Compiling ciborium-io v0.2.2
[INFO] [stderr]    Compiling either v1.15.0
[INFO] [stderr]    Compiling num-traits v0.2.19
[INFO] [stderr]    Compiling clap_builder v4.6.0
[INFO] [stderr]    Compiling itertools v0.10.5
[INFO] [stderr]    Compiling cast v0.3.0
[INFO] [stderr]    Compiling walkdir v2.5.0
[INFO] [stderr]    Compiling tempfile v3.27.0
[INFO] [stderr]    Compiling regex-automata v0.4.14
[INFO] [stderr]    Compiling futures-executor v0.3.32
[INFO] [stderr]    Compiling criterion-plot v0.5.0
[INFO] [stderr]    Compiling serial_test v3.5.0
[INFO] [stderr]    Compiling is-terminal v0.4.17
[INFO] [stderr]    Compiling oorandom v11.1.5
[INFO] [stderr]    Compiling clap v4.6.1
[INFO] [stderr]    Compiling anes v0.1.6
[INFO] [stderr]    Compiling kaya-io v0.2.1 (/opt/rustwide/workdir/crates/kaya-io)
[INFO] [stderr]    Compiling serde_json v1.0.149
[INFO] [stderr]    Compiling kaya-engine v0.2.1 (/opt/rustwide/workdir/crates/kaya-engine)
[INFO] [stderr]    Compiling kaya-client v0.2.1 (/opt/rustwide/workdir/crates/kaya-client)
[INFO] [stderr]    Compiling kaya-sim v0.2.1 (/opt/rustwide/workdir/crates/kaya-sim)
[INFO] [stderr]    Compiling kaya-server v0.2.1 (/opt/rustwide/workdir/crates/kaya-server)
[INFO] [stderr]    Compiling kaya-ebpf v0.2.1 (/opt/rustwide/workdir/crates/kaya-ebpf)
[INFO] [stderr]    Compiling regex v1.12.3
[INFO] [stderr]    Compiling tinytemplate v1.2.1
[INFO] [stderr]    Compiling kaya-net v0.2.1 (/opt/rustwide/workdir/crates/kaya-net)
[INFO] [stderr]    Compiling kayactl v0.2.1 (/opt/rustwide/workdir/crates/kayactl)
[INFO] [stderr]    Compiling kaya-jepsen-test v0.2.1 (/opt/rustwide/workdir/crates/kaya-jepsen-test)
[INFO] [stderr]    Compiling half v2.7.1
[INFO] [stderr]    Compiling ciborium-ll v0.2.2
[INFO] [stderr]    Compiling ciborium v0.2.2
[INFO] [stderr]    Compiling kaya-lsm v0.2.1 (/opt/rustwide/workdir/crates/kaya-lsm)
[INFO] [stderr]    Compiling criterion v0.5.1
[INFO] [stderr]    Compiling kaya-wal v0.2.1 (/opt/rustwide/workdir/crates/kaya-wal)
[INFO] [stderr]    Compiling kaya-raft v0.2.1 (/opt/rustwide/workdir/crates/kaya-raft)
[INFO] [stderr]    Compiling kaya-bench v0.2.1 (/opt/rustwide/workdir/crates/kaya-bench)
[INFO] [stderr]    Compiling kaya-core v0.2.1 (/opt/rustwide/workdir/crates/kaya-core)
[INFO] [stderr] warning: unused dependency `kaya-io`
[INFO] [stderr]   --> crates/kaya-raft/Cargo.toml:24:1
[INFO] [stderr]    |
[INFO] [stderr] 24 | kaya-io = { workspace = true }
[INFO] [stderr]    | ^^^^^^^^^^^^^^^^^^^^^^^^^^^^^^
[INFO] [stderr]    |
[INFO] [stderr]    = note: `cargo::unused_dependencies` is set to `warn` by default
[INFO] [stderr] help: consider removing the dependency on `kaya-io`
[INFO] [stderr] warning: unused dependency `kaya-io`
[INFO] [stderr]   --> crates/kaya-raft/Cargo.toml:21:1
[INFO] [stderr]    |
[INFO] [stderr] 21 | kaya-io = { workspace = true, optional = true }
[INFO] [stderr]    | ^^^^^^^^^^^^^^^^^^^^^^^^^^^^^^^^^^^^^^^^^^^^^^^
[INFO] [stderr]    |
[INFO] [stderr] help: consider removing the dependency on `kaya-io`
[INFO] [stderr] warning: `kaya-raft` (manifest) generated 2 warnings
[INFO] [stderr] warning: unused dependency `kaya-ebpf`
[INFO] [stderr]   --> crates/kayactl/Cargo.toml:34:1
[INFO] [stderr]    |
[INFO] [stderr] 34 | kaya-ebpf = { workspace = true }
[INFO] [stderr]    | ^^^^^^^^^^^^^^^^^^^^^^^^^^^^^^^^
[INFO] [stderr]    |
[INFO] [stderr]    = note: `cargo::unused_dependencies` is set to `warn` by default
[INFO] [stderr] help: consider removing the dependency on `kaya-ebpf`
[INFO] [stderr] warning: `kayactl` (manifest) generated 1 warning
[INFO] [stderr]     Finished `test` profile [unoptimized + debuginfo] target(s) in 2m 24s
[INFO] running `Command { std: "docker" "inspect" "c90c5a116229d8f8550938d0f8a1271b762be5dc5d78596427a69db2e38ecae3", kill_on_drop: false }`
[INFO] running `Command { std: "docker" "exec" "-e" "SOURCE_DIR=/opt/rustwide/workdir" "-e" "CARGO_HOME=/opt/rustwide/cargo-home" "-e" "RUSTUP_HOME=/opt/rustwide/rustup-home" "-e" "CARGO_TARGET_DIR=/opt/rustwide/target" "-e" "CARGO_INCREMENTAL=0" "-e" "RUST_BACKTRACE=full" "-e" "RUSTFLAGS=--cap-lints=warn" "-e" "RUSTDOCFLAGS=--cap-lints=warn" "-w" "/opt/rustwide/workdir" "--user" "0:0" "c90c5a116229d8f8550938d0f8a1271b762be5dc5d78596427a69db2e38ecae3" "/opt/rustwide/cargo-home/bin/cargo" "+1.100.0-beta.1" "test" "--frozen", kill_on_drop: false }`
[INFO] [stderr] warning: unused field `description` in `workspace.package`
[INFO] [stderr]   --> Cargo.toml:54:1
[INFO] [stderr]    |
[INFO] [stderr] 54 | description = "Correctness-first, inspectable, embeddable storage engine with deterministic fault injection, LSM-tree storage, and R...
[INFO] [stderr]    | ^^^^^^^^^^^
[INFO] [stderr]    |
[INFO] [stderr]    = note: `cargo::unused_workspace_package_fields` is set to `warn` by default
[INFO] [stderr] help: consider removing the field `workspace.package.description`
[INFO] [stderr] warning: workspace (manifest) generated 1 warning
[INFO] [stderr] warning: `package.homepage` is redundant with `package.repository`
[INFO] [stderr]  --> crates/kaya-wal/Cargo.toml:8:1
[INFO] [stderr]   |
[INFO] [stderr] 7 | repository.workspace = true
[INFO] [stderr]   | ----------
[INFO] [stderr] 8 | homepage.workspace = true
[INFO] [stderr]   | ^^^^^^^^
[INFO] [stderr]   |
[INFO] [stderr]   = note: `cargo::redundant_homepage` is set to `warn` by default
[INFO] [stderr] help: consider removing `package.homepage`
[INFO] [stderr] warning: `kaya-wal` (manifest) generated 1 warning
[INFO] [stderr] warning: `package.homepage` is redundant with `package.repository`
[INFO] [stderr]  --> crates/kaya-core/Cargo.toml:8:1
[INFO] [stderr]   |
[INFO] [stderr] 7 | repository.workspace = true
[INFO] [stderr]   | ----------
[INFO] [stderr] 8 | homepage.workspace = true
[INFO] [stderr]   | ^^^^^^^^
[INFO] [stderr]   |
[INFO] [stderr]   = note: `cargo::redundant_homepage` is set to `warn` by default
[INFO] [stderr] help: consider removing `package.homepage`
[INFO] [stderr] warning: `kaya-core` (manifest) generated 1 warning
[INFO] [stderr] warning: `package.homepage` is redundant with `package.repository`
[INFO] [stderr]  --> crates/kaya-server/Cargo.toml:8:1
[INFO] [stderr]   |
[INFO] [stderr] 7 | repository.workspace = true
[INFO] [stderr]   | ----------
[INFO] [stderr] 8 | homepage.workspace = true
[INFO] [stderr]   | ^^^^^^^^
[INFO] [stderr]   |
[INFO] [stderr]   = note: `cargo::redundant_homepage` is set to `warn` by default
[INFO] [stderr] help: consider removing `package.homepage`
[INFO] [stderr] warning: `kaya-server` (manifest) generated 1 warning
[INFO] [stderr] warning: `package.homepage` is redundant with `package.repository`
[INFO] [stderr]  --> crates/kaya-client/Cargo.toml:8:1
[INFO] [stderr]   |
[INFO] [stderr] 7 | repository.workspace = true
[INFO] [stderr]   | ----------
[INFO] [stderr] 8 | homepage.workspace = true
[INFO] [stderr]   | ^^^^^^^^
[INFO] [stderr]   |
[INFO] [stderr]   = note: `cargo::redundant_homepage` is set to `warn` by default
[INFO] [stderr] help: consider removing `package.homepage`
[INFO] [stderr] warning: `kaya-client` (manifest) generated 1 warning
[INFO] [stderr] warning: `package.homepage` is redundant with `package.repository`
[INFO] [stderr]  --> crates/kaya-net/Cargo.toml:8:1
[INFO] [stderr]   |
[INFO] [stderr] 7 | repository.workspace = true
[INFO] [stderr]   | ----------
[INFO] [stderr] 8 | homepage.workspace = true
[INFO] [stderr]   | ^^^^^^^^
[INFO] [stderr]   |
[INFO] [stderr]   = note: `cargo::redundant_homepage` is set to `warn` by default
[INFO] [stderr] help: consider removing `package.homepage`
[INFO] [stderr] warning: `kaya-net` (manifest) generated 1 warning
[INFO] [stderr] warning: `package.homepage` is redundant with `package.repository`
[INFO] [stderr]  --> crates/kaya-raft/Cargo.toml:8:1
[INFO] [stderr]   |
[INFO] [stderr] 7 | repository.workspace = true
[INFO] [stderr]   | ----------
[INFO] [stderr] 8 | homepage.workspace = true
[INFO] [stderr]   | ^^^^^^^^
[INFO] [stderr]   |
[INFO] [stderr]   = note: `cargo::redundant_homepage` is set to `warn` by default
[INFO] [stderr] help: consider removing `package.homepage`
[INFO] [stderr] warning: `kaya-raft` (manifest) generated 1 warning
[INFO] [stderr] warning: `package.homepage` is redundant with `package.repository`
[INFO] [stderr]  --> crates/kaya-lsm/Cargo.toml:8:1
[INFO] [stderr]   |
[INFO] [stderr] 7 | repository.workspace = true
[INFO] [stderr]   | ----------
[INFO] [stderr] 8 | homepage.workspace = true
[INFO] [stderr]   | ^^^^^^^^
[INFO] [stderr]   |
[INFO] [stderr]   = note: `cargo::redundant_homepage` is set to `warn` by default
[INFO] [stderr] help: consider removing `package.homepage`
[INFO] [stderr] warning: `kaya-lsm` (manifest) generated 1 warning
[INFO] [stderr] warning: `package.homepage` is redundant with `package.repository`
[INFO] [stderr]  --> crates/kaya-engine/Cargo.toml:8:1
[INFO] [stderr]   |
[INFO] [stderr] 7 | repository.workspace = true
[INFO] [stderr]   | ----------
[INFO] [stderr] 8 | homepage.workspace = true
[INFO] [stderr]   | ^^^^^^^^
[INFO] [stderr]   |
[INFO] [stderr]   = note: `cargo::redundant_homepage` is set to `warn` by default
[INFO] [stderr] help: consider removing `package.homepage`
[INFO] [stderr] warning: `kaya-engine` (manifest) generated 1 warning
[INFO] [stderr] warning: `package.homepage` is redundant with `package.repository`
[INFO] [stderr]  --> crates/kaya-sim/Cargo.toml:8:1
[INFO] [stderr]   |
[INFO] [stderr] 7 | repository.workspace = true
[INFO] [stderr]   | ----------
[INFO] [stderr] 8 | homepage.workspace = true
[INFO] [stderr]   | ^^^^^^^^
[INFO] [stderr]   |
[INFO] [stderr]   = note: `cargo::redundant_homepage` is set to `warn` by default
[INFO] [stderr] help: consider removing `package.homepage`
[INFO] [stderr] warning: `kaya-sim` (manifest) generated 1 warning
[INFO] [stderr] warning: `package.homepage` is redundant with `package.repository`
[INFO] [stderr]  --> crates/kaya-ebpf/Cargo.toml:8:1
[INFO] [stderr]   |
[INFO] [stderr] 7 | repository.workspace = true
[INFO] [stderr]   | ----------
[INFO] [stderr] 8 | homepage.workspace = true
[INFO] [stderr]   | ^^^^^^^^
[INFO] [stderr]   |
[INFO] [stderr]   = note: `cargo::redundant_homepage` is set to `warn` by default
[INFO] [stderr] help: consider removing `package.homepage`
[INFO] [stderr] warning: `kaya-ebpf` (manifest) generated 1 warning
[INFO] [stderr] warning: `package.homepage` is redundant with `package.repository`
[INFO] [stderr]  --> crates/kaya-io/Cargo.toml:8:1
[INFO] [stderr]   |
[INFO] [stderr] 7 | repository.workspace = true
[INFO] [stderr]   | ----------
[INFO] [stderr] 8 | homepage.workspace = true
[INFO] [stderr]   | ^^^^^^^^
[INFO] [stderr]   |
[INFO] [stderr]   = note: `cargo::redundant_homepage` is set to `warn` by default
[INFO] [stderr] help: consider removing `package.homepage`
[INFO] [stderr] warning: `kaya-io` (manifest) generated 1 warning
[INFO] [stderr] warning: unused dependency `kaya-io`
[INFO] [stderr]   --> crates/kaya-raft/Cargo.toml:24:1
[INFO] [stderr]    |
[INFO] [stderr] 24 | kaya-io = { workspace = true }
[INFO] [stderr]    | ^^^^^^^^^^^^^^^^^^^^^^^^^^^^^^
[INFO] [stderr]    |
[INFO] [stderr]    = note: `cargo::unused_dependencies` is set to `warn` by default
[INFO] [stderr] help: consider removing the dependency on `kaya-io`
[INFO] [stderr] warning: unused dependency `kaya-io`
[INFO] [stderr]   --> crates/kaya-raft/Cargo.toml:21:1
[INFO] [stderr]    |
[INFO] [stderr] 21 | kaya-io = { workspace = true, optional = true }
[INFO] [stderr]    | ^^^^^^^^^^^^^^^^^^^^^^^^^^^^^^^^^^^^^^^^^^^^^^^
[INFO] [stderr]    |
[INFO] [stderr] help: consider removing the dependency on `kaya-io`
[INFO] [stderr] warning: `kaya-raft` (manifest) generated 2 warnings
[INFO] [stderr] warning: unused dependency `kaya-ebpf`
[INFO] [stderr]   --> crates/kayactl/Cargo.toml:34:1
[INFO] [stderr]    |
[INFO] [stderr] 34 | kaya-ebpf = { workspace = true }
[INFO] [stderr]    | ^^^^^^^^^^^^^^^^^^^^^^^^^^^^^^^^
[INFO] [stderr]    |
[INFO] [stderr]    = note: `cargo::unused_dependencies` is set to `warn` by default
[INFO] [stderr] help: consider removing the dependency on `kaya-ebpf`
[INFO] [stderr] warning: `kayactl` (manifest) generated 1 warning
[INFO] [stderr]     Finished `test` profile [unoptimized + debuginfo] target(s) in 0.39s
[INFO] [stderr]      Running unittests src/lib.rs (/opt/rustwide/target/debug/build/kaya-bench/51d29dc7d19ee227/out/kaya_bench-51d29dc7d19ee227)
[INFO] [stdout] 
[INFO] [stdout] running 1 test
[INFO] [stdout] test report::tests::markdown_contains_required_fields ... ok
[INFO] [stdout] 
[INFO] [stdout] test result: ok. 1 passed; 0 failed; 0 ignored; 0 measured; 0 filtered out; finished in 0.00s
[INFO] [stdout] 
[INFO] [stderr]      Running tests/perf_gate.rs (/opt/rustwide/target/debug/build/kaya-bench/a981eb239cf942a3/out/perf_gate-a981eb239cf942a3)
[INFO] [stdout] 
[INFO] [stdout] running 3 tests
[INFO] [stdout] test perf_smoke_put_get_under_budget ... ok
[INFO] [stdout] test perf_smoke_txn_multi_key_under_budget ... ok
[INFO] [stdout] test perf_smoke_multi_range_2pc_under_budget ... ok
[INFO] [stdout] 
[INFO] [stdout] test result: ok. 3 passed; 0 failed; 0 ignored; 0 measured; 0 filtered out; finished in 0.01s
[INFO] [stdout] 
[INFO] [stderr]      Running unittests src/lib.rs (/opt/rustwide/target/debug/build/kaya-client/b4d9bee0777150ab/out/kaya_client-b4d9bee0777150ab)
[INFO] [stdout] 
[INFO] [stdout] running 12 tests
[INFO] [stdout] test tests::apply_range_moved_body_seeds_and_updates_cache ... ok
[INFO] [stdout] test retry::tests::closure_is_an_observer ... ok
[INFO] [stdout] test retry::tests::backoff_is_exponential_and_capped ... ok
[INFO] [stdout] test retry::tests::jitter_stays_within_bounds_and_is_deterministic ... ok
[INFO] [stdout] test tests::map_txn_status_not_leader_uses_hint ... ok
[INFO] [stdout] test tests::map_txn_status_conflict_is_txn_conflict ... ok
[INFO] [stdout] test tests::apply_range_moved_body_rejects_garbage ... ok
[INFO] [stdout] test retry::tests::none_policy_is_single_shot ... ok
[INFO] [stdout] test tests::outcome_maps_range_moved ... ok
[INFO] [stdout] test tests::outcome_maps_txn_conflict ... ok
[INFO] [stdout] test tests::txn_payloads_round_trip_for_client_shapes ... ok
[INFO] [stderr]      Running unittests src/lib.rs (/opt/rustwide/target/debug/build/kaya-core/9f73af84899fed6b/out/kaya_core-9f73af84899fed6b)
[INFO] [stdout] test tests::range_cache_apply_descriptors_replaces_overlap_after_split ... ok
[INFO] [stdout] 
[INFO] [stdout] test result: ok. 12 passed; 0 failed; 0 ignored; 0 measured; 0 filtered out; finished in 0.00s
[INFO] [stdout] 
[INFO] [stdout] 
[INFO] [stdout] running 23 tests
[INFO] [stdout] test histogram::tests::merge_combines_two_histograms ... ok
[INFO] [stdout] test histogram::tests::empty_histogram_reports_zero ... ok
[INFO] [stdout] test histogram::tests::percentiles_fall_in_expected_buckets ... ok
[INFO] [stdout] test hlc::tests::checked_update_rejects_remote_beyond_bound ... ok
[INFO] [stdout] test hlc::tests::lead_over_wall_ms_reports_skew_after_remote_merge ... ok
[INFO] [stdout] test histogram::tests::observe_tracks_count_sum_max ... ok
[INFO] [stdout] test histogram::tests::overflow_bucket_reports_max ... ok
[INFO] [stdout] test hlc::tests::checked_update_boundary_is_inclusive ... ok
[INFO] [stdout] test hlc::tests::lead_over_wall_ms_zero_when_not_ahead ... ok
[INFO] [stdout] test hlc::tests::pack_unpack_roundtrip ... ok
[INFO] [stdout] test hlc::tests::tick_advances_physical_when_wall_moves ... ok
[INFO] [stdout] test hlc::tests::tick_keeps_physical_when_wall_goes_backwards ... ok
[INFO] [stdout] test hlc::tests::pack_uses_low_16_for_logical ... ok
[INFO] [stdout] test hlc::tests::tick_monotonic_when_now_ms_stalls ... ok
[INFO] [stdout] test probe_markers::tests::emit_is_noop_without_sink ... ok
[INFO] [stdout] test tests::default_durability_is_strict ... ok
[INFO] [stdout] test hlc::tests::zero_and_order ... ok
[INFO] [stdout] test probe_markers::tests::sink_receives_enter_and_exit ... ok
[INFO] [stdout] test hlc::tests::checked_update_accepts_remote_within_bound ... ok
[INFO] [stdout] test tests::crc32c_known_vector ... ok
[INFO] [stdout] test tests::default_compaction_policy_is_l0_merge ... ok
[INFO] [stdout] test hlc::tests::update_tracks_remote_ahead ... ok
[INFO] [stdout] test hlc::tests::update_same_physical_takes_max_logical_plus_one ... ok
[INFO] [stdout] 
[INFO] [stdout] test result: ok. 23 passed; 0 failed; 0 ignored; 0 measured; 0 filtered out; finished in 0.01s
[INFO] [stdout] 
[INFO] [stderr]      Running unittests src/lib.rs (/opt/rustwide/target/debug/build/kaya-ebpf/bf3d41e2d8d949d6/out/kaya_ebpf-bf3d41e2d8d949d6)
[INFO] [stdout] 
[INFO] [stdout] running 26 tests
[INFO] [stdout] test backend::kernel::tests::drain_timestamp_ns_is_nonzero ... ok
[INFO] [stdout] test backend::kernel::tests::parse_ringbuf_batch_preserves_order_and_sequence ... ok
[INFO] [stdout] test backend::kernel::tests::decode_ringbuf_injected_items_produces_nonempty_events_with_ts_ns ... ok
[INFO] [stdout] test backend::kernel_sim::tests::emits_ringbuf_shaped_boot_batch_with_nonzero_ts ... ok
[INFO] [stdout] test manager::tests::install_marker_sink_forwards_wal_hooks ... ok
[INFO] [stdout] test backend::kernel::tests::kernel_attach_unavailable_without_linux_feature_combo ... ok
[INFO] [stdout] test backend::kernel::tests::parse_raw_fsync_event_maps_syscall_kinds ... ok
[INFO] [stdout] test backend::kernel_sim::tests::sync_wal_activity_appends_kernel_shaped_events ... ok
[INFO] [stdout] test manager::tests::kernel_slot_sync_does_not_duplicate_on_zero_delta ... ok
[INFO] [stdout] test manager::tests::kernel_slot_sync_from_engine_stats_emits_events ... ok
[INFO] [stdout] test manager::tests::server_config_not_streaming_before_attach ... ok
[INFO] [stdout] test manager::tests::server_config_uses_kernel_family_not_tap ... ok
[INFO] [stdout] test histogram::tests::histogram_observes_and_renders_non_zero_buckets ... ok
[INFO] [stdout] test manager::tests::tap_config_accepts_report_fsync ... ok
[INFO] [stdout] test pipeline::tests::ingest_assigns_monotonic_sequence_and_histogram ... ok
[INFO] [stdout] test tests::available_scripts_and_catalog_agree ... ok
[INFO] [stdout] test tests::linux_catalog_lists_known_probes ... ok
[INFO] [stdout] test manager::tests::test_config_streams_simulated_events ... ok
[INFO] [stdout] test trace::tests::replay_rejects_unknown_event_kind_on_schema_drift ... ok
[INFO] [stdout] test trace::tests::wal_filter_includes_wal_fsync_usdt_markers ... ok
[INFO] [stdout] test trace::tests::replay_accepts_fixed_seed_fixture_and_rejects_perturbed_sequence ... ok
[INFO] [stdout] test manager::tests::record_usdt_marker_ingests_without_histogram_noise ... ok
[INFO] [stdout] test manager::tests::server_config_kernel_preferred_falls_back_to_simulated ... ok
[INFO] [stdout] test trace::tests::replay_accepts_mixed_durability_fixture ... ok
[INFO] [stdout] test manager::tests::kernel_slot_config_streams_kernel_family_backend ... ok
[INFO] [stderr]      Running tests/chaos_ebpf.rs (/opt/rustwide/target/debug/build/kaya-ebpf/7a5f28b324dc43e5/out/chaos_ebpf-7a5f28b324dc43e5)
[INFO] [stdout] test tests::probe_manager_lifecycle_and_trace_roundtrip ... ok
[INFO] [stdout] 
[INFO] [stdout] test result: ok. 26 passed; 0 failed; 0 ignored; 0 measured; 0 filtered out; finished in 0.01s
[INFO] [stdout] 
[INFO] [stdout] 
[INFO] [stdout] running 1 test
[INFO] [stdout] test bounded_chaos_workload_produces_trace_with_durability_events ... ok
[INFO] [stdout] 
[INFO] [stdout] test result: ok. 1 passed; 0 failed; 0 ignored; 0 measured; 0 filtered out; finished in 0.00s
[INFO] [stdout] 
[INFO] [stderr]      Running tests/kernel_pipeline_integration.rs (/opt/rustwide/target/debug/build/kaya-ebpf/ade0b12e98606588/out/kernel_pipeline_integration-ade0b12e98606588)
[INFO] [stdout] 
[INFO] [stdout] running 2 tests
[INFO] [stdout] test kernel_preferred_server_slot_try_live_then_streams ... ok
[INFO] [stdout] test kernel_backend_streams_through_pipeline ... ok
[INFO] [stderr]      Running tests/kernel_ringbuf.rs (/opt/rustwide/target/debug/build/kaya-ebpf/82e316d42ca6d3bf/out/kernel_ringbuf-82e316d42ca6d3bf)
[INFO] [stdout] 
[INFO] [stdout] test result: ok. 2 passed; 0 failed; 0 ignored; 0 measured; 0 filtered out; finished in 0.00s
[INFO] [stdout] 
[INFO] [stdout] 
[INFO] [stdout] running 3 tests
[INFO] [stdout] test decode_ringbuf_injected_items_produces_nonempty_events_with_ts_ns ... ok
[INFO] [stdout] test ringbuf_batch_produces_kernel_shaped_probe_events ... ok
[INFO] [stdout] test bpf_source_declares_target_pid_filter ... ok
[INFO] [stdout] 
[INFO] [stdout] test result: ok. 3 passed; 0 failed; 0 ignored; 0 measured; 0 filtered out; finished in 0.00s
[INFO] [stdout] 
[INFO] [stderr]      Running tests/replay_validation.rs (/opt/rustwide/target/debug/build/kaya-ebpf/dd67031551bf67a4/out/replay_validation-dd67031551bf67a4)
[INFO] [stdout] 
[INFO] [stdout] running 3 tests
[INFO] [stdout] test replay_rejects_sequence_gap_in_committed_fixture ... ok
[INFO] [stdout] test replay_accepts_extended_mixed_event_kinds ... ok
[INFO] [stdout] test replay_accepts_fixture_and_rejects_perturbed_seed ... ok
[INFO] [stdout] 
[INFO] [stdout] test result: ok. 3 passed; 0 failed; 0 ignored; 0 measured; 0 filtered out; finished in 0.01s
[INFO] [stdout] 
[INFO] [stderr]      Running unittests src/lib.rs (/opt/rustwide/target/debug/build/kaya-engine/31641429b89b0732/out/kaya_engine-31641429b89b0732)
[INFO] [stdout] 
[INFO] [stdout] running 92 tests
[INFO] [stdout] test cdc::tests::cdc_backup_watermark_roundtrip ... ok
[INFO] [stdout] test cdc::tests::cdc_disabled_writes_no_events ... ok
[INFO] [stdout] test cdc::tests::cdc_compact_drops_checkpointed_prefix ... ok
[INFO] [stdout] test cdc::tests::put_delete_produce_events_in_order ... ok
[INFO] [stdout] test cdc::tests::poll_cursor_resumes_at_least_once ... ok
[INFO] [stdout] test cdc::tests::cdc_failover_reopen_loses_no_checkpointed_events ... ok
[INFO] [stdout] test index::encoding_tests::meta_value_roundtrip_v2 ... ok
[INFO] [stdout] test index::encoding_tests::extractor_field_and_prefix ... ok
[INFO] [stdout] test index::encoding_tests::meta_value_v1_legacy_decodes ... ok
[INFO] [stdout] test index::encoding_tests::data_key_prefix_scan_order ... ok
[INFO] [stdout] test index::encoding_tests::data_key_roundtrip ... ok
[INFO] [stdout] test tests::compact_preserves_versions_when_watermark_zero ... ok
[INFO] [stdout] test cdc::tests::reopen_engine_continues_from_log_file ... ok
[INFO] [stdout] test cdc::tests::roundtrip_put_delete_lines ... ok
[INFO] [stdout] test tests::compact_with_watermark_drops_old_versions ... ok
[INFO] [stdout] test tests::compaction_crash_recovery_idempotent ... ok
[INFO] [stdout] test tests::compaction_preserves_visible_state ... ok
[INFO] [stdout] test tests::engine_crash_discards_relaxed_puts ... ok
[INFO] [stdout] test tests::engine_restart_recovers_strict_puts ... ok
[INFO] [stdout] test tests::engine_delete_after_flush_is_visible ... ok
[INFO] [stdout] test tests::engine_restart_propagates_delete ... ok
[INFO] [stdout] test tests::delete_then_get_at_older_sees_put ... ok
[INFO] [stdout] test tests::engine_flush_reopen_proper_prefix_user_keys ... ok
[INFO] [stdout] test tests::engine_disk_full_resilience ... ok
[INFO] [stdout] test tests::engine_restart_scan_prefix_consistent ... ok
[INFO] [stdout] test tests::engine_scan_prefix_merges_sstable_and_memtable ... ok
[INFO] [stdout] test tests::engine_flush_writes_sstable_and_reopen_reads_it ... ok
[INFO] [stdout] test tests::ensure_min_sequence_bumps_next_assignment ... ok
[INFO] [stdout] test tests::hlc_uncertainty_wait_is_zero_when_clock_not_leading ... ok
[INFO] [stdout] test tests::flush_crash_recovery_idempotent ... ok
[INFO] [stdout] test tests::flush_and_compaction_stats_are_recorded ... ok
[INFO] [stdout] test tests::gc_watermark_is_non_decreasing ... ok
[INFO] [stdout] test tests::hlc_writes_use_packed_timestamps_and_increase_when_wall_stalls ... ok
[INFO] [stdout] test tests::index_create_put_scan_finds_key ... ok
[INFO] [stdout] test tests::index_divergence_entry_exists_after_put ... ok
[INFO] [stdout] test tests::index_online_backfill_pause_resume ... ok
[INFO] [stdout] test tests::index_chaos_divergence_gate ... ok
[INFO] [stdout] test tests::index_survives_reopen ... ok
[INFO] [stdout] test tests::index_txn_commit_maintains_entries ... ok
[INFO] [stdout] test tests::index_delete_removes_entry ... ok
[INFO] [stdout] test tests::index_update_moves_secondary_entry ... ok
[INFO] [stdout] test tests::index_field_extractor_and_verify ... ok
[INFO] [stdout] test tests::engine_zstd_prefix_cache_flush_get_path ... ok
[INFO] [stdout] test tests::scan_hard_cap_bounds_unlimited_scan ... ok
[INFO] [stdout] test tests::proper_prefix_keys_after_multi_version_flush ... ok
[INFO] [stdout] test tests::scan_rejects_oversized_prefix ... ok
[INFO] [stdout] test tests::put_auto_flushes_when_memtable_exceeds_max_bytes ... ok
[INFO] [stdout] test tests::scan_hard_cap_keeps_newest_values_across_flush ... ok
[INFO] [stdout] test tests::scan_byte_cap_truncates_but_returns_first_entry ... ok
[INFO] [stdout] test tests::read_path_latency_histograms_are_populated ... ok
[INFO] [stdout] test tests::manifest_tail_corruption_recovers_gracefully ... ok
[INFO] [stdout] test tests::snapshot_get_at_sees_older_version_in_memtable ... ok
[INFO] [stdout] test tests::scan_user_limit_capped_by_hard_cap ... ok
[INFO] [stdout] test tests::leveled_policy_waits_for_l0_trigger ... ok
[INFO] [stdout] test tests::test_engine_temp_file_cleanup_on_open ... ok
[INFO] [stdout] test tests::sync_clock_accepts_remote_within_uncertainty_bound ... ok
[INFO] [stdout] test tests::sync_clock_rejects_remote_beyond_uncertainty_bound ... ok
[INFO] [stdout] test tests::test_stable_warning_enums ... ok
[INFO] [stdout] test tests::test_engine_recover_temp_file_scan_dry_run ... ok
[INFO] [stdout] test tests::snapshot_get_at_survives_flush_and_reopen ... ok
[INFO] [stdout] test tests::txn_rollback_clears_intents ... ok
[INFO] [stdout] test tests::txn_commit_persists_after_reopen ... ok
[INFO] [stdout] test tests::txn_concurrent_write_conflict_on_same_key ... ok
[INFO] [stdout] test tests::txn_delete_intent_ryw_and_commit ... ok
[INFO] [stdout] test tests::txn_ryw_put_then_get_sees_own_write ... ok
[INFO] [stdout] test txn2pc::tests::decision_is_final_and_idempotent ... ok
[INFO] [stdout] test tests::txn_si_write_conflict_after_other_commit ... ok
[INFO] [stdout] test txn2pc::tests::intent_value_roundtrip ... ok
[INFO] [stdout] test tests::txn_snapshot_read_ignores_later_commits ... ok
[INFO] [stdout] test txn2pc::tests::abort_rejects_committing_state ... ok
[INFO] [stdout] test txn2pc::tests::dec_key_layout_is_ordered_and_disjoint ... ok
[INFO] [stdout] test txn2pc::tests::late_abort_decision_releases_an_in_doubt_prepare ... ok
[INFO] [stdout] test txn2pc::tests::open_aborts_preparing_but_holds_prepared_in_doubt ... ok
[INFO] [stdout] test txn2pc::tests::committing_with_intents_finishes_on_recover ... ok
[INFO] [stdout] test txn2pc::tests::late_commit_decision_resolves_an_in_doubt_prepare ... ok
[INFO] [stdout] test txn2pc::tests::open_finishes_committing_across_reopen ... ok
[INFO] [stdout] test txn2pc::tests::open_finishes_committing_after_partial_materialization ... ok
[INFO] [stdout] test txn2pc::tests::parse_rec_txn_id_roundtrip ... ok
[INFO] [stdout] test txn2pc::tests::prepare_without_decision_stays_in_doubt_on_reopen ... ok
[INFO] [stdout] test txn2pc::tests::rec_and_intent_key_layout ... ok
[INFO] [stdout] test txn2pc::tests::prepare_commit_materializes_and_clears_intents ... ok
[INFO] [stdout] test txn2pc::tests::state_byte_roundtrip ... ok
[INFO] [stdout] test txn2pc::tests::recovery_commits_prepared_when_decision_is_commit ... ok
[INFO] [stdout] test txn::apply_mutations_tests::apply_mutations_empty_returns_current_sequence ... ok
[INFO] [stdout] test txn::apply_mutations_tests::apply_mutations_maintains_index_and_cdc ... ok
[INFO] [stdout] test txn::apply_mutations_tests::txn_take_commit_clears_state ... ok
[INFO] [stdout] test txn2pc::tests::recovery_aborts_on_abort_decision_but_holds_undecided ... ok
[INFO] [stdout] test txn::apply_mutations_tests::txn_commit_uses_take_then_apply ... ok
[INFO] [stdout] test txn::apply_mutations_tests::apply_mutations_put_and_delete ... ok
[INFO] [stdout] test txn2pc::tests::prepare_holds_durable_intents_under_sys_prefix ... ok
[INFO] [stdout] test txn2pc::tests::prepare_abort_clears_intents_only ... ok
[INFO] [stdout] test tests::hlc_uncertainty_wait_delays_commit_when_clock_leads_wall_clock ... ok
[INFO] [stderr]      Running unittests src/lib.rs (/opt/rustwide/target/debug/build/kaya-io/dcbf0dd5bb14f288/out/kaya_io-dcbf0dd5bb14f288)
[INFO] [stdout] 
[INFO] [stdout] test result: ok. 92 passed; 0 failed; 0 ignored; 0 measured; 0 filtered out; finished in 0.09s
[INFO] [stdout] 
[INFO] [stdout] 
[INFO] [stdout] running 23 tests
[INFO] [stdout] test encrypted::tests::rotate_rejects_duplicate_id ... ok
[INFO] [stdout] test encrypted::tests::keyring_file_rejects_missing_active_key ... ok
[INFO] [stdout] test encrypted::tests::load_key_file_requires_32_bytes ... ok
[INFO] [stdout] test encrypted::tests::append_returns_plaintext_offset ... ok
[INFO] [stdout] test encrypted::tests::keyring_file_is_created_with_mode_0600 ... ok
[INFO] [stdout] test path::tests::normalizes_simple_paths ... ok
[INFO] [stdout] test encrypted::tests::roundtrip_write_read ... ok
[INFO] [stdout] test encrypted::tests::ciphertext_is_not_plaintext ... ok
[INFO] [stdout] test path::tests::rejects_path_traversal ... ok
[INFO] [stdout] test encrypted::tests::wrong_key_fails_auth ... ok
[INFO] [stdout] test sim::tests::non_strict_namespace_keeps_content_only_model ... ok
[INFO] [stdout] test sim::tests::sim_disk_disk_full_fault_on_append ... ok
[INFO] [stdout] test sim::tests::sim_disk_basic_write_read_fsync_crash ... ok
[INFO] [stdout] test encrypted::tests::simple_keyring_writes_legacy_format ... ok
[INFO] [stdout] test encrypted::tests::rotated_keyring_reads_pre_rotation_files_and_writes_new_key ... ok
[INFO] [stdout] test sim::tests::strict_namespace_creation_lost_without_dir_sync ... ok
[INFO] [stdout] test sim::tests::strict_namespace_atomic_publish_survives ... ok
[INFO] [stdout] test sim::tests::strict_namespace_rename_reverts_without_dir_sync ... ok
[INFO] [stdout] test sim::tests::sim_disk_partial_write_fault ... ok
[INFO] [stdout] test sim::tests::sim_disk_unsynced_write_lost_after_crash ... ok
[INFO] [stdout] test sim::tests::sim_disk_fsync_fail_fault ... ok
[INFO] [stdout] test encrypted::tests::keyring_file_roundtrip ... ok
[INFO] [stdout] test sim::tests::strict_namespace_creation_survives_with_dir_sync ... ok
[INFO] [stderr]      Running tests/disk_contract.rs (/opt/rustwide/target/debug/build/kaya-io/0604b29f1f9003d4/out/disk_contract-0604b29f1f9003d4)
[INFO] [stdout] 
[INFO] [stdout] test result: ok. 23 passed; 0 failed; 0 ignored; 0 measured; 0 filtered out; finished in 0.01s
[INFO] [stdout] 
[INFO] [stdout] 
[INFO] [stdout] running 5 tests
[INFO] [stdout] test io_uring_disk_is_linux_feature_gated ... ok
[INFO] [stdout] test sim_disk_contract ... ok
[INFO] [stdout] test file_disk_contract ... ok
[INFO] [stdout] test encrypted_file_disk_contract ... ok
[INFO] [stdout] test encrypted_sim_disk_contract ... ok
[INFO] [stdout] 
[INFO] [stdout] test result: ok. 5 passed; 0 failed; 0 ignored; 0 measured; 0 filtered out; finished in 3.86s
[INFO] [stdout] 
[INFO] [stderr]      Running unittests src/lib.rs (/opt/rustwide/target/debug/build/kaya-jepsen-test/66dd22b864bb3e6f/out/kaya_jepsen_test-66dd22b864bb3e6f)
[INFO] [stdout] 
[INFO] [stdout] running 25 tests
[INFO] [stdout] test bank::tests::account_keys_are_acct_prefix ... ok
[INFO] [stdout] test bank::tests::balance_encode_parse_round_trip ... ok
[INFO] [stdout] test bank::tests::transfer_preserves_sum ... ok
[INFO] [stdout] test bank::tests::mock_history_preserves_sum ... ok
[INFO] [stdout] test bank::tests::committed_history_with_overdraw_fails ... ok
[INFO] [stdout] test bank::tests::sum_invariant_holds_for_seeded_model ... ok
[INFO] [stdout] test bank::tests::mock_history_detects_bad_committed_transfer ... ok
[INFO] [stdout] test bank::tests::insufficient_funds_rejected ... ok
[INFO] [stdout] test scenario::tests::bank_scenario_uses_bank_sum_and_kill_partition ... ok
[INFO] [stdout] test history::tests::check_concurrent_accepts_overlapping_register_key ... ok
[INFO] [stdout] test history::tests::check_concurrent_accepts_overlapping_puts ... ok
[INFO] [stdout] test scenario::tests::durations_increase_from_smoke_through_t5 ... ok
[INFO] [stdout] test scenario::tests::full_gate_scenarios_use_concurrent_verify ... ok
[INFO] [stdout] test scenario::tests::multi_range_bank_move_scenario_uses_move_range_nemesis ... ok
[INFO] [stdout] test scenario::tests::multi_range_bank_uses_multi_range_layout_and_topology ... ok
[INFO] [stdout] test scenario::tests::t1_matches_jepsen_design ... ok
[INFO] [stdout] test scenario::tests::t2_matches_jepsen_design_partition ... ok
[INFO] [stdout] test scenario::tests::t5_matches_jepsen_design_stress_partition ... ok
[INFO] [stdout] test scenario::tests::t6_four_node_join_topology ... ok
[INFO] [stdout] test scenario::tests::t7_has_burst_write_hook ... ok
[INFO] [stdout] test workload::tests::register_key_is_always_shared_register ... ok
[INFO] [stdout] test scenario::tests::registry_contains_smoke_rich_t1_through_t7_and_bank ... ok
[INFO] [stdout] test scenario::tests::rich_scenario_uses_clock_skew_and_disk_latency ... ok
[INFO] [stdout] test nemesis::rich_nemesis_tests::clock_skew_and_disk_latency_emit_actions ... ok
[INFO] [stdout] test history::tests::try_record_timed_enforces_per_client_cap_under_wgl_max ... ok
[INFO] [stdout] 
[INFO] [stdout] test result: ok. 25 passed; 0 failed; 0 ignored; 0 measured; 0 filtered out; finished in 0.02s
[INFO] [stdout] 
[INFO] [stderr]      Running tests/bank_workload.rs (/opt/rustwide/target/debug/build/kaya-jepsen-test/467df10997d37c48/out/bank_workload-467df10997d37c48)
[INFO] [stdout] 
[INFO] [stdout] running 6 tests
[INFO] [stdout] test bank_scenario_cluster_sum_invariant ... ignored, requires full in-process cluster; use --ignored
[INFO] [stdout] test bank_single_transfer_integration ... ignored, requires full in-process cluster; use --ignored
[INFO] [stdout] test bank_keys_and_balances_round_trip ... ok
[INFO] [stdout] test bank_scenario_descriptor ... ok
[INFO] [stdout] test mock_history_detects_sum_violation ... ok
[INFO] [stdout] test mock_transfer_history_preserves_constant_sum ... ok
[INFO] [stderr]      Running tests/cluster_controller_smoke.rs (/opt/rustwide/target/debug/build/kaya-jepsen-test/ae4d09386f73a7ac/out/cluster_controller_smoke-ae4d09386f73a7ac)
[INFO] [stdout] 
[INFO] [stdout] test result: ok. 4 passed; 0 failed; 2 ignored; 0 measured; 0 filtered out; finished in 0.01s
[INFO] [stdout] 
[INFO] [stdout] 
[INFO] [stdout] running 2 tests
[INFO] [stderr] iptables v1.8.11 (nf_tables): Could not fetch rule set generation id: Permission denied (you must be root)
[INFO] [stderr] iptables v1.8.11 (nf_tables): Could not fetch rule set generation id: Permission denied (you must be root)
[INFO] [stderr] iptables v1.8.11 (nf_tables): Could not fetch rule set generation id: Permission denied (you must be root)
[INFO] [stdout] test partition_node_returns_ok_or_sudo_error ... ok
[INFO] [stdout] test spawns_three_node_cluster_and_finds_leader ... ok
[INFO] [stderr]      Running tests/cross_leader_2pc.rs (/opt/rustwide/target/debug/build/kaya-jepsen-test/104b42f082c14aea/out/cross_leader_2pc-104b42f082c14aea)
[INFO] [stdout] 
[INFO] [stdout] test result: ok. 2 passed; 0 failed; 0 ignored; 0 measured; 0 filtered out; finished in 1.78s
[INFO] [stdout] 
[INFO] [stdout] 
[INFO] [stdout] running 1 test
[INFO] [stdout] test forwarded_2pc_commands_replicate_on_the_participant_leader ... ok
[INFO] [stdout] 
[INFO] [stdout] test result: ok. 1 passed; 0 failed; 0 ignored; 0 measured; 0 filtered out; finished in 2.36s
[INFO] [stdout] 
[INFO] [stderr]      Running tests/full_gate.rs (/opt/rustwide/target/debug/build/kaya-jepsen-test/cca22e8f111a3a75/out/full_gate-cca22e8f111a3a75)
[INFO] [stdout] 
[INFO] [stdout] running 7 tests
[INFO] [stderr]      Running tests/grand_matrix.rs (/opt/rustwide/target/debug/build/kaya-jepsen-test/a74056a6e5b63216/out/grand_matrix-a74056a6e5b63216)
[INFO] [stdout] test t1_single_node_kill_recovery ... ignored, full WGL gate — run nightly with --ignored
[INFO] [stdout] test t2_majority_partition ... ignored, full WGL gate — run nightly with --ignored
[INFO] [stdout] test t3_leader_kill_re_election ... ignored, full WGL gate — run nightly with --ignored
[INFO] [stdout] test t4_rolling_restart ... ignored, full WGL gate — run nightly with --ignored
[INFO] [stdout] test t5_stress_kill_partition ... ignored, full WGL gate — run nightly with --ignored
[INFO] [stdout] test t6_membership_joint_consensus ... ignored, full WGL gate — run nightly with --ignored
[INFO] [stdout] test t7_snapshot_catch_up ... ignored, full WGL gate — run nightly with --ignored
[INFO] [stdout] 
[INFO] [stdout] test result: ok. 0 passed; 0 failed; 7 ignored; 0 measured; 0 filtered out; finished in 0.00s
[INFO] [stdout] 
[INFO] [stderr]      Running tests/partition_nemesis.rs (/opt/rustwide/target/debug/build/kaya-jepsen-test/1053866dda44aa9b/out/partition_nemesis-1053866dda44aa9b)
[INFO] [stdout] 
[INFO] [stdout] running 3 tests
[INFO] [stdout] test multi_range_bank_grand_matrix ... ignored, grand matrix — nightly / --ignored; multi-range bank + chaos
[INFO] [stdout] test multi_range_bank_move_range_chaos ... ignored, grand matrix — nightly / --ignored; multi-range bank + MOVE_RANGE + kill
[INFO] [stdout] test multi_range_bank_sum_no_kill ... ignored, grand matrix short path — multi-range 2PC sum without kill
[INFO] [stdout] 
[INFO] [stdout] test result: ok. 0 passed; 0 failed; 3 ignored; 0 measured; 0 filtered out; finished in 0.00s
[INFO] [stdout] 
[INFO] [stderr]      Running tests/rich_nemesis_scenario.rs (/opt/rustwide/target/debug/build/kaya-jepsen-test/4207c71bcd17cb6e/out/rich_nemesis_scenario-4207c71bcd17cb6e)
[INFO] [stdout] 
[INFO] [stdout] running 1 test
[INFO] [stdout] test partition_nemesis_applies ... ignored, linux partition proof — nightly with sudo/iptables
[INFO] [stdout] 
[INFO] [stdout] test result: ok. 0 passed; 0 failed; 1 ignored; 0 measured; 0 filtered out; finished in 0.00s
[INFO] [stdout] 
[INFO] [stdout] 
[INFO] [stdout] running 1 test
[INFO] [stderr]      Running tests/scenario_registry.rs (/opt/rustwide/target/debug/build/kaya-jepsen-test/3ae7176c52b7e6bf/out/scenario_registry-3ae7176c52b7e6bf)
[INFO] [stdout] test rich_nemesis_scenario_runs_via_runner ... ok
[INFO] [stdout] 
[INFO] [stdout] test result: ok. 1 passed; 0 failed; 0 ignored; 0 measured; 0 filtered out; finished in 15.18s
[INFO] [stdout] 
[INFO] [stdout] 
[INFO] [stdout] running 9 tests
[INFO] [stdout] test rich_scenario_in_registry_uses_clock_skew_and_disk_latency ... ok
[INFO] [stdout] test registry_has_twelve_entries_in_order ... ok
[INFO] [stdout] test multi_range_bank_move_registered ... ok
[INFO] [stdout] test every_scenario_has_positive_duration_and_clients ... ok
[INFO] [stderr]      Running tests/scenario_smoke.rs (/opt/rustwide/target/debug/build/kaya-jepsen-test/f6a5c65e4f09b27e/out/scenario_smoke-f6a5c65e4f09b27e)
[INFO] [stdout] test multi_range_bank_registered ... ok
[INFO] [stdout] test concurrent_registry_scenarios_declare_wgl_cap_and_design_clients ... ok
[INFO] [stdout] test smoke_uses_sequential_verify_full_gate_uses_concurrent ... ok
[INFO] [stdout] test wgl_register_uses_shared_register_key_per_jepsen_design ... ok
[INFO] [stdout] test bank_scenario_is_registered_with_sum_verify ... ok
[INFO] [stdout] 
[INFO] [stdout] test result: ok. 9 passed; 0 failed; 0 ignored; 0 measured; 0 filtered out; finished in 0.01s
[INFO] [stdout] 
[INFO] [stdout] 
[INFO] [stdout] running 1 test
[INFO] [stdout] test smoke_scenario_runs_with_cluster_controller ... ok
[INFO] [stdout] 
[INFO] [stdout] test result: ok. 1 passed; 0 failed; 0 ignored; 0 measured; 0 filtered out; finished in 18.13s
[INFO] [stdout] 
[INFO] [stderr]      Running tests/t6_t7_local.rs (/opt/rustwide/target/debug/build/kaya-jepsen-test/0f4f675c85585e82/out/t6_t7_local-0f4f675c85585e82)
[INFO] [stdout] 
[INFO] [stdout] running 4 tests
[INFO] [stdout] test t6_membership_full ... ignored, full WGL gate — run nightly with --ignored
[INFO] [stdout] test t6_membership_local_short ... ignored, FourNodeJoin needs join-node spawn; run manually or in nightly matrix
[INFO] [stdout] test t7_snapshot_full ... ignored, full WGL gate — run nightly with --ignored
[INFO] [stdout] test t7_snapshot_local_short ... ignored, slow leader election on Windows dev hosts; run with --ignored
[INFO] [stdout] 
[INFO] [stdout] test result: ok. 0 passed; 0 failed; 4 ignored; 0 measured; 0 filtered out; finished in 0.00s
[INFO] [stdout] 
[INFO] [stderr]      Running unittests src/lib.rs (/opt/rustwide/target/debug/build/kaya-lsm/2e9ab41fa733514a/out/kaya_lsm-2e9ab41fa733514a)
[INFO] [stdout] 
[INFO] [stdout] running 54 tests
[INFO] [stdout] test block_cache::tests::lru_evicts_oldest ... ok
[INFO] [stdout] test block_cache::tests::stats_track_hits_and_misses ... ok
[INFO] [stdout] test internal_key::tests::empty_user_key_roundtrip ... ok
[INFO] [stdout] test internal_key::tests::matches_user_key_exact ... ok
[INFO] [stdout] test compaction::tests::l0_merge_requires_two_eligible_tables ... ok
[INFO] [stdout] test internal_key::tests::encode_decode_roundtrip ... ok
[INFO] [stdout] test internal_key::tests::max_commit_ts_roundtrip ... ok
[INFO] [stdout] test compaction::tests::tier_strategy_groups_similar_sizes ... ok
[INFO] [stdout] test internal_key::tests::encode_internal_key_seq_matches_get ... ok
[INFO] [stdout] test compaction::tests::l0_merge_skips_pinned_tables ... ok
[INFO] [stdout] test internal_key::tests::different_user_keys_order_by_user_key ... ok
[INFO] [stdout] test compaction::tests::level_strategy_triggers_l0_at_threshold ... ok
[INFO] [stdout] test internal_key::tests::short_legacy_key_helpers ... ok
[INFO] [stdout] test internal_key::tests::newer_ts_sorts_before_older_for_same_user_key ... ok
[INFO] [stdout] test internal_key::tests::user_key_prefix_bound ... ok
[INFO] [stdout] test internal_key::tests::wire_encode_breaks_proper_prefix_user_key_order ... ok
[INFO] [stdout] test manifest::tests::encode_decode_set_last_sequence ... ok
[INFO] [stdout] test manifest::tests::encode_decode_create_table ... ok
[INFO] [stdout] test internal_key::tests::typed_get_at_seek_lands_on_visible_version ... ok
[INFO] [stdout] test internal_key::tests::typed_internal_key_orders_user_asc_ts_desc ... ok
[INFO] [stdout] test manifest::tests::corrupt_tail_is_truncated ... ok
[INFO] [stdout] test manifest::tests::replay_build_and_destroy ... ok
[INFO] [stdout] test sstable::tests::multi_block_roundtrip ... ok
[INFO] [stdout] test sstable::tests::block_cache_avoids_repeat_decodes ... ok
[INFO] [stdout] test sstable::tests::bloom_disabled_matches_v1_behavior ... ok
[INFO] [stdout] test sstable::tests::bloom_enabled_footer_roundtrip ... ok
[INFO] [stdout] test sstable::tests::legacy_v2_get_still_works ... ok
[INFO] [stdout] test sstable::tests::bloom_no_false_negatives_for_inserted_keys ... ok
[INFO] [stdout] test sstable::tests::bloom_absent_key_skips_block_reads ... ok
[INFO] [stdout] test sstable::tests::lz4_compression_roundtrip ... ok
[INFO] [stdout] test sstable::tests::scan_prefix ... ok
[INFO] [stdout] test sstable::tests::rejects_corrupted_data_block_crc ... ok
[INFO] [stdout] test sstable::tests::roundtrip_single_block ... ok
[INFO] [stdout] test sstable::tests::v4_multi_version_roundtrip_get_at ... ok
[INFO] [stdout] test sstable::tests::v4_multi_version_spanning_blocks ... ok
[INFO] [stdout] test sstable::tests::v4_tombstone_at_higher_ts ... ok
[INFO] [stdout] test sstable::tests::v4_proper_prefix_user_keys_visible ... ok
[INFO] [stdout] test tests::approximate_bytes_is_incremental_and_accurate ... ok
[INFO] [stdout] test sstable::tests::v4_scan_prefix_includes_visible_delete ... ok
[INFO] [stdout] test tests::fuzz_manifest_decoder_no_panic ... ok
[INFO] [stdout] test tests::fuzz_sstable_block_no_panic ... ok
[INFO] [stdout] test tests::fuzz_sstable_footer_no_panic ... ok
[INFO] [stdout] test sstable::tests::reads_v1_footer_without_bloom ... ok
[INFO] [stdout] test sstable::tests::prefix_restart_offsets_reset_shared_base ... ok
[INFO] [stdout] test tests::delete_hides_put ... ok
[INFO] [stdout] test sstable::tests::rejects_corrupted_footer_magic ... ok
[INFO] [stdout] test tests::prefix_user_keys_order_and_visibility ... ok
[INFO] [stdout] test tests::memtable_keeps_two_versions ... ok
[INFO] [stdout] test tests::iter_latest_user_sorted_for_flush ... ok
[INFO] [stdout] test sstable::tests::zstd_prefix_cache_combined_path ... ok
[INFO] [stdout] test tests::memtable_tombstone_hides_at_new_ts_keeps_old ... ok
[INFO] [stdout] test sstable::tests::zstd_compression_roundtrip ... ok
[INFO] [stderr]      Running tests/format_fixtures.rs (/opt/rustwide/target/debug/build/kaya-lsm/8ab6494114fcb10d/out/format_fixtures-8ab6494114fcb10d)
[INFO] [stdout] test tests::scan_prefix_returns_sorted_visible_puts ... ok
[INFO] [stdout] test sstable::tests::prefix_compression_roundtrip_and_smaller_blocks ... ok
[INFO] [stdout] 
[INFO] [stdout] test result: ok. 54 passed; 0 failed; 0 ignored; 0 measured; 0 filtered out; finished in 0.05s
[INFO] [stdout] 
[INFO] [stdout] 
[INFO] [stdout] running 22 tests
[INFO] [stdout] test manifest_valid_fixture_has_documented_header_layout ... ok
[INFO] [stdout] test regenerate_lsm_fixtures ... ignored, writes committed golden fixtures; run only on intentional format change
[INFO] [stdout] test manifest_bad_checksum_fixture_is_rejected ... ok
[INFO] [stdout] test manifest_unsupported_version_fixture_is_rejected ... ok
[INFO] [stdout] test manifest_partial_tail_fixture_keeps_durable_prefix ... ok
[INFO] [stdout] test sstable_bad_magic_fixture_is_rejected ... ok
[INFO] [stdout] test manifest_bad_magic_fixture_is_rejected ... ok
[INFO] [stdout] test manifest_encoding_is_deterministic ... ok
[INFO] [stdout] test manifest_valid_fixture_replays_to_expected_state ... ok
[INFO] [stdout] test sstable_bad_checksum_fixture_is_rejected ... ok
[INFO] [stdout] test manifest_valid_fixture_matches_encoder_byte_for_byte ... ok
[INFO] [stdout] test sstable_v2_bloom_fixture_matches_encoder_byte_for_byte ... ok
[INFO] [stdout] test sstable_v2_valid_fixture_matches_encoder_byte_for_byte ... ok
[INFO] [stdout] test sstable_v3_lz4_fixture_decodes_to_expected_contents ... ok
[INFO] [stdout] test sstable_unsupported_version_fixture_is_rejected ... ok
[INFO] [stdout] test sstable_v2_valid_fixture_decodes_to_expected_contents ... ok
[INFO] [stdout] test sstable_v3_prefix_fixture_matches_encoder_byte_for_byte ... ok
[INFO] [stdout] test sstable_encoding_is_deterministic ... ok
[INFO] [stdout] test sstable_v2_bloom_fixture_decodes_to_expected_contents ... ok
[INFO] [stdout] test sstable_v4_valid_fixture_decodes_to_expected_contents ... ok
[INFO] [stdout] test sstable_v4_valid_fixture_matches_encoder_byte_for_byte ... ok
[INFO] [stderr]      Running unittests src/lib.rs (/opt/rustwide/target/debug/build/kaya-net/ac3c7474b3b10215/out/kaya_net-ac3c7474b3b10215)
[INFO] [stdout] test sstable_v3_prefix_fixture_decodes_to_expected_contents ... ok
[INFO] [stdout] 
[INFO] [stdout] test result: ok. 21 passed; 0 failed; 1 ignored; 0 measured; 0 filtered out; finished in 0.03s
[INFO] [stdout] 
[INFO] [stdout] 
[INFO] [stdout] running 82 tests
[INFO] [stdout] test codec::tests::decode_envelope_append_response_truncated ... ok
[INFO] [stdout] test codec::tests::decode_envelope_append_request_oversized_entry_count ... ok
[INFO] [stdout] test codec::tests::decode_envelope_truncated_from ... ok
[INFO] [stdout] test codec::tests::decode_envelope_truncated_msg_type ... ok
[INFO] [stdout] test codec::tests::decode_envelope_append_request_oversized_command ... ok
[INFO] [stdout] test codec::tests::decode_envelope_empty ... ok
[INFO] [stdout] test codec::tests::decode_envelope_append_request_truncated_entry ... ok
[INFO] [stdout] test codec::tests::admin_payload_no_token_roundtrips ... ok
[INFO] [stdout] test codec::tests::decode_envelope_vote_response_truncated ... ok
[INFO] [stdout] test codec::tests::decode_error_payload_empty ... ok
[INFO] [stdout] test codec::tests::decode_error_payload_invalid_utf8 ... ok
[INFO] [stdout] test codec::tests::decode_error_payload_truncated ... ok
[INFO] [stdout] test codec::tests::decode_hello_request_truncated ... ok
[INFO] [stdout] test codec::tests::decode_hello_response_truncated ... ok
[INFO] [stdout] test codec::tests::decode_key_payload_empty ... ok
[INFO] [stdout] test codec::tests::decode_key_payload_truncated_data ... ok
[INFO] [stdout] test codec::tests::decode_key_payload_truncated_length ... ok
[INFO] [stdout] test codec::tests::decode_put_payload_truncated_key ... ok
[INFO] [stdout] test codec::tests::decode_envelope_unknown_msg_type ... ok
[INFO] [stdout] test codec::tests::decode_envelope_vote_request_truncated ... ok
[INFO] [stdout] test codec::tests::decode_scan_response_empty ... ok
[INFO] [stdout] test codec::tests::decode_put_payload_empty ... ok
[INFO] [stdout] test codec::tests::decode_put_payload_truncated_header ... ok
[INFO] [stdout] test codec::tests::decode_txn_begin_response_truncated ... ok
[INFO] [stdout] test codec::tests::decode_txn_commit_response_truncated ... ok
[INFO] [stdout] test codec::tests::decode_put_payload_truncated_value ... ok
[INFO] [stdout] test codec::tests::decode_txn_op_truncated ... ok
[INFO] [stdout] test codec::tests::decode_txn_id_payload_truncated ... ok
[INFO] [stdout] test codec::tests::decode_txn_op_unknown_kind ... ok
[INFO] [stdout] test codec::tests::decode_value_payload_truncated ... ok
[INFO] [stdout] test codec::tests::member_payload_roundtrip_with_learner_flag ... ok
[INFO] [stdout] test codec::tests::merge_response_uses_list_ranges_layout ... ok
[INFO] [stdout] test codec::tests::client_payload_no_token_roundtrips ... ok
[INFO] [stdout] test codec::tests::move_range_request_roundtrips ... ok
[INFO] [stdout] test codec::tests::all_decoders_no_panic_on_garbage ... ok
[INFO] [stdout] test codec::tests::client_token_roundtrips ... ok
[INFO] [stdout] test codec::tests::operator_token_roundtrips ... ok
[INFO] [stdout] test codec::tests::decode_scan_response_oversized_count ... ok
[INFO] [stdout] test codec::tests::promote_learner_payload_roundtrips ... ok
[INFO] [stdout] test codec::tests::decode_scan_response_truncated_items ... ok
[INFO] [stdout] test codec::tests::round_trip_append_response ... ok
[INFO] [stdout] test codec::tests::round_trip_config_change_request ... ok
[INFO] [stdout] test codec::tests::round_trip_hello_payloads ... ok
[INFO] [stdout] test codec::tests::round_trip_install_snapshot_request ... ok
[INFO] [stdout] test codec::tests::round_trip_install_snapshot_response ... ok
[INFO] [stdout] test codec::tests::decode_value_payload_empty ... ok
[INFO] [stdout] test codec::tests::meta_epoch_prefix_round_trip ... ok
[INFO] [stdout] test codec::tests::round_trip_put_payload ... ok
[INFO] [stdout] test codec::tests::round_trip_remove_member_payload ... ok
[INFO] [stdout] test codec::tests::round_trip_txn_begin_response ... ok
[INFO] [stdout] test codec::tests::round_trip_txn_commit_response ... ok
[INFO] [stdout] test codec::tests::round_trip_txn_id_payload ... ok
[INFO] [stdout] test codec::tests::round_trip_txn_op_delete ... ok
[INFO] [stdout] test codec::tests::round_trip_txn_op_get ... ok
[INFO] [stdout] test codec::tests::round_trip_txn_op_put ... ok
[INFO] [stdout] test codec::tests::round_trip_txn_op_put_empty_value ... ok
[INFO] [stdout] test codec::tests::round_trip_vote_request ... ok
[INFO] [stdout] test codec::tests::round_trip_vote_response ... ok
[INFO] [stdout] test codec::tests::rebalance_plan_response_roundtrips ... ok
[INFO] [stdout] test codec::tests::round_trip_scan_response ... ok
[INFO] [stdout] test codec::tests::round_trip_append_request_with_entries ... ok
[INFO] [stdout] test codec::tests::transfer_leader_request_roundtrips ... ok
[INFO] [stdout] test roster::tests::all_ids_sorted ... ok
[INFO] [stdout] test tests::fuzz_codec_no_panic ... ok
[INFO] [stdout] test transport::tests::encode_client_frame_empty_payload ... ok
[INFO] [stdout] test transport::tests::encode_client_frame_with_payload ... ok
[INFO] [stdout] test transport::tests::raft_listener_partition_flag_parameter_parity ... ok
[INFO] [stdout] test codec::tests::round_trip_config_change_response ... ok
[INFO] [stdout] test codec::tests::round_trip_merge_range_request ... ok
[INFO] [stdout] test codec::tests::round_trip_group_id_nonzero ... ok
[INFO] [stdout] test transport::tests::read_client_frame_multiple ... ok
[INFO] [stdout] test transport::tests::read_client_frame_oversized_rejected ... ok
[INFO] [stdout] test transport::tests::read_client_frame_opcode_only ... ok
[INFO] [stdout] test transport::tests::read_client_frame_empty_rejected ... ok
[INFO] [stdout] test roster::tests::lookup_absent ... ok
[INFO] [stdout] test transport::tests::read_client_frame_valid ... ok
[INFO] [stdout] test roster::tests::lookup_present ... ok
[INFO] [stdout] test transport::tests::write_and_read_response_roundtrip ... ok
[INFO] [stdout] test transport::tests::roundtrip_client_server ... ok
[INFO] [stdout] test transport::tests::roundtrip_connection_refused ... ok
[INFO] [stdout] test transport::tests::read_client_frame_truncated_payload ... ok
[INFO] [stdout] test transport::tests::write_response_empty_payload ... ok
[INFO] [stdout] 
[INFO] [stdout] test result: ok. 82 passed; 0 failed; 0 ignored; 0 measured; 0 filtered out; finished in 0.02s
[INFO] [stdout] 
[INFO] [stderr]      Running tests/conformance_vectors.rs (/opt/rustwide/target/debug/build/kaya-net/1c8c5757355b7967/out/conformance_vectors-1c8c5757355b7967)
[INFO] [stdout] 
[INFO] [stdout] running 2 tests
[INFO] [stdout] test conformance_vectors_run_all ... ok
[INFO] [stdout] test conformance_vectors_load_file ... ok
[INFO] [stdout] 
[INFO] [stdout] test result: ok. 2 passed; 0 failed; 0 ignored; 0 measured; 0 filtered out; finished in 0.00s
[INFO] [stdout] 
[INFO] [stderr]      Running unittests src/lib.rs (/opt/rustwide/target/debug/build/kaya-raft/eb7e80dde02d483c/out/kaya_raft-eb7e80dde02d483c)
[INFO] [stdout] 
[INFO] [stdout] running 71 tests
[INFO] [stdout] test cluster_config::tests::joint_commit_requires_both_majorities ... ok
[INFO] [stdout] test command::tests::decode_legacy_address_members_as_voters ... ok
[INFO] [stdout] test command::tests::round_trip_config_change_with_learner ... ok
[INFO] [stdout] test command::tests::round_trip_txn_commit_empty_mutations ... ok
[INFO] [stdout] test command::tests::round_trip_config_change_with_addresses ... ok
[INFO] [stdout] test command::tests::round_trip_delete ... ok
[INFO] [stdout] test command::tests::round_trip_txn_abort_2pc ... ok
[INFO] [stdout] test command::tests::decode_legacy_voters_only_config_change ... ok
[INFO] [stdout] test command::tests::round_trip_put ... ok
[INFO] [stdout] test command::tests::round_trip_txn_commit_2pc ... ok
[INFO] [stdout] test command::tests::round_trip_range_meta ... ok
[INFO] [stdout] test command::tests::round_trip_txn_decision ... ok
[INFO] [stdout] test command::tests::round_trip_txn_prepare ... ok
[INFO] [stdout] test command::tests::round_trip_txn_commit_put_and_delete ... ok
[INFO] [stdout] test command::tests::txn_commit_decode_rejects_bad_has_value ... ok
[INFO] [stdout] test command::tests::types_1_through_4_unchanged_by_2pc_extension ... ok
[INFO] [stdout] test command::tests::voter_ids_excludes_learners ... ok
[INFO] [stdout] test disk_storage::tests::disk_storage_load_empty_when_missing ... ok
[INFO] [stdout] test disk_storage::tests::raft_group_dir_legacy_group_zero_at_root ... ok
[INFO] [stdout] test log::tests::append_after_snapshot ... ok
[INFO] [stdout] test log::tests::append_and_read ... ok
[INFO] [stdout] test log::tests::snapshot_compaction_basic ... ok
[INFO] [stdout] test log::tests::empty_log_sentinels ... ok
[INFO] [stdout] test log::tests::entries_from_slice ... ok
[INFO] [stdout] test log::tests::truncate_and_reappend ... ok
[INFO] [stdout] test multi_raft::tests::from_ranges_does_not_match_encode_restore_semantics ... ok
[INFO] [stdout] test multi_raft::tests::merge_with_next_recombines_split_ranges ... ok
[INFO] [stdout] test multi_raft::tests::merge_with_next_rejects_missing_and_last ... ok
[INFO] [stdout] test disk_storage::tests::open_group_uses_per_group_path ... ok
[INFO] [stdout] test multi_raft::tests::move_range_reassigns_owner_group ... ok
[INFO] [stdout] test multi_raft::tests::move_range_rejects_unknown_start_and_same_group ... ok
[INFO] [stdout] test multi_raft::tests::move_range_round_trips_through_snapshot ... ok
[INFO] [stdout] test multi_raft::tests::multi_raft_group_dir_matches_layout ... ok
[INFO] [stdout] test multi_raft::tests::multi_raft_host_remove_unhosts_group ... ok
[INFO] [stdout] test multi_raft::tests::peek_then_split_allocates_stable_group_ids ... ok
[INFO] [stdout] test multi_raft::tests::range_table_decode_rejects_bad_version ... ok
[INFO] [stdout] test multi_raft::tests::range_table_encode_decode_preserves_epochs_and_counters ... ok
[INFO] [stdout] test multi_raft::tests::single_group_table_covers_all_keys ... ok
[INFO] [stdout] test multi_raft::tests::split_at_updates_routing_and_epoch ... ok
[INFO] [stdout] test multi_raft::tests::split_rejects_boundary_and_uncovered ... ok
[INFO] [stdout] test multi_raft::tests::static_range_lookup ... ok
[INFO] [stdout] test disk_storage::tests::disk_storage_roundtrip ... ok
[INFO] [stdout] test node::tests::five_node_election_requires_three_votes ... ok
[INFO] [stdout] test multi_raft::tests::two_groups_propose_and_apply_independently ... ok
[INFO] [stdout] test multi_raft::tests::tick_all_stamps_group_id_on_envelopes ... ok
[INFO] [stdout] test node::tests::test_read_index_cleared_on_step_down ... ok
[INFO] [stdout] test node::tests::quorum_size_matches_cluster_majority ... ok
[INFO] [stdout] test node::tests::learner_excluded_from_quorum_after_config_change ... ok
[INFO] [stdout] test node::tests::learner_does_not_campaign_or_become_leader ... ok
[INFO] [stdout] test node::tests::learner_does_not_grant_votes ... ok
[INFO] [stdout] test node::tests::single_node_becomes_leader_and_commits_immediately ... ok
[INFO] [stdout] test node::tests::recover_restores_term_and_log ... ok
[INFO] [stdout] test node::tests::test_read_index_leader_lifecycle ... ok
[INFO] [stdout] test node::tests::test_read_index_propose_on_follower_fails ... ok
[INFO] [stdout] test node::tests::transfer_leadership_keeps_voted_for ... ok
[INFO] [stdout] test node::tests::transfer_leadership_rejects_non_voter ... ok
[INFO] [stdout] test node::tests::transfer_leadership_to_self_is_noop_success ... ok
[INFO] [stdout] test node::tests::transfer_leadership_steps_down_to_follower ... ok
[INFO] [stdout] test node::tests::transfer_leadership_when_not_leader_errors ... ok
[INFO] [stdout] test snapshot_payload_tests::snapshot_v1_legacy_has_empty_range_table ... ok
[INFO] [stdout] test snapshot_payload_tests::snapshot_v2_round_trips_range_table ... ok
[INFO] [stdout] test storage::tests::hard_state_rejects_bad_crc ... ok
[INFO] [stdout] test storage::tests::hard_state_rejects_bad_magic ... ok
[INFO] [stdout] test storage::tests::hard_state_rejects_unsupported_version ... ok
[INFO] [stdout] test storage::tests::hard_state_rejects_wrong_length ... ok
[INFO] [stdout] test storage::tests::memlog_frames_roundtrip ... ok
[INFO] [stdout] test types::tests::raft_apply_command_jsonl_round_trip_with_lsn ... ok
[INFO] [stdout] test types::tests::raft_apply_command_jsonl_round_trip_without_lsn ... ok
[INFO] [stdout] test storage::tests::hard_state_roundtrip_voted_for_none ... ok
[INFO] [stdout] test storage::tests::hard_state_roundtrip ... ok
[INFO] [stderr]      Running tests/raft_persist_crash.rs (/opt/rustwide/target/debug/build/kaya-raft/a52dc977baf49617/out/raft_persist_crash-a52dc977baf49617)
[INFO] [stdout] test storage::tests::log_file_roundtrip ... ok
[INFO] [stdout] 
[INFO] [stdout] test result: ok. 71 passed; 0 failed; 0 ignored; 0 measured; 0 filtered out; finished in 0.07s
[INFO] [stdout] 
[INFO] [stdout] 
[INFO] [stdout] running 5 tests
[INFO] [stdout] test disk_storage_survives_truncated_hard_state ... ok
[INFO] [stdout] test raft_crash_mid_save ... ok
[INFO] [stdout] test raft_persist_roundtrip ... ok
[INFO] [stdout] test disk_storage_atomic_replace ... ok
[INFO] [stdout] test disk_storage_log_rewrite_after_append ... ok
[INFO] [stdout] 
[INFO] [stdout] test result: ok. 5 passed; 0 failed; 0 ignored; 0 measured; 0 filtered out; finished in 0.03s
[INFO] [stdout] 
[INFO] [stderr]      Running unittests src/lib.rs (/opt/rustwide/target/debug/build/kaya-server/806847f37d0d2bdc/out/kaya_server-806847f37d0d2bdc)
[INFO] [stdout] 
[INFO] [stdout] running 81 tests
[INFO] [stdout] test acl::tests::hex_and_utf8_prefixes ... ok
[INFO] [stdout] test acl::tests::tenant_denies_other_tenants_key ... ok
[INFO] [stdout] test acl::tests::authorize_token_any_rule ... ok
[INFO] [stdout] test acl::tests::empty_acl_denies_all ... ok
[INFO] [stdout] test acl::tests::empty_token_rejected ... ok
[INFO] [stdout] test acl::tests::load_file_roundtrip ... ok
[INFO] [stdout] test acl::tests::tenant_empty_token_rejected ... ok
[INFO] [stdout] test acl::tests::longest_prefix_wins ... ok
[INFO] [stdout] test acl::tests::tenant_equal_prefixes_rejected ... ok
[INFO] [stdout] test acl::tests::tenant_exclusive_prefixes_rejected ... ok
[INFO] [stdout] test acl::tests::tenant_and_prefix_acl_both_must_pass ... ok
[INFO] [stdout] test acl::tests::tenant_empty_list_denies ... ok
[INFO] [stdout] test acl::tests::tenant_duplicate_id_rejected ... ok
[INFO] [stdout] test audit::tests::syslog_5424_frame_has_pri_version_and_json_msg ... ok
[INFO] [stdout] test acl::tests::tenant_load_file_roundtrip ... ok
[INFO] [stdout] test cluster::balancer::tests::already_off_by_one_is_ok ... ok
[INFO] [stdout] test acl::tests::tenant_missing_token_denies ... ok
[INFO] [stdout] test cluster::balancer::tests::balanced_cluster_needs_no_moves ... ok
[INFO] [stdout] test cluster::balancer::tests::deterministic_tie_break_prefers_high_node_as_source ... ok
[INFO] [stdout] test cluster::balancer::tests::moves_from_rich_to_poor_until_diff_at_most_one ... ok
[INFO] [stdout] test cluster::balancer::tests::single_node_or_empty_is_noop ... ok
[INFO] [stdout] test cluster::balancer::tests::three_nodes_equalizes_counts ... ok
[INFO] [stdout] test cluster::replication::tests::reclaim_skips_group_pre_hosted_for_in_flight_split ... ok
[INFO] [stdout] test audit::tests::audit_jsonl_includes_tenant_when_resolved ... ok
[INFO] [stdout] test audit::tests::audit_jsonl_omits_key_len_when_not_applicable ... ok
[INFO] [stdout] test cluster::replication::tests::reclaim_still_removes_a_real_orphan_below_next_id ... ok
[INFO] [stdout] test cluster::txn_coord::tests::commit_cross_group_aborts_on_prepare_failure ... ok
[INFO] [stdout] test cluster::txn_coord::tests::coordinator_picks_group_of_lex_smallest_key ... ok
[INFO] [stdout] test cluster::txn_coord::tests::parse_rec_key_roundtrip ... ok
[INFO] [stdout] test cluster::txn_coord::tests::commit_cross_group_prepare_then_commit ... ok
[INFO] [stdout] test audit::tests::audit_forwards_records_to_syslog_over_udp ... ok
[INFO] [stdout] test cluster::txn_coord::tests::prepare_and_commit_fan_out_in_parallel ... ok
[INFO] [stdout] test dashboard::tests::cluster_json_reports_node_drain_and_leaders ... ok
[INFO] [stdout] test cluster::txn_coord::tests::recover_holds_prepared_in_doubt_leaves_committed ... ok
[INFO] [stdout] test dashboard::tests::leadership_json_is_group_map ... ok
[INFO] [stdout] test dashboard::tests::raft_json_lists_hosted_groups ... ok
[INFO] [stdout] test audit::tests::audit_jsonl_has_required_fields ... ok
[INFO] [stdout] test dashboard::tests::ranges_json_after_split ... ok
[INFO] [stdout] test dashboard::tests::ranges_json_includes_meta_epoch_and_descriptor ... ok
[INFO] [stdout] test dashboard::tests::error_ring_caps_at_50 ... ok
[INFO] [stdout] test dashboard::tests::health_body_is_ok ... ok
[INFO] [stdout] test apply_index::tests::append_and_reload_correlation ... ok
[INFO] [stdout] test dashboard::tests::dashboard_http_get_endpoints ... ok
[INFO] [stdout] test cluster::txn_coord::tests::prepare_timeout_aborts_and_records_decision ... ok
[INFO] [stdout] test integration_tests::tests::add_member_requires_correct_operator_token ... ok
[INFO] [stdout] test integration_tests::tests::cross_tenant_access_denied ... ok
[INFO] [stdout] test integration_tests::tests::data_ops_require_client_token ... ok
[INFO] [stdout] test integration_tests::tests::test_join_cluster_membership_over_tcp ... ok
[INFO] [stdout] test integration_tests::tests::test_cluster_linearizability_history ... ok
[INFO] [stdout] test integration_tests::tests::test_max_client_connections_backpressure ... ok
[INFO] [stdout] test integration_tests::tests::test_multi_range_bank_sum_invariant ... ok
[INFO] [stdout] test integration_tests::tests::test_range_merge_recombines ... ok
[INFO] [stdout] test integration_tests::tests::test_node_restart_preserves_raft_term ... ok
[INFO] [stdout] test integration_tests::tests::per_prefix_acl_two_tokens ... ok
[INFO] [stdout] test integration_tests::tests::test_range_merge_reclaims_orphan_group ... ok
[INFO] [stdout] test integration_tests::tests::test_cross_range_txn_commit ... ok
[INFO] [stdout] test integration_tests::tests::test_range_split_no_lost_writes ... ok
[INFO] [stdout] test integration_tests::tests::test_multi_raft_static_ranges_put_get ... ok
[INFO] [stdout] test integration_tests::tests::test_range_split_survives_restart ... ok
[INFO] [stdout] test integration_tests::tests::test_stale_meta_epoch_returns_range_moved ... ok
[INFO] [stdout] test membership::tests::members_for_add_preserves_existing_learners ... ok
[INFO] [stdout] test membership::tests::members_for_promote_flips_learner_flag ... ok
[INFO] [stdout] test membership::tests::members_for_remove_allows_learner_even_with_single_voter ... ok
[INFO] [stdout] test membership::tests::members_for_remove_blocks_voter_when_floor_would_break ... ok
[INFO] [stdout] test membership::tests::persist_and_load_round_trip ... ok
[INFO] [stdout] test metrics::tests::metrics_snapshot_captures_role_and_leader_id ... ok
[INFO] [stdout] test metrics::tests::render_prometheus_contains_expected_metrics ... ok
[INFO] [stdout] test range_meta::tests::encode_range_meta_command_round_trips ... ok
[INFO] [stdout] test range_meta::tests::load_missing_returns_none ... ok
[INFO] [stdout] test range_meta::tests::persist_and_load_round_trip ... ok
[INFO] [stdout] test security::tests::loopback_bind_allowed_without_flag ... ok
[INFO] [stdout] test security::tests::public_bind_allowed_with_flag ... ok
[INFO] [stdout] test security::tests::public_bind_rejected_without_flag ... ok
[INFO] [stdout] test security::tests::wildcard_bind_rejected_without_flag ... ok
[INFO] [stdout] test integration_tests::tests::test_range_split_survives_all_nodes_restart ... ok
[INFO] [stdout] test integration_tests::tests::test_real_cluster_correctness ... ok
[INFO] [stdout] test integration_tests::tests::test_hello_handshake ... ok
[INFO] [stdout] test integration_tests::tests::test_range_move_under_concurrent_load ... ok
[INFO] [stdout] test integration_tests::tests::test_install_snapshot_over_tcp ... ok
[INFO] [stdout] test integration_tests::tests::test_transfer_leader_self_noop ... ok
[INFO] [stdout] test integration_tests::tests::test_txn_begin_put_get_commit_visible ... ok
[INFO] [stdout] 
[INFO] [stdout] test result: ok. 81 passed; 0 failed; 0 ignored; 0 measured; 0 filtered out; finished in 28.64s
[INFO] [stdout] 
[INFO] [stderr]      Running unittests src/main.rs (/opt/rustwide/target/debug/build/kaya-server/95eecb5749a5b36e/out/kayadb_server-95eecb5749a5b36e)
[INFO] [stdout] 
[INFO] [stdout] running 0 tests
[INFO] [stdout] 
[INFO] [stdout] test result: ok. 0 passed; 0 failed; 0 ignored; 0 measured; 0 filtered out; finished in 0.00s
[INFO] [stdout] 
[INFO] [stderr]      Running tests/ebpf_bin_launch.rs (/opt/rustwide/target/debug/build/kaya-server/b4daa0ee4c485574/out/ebpf_bin_launch-b4daa0ee4c485574)
[INFO] [stdout] 
[INFO] [stdout] running 0 tests
[INFO] [stdout] 
[INFO] [stdout] test result: ok. 0 passed; 0 failed; 0 ignored; 0 measured; 0 filtered out; finished in 0.00s
[INFO] [stdout] 
[INFO] [stderr]      Running tests/ebpf_evidence.rs (/opt/rustwide/target/debug/build/kaya-server/34e01fb04968f8c2/out/ebpf_evidence-34e01fb04968f8c2)
[INFO] [stdout] 
[INFO] [stderr]      Running tests/otel_durability_integration.rs (/opt/rustwide/target/debug/build/kaya-server/79a4f544cbb1f5fe/out/otel_durability_integration-79a4f544cbb1f5fe)
[INFO] [stdout] running 0 tests
[INFO] [stdout] 
[INFO] [stdout] test result: ok. 0 passed; 0 failed; 0 ignored; 0 measured; 0 filtered out; finished in 0.00s
[INFO] [stdout] 
[INFO] [stdout] 
[INFO] [stdout] running 0 tests
[INFO] [stdout] 
[INFO] [stdout] test result: ok. 0 passed; 0 failed; 0 ignored; 0 measured; 0 filtered out; finished in 0.00s
[INFO] [stdout] 
[INFO] [stderr]      Running unittests src/lib.rs (/opt/rustwide/target/debug/build/kaya-sim/c08ff62f5682bdd3/out/kaya_sim-c08ff62f5682bdd3)
[INFO] [stdout] 
[INFO] [stdout] running 63 tests
[INFO] [stdout] test cluster::tests::election_safe_under_network_latency ... ok
[INFO] [stdout] test clock_skew::tests::cluster_clock_skew_election_stable ... ok
[INFO] [stdout] test cluster::tests::apply_records_capture_engine_lsn ... ok
[INFO] [stdout] test cluster::tests::cluster_disk_full_election_stable ... ok
[INFO] [stdout] test clock_skew::tests::cluster_clock_skew_multi_node_stable ... ok
[INFO] [stdout] test cluster::tests::asymmetric_partition_preserves_election_safety ... ok
[INFO] [stdout] test cluster::tests::leader_elected_5_nodes ... ok
[INFO] [stdout] test cluster::tests::election_safety_no_faults ... ok
[INFO] [stdout] test cluster::tests::election_safe_under_reorder_and_latency ... ok
[INFO] [stdout] test cluster::tests::leader_elected_3_nodes ... ok
[INFO] [stdout] test cluster::tests::partition_isolated_minority_cannot_lead ... ok
[INFO] [stdout] test cluster::tests::joint_consensus_adds_fourth_voter ... ok
[INFO] [stdout] test cluster::tests::election_safety_multi_seed ... ok
[INFO] [stdout] test cluster::tests::election_safety_with_faults ... ok
[INFO] [stdout] test cluster::tests::move_range_preserves_writes_across_cutover ... ok
[INFO] [stdout] test cluster::tests::log_replication ... ok
[INFO] [stdout] test cluster::tests::raft_command_put_delete_converges ... ok
[INFO] [stdout] test cluster::tests::partition_rejoin_catches_up ... ok
[INFO] [stdout] test cluster::tests::engine_backed_snapshot_catches_up_follower ... ok
[INFO] [stdout] test cluster::tests::quorum_commit_requires_majority_in_five_node_cluster ... ok
[INFO] [stdout] test linear::tests::concurrent_overlapping_put_get_consistent ... ok
[INFO] [stdout] test cluster::tests::range_meta_replicates_and_survives_crash ... ok
[INFO] [stdout] test cluster::tests::read_index_quorum_confirmation ... ok
[INFO] [stdout] test linear::tests::minimal_counterexample_shrinks_irrelevant_ops ... ok
[INFO] [stdout] test linear::tests::mus_cap_skips_oversize_universe ... ok
[INFO] [stdout] test linear::tests::mus_empty_on_linearizable_history ... ok
[INFO] [stdout] test linear::tests::mus_scan_fabricated_pair_is_scan_only ... ok
[INFO] [stdout] test linear::tests::mus_scan_missing_put_is_mixed_partition ... ok
[INFO] [stdout] test linear::tests::scan_consistent_with_model ... ok
[INFO] [stdout] test linear::tests::scan_missing_entry_is_violation ... ok
[INFO] [stdout] test linear::tests::sequential_put_delete_get_consistent ... ok
[INFO] [stdout] test linear::tests::sequential_put_get_consistent ... ok
[INFO] [stdout] test linear::tests::stale_read_is_violation ... ok
[INFO] [stdout] test model::tests::all_commit_timestamps_sorted_unique ... ok
[INFO] [stdout] test model::tests::apply_log_entry_synthetic_seq ... ok
[INFO] [stdout] test model::tests::multi_version_put_get_at ... ok
[INFO] [stdout] test model::tests::put_after_delete_is_visible_again ... ok
[INFO] [stdout] test model::tests::scan_prefix_latest_and_at ... ok
[INFO] [stdout] test model::tests::tombstone_hides_newer_but_not_older_snapshot ... ok
[INFO] [stdout] test linear::tests::mus_enumerates_independent_multi_key_violations ... ok
[INFO] [stdout] test rng::tests::weighted_index_in_range ... ok
[INFO] [stdout] test rng::tests::deterministic_across_instances ... ok
[INFO] [stdout] test runner::mvcc_tests::mvcc_delete_then_crash_snapshot_sees_old_put ... ok
[INFO] [stdout] test runner::mvcc_tests::mvcc_multi_version_put_crash_get_at_matches_model ... ok
[INFO] [stdout] test tests::sim_large_seed_burn_in ... ignored
[INFO] [stdout] test linear::tests::concurrent_stale_read_after_completed_write_is_violation ... ok
[INFO] [stdout] test linear::tests::error_results_are_non_constraining ... ok
[INFO] [stdout] test rng::tests::zero_seed_does_not_get_stuck ... ok
[INFO] [stdout] test wgl_jsonl::tests::parse_auto_ticks_when_interval_omitted ... ok
[INFO] [stdout] test wgl_jsonl::tests::parse_hex_keys_and_error_result ... ok
[INFO] [stdout] test wgl_jsonl::tests::parse_put_get_delete_scan_and_null_miss ... ok
[INFO] [stdout] test wgl_jsonl::tests::parse_rejects_inverted_interval ... ok
[INFO] [stdout] test wgl_jsonl::tests::parse_rejects_missing_result_and_bad_hex ... ok
[INFO] [stdout] test wgl_jsonl::tests::parse_rejects_unknown_field_and_op ... ok
[INFO] [stdout] test wgl_jsonl::tests::report_json_and_greedy_on_put_then_miss ... ok
[INFO] [stdout] test wgl_jsonl::tests::report_json_linearizable ... ok
[INFO] [stdout] test cluster::tests::snapshot_compacts_log ... ok
[INFO] [stdout] test cluster::tests::range_meta_snapshot_catches_up_follower ... ok
[INFO] [stdout] test cluster::tests::status_role_accessible ... ok
[INFO] [stderr] warning: unused field `description` in `workspace.package`
[INFO] [stderr]   --> Cargo.toml:54:1
[INFO] [stderr]    |
[INFO] [stderr] 54 | description = "Correctness-first, inspectable, embeddable storage engine with deterministic fault injection, LSM-tree storage, and R...
[INFO] [stderr]    | ^^^^^^^^^^^
[INFO] [stderr]    |
[INFO] [stderr]    = note: `cargo::unused_workspace_package_fields` is set to `warn` by default
[INFO] [stderr] help: consider removing the field `workspace.package.description`
[INFO] [stderr] warning: workspace (manifest) generated 1 warning
[INFO] [stderr] warning: `package.homepage` is redundant with `package.repository`
[INFO] [stderr]  --> crates/kaya-wal/Cargo.toml:8:1
[INFO] [stderr]   |
[INFO] [stderr] 7 | repository.workspace = true
[INFO] [stderr]   | ----------
[INFO] [stderr] 8 | homepage.workspace = true
[INFO] [stderr]   | ^^^^^^^^
[INFO] [stderr]   |
[INFO] [stderr]   = note: `cargo::redundant_homepage` is set to `warn` by default
[INFO] [stderr] help: consider removing `package.homepage`
[INFO] [stderr] warning: `kaya-wal` (manifest) generated 1 warning
[INFO] [stderr] warning: `package.homepage` is redundant with `package.repository`
[INFO] [stderr]  --> crates/kaya-core/Cargo.toml:8:1
[INFO] [stderr]   |
[INFO] [stderr] 7 | repository.workspace = true
[INFO] [stderr]   | ----------
[INFO] [stderr] 8 | homepage.workspace = true
[INFO] [stderr]   | ^^^^^^^^
[INFO] [stderr]   |
[INFO] [stderr]   = note: `cargo::redundant_homepage` is set to `warn` by default
[INFO] [stderr] help: consider removing `package.homepage`
[INFO] [stderr] warning: `kaya-core` (manifest) generated 1 warning
[INFO] [stderr] warning: `package.homepage` is redundant with `package.repository`
[INFO] [stderr]  --> crates/kaya-server/Cargo.toml:8:1
[INFO] [stderr]   |
[INFO] [stderr] 7 | repository.workspace = true
[INFO] [stderr]   | ----------
[INFO] [stderr] 8 | homepage.workspace = true
[INFO] [stderr]   | ^^^^^^^^
[INFO] [stderr]   |
[INFO] [stderr]   = note: `cargo::redundant_homepage` is set to `warn` by default
[INFO] [stderr] help: consider removing `package.homepage`
[INFO] [stderr] warning: `kaya-server` (manifest) generated 1 warning
[INFO] [stderr] warning: `package.homepage` is redundant with `package.repository`
[INFO] [stderr]  --> crates/kaya-client/Cargo.toml:8:1
[INFO] [stderr]   |
[INFO] [stderr] 7 | repository.workspace = true
[INFO] [stderr]   | ----------
[INFO] [stderr] 8 | homepage.workspace = true
[INFO] [stderr]   | ^^^^^^^^
[INFO] [stderr]   |
[INFO] [stderr]   = note: `cargo::redundant_homepage` is set to `warn` by default
[INFO] [stderr] help: consider removing `package.homepage`
[INFO] [stderr] warning: `kaya-client` (manifest) generated 1 warning
[INFO] [stderr] warning: `package.homepage` is redundant with `package.repository`
[INFO] [stderr]  --> crates/kaya-net/Cargo.toml:8:1
[INFO] [stderr]   |
[INFO] [stderr] 7 | repository.workspace = true
[INFO] [stderr]   | ----------
[INFO] [stderr] 8 | homepage.workspace = true
[INFO] [stderr]   | ^^^^^^^^
[INFO] [stderr]   |
[INFO] [stderr]   = note: `cargo::redundant_homepage` is set to `warn` by default
[INFO] [stderr] help: consider removing `package.homepage`
[INFO] [stderr] warning: `kaya-net` (manifest) generated 1 warning
[INFO] [stderr] warning: `package.homepage` is redundant with `package.repository`
[INFO] [stderr]  --> crates/kaya-raft/Cargo.toml:8:1
[INFO] [stderr]   |
[INFO] [stderr] 7 | repository.workspace = true
[INFO] [stderr]   | ----------
[INFO] [stderr] 8 | homepage.workspace = true
[INFO] [stderr]   | ^^^^^^^^
[INFO] [stderr]   |
[INFO] [stderr]   = note: `cargo::redundant_homepage` is set to `warn` by default
[INFO] [stderr] help: consider removing `package.homepage`
[INFO] [stderr] warning: `kaya-raft` (manifest) generated 1 warning
[INFO] [stderr] warning: `package.homepage` is redundant with `package.repository`
[INFO] [stderr]  --> crates/kaya-lsm/Cargo.toml:8:1
[INFO] [stderr]   |
[INFO] [stderr] 7 | repository.workspace = true
[INFO] [stderr]   | ----------
[INFO] [stderr] 8 | homepage.workspace = true
[INFO] [stderr]   | ^^^^^^^^
[INFO] [stderr]   |
[INFO] [stderr]   = note: `cargo::redundant_homepage` is set to `warn` by default
[INFO] [stderr] help: consider removing `package.homepage`
[INFO] [stderr] warning: `kaya-lsm` (manifest) generated 1 warning
[INFO] [stderr] warning: `package.homepage` is redundant with `package.repository`
[INFO] [stderr]  --> crates/kaya-engine/Cargo.toml:8:1
[INFO] [stderr]   |
[INFO] [stderr] 7 | repository.workspace = true
[INFO] [stderr]   | ----------
[INFO] [stderr] 8 | homepage.workspace = true
[INFO] [stderr]   | ^^^^^^^^
[INFO] [stderr]   |
[INFO] [stderr]   = note: `cargo::redundant_homepage` is set to `warn` by default
[INFO] [stderr] help: consider removing `package.homepage`
[INFO] [stderr] warning: `kaya-engine` (manifest) generated 1 warning
[INFO] [stderr] warning: `package.homepage` is redundant with `package.repository`
[INFO] [stderr]  --> crates/kaya-sim/Cargo.toml:8:1
[INFO] [stderr]   |
[INFO] [stderr] 7 | repository.workspace = true
[INFO] [stderr]   | ----------
[INFO] [stderr] 8 | homepage.workspace = true
[INFO] [stderr]   | ^^^^^^^^
[INFO] [stderr]   |
[INFO] [stderr]   = note: `cargo::redundant_homepage` is set to `warn` by default
[INFO] [stderr] help: consider removing `package.homepage`
[INFO] [stderr] warning: `kaya-sim` (manifest) generated 1 warning
[INFO] [stderr] warning: `package.homepage` is redundant with `package.repository`
[INFO] [stderr]  --> crates/kaya-ebpf/Cargo.toml:8:1
[INFO] [stderr]   |
[INFO] [stderr] 7 | repository.workspace = true
[INFO] [stderr]   | ----------
[INFO] [stderr] 8 | homepage.workspace = true
[INFO] [stderr]   | ^^^^^^^^
[INFO] [stderr]   |
[INFO] [stderr]   = note: `cargo::redundant_homepage` is set to `warn` by default
[INFO] [stderr] help: consider removing `package.homepage`
[INFO] [stderr] warning: `kaya-ebpf` (manifest) generated 1 warning
[INFO] [stderr] warning: `package.homepage` is redundant with `package.repository`
[INFO] [stderr]  --> crates/kaya-io/Cargo.toml:8:1
[INFO] [stderr]   |
[INFO] [stderr] 7 | repository.workspace = true
[INFO] [stderr]   | ----------
[INFO] [stderr] 8 | homepage.workspace = true
[INFO] [stderr]   | ^^^^^^^^
[INFO] [stderr]   |
[INFO] [stderr]   = note: `cargo::redundant_homepage` is set to `warn` by default
[INFO] [stderr] help: consider removing `package.homepage`
[INFO] [stderr] warning: `kaya-io` (manifest) generated 1 warning
[INFO] [stderr]    Compiling serde_core v1.0.228
[INFO] [stdout] test tests::sim_replay_no_divergence ... ok
[INFO] [stdout] test cluster::tests::move_range_no_lost_or_duplicated_keys_across_crash ... ok
[INFO] [stderr]    Compiling serde_json v1.0.149
[INFO] [stderr]    Compiling kaya-server v0.2.1 (/opt/rustwide/workdir/crates/kaya-server)
[INFO] [stderr]     Finished `dev` profile [unoptimized + debuginfo] target(s) in 19.18s
[INFO] [stdout] test tests::test_jepsen_node_controller_lifecycle ... FAILED
[INFO] [stdout] test tests::sim_small_seed_suite ... ok
[INFO] [stdout] 
[INFO] [stdout] failures:
[INFO] [stdout] 
[INFO] [stdout] ---- tests::test_jepsen_node_controller_lifecycle stdout ----
[INFO] [stdout] 
[INFO] [stdout] thread 'tests::test_jepsen_node_controller_lifecycle' (3616) panicked at crates/kaya-sim/src/lib.rs:207:18:
[INFO] [stdout] failed to spawn node: Os { code: 2, kind: NotFound, message: "No such file or directory" }
[INFO] [stdout] stack backtrace:
[INFO] [stdout]    0:     0x58f05ed30621 - std[617be2ca0a6fd877]::backtrace_rs::backtrace::libunwind::trace
[INFO] [stdout]                                at /rustc/e3feeb59cd1bdd011a2bfcc0747b55125d9b8527/library/std/src/../../backtrace/src/backtrace/libunwind.rs:117:9
[INFO] [stdout]    1:     0x58f05ed30621 - std[617be2ca0a6fd877]::backtrace_rs::backtrace::trace_unsynchronized::<std[617be2ca0a6fd877]::sys::backtrace::_print_fmt::{closure#1}>
[INFO] [stdout]                                at /rustc/e3feeb59cd1bdd011a2bfcc0747b55125d9b8527/library/std/src/../../backtrace/src/backtrace/mod.rs:66:14
[INFO] [stdout]    2:     0x58f05ed30621 - std[617be2ca0a6fd877]::sys::backtrace::_print_fmt
[INFO] [stdout]                                at /rustc/e3feeb59cd1bdd011a2bfcc0747b55125d9b8527/library/std/src/sys/backtrace.rs:74:9
[INFO] [stdout]    3:     0x58f05ed30621 - <<std[617be2ca0a6fd877]::sys::backtrace::BacktraceLock>::print::DisplayBacktrace as core[a373ad73a504971]::fmt::Display>::fmt
[INFO] [stdout]                                at /rustc/e3feeb59cd1bdd011a2bfcc0747b55125d9b8527/library/std/src/sys/backtrace.rs:44:26
[INFO] [stdout]    4:     0x58f05ed46c0a - <core[a373ad73a504971]::fmt::rt::Argument>::fmt
[INFO] [stdout]                                at /rustc/e3feeb59cd1bdd011a2bfcc0747b55125d9b8527/library/core/src/fmt/rt.rs:152:76
[INFO] [stdout]    5:     0x58f05ed46c0a - core[a373ad73a504971]::fmt::write
[INFO] [stdout]    6:     0x58f05ed34f0c - core[a373ad73a504971]::io::write::default_write_fmt::<alloc[2e1b2a31b91974c5]::vec::Vec<u8>>
[INFO] [stdout]                                at /rustc/e3feeb59cd1bdd011a2bfcc0747b55125d9b8527/library/core/src/io/write.rs:402:11
[INFO] [stdout]    7:     0x58f05ed34f0c - <alloc[2e1b2a31b91974c5]::vec::Vec<u8> as core[a373ad73a504971]::io::write::Write>::write_fmt
[INFO] [stdout]                                at /rustc/e3feeb59cd1bdd011a2bfcc0747b55125d9b8527/library/core/src/io/write.rs:335:13
[INFO] [stdout]    8:     0x58f05ed0a266 - <std[617be2ca0a6fd877]::sys::backtrace::BacktraceLock>::print
[INFO] [stdout]                                at /rustc/e3feeb59cd1bdd011a2bfcc0747b55125d9b8527/library/std/src/sys/backtrace.rs:47:9
[INFO] [stdout]    9:     0x58f05ed0a266 - std[617be2ca0a6fd877]::panicking::default_hook::{closure#0}
[INFO] [stdout]                                at /rustc/e3feeb59cd1bdd011a2bfcc0747b55125d9b8527/library/std/src/panicking.rs:289:27
[INFO] [stdout]   10:     0x58f05ed27be9 - std[617be2ca0a6fd877]::panicking::default_hook
[INFO] [stdout]                                at /rustc/e3feeb59cd1bdd011a2bfcc0747b55125d9b8527/library/std/src/panicking.rs:313:9
[INFO] [stdout]   11:     0x58f05e9ca210 - <alloc[2e1b2a31b91974c5]::boxed::Box<dyn for<'a, 'b> core[a373ad73a504971]::ops::function::Fn<(&'a std[617be2ca0a6fd877]::panic::PanicHookInfo<'b>,), Output = ()> + core[a373ad73a504971]::marker::Sync + core[a373ad73a504971]::marker::Send> as core[a373ad73a504971]::ops::function::Fn<(&std[617be2ca0a6fd877]::panic::PanicHookInfo,)>>::call
[INFO] [stdout]                                at /rustc/e3feeb59cd1bdd011a2bfcc0747b55125d9b8527/library/alloc/src/boxed.rs:2328:9
[INFO] [stdout]   12:     0x58f05e9ca210 - test[aada8e7e76ba119b]::test_main_inner::{closure#0}
[INFO] [stdout]                                at /rustc/e3feeb59cd1bdd011a2bfcc0747b55125d9b8527/library/test/src/lib.rs:137:21
[INFO] [stdout]   13:     0x58f05ed27f12 - <alloc[2e1b2a31b91974c5]::boxed::Box<dyn for<'a, 'b> core[a373ad73a504971]::ops::function::Fn<(&'a std[617be2ca0a6fd877]::panic::PanicHookInfo<'b>,), Output = ()> + core[a373ad73a504971]::marker::Sync + core[a373ad73a504971]::marker::Send> as core[a373ad73a504971]::ops::function::Fn<(&std[617be2ca0a6fd877]::panic::PanicHookInfo,)>>::call
[INFO] [stdout]                                at /rustc/e3feeb59cd1bdd011a2bfcc0747b55125d9b8527/library/alloc/src/boxed.rs:2328:9
[INFO] [stdout]   14:     0x58f05ed27f12 - std[617be2ca0a6fd877]::panicking::panic_with_hook
[INFO] [stdout]                                at /rustc/e3feeb59cd1bdd011a2bfcc0747b55125d9b8527/library/std/src/panicking.rs:819:13
[INFO] [stdout]   15:     0x58f05ed0a312 - std[617be2ca0a6fd877]::panicking::panic_handler::{closure#0}
[INFO] [stdout]                                at /rustc/e3feeb59cd1bdd011a2bfcc0747b55125d9b8527/library/std/src/panicking.rs:685:13
[INFO] [stdout]   16:     0x58f05ed02e59 - std[617be2ca0a6fd877]::sys::backtrace::__rust_end_short_backtrace::<std[617be2ca0a6fd877]::panicking::panic_handler::{closure#0}, !>
[INFO] [stdout]                                at /rustc/e3feeb59cd1bdd011a2bfcc0747b55125d9b8527/library/std/src/sys/backtrace.rs:182:18
[INFO] [stdout]   17:     0x58f05ed0b10d - __rustc[ea4f61d10b84890b]::rust_begin_unwind
[INFO] [stdout]                                at /rustc/e3feeb59cd1bdd011a2bfcc0747b55125d9b8527/library/std/src/panicking.rs:676:5
[INFO] [stdout]   18:     0x58f05ed4742c - core[a373ad73a504971]::panicking::panic_fmt
[INFO] [stdout]                                at /rustc/e3feeb59cd1bdd011a2bfcc0747b55125d9b8527/library/core/src/panicking.rs:80:14
[INFO] [stdout]   19:     0x58f05ed47182 - core[a373ad73a504971]::result::unwrap_failed
[INFO] [stdout]                                at /rustc/e3feeb59cd1bdd011a2bfcc0747b55125d9b8527/library/core/src/result.rs:1870:5
[INFO] [stdout]   20:     0x58f05e96a7e3 - <core[a373ad73a504971]::result::Result<kaya_sim[85c3e4d2b38963e4]::control::NodeController, core[a373ad73a504971]::io::error::Error>>::expect
[INFO] [stdout]                                at /rustc/e3feeb59cd1bdd011a2bfcc0747b55125d9b8527/library/core/src/result.rs:1184:23
[INFO] [stdout]   21:     0x58f05e8a45be - kaya_sim[85c3e4d2b38963e4]::tests::test_jepsen_node_controller_lifecycle
[INFO] [stdout]                                at /opt/rustwide/workdir/crates/kaya-sim/src/lib.rs:207:18
[INFO] [stdout]   22:     0x58f05e89e117 - kaya_sim[85c3e4d2b38963e4]::tests::test_jepsen_node_controller_lifecycle::{closure#0}
[INFO] [stdout]                                at /opt/rustwide/workdir/crates/kaya-sim/src/lib.rs:180:47
[INFO] [stdout]   23:     0x58f05e93fc86 - <kaya_sim[85c3e4d2b38963e4]::tests::test_jepsen_node_controller_lifecycle::{closure#0} as core[a373ad73a504971]::ops::function::FnOnce<()>>::call_once
[INFO] [stdout]                                at /rustc/e3feeb59cd1bdd011a2bfcc0747b55125d9b8527/library/core/src/ops/function.rs:250:5
[INFO] [stdout]   24:     0x58f05e9bd65b - <fn() -> core[a373ad73a504971]::result::Result<(), alloc[2e1b2a31b91974c5]::string::String> as core[a373ad73a504971]::ops::function::FnOnce<()>>::call_once
[INFO] [stdout]                                at /rustc/e3feeb59cd1bdd011a2bfcc0747b55125d9b8527/library/core/src/ops/function.rs:250:5
[INFO] [stdout]   25:     0x58f05e9bd65b - test[aada8e7e76ba119b]::__rust_begin_short_backtrace::<core[a373ad73a504971]::result::Result<(), alloc[2e1b2a31b91974c5]::string::String>, fn() -> core[a373ad73a504971]::result::Result<(), alloc[2e1b2a31b91974c5]::string::String>>
[INFO] [stdout]                                at /rustc/e3feeb59cd1bdd011a2bfcc0747b55125d9b8527/library/test/src/lib.rs:701:18
[INFO] [stdout]   26:     0x58f05e9ca835 - test[aada8e7e76ba119b]::run_test_in_process::{closure#0}
[INFO] [stdout]                                at /rustc/e3feeb59cd1bdd011a2bfcc0747b55125d9b8527/library/test/src/lib.rs:724:74
[INFO] [stdout]   27:     0x58f05e9ca835 - <core[a373ad73a504971]::panic::unwind_safe::AssertUnwindSafe<test[aada8e7e76ba119b]::run_test_in_process::{closure#0}> as core[a373ad73a504971]::ops::function::FnOnce<()>>::call_once
[INFO] [stdout]                                at /rustc/e3feeb59cd1bdd011a2bfcc0747b55125d9b8527/library/core/src/panic/unwind_safe.rs:275:9
[INFO] [stdout]   28:     0x58f05e9ca835 - std[617be2ca0a6fd877]::panicking::catch_unwind::do_call::<core[a373ad73a504971]::panic::unwind_safe::AssertUnwindSafe<test[aada8e7e76ba119b]::run_test_in_process::{closure#0}>, core[a373ad73a504971]::result::Result<(), alloc[2e1b2a31b91974c5]::string::String>>
[INFO] [stdout]                                at /rustc/e3feeb59cd1bdd011a2bfcc0747b55125d9b8527/library/std/src/panicking.rs:573:43
[INFO] [stdout]   29:     0x58f05e9ca835 - std[617be2ca0a6fd877]::panicking::catch_unwind::<core[a373ad73a504971]::result::Result<(), alloc[2e1b2a31b91974c5]::string::String>, core[a373ad73a504971]::panic::unwind_safe::AssertUnwindSafe<test[aada8e7e76ba119b]::run_test_in_process::{closure#0}>>
[INFO] [stdout]                                at /rustc/e3feeb59cd1bdd011a2bfcc0747b55125d9b8527/library/std/src/panicking.rs:541:19
[INFO] [stdout]   30:     0x58f05e9ca835 - std[617be2ca0a6fd877]::panic::catch_unwind::<core[a373ad73a504971]::panic::unwind_safe::AssertUnwindSafe<test[aada8e7e76ba119b]::run_test_in_process::{closure#0}>, core[a373ad73a504971]::result::Result<(), alloc[2e1b2a31b91974c5]::string::String>>
[INFO] [stdout]                                at /rustc/e3feeb59cd1bdd011a2bfcc0747b55125d9b8527/library/std/src/panic.rs:359:14
[INFO] [stdout]   31:     0x58f05e9ca835 - test[aada8e7e76ba119b]::run_test_in_process
[INFO] [stdout]                                at /rustc/e3feeb59cd1bdd011a2bfcc0747b55125d9b8527/library/test/src/lib.rs:724:27
[INFO] [stdout]   32:     0x58f05e9ca835 - test[aada8e7e76ba119b]::run_test::{closure#0}
[INFO] [stdout]                                at /rustc/e3feeb59cd1bdd011a2bfcc0747b55125d9b8527/library/test/src/lib.rs:645:43
[INFO] [stdout]   33:     0x58f05e9c4124 - test[aada8e7e76ba119b]::run_test::{closure#1}
[INFO] [stdout]                                at /rustc/e3feeb59cd1bdd011a2bfcc0747b55125d9b8527/library/test/src/lib.rs:675:41
[INFO] [stdout]   34:     0x58f05e9c4124 - std[617be2ca0a6fd877]::sys::backtrace::__rust_begin_short_backtrace::<test[aada8e7e76ba119b]::run_test::{closure#1}, ()>
[INFO] [stdout]                                at /rustc/e3feeb59cd1bdd011a2bfcc0747b55125d9b8527/library/std/src/sys/backtrace.rs:166:18
[INFO] [stdout]   35:     0x58f05e9cd8c2 - std[617be2ca0a6fd877]::thread::lifecycle::spawn_unchecked::<test[aada8e7e76ba119b]::run_test::{closure#1}, ()>::{closure#1}::{closure#0}
[INFO] [stdout]                                at /rustc/e3feeb59cd1bdd011a2bfcc0747b55125d9b8527/library/std/src/thread/lifecycle.rs:70:13
[INFO] [stdout]   36:     0x58f05e9cd8c2 - <core[a373ad73a504971]::panic::unwind_safe::AssertUnwindSafe<std[617be2ca0a6fd877]::thread::lifecycle::spawn_unchecked<test[aada8e7e76ba119b]::run_test::{closure#1}, ()>::{closure#1}::{closure#0}> as core[a373ad73a504971]::ops::function::FnOnce<()>>::call_once
[INFO] [stdout]                                at /rustc/e3feeb59cd1bdd011a2bfcc0747b55125d9b8527/library/core/src/panic/unwind_safe.rs:275:9
[INFO] [stdout]   37:     0x58f05e9cd8c2 - std[617be2ca0a6fd877]::panicking::catch_unwind::do_call::<core[a373ad73a504971]::panic::unwind_safe::AssertUnwindSafe<std[617be2ca0a6fd877]::thread::lifecycle::spawn_unchecked<test[aada8e7e76ba119b]::run_test::{closure#1}, ()>::{closure#1}::{closure#0}>, ()>
[INFO] [stdout]                                at /rustc/e3feeb59cd1bdd011a2bfcc0747b55125d9b8527/library/std/src/panicking.rs:573:43
[INFO] [stdout]   38:     0x58f05e9cd8c2 - std[617be2ca0a6fd877]::panicking::catch_unwind::<(), core[a373ad73a504971]::panic::unwind_safe::AssertUnwindSafe<std[617be2ca0a6fd877]::thread::lifecycle::spawn_unchecked<test[aada8e7e76ba119b]::run_test::{closure#1}, ()>::{closure#1}::{closure#0}>>
[INFO] [stdout]                                at /rustc/e3feeb59cd1bdd011a2bfcc0747b55125d9b8527/library/std/src/panicking.rs:541:19
[INFO] [stdout]   39:     0x58f05e9cd8c2 - std[617be2ca0a6fd877]::panic::catch_unwind::<core[a373ad73a504971]::panic::unwind_safe::AssertUnwindSafe<std[617be2ca0a6fd877]::thread::lifecycle::spawn_unchecked<test[aada8e7e76ba119b]::run_test::{closure#1}, ()>::{closure#1}::{closure#0}>, ()>
[INFO] [stdout]                                at /rustc/e3feeb59cd1bdd011a2bfcc0747b55125d9b8527/library/std/src/panic.rs:359:14
[INFO] [stdout]   40:     0x58f05e9cd8c2 - std[617be2ca0a6fd877]::thread::lifecycle::spawn_unchecked::<test[aada8e7e76ba119b]::run_test::{closure#1}, ()>::{closure#1}
[INFO] [stdout]                                at /rustc/e3feeb59cd1bdd011a2bfcc0747b55125d9b8527/library/std/src/thread/lifecycle.rs:68:26
[INFO] [stdout]   41:     0x58f05e9cd8c2 - <std[617be2ca0a6fd877]::thread::lifecycle::spawn_unchecked<test[aada8e7e76ba119b]::run_test::{closure#1}, ()>::{closure#1} as core[a373ad73a504971]::ops::function::FnOnce<()>>::call_once::{shim:vtable#0}
[INFO] [stdout]                                at /rustc/e3feeb59cd1bdd011a2bfcc0747b55125d9b8527/library/core/src/ops/function.rs:250:5
[INFO] [stdout]   42:     0x58f05ed2f6ff - <alloc[2e1b2a31b91974c5]::boxed::Box<dyn core[a373ad73a504971]::ops::function::FnOnce<(), Output = ()> + core[a373ad73a504971]::marker::Send> as core[a373ad73a504971]::ops::function::FnOnce<()>>::call_once
[INFO] [stdout]                                at /rustc/e3feeb59cd1bdd011a2bfcc0747b55125d9b8527/library/alloc/src/boxed.rs:2314:9
[INFO] [stdout]   43:     0x58f05ed2f6ff - <std[617be2ca0a6fd877]::sys::thread::unix::Thread>::new::thread_start
[INFO] [stdout]                                at /rustc/e3feeb59cd1bdd011a2bfcc0747b55125d9b8527/library/std/src/sys/thread/unix.rs:127:17
[INFO] [stdout]   44:     0x710d3b9b3dfa - <unknown>
[INFO] [stdout]   45:     0x710d3ba473d4 - clone
[INFO] [stdout]   46:                0x0 - <unknown>
[INFO] [stdout] 
[INFO] [stdout] 
[INFO] [stdout] failures:
[INFO] [stdout]     tests::test_jepsen_node_controller_lifecycle
[INFO] [stdout] 
[INFO] [stdout] test result: FAILED. 61 passed; 1 failed; 1 ignored; 0 measured; 0 filtered out; finished in 29.58s
[INFO] [stdout] 
[INFO] [stderr] error: test failed, to rerun pass `-p kaya-sim --lib`
[INFO] running `Command { std: "docker" "inspect" "c90c5a116229d8f8550938d0f8a1271b762be5dc5d78596427a69db2e38ecae3", kill_on_drop: false }`
[INFO] running `Command { std: "docker" "rm" "-f" "c90c5a116229d8f8550938d0f8a1271b762be5dc5d78596427a69db2e38ecae3", kill_on_drop: false }`
[INFO] [stdout] c90c5a116229d8f8550938d0f8a1271b762be5dc5d78596427a69db2e38ecae3
