[INFO] cloning repository https://github.com/TesseractCat/bg3d
[INFO] running `Command { std: "git" "-c" "credential.helper=" "-c" "credential.helper=/workspace/cargo-home/bin/git-credential-null" "clone" "--bare" "https://github.com/TesseractCat/bg3d" "/workspace/cache/git-repos/https%3A%2F%2Fgithub.com%2FTesseractCat%2Fbg3d", kill_on_drop: false }`
[INFO] [stderr] Cloning into bare repository '/workspace/cache/git-repos/https%3A%2F%2Fgithub.com%2FTesseractCat%2Fbg3d'...
[INFO] running `Command { std: "git" "rev-parse" "HEAD", kill_on_drop: false }`
[INFO] [stdout] 1bf72108558d0e415de34e7a09a86c0e12c93aa5
[INFO] testing TesseractCat/bg3d against 1.100.0-beta.1 for beta-1.100-2
[INFO] running `Command { std: "git" "clone" "/workspace/cache/git-repos/https%3A%2F%2Fgithub.com%2FTesseractCat%2Fbg3d" "/workspace/builds/worker-7-tc2/source", kill_on_drop: false }`
[INFO] [stderr] Cloning into '/workspace/builds/worker-7-tc2/source'...
[INFO] [stderr] done.
[INFO] [stderr] Updating files:  42% (296/691)
Updating files:  43% (298/691)
Updating files:  44% (305/691)
Updating files:  45% (311/691)
Updating files:  46% (318/691)
Updating files:  47% (325/691)
Updating files:  48% (332/691)
Updating files:  49% (339/691)
Updating files:  50% (346/691)
Updating files:  51% (353/691)
Updating files:  52% (360/691)
Updating files:  53% (367/691)
Updating files:  54% (374/691)
Updating files:  55% (381/691)
Updating files:  56% (387/691)
Updating files:  57% (394/691)
Updating files:  58% (401/691)
Updating files:  59% (408/691)
Updating files:  60% (415/691)
Updating files:  61% (422/691)
Updating files:  62% (429/691)
Updating files:  63% (436/691)
Updating files:  64% (443/691)
Updating files:  65% (450/691)
Updating files:  66% (457/691)
Updating files:  67% (463/691)
Updating files:  68% (470/691)
Updating files:  69% (477/691)
Updating files:  70% (484/691)
Updating files:  70% (490/691)
Updating files:  71% (491/691)
Updating files:  72% (498/691)
Updating files:  73% (505/691)
Updating files:  74% (512/691)
Updating files:  75% (519/691)
Updating files:  76% (526/691)
Updating files:  77% (533/691)
Updating files:  78% (539/691)
Updating files:  79% (546/691)
Updating files:  80% (553/691)
Updating files:  81% (560/691)
Updating files:  82% (567/691)
Updating files:  83% (574/691)
Updating files:  84% (581/691)
Updating files:  85% (588/691)
Updating files:  86% (595/691)
Updating files:  87% (602/691)
Updating files:  88% (609/691)
Updating files:  89% (615/691)
Updating files:  90% (622/691)
Updating files:  91% (629/691)
Updating files:  92% (636/691)
Updating files:  93% (643/691)
Updating files:  94% (650/691)
Updating files:  95% (657/691)
Updating files:  96% (664/691)
Updating files:  97% (671/691)
Updating files:  98% (678/691)
Updating files:  99% (685/691)
Updating files: 100% (691/691)
Updating files: 100% (691/691), done.
[INFO] removed /workspace/builds/worker-7-tc2/source/.cargo/config.toml
[INFO] started tweaking git repo https://github.com/TesseractCat/bg3d
[INFO] finished tweaking git repo https://github.com/TesseractCat/bg3d
[INFO] tweaked toml for git repo https://github.com/TesseractCat/bg3d written to /workspace/builds/worker-7-tc2/source/Cargo.toml
[INFO] validating manifest of git repo https://github.com/TesseractCat/bg3d on toolchain 1.100.0-beta.1
[INFO] running `Command { std: CARGO_HOME="/workspace/cargo-home" RUSTUP_HOME="/workspace/rustup-home" "/workspace/cargo-home/bin/cargo" "+1.100.0-beta.1" "metadata" "--manifest-path" "Cargo.toml" "--no-deps", kill_on_drop: false }`
[INFO] crate git repo https://github.com/TesseractCat/bg3d already has a lockfile, it will not be regenerated
[INFO] running `Command { std: CARGO_HOME="/workspace/cargo-home" RUSTUP_HOME="/workspace/rustup-home" "/workspace/cargo-home/bin/cargo" "+1.100.0-beta.1" "fetch" "--manifest-path" "Cargo.toml", kill_on_drop: false }`
[INFO] running `Command { std: "docker" "create" "-v" "/var/lib/crater-agent-workspace/builds/worker-7-tc2/source:/opt/rustwide/workdir:ro,Z" "-v" "/var/lib/crater-agent-workspace/builds/worker-7-tc2/target:/opt/rustwide/target:rw,Z" "-v" "/var/lib/crater-agent-workspace/cargo-home:/opt/rustwide/cargo-home:ro,Z" "-v" "/var/lib/crater-agent-workspace/rustup-home:/opt/rustwide/rustup-home:ro,Z" "-m" "1610612736" "--network" "none" "ghcr.io/rust-lang/crates-build-env/linux@sha256:3111399a4047eeb3a02b7a90e478d715f38a8c6669b5c4b49d30a17385265909" "sleep" "infinity", kill_on_drop: false }`
[INFO] [stdout] d3f1cca9727ca9aa0d59cb36306f0eb4e24c5f0db7b4b5b16bad4debeff06372
[INFO] running `Command { std: "docker" "start" "d3f1cca9727ca9aa0d59cb36306f0eb4e24c5f0db7b4b5b16bad4debeff06372", kill_on_drop: false }`
[INFO] running `Command { std: "docker" "inspect" "d3f1cca9727ca9aa0d59cb36306f0eb4e24c5f0db7b4b5b16bad4debeff06372", kill_on_drop: false }`
[INFO] running `Command { std: "docker" "exec" "-e" "SOURCE_DIR=/opt/rustwide/workdir" "-e" "CARGO_HOME=/opt/rustwide/cargo-home" "-e" "RUSTUP_HOME=/opt/rustwide/rustup-home" "-e" "CARGO_TARGET_DIR=/opt/rustwide/target" "-w" "/opt/rustwide/workdir" "--user" "0:0" "d3f1cca9727ca9aa0d59cb36306f0eb4e24c5f0db7b4b5b16bad4debeff06372" "/opt/rustwide/cargo-home/bin/cargo" "+1.100.0-beta.1" "metadata" "--no-deps" "--format-version=1", kill_on_drop: false }`
[INFO] running `Command { std: "docker" "inspect" "d3f1cca9727ca9aa0d59cb36306f0eb4e24c5f0db7b4b5b16bad4debeff06372", kill_on_drop: false }`
[INFO] running `Command { std: "docker" "exec" "-e" "SOURCE_DIR=/opt/rustwide/workdir" "-e" "CARGO_HOME=/opt/rustwide/cargo-home" "-e" "RUSTUP_HOME=/opt/rustwide/rustup-home" "-e" "CARGO_TARGET_DIR=/opt/rustwide/target" "-e" "CARGO_INCREMENTAL=0" "-e" "RUST_BACKTRACE=full" "-e" "RUSTFLAGS=--cap-lints=warn" "-e" "RUSTDOCFLAGS=--cap-lints=warn" "-w" "/opt/rustwide/workdir" "--user" "0:0" "d3f1cca9727ca9aa0d59cb36306f0eb4e24c5f0db7b4b5b16bad4debeff06372" "/opt/rustwide/cargo-home/bin/cargo" "+1.100.0-beta.1" "build" "--frozen" "--message-format=json", kill_on_drop: false }`
[INFO] [stderr]    Compiling proc-macro2 v1.0.81
[INFO] [stderr]    Compiling unicode-ident v1.0.8
[INFO] [stderr]    Compiling version_check v0.9.4
[INFO] [stderr]    Compiling libc v0.2.153
[INFO] [stderr]    Compiling memchr v2.4.1
[INFO] [stderr]    Compiling libm v0.2.2
[INFO] [stderr]    Compiling num-traits v0.2.15
[INFO] [stderr]    Compiling log v0.4.21
[INFO] [stderr]    Compiling cc v1.0.90
[INFO] [stderr]    Compiling pin-project-lite v0.2.14
[INFO] [stderr]    Compiling scopeguard v1.1.0
[INFO] [stderr]    Compiling smallvec v1.13.2
[INFO] [stderr]    Compiling futures-core v0.3.30
[INFO] [stderr]    Compiling bytes v1.6.0
[INFO] [stderr]    Compiling syn v1.0.80
[INFO] [stderr]    Compiling once_cell v1.19.0
[INFO] [stderr]    Compiling lock_api v0.4.9
[INFO] [stderr]    Compiling parking_lot_core v0.9.7
[INFO] [stderr]    Compiling typenum v1.14.0
[INFO] [stderr]    Compiling quote v1.0.36
[INFO] [stderr]    Compiling unicode-xid v0.2.2
[INFO] [stderr]    Compiling syn v2.0.65
[INFO] [stderr]    Compiling slab v0.4.4
[INFO] [stderr]    Compiling futures-sink v0.3.30
[INFO] [stderr]    Compiling tokio v1.27.0
[INFO] [stderr]    Compiling parking_lot v0.12.1
[INFO] [stderr]    Compiling futures-channel v0.3.30
[INFO] [stderr]    Compiling num_cpus v1.13.0
[INFO] [stderr]    Compiling mio v0.8.6
[INFO] [stderr]    Compiling signal-hook-registry v1.4.0
[INFO] [stderr]    Compiling socket2 v0.4.9
[INFO] [stderr]    Compiling futures-io v0.3.30
[INFO] [stderr]    Compiling itoa v1.0.6
[INFO] [stderr]    Compiling futures-task v0.3.30
[INFO] [stderr]    Compiling serde v1.0.163
[INFO] [stderr]    Compiling http v1.1.0
[INFO] [stderr]    Compiling cmake v0.1.51
[INFO] [stderr]    Compiling generic-array v0.14.7
[INFO] [stderr]    Compiling rustversion v1.0.12
[INFO] [stderr]    Compiling bytemuck v1.9.1
[INFO] [stderr]    Compiling matches v0.1.9
[INFO] [stderr]    Compiling crossbeam-utils v0.8.8
[INFO] [stderr]    Compiling either v1.10.0
[INFO] [stderr]    Compiling rustix v0.38.32
[INFO] [stderr]    Compiling libz-ng-sys v1.1.16
[INFO] [stderr]    Compiling getrandom v0.2.3
[INFO] [stderr]    Compiling ahash v0.8.11
[INFO] [stderr]    Compiling ryu v1.0.5
[INFO] [stderr]    Compiling percent-encoding v2.1.0
[INFO] [stderr]    Compiling bitflags v2.5.0
[INFO] [stderr]    Compiling linux-raw-sys v0.4.13
[INFO] [stderr]    Compiling adler2 v2.0.0
[INFO] [stderr]    Compiling thiserror v1.0.40
[INFO] [stderr]    Compiling miniz_oxide v0.8.0
[INFO] [stderr]    Compiling http-body v1.0.0
[INFO] [stderr]    Compiling tinyvec v1.6.0
[INFO] [stderr]    Compiling rand_core v0.6.3
[INFO] [stderr]    Compiling unicase v2.6.0
[INFO] [stderr]    Compiling memoffset v0.6.5
[INFO] [stderr]    Compiling num-integer v0.1.45
[INFO] [stderr]    Compiling ppv-lite86 v0.2.10
[INFO] [stderr]    Compiling zerocopy v0.7.35
[INFO] [stderr]    Compiling home v0.5.9
[INFO] [stderr]    Compiling paste v1.0.14
[INFO] [stderr]    Compiling unicode-normalization v0.1.22
[INFO] [stderr]    Compiling rand_chacha v0.3.1
[INFO] [stderr]    Compiling block-buffer v0.10.4
[INFO] [stderr]    Compiling crypto-common v0.1.6
[INFO] [stderr]    Compiling form_urlencoded v1.0.1
[INFO] [stderr]    Compiling safe_arch v0.6.0
[INFO] [stderr]    Compiling tracing-core v0.1.32
[INFO] [stderr]    Compiling proc-macro-error-attr v1.0.4
[INFO] [stderr]    Compiling num-rational v0.4.0
[INFO] [stderr]    Compiling crossbeam-epoch v0.9.8
[INFO] [stderr]    Compiling unicode-bidi v0.3.13
[INFO] [stderr]    Compiling allocator-api2 v0.2.18
[INFO] [stderr]    Compiling serde_json v1.0.68
[INFO] [stderr]    Compiling which v6.0.0
[INFO] [stderr]    Compiling simd-adler32 v0.3.5
[INFO] [stderr]    Compiling strsim v0.10.0
[INFO] [stderr]    Compiling ident_case v1.0.1
[INFO] [stderr]    Compiling itoa v0.4.8
[INFO] [stderr]    Compiling heapless v0.8.0
[INFO] [stderr]    Compiling darling_core v0.13.4
[INFO] [stderr]    Compiling hashbrown v0.14.5
[INFO] [stderr]    Compiling luajit-src v210.5.7+d06beb0
[INFO] [stderr]    Compiling idna v0.2.3
[INFO] [stderr]    Compiling tracing v0.1.40
[INFO] [stderr]    Compiling wide v0.7.4
[INFO] [stderr]    Compiling digest v0.10.6
[INFO] [stderr]    Compiling rand v0.8.5
[INFO] [stderr]    Compiling hash32 v0.3.1
[INFO] [stderr]    Compiling num-complex v0.4.1
[INFO] [stderr]    Compiling approx v0.5.1
[INFO] [stderr]    Compiling lua-src v547.0.0
[INFO] [stderr]    Compiling proc-macro-error v1.0.4
[INFO] [stderr]    Compiling futures-macro v0.3.30
[INFO] [stderr]    Compiling tokio-macros v2.0.0
[INFO] [stderr]    Compiling serde_derive v1.0.163
[INFO] [stderr]    Compiling thiserror-impl v1.0.40
[INFO] [stderr]    Compiling httpdate v1.0.1
[INFO] [stderr]    Compiling futures-util v0.3.30
[INFO] [stderr]    Compiling tower-service v0.3.1
[INFO] [stderr]    Compiling async-trait v0.1.68
[INFO] [stderr]    Compiling stable_deref_trait v1.2.0
[INFO] [stderr]    Compiling pkg-config v0.3.30
[INFO] [stderr]    Compiling crossbeam-queue v0.3.5
[INFO] [stderr]    Compiling cpufeatures v0.2.6
[INFO] [stderr]    Compiling sha1 v0.10.5
[INFO] [stderr]    Compiling mlua-sys v0.6.2
[INFO] [stderr]    Compiling darling_macro v0.13.4
[INFO] [stderr]    Compiling matrixmultiply v0.3.2
[INFO] [stderr]    Compiling simba v0.9.0
[INFO] [stderr]    Compiling miniz_oxide v0.7.1
[INFO] [stderr]    Compiling nalgebra-macros v0.2.2
[INFO] [stderr]    Compiling pin-project-internal v1.0.8
[INFO] [stderr]    Compiling mime_guess v2.0.4
[INFO] [stderr]    Compiling url v2.3.0
[INFO] [stderr]    Compiling fdeflate v0.3.0
[INFO] [stderr]    Compiling axum-core v0.4.3
[INFO] [stderr]    Compiling http-body-util v0.1.1
[INFO] [stderr]    Compiling aho-corasick v0.7.20
[INFO] [stderr]    Compiling data-encoding v2.6.0
[INFO] [stderr]    Compiling regex-syntax v0.6.29
[INFO] [stderr]    Compiling inflections v1.1.1
[INFO] [stderr]    Compiling robust v1.1.0
[INFO] [stderr]    Compiling rustc-hash v2.0.0
[INFO] [stderr]    Compiling utf-8 v0.7.6
[INFO] [stderr]    Compiling tungstenite v0.21.0
[INFO] [stderr]    Compiling spade v2.12.0
[INFO] [stderr]    Compiling zune-jpeg v0.4.13
[INFO] [stderr]    Compiling hyper v1.3.1
[INFO] [stderr]    Compiling regex v1.7.3
[INFO] [stderr]    Compiling nalgebra v0.33.0
[INFO] [stderr]    Compiling gltf-derive v1.4.1
[INFO] [stderr]    Compiling pin-project v1.0.8
[INFO] [stderr]    Compiling crossbeam-deque v0.8.1
[INFO] [stderr]    Compiling rstar v0.12.0
[INFO] [stderr]    Compiling darling v0.13.4
[INFO] [stderr]    Compiling num-derive v0.4.2
[INFO] [stderr]    Compiling crossbeam-channel v0.5.4
[INFO] [stderr]    Compiling axum v0.7.5
[INFO] [stderr]    Compiling itertools v0.12.1
[INFO] [stderr]    Compiling ordered-float v4.2.2
[INFO] [stderr]    Compiling socket2 v0.5.7
[INFO] [stderr]    Compiling arrayvec v0.7.2
[INFO] [stderr]    Compiling sync_wrapper v0.1.2
[INFO] [stderr]    Compiling hyper-util v0.1.3
[INFO] [stderr]    Compiling axum-macros v0.4.1
[INFO] [stderr]    Compiling gltf-json v1.4.1
[INFO] [stderr]    Compiling crossbeam v0.8.1
[INFO] [stderr]    Compiling serde_urlencoded v0.7.0
[INFO] [stderr]    Compiling serde_path_to_error v0.1.11
[INFO] [stderr]    Compiling serde_with_macros v1.5.2
[INFO] [stderr]    Compiling mlua_derive v0.9.3
[INFO] [stderr]    Compiling tower v0.4.13
[INFO] [stderr]    Compiling tokio-util v0.7.7
[INFO] [stderr]    Compiling tokio-tungstenite v0.21.0
[INFO] [stderr]    Compiling futures-executor v0.3.17
[INFO] [stderr]    Compiling include_dir_macros v0.7.4
[INFO] [stderr]    Compiling bstr v1.6.0
[INFO] [stderr]    Compiling base64 v0.13.1
[INFO] [stderr]    Compiling vec_map v0.8.2
[INFO] [stderr]    Compiling matchit v0.7.0
[INFO] [stderr]    Compiling urlencoding v2.1.2
[INFO] [stderr]    Compiling bit-vec v0.7.0
[INFO] [stderr]    Compiling http-range-header v0.4.0
[INFO] [stderr]    Compiling base64 v0.21.0
[INFO] [stderr]    Compiling sync_wrapper v1.0.1
[INFO] [stderr]    Compiling equivalent v1.0.1
[INFO] [stderr]    Compiling indexmap v2.5.0
[INFO] [stderr]    Compiling include_dir v0.7.4
[INFO] [stderr]    Compiling futures v0.3.17
[INFO] [stderr]    Compiling serde_with v1.14.0
[INFO] [stderr]    Compiling tokio-stream v0.1.7
[INFO] [stderr]    Compiling random_color v0.8.0
[INFO] [stderr]    Compiling data-url v0.1.1
[INFO] [stderr]    Compiling parry3d v0.17.0
[INFO] [stderr]    Compiling flate2 v1.0.33
[INFO] [stderr]    Compiling png v0.17.8
[INFO] [stderr]    Compiling async-compression v0.4.9
[INFO] [stderr]    Compiling tower-http v0.5.2
[INFO] [stderr]    Compiling image v0.25.2
[INFO] [stderr]    Compiling gltf v1.4.1
[INFO] [stderr]    Compiling rapier3d v0.22.0
[INFO] [stderr]    Compiling mlua v0.9.9
[INFO] [stderr]    Compiling BG3D v0.1.0 (/opt/rustwide/workdir)
[INFO] [stdout] warning: unused import: `Gltf`
[INFO] [stdout]   --> src/lobby.rs:15:22
[INFO] [stdout]    |
[INFO] [stdout] 15 | use gltf::{Document, Gltf};
[INFO] [stdout]    |                      ^^^^
[INFO] [stdout]    |
[INFO] [stdout]    = note: `#[warn(unused_imports)]` (part of `#[warn(unused)]`) on by default
[INFO] [stdout] 
[INFO] [stdout] 
[INFO] [stdout] warning: unused import: `Gltf`
[INFO] [stdout]  --> src/gltf_ext.rs:1:55
[INFO] [stdout]   |
[INFO] [stdout] 1 | use gltf::{buffer::Data, mesh::BoundingBox, Document, Gltf};
[INFO] [stdout]   |                                                       ^^^^
[INFO] [stdout] 
[INFO] [stdout] 
[INFO] [stdout] error[E0277]: the trait bound `!: FromLuaMulti<'_>` is not satisfied
[INFO] [stdout]    --> src/lobby.rs:183:32
[INFO] [stdout]     |
[INFO] [stdout] 183 |             if let Some(res) = Self::run_lua_callback(lua, "physics", ()) {
[INFO] [stdout]     |                                ^^^^^^^^^^^^^^^^^^^^^^^^^^^^^^^^^^^^^^^^^^ the trait `FromLua<'_>` is not implemented for `!`
[INFO] [stdout]     |
[INFO] [stdout]     = help: the following other types implement trait `FromLua<'lua>`:
[INFO] [stdout]               AnyUserData<'lua>
[INFO] [stdout]               BTreeMap<K, V>
[INFO] [stdout]               BTreeSet<T>
[INFO] [stdout]               Box<[T]>
[INFO] [stdout]               Box<str>
[INFO] [stdout]               CString
[INFO] [stdout]               HashMap<K, V, S>
[INFO] [stdout]               HashSet<T, S>
[INFO] [stdout]             and 36 others
[INFO] [stdout]     = note: required for `!` to implement `FromLuaMulti<'_>`
[INFO] [stdout] note: required by a bound in `lobby::Lobby::run_lua_callback`
[INFO] [stdout]    --> src/lobby.rs:218:67
[INFO] [stdout]     |
[INFO] [stdout]  92 | ...
[INFO] [stdout] ...
[INFO] [stdout] 218 | ...a::IntoLuaMulti<'lua>, R: mlua::FromLuaMulti<'lua>>(lua: &'lua Lua, callback_name: &str, args: A) -> Option<mlua::Result<R>> {
[INFO] [stdout]     |                              ^^^^^^^^^^^^^^^^^^^^^^^^ required by this bound in `Lobby::run_lua_callback`
[INFO] [stdout] 
[INFO] [stdout] 
[INFO] [stdout] error[E0277]: the trait bound `!: FromLuaMulti<'_>` is not satisfied
[INFO] [stdout]    --> src/lobby.rs:384:32
[INFO] [stdout]     |
[INFO] [stdout] 384 |             if let Some(res) = Self::run_lua_callback(lua, "chat", (user_id.0, content.into_owned())) {
[INFO] [stdout]     |                                ^^^^^^^^^^^^^^^^^^^^^^^^^^^^^^^^^^^^^^^^^^^^^^^^^^^^^^^^^^^^^^^^^^^^^^ the trait `FromLua<'_>` is not implemented for `!`
[INFO] [stdout]     |
[INFO] [stdout]     = help: the following other types implement trait `FromLua<'lua>`:
[INFO] [stdout]               AnyUserData<'lua>
[INFO] [stdout]               BTreeMap<K, V>
[INFO] [stdout]               BTreeSet<T>
[INFO] [stdout]               Box<[T]>
[INFO] [stdout]               Box<str>
[INFO] [stdout]               CString
[INFO] [stdout]               HashMap<K, V, S>
[INFO] [stdout]               HashSet<T, S>
[INFO] [stdout]             and 36 others
[INFO] [stdout]     = note: required for `!` to implement `FromLuaMulti<'_>`
[INFO] [stdout] note: required by a bound in `lobby::Lobby::run_lua_callback`
[INFO] [stdout]    --> src/lobby.rs:218:67
[INFO] [stdout]     |
[INFO] [stdout]  92 | ...
[INFO] [stdout] ...
[INFO] [stdout] 218 | ...a::IntoLuaMulti<'lua>, R: mlua::FromLuaMulti<'lua>>(lua: &'lua Lua, callback_name: &str, args: A) -> Option<mlua::Result<R>> {
[INFO] [stdout]     |                              ^^^^^^^^^^^^^^^^^^^^^^^^ required by this bound in `Lobby::run_lua_callback`
[INFO] [stdout] 
[INFO] [stdout] 
[INFO] [stdout] error[E0277]: the trait bound `!: FromLuaMulti<'_>` is not satisfied
[INFO] [stdout]    --> src/lobby.rs:893:36
[INFO] [stdout]     |
[INFO] [stdout] 893 |                 if let Some(res) = Self::run_lua_callback(lua, "start", ()) {
[INFO] [stdout]     |                                    ^^^^^^^^^^^^^^^^^^^^^^^^^^^^^^^^^^^^^^^^ the trait `FromLua<'_>` is not implemented for `!`
[INFO] [stdout]     |
[INFO] [stdout]     = help: the following other types implement trait `FromLua<'lua>`:
[INFO] [stdout]               AnyUserData<'lua>
[INFO] [stdout]               BTreeMap<K, V>
[INFO] [stdout]               BTreeSet<T>
[INFO] [stdout]               Box<[T]>
[INFO] [stdout]               Box<str>
[INFO] [stdout]               CString
[INFO] [stdout]               HashMap<K, V, S>
[INFO] [stdout]               HashSet<T, S>
[INFO] [stdout]             and 36 others
[INFO] [stdout]     = note: required for `!` to implement `FromLuaMulti<'_>`
[INFO] [stdout] note: required by a bound in `lobby::Lobby::run_lua_callback`
[INFO] [stdout]    --> src/lobby.rs:218:67
[INFO] [stdout]     |
[INFO] [stdout]  92 | ...
[INFO] [stdout] ...
[INFO] [stdout] 218 | ...a::IntoLuaMulti<'lua>, R: mlua::FromLuaMulti<'lua>>(lua: &'lua Lua, callback_name: &str, args: A) -> Option<mlua::Result<R>> {
[INFO] [stdout]     |                              ^^^^^^^^^^^^^^^^^^^^^^^^ required by this bound in `Lobby::run_lua_callback`
[INFO] [stdout] 
[INFO] [stdout] 
[INFO] [stdout] warning: unused variable: `lua`
[INFO] [stdout]    --> src/lobby.rs:240:60
[INFO] [stdout]     |
[INFO] [stdout] 237 |           macro_rules! method {
[INFO] [stdout] ...
[INFO] [stdout] 240 |                   methods.add_method_mut(stringify!($name), |$lua, $this: &mut Self, ($($argname),+): ($($argtype),+)| {
[INFO] [stdout]     |                                                              ^^^^
[INFO] [stdout] ...
[INFO] [stdout] 316 | /         method!(get_pawn: |this, lua, id: u64| {
[INFO] [stdout] 317 | |             Ok(this.pawns.get(&PawnId(id)).cloned())
[INFO] [stdout] 318 | |         });
[INFO] [stdout]     | |__________- in this macro invocation
[INFO] [stdout]     |
[INFO] [stdout] help: `lua` is captured in macro and introduced a unused variable
[INFO] [stdout]    --> src/lobby.rs:240:60
[INFO] [stdout]     |
[INFO] [stdout] 240 |                   methods.add_method_mut(stringify!($name), |$lua, $this: &mut Self, ($($argname),+): ($($argtype),+)| {
[INFO] [stdout]     |                                                              ^^^^
[INFO] [stdout] ...
[INFO] [stdout] 316 | /         method!(get_pawn: |this, lua, id: u64| {
[INFO] [stdout] 317 | |             Ok(this.pawns.get(&PawnId(id)).cloned())
[INFO] [stdout] 318 | |         });
[INFO] [stdout]     | |__________- in this macro invocation
[INFO] [stdout]     = note: `#[warn(unused_variables)]` (part of `#[warn(unused)]`) on by default
[INFO] [stdout] 
[INFO] [stdout] 
[INFO] [stdout] For more information about this error, try `rustc --explain E0277`.
[INFO] [stdout] 
[INFO] [stderr] error: could not compile `BG3D` (bin "BG3D") due to 3 previous errors; 3 warnings emitted
[INFO] [stderr] warning: unused dependency `futures`
[INFO] [stderr]   --> Cargo.toml:20:15
[INFO] [stderr]    |
[INFO] [stderr] 20 | [dependencies.futures]
[INFO] [stderr]    |               ^^^^^^^^
[INFO] [stderr]    |
[INFO] [stderr]    = note: `cargo::unused_dependencies` is set to `warn` by default
[INFO] [stderr] help: consider removing the dependency on `futures`
[INFO] [stderr] warning: `BG3D` (manifest) generated 1 warning
[INFO] running `Command { std: "docker" "inspect" "d3f1cca9727ca9aa0d59cb36306f0eb4e24c5f0db7b4b5b16bad4debeff06372", kill_on_drop: false }`
[INFO] running `Command { std: "docker" "rm" "-f" "d3f1cca9727ca9aa0d59cb36306f0eb4e24c5f0db7b4b5b16bad4debeff06372", kill_on_drop: false }`
[INFO] [stdout] d3f1cca9727ca9aa0d59cb36306f0eb4e24c5f0db7b4b5b16bad4debeff06372
