[INFO] cloning repository https://github.com/Suven/projectBooth
[INFO] running `Command { std: "git" "-c" "credential.helper=" "-c" "credential.helper=/workspace/cargo-home/bin/git-credential-null" "clone" "--bare" "https://github.com/Suven/projectBooth" "/workspace/cache/git-repos/https%3A%2F%2Fgithub.com%2FSuven%2FprojectBooth", kill_on_drop: false }`
[INFO] [stderr] Cloning into bare repository '/workspace/cache/git-repos/https%3A%2F%2Fgithub.com%2FSuven%2FprojectBooth'...
[INFO] running `Command { std: "git" "rev-parse" "HEAD", kill_on_drop: false }`
[INFO] [stdout] c8c18a0aaee6086293bd33b275fec876e956557f
[INFO] testing Suven/projectBooth against 1.100.0-beta.1 for beta-1.100-2
[INFO] running `Command { std: "git" "clone" "/workspace/cache/git-repos/https%3A%2F%2Fgithub.com%2FSuven%2FprojectBooth" "/workspace/builds/worker-0-tc2/source", kill_on_drop: false }`
[INFO] [stderr] Cloning into '/workspace/builds/worker-0-tc2/source'...
[INFO] [stderr] done.
[INFO] started tweaking git repo https://github.com/Suven/projectBooth
[INFO] finished tweaking git repo https://github.com/Suven/projectBooth
[INFO] tweaked toml for git repo https://github.com/Suven/projectBooth written to /workspace/builds/worker-0-tc2/source/Cargo.toml
[INFO] validating manifest of git repo https://github.com/Suven/projectBooth on toolchain 1.100.0-beta.1
[INFO] running `Command { std: CARGO_HOME="/workspace/cargo-home" RUSTUP_HOME="/workspace/rustup-home" "/workspace/cargo-home/bin/cargo" "+1.100.0-beta.1" "metadata" "--manifest-path" "Cargo.toml" "--no-deps", kill_on_drop: false }`
[INFO] crate git repo https://github.com/Suven/projectBooth already has a lockfile, it will not be regenerated
[INFO] running `Command { std: CARGO_HOME="/workspace/cargo-home" RUSTUP_HOME="/workspace/rustup-home" "/workspace/cargo-home/bin/cargo" "+1.100.0-beta.1" "fetch" "--manifest-path" "Cargo.toml", kill_on_drop: false }`
[INFO] running `Command { std: "docker" "create" "-v" "/var/lib/crater-agent-workspace/builds/worker-0-tc2/source:/opt/rustwide/workdir:ro,Z" "-v" "/var/lib/crater-agent-workspace/builds/worker-0-tc2/target:/opt/rustwide/target:rw,Z" "-v" "/var/lib/crater-agent-workspace/cargo-home:/opt/rustwide/cargo-home:ro,Z" "-v" "/var/lib/crater-agent-workspace/rustup-home:/opt/rustwide/rustup-home:ro,Z" "-m" "1610612736" "--network" "none" "ghcr.io/rust-lang/crates-build-env/linux@sha256:3111399a4047eeb3a02b7a90e478d715f38a8c6669b5c4b49d30a17385265909" "sleep" "infinity", kill_on_drop: false }`
[INFO] [stdout] 94af625f139e4e6a36f4393d2ced5d23b0f14fceca2e32ff75f66db824f69870
[INFO] running `Command { std: "docker" "start" "94af625f139e4e6a36f4393d2ced5d23b0f14fceca2e32ff75f66db824f69870", kill_on_drop: false }`
[INFO] running `Command { std: "docker" "inspect" "94af625f139e4e6a36f4393d2ced5d23b0f14fceca2e32ff75f66db824f69870", kill_on_drop: false }`
[INFO] running `Command { std: "docker" "exec" "-e" "SOURCE_DIR=/opt/rustwide/workdir" "-e" "CARGO_HOME=/opt/rustwide/cargo-home" "-e" "RUSTUP_HOME=/opt/rustwide/rustup-home" "-e" "CARGO_TARGET_DIR=/opt/rustwide/target" "-w" "/opt/rustwide/workdir" "--user" "0:0" "94af625f139e4e6a36f4393d2ced5d23b0f14fceca2e32ff75f66db824f69870" "/opt/rustwide/cargo-home/bin/cargo" "+1.100.0-beta.1" "metadata" "--no-deps" "--format-version=1", kill_on_drop: false }`
[INFO] running `Command { std: "docker" "inspect" "94af625f139e4e6a36f4393d2ced5d23b0f14fceca2e32ff75f66db824f69870", kill_on_drop: false }`
[INFO] running `Command { std: "docker" "exec" "-e" "SOURCE_DIR=/opt/rustwide/workdir" "-e" "CARGO_HOME=/opt/rustwide/cargo-home" "-e" "RUSTUP_HOME=/opt/rustwide/rustup-home" "-e" "CARGO_TARGET_DIR=/opt/rustwide/target" "-e" "CARGO_INCREMENTAL=0" "-e" "RUST_BACKTRACE=full" "-e" "RUSTFLAGS=--cap-lints=warn" "-e" "RUSTDOCFLAGS=--cap-lints=warn" "-w" "/opt/rustwide/workdir" "--user" "0:0" "94af625f139e4e6a36f4393d2ced5d23b0f14fceca2e32ff75f66db824f69870" "/opt/rustwide/cargo-home/bin/cargo" "+1.100.0-beta.1" "build" "--frozen" "--message-format=json", kill_on_drop: false }`
[INFO] [stderr]    Compiling libc v0.2.66
[INFO] [stderr]    Compiling cfg-if v0.1.10
[INFO] [stderr]    Compiling autocfg v0.1.7
[INFO] [stderr]    Compiling byteorder v1.3.2
[INFO] [stderr]    Compiling semver-parser v0.7.0
[INFO] [stderr]    Compiling log v0.4.8
[INFO] [stderr]    Compiling futures v0.1.29
[INFO] [stderr]    Compiling either v1.5.3
[INFO] [stderr]    Compiling lazy_static v1.4.0
[INFO] [stderr]    Compiling rand_core v0.4.2
[INFO] [stderr]    Compiling fnv v1.0.6
[INFO] [stderr]    Compiling semver v0.9.0
[INFO] [stderr]    Compiling crossbeam-utils v0.6.6
[INFO] [stderr]    Compiling scopeguard v1.0.0
[INFO] [stderr]    Compiling slab v0.4.2
[INFO] [stderr]    Compiling rand_core v0.3.1
[INFO] [stderr]    Compiling maybe-uninit v2.0.0
[INFO] [stderr]    Compiling version_check v0.1.5
[INFO] [stderr]    Compiling rand_chacha v0.1.1
[INFO] [stderr]    Compiling rand_pcg v0.1.2
[INFO] [stderr]    Compiling rustc_version v0.2.3
[INFO] [stderr]    Compiling itoa v0.4.4
[INFO] [stderr]    Compiling rand v0.6.5
[INFO] [stderr]    Compiling crossbeam-utils v0.7.0
[INFO] [stderr]    Compiling siphasher v0.2.3
[INFO] [stderr]    Compiling smallvec v0.6.13
[INFO] [stderr]    Compiling unicase v1.4.2
[INFO] [stderr]    Compiling typenum v1.11.2
[INFO] [stderr]    Compiling parking_lot_core v0.6.2
[INFO] [stderr]    Compiling iovec v0.1.4
[INFO] [stderr]    Compiling num_cpus v1.11.1
[INFO] [stderr]    Compiling net2 v0.2.33
[INFO] [stderr]    Compiling bytes v0.4.12
[INFO] [stderr]    Compiling memoffset v0.5.3
[INFO] [stderr]    Compiling parking_lot v0.9.0
[INFO] [stderr]    Compiling getrandom v0.1.14
[INFO] [stderr]    Compiling phf_shared v0.7.24
[INFO] [stderr]    Compiling rand_os v0.1.3
[INFO] [stderr]    Compiling mio v0.6.21
[INFO] [stderr]    Compiling rand_isaac v0.1.1
[INFO] [stderr]    Compiling rand_xorshift v0.1.1
[INFO] [stderr]    Compiling rand_hc v0.1.0
[INFO] [stderr]    Compiling lock_api v0.3.3
[INFO] [stderr]    Compiling rand_jitter v0.1.4
[INFO] [stderr]    Compiling crossbeam-epoch v0.8.0
[INFO] [stderr]    Compiling tokio-executor v0.1.9
[INFO] [stderr]    Compiling tokio-io v0.1.12
[INFO] [stderr]    Compiling pkg-config v0.3.17
[INFO] [stderr]    Compiling tokio-sync v0.1.7
[INFO] [stderr]    Compiling http v0.1.21
[INFO] [stderr]    Compiling version_check v0.9.1
[INFO] [stderr]    Compiling ppv-lite86 v0.2.6
[INFO] [stderr]    Compiling rand_core v0.5.1
[INFO] [stderr]    Compiling unicase v2.6.0
[INFO] [stderr]    Compiling tokio-reactor v0.1.11
[INFO] [stderr]    Compiling bitflags v1.2.1
[INFO] [stderr]    Compiling memchr v2.3.0
[INFO] [stderr]    Compiling c2-chacha v0.2.3
[INFO] [stderr]    Compiling phf_generator v0.7.24
[INFO] [stderr]    Compiling smallvec v1.1.0
[INFO] [stderr]    Compiling byte-tools v0.3.1
[INFO] [stderr]    Compiling httparse v1.3.4
[INFO] [stderr]    Compiling matches v0.1.8
[INFO] [stderr]    Compiling block-padding v0.1.5
[INFO] [stderr]    Compiling rand_chacha v0.2.1
[INFO] [stderr]    Compiling unicode-bidi v0.3.4
[INFO] [stderr]    Compiling generic-array v0.12.3
[INFO] [stderr]    Compiling phf_codegen v0.7.24
[INFO] [stderr]    Compiling unicode-normalization v0.1.11
[INFO] [stderr]    Compiling crossbeam-deque v0.7.2
[INFO] [stderr]    Compiling tokio-codec v0.1.1
[INFO] [stderr]    Compiling crossbeam-queue v0.1.2
[INFO] [stderr]    Compiling indexmap v1.3.0
[INFO] [stderr]    Compiling serde v1.0.104
[INFO] [stderr]    Compiling tokio-threadpool v0.1.17
[INFO] [stderr]    Compiling digest v0.8.1
[INFO] [stderr]    Compiling block-buffer v0.7.3
[INFO] [stderr]    Compiling mime_guess v1.8.7
[INFO] [stderr]    Compiling rand v0.7.3
[INFO] [stderr]    Compiling mio-uds v0.6.7
[INFO] [stderr]    Compiling idna v0.2.0
[INFO] [stderr]    Compiling log v0.3.9
[INFO] [stderr]    Compiling fake-simd v0.1.2
[INFO] [stderr]    Compiling percent-encoding v2.1.0
[INFO] [stderr]    Compiling opaque-debug v0.2.3
[INFO] [stderr]    Compiling cc v1.0.50
[INFO] [stderr]    Compiling ryu v1.0.2
[INFO] [stderr]    Compiling url v2.1.1
[INFO] [stderr]    Compiling tokio-fs v0.1.6
[INFO] [stderr]    Compiling sha-1 v0.8.2
[INFO] [stderr]    Compiling mime v0.2.6
[INFO] [stderr]    Compiling tokio-uds v0.2.5
[INFO] [stderr]    Compiling mime_guess v2.0.1
[INFO] [stderr]    Compiling tokio-udp v0.1.5
[INFO] [stderr]    Compiling tokio-tcp v0.1.3
[INFO] [stderr]    Compiling evdev-sys v0.2.0
[INFO] [stderr]    Compiling gphoto2-sys v0.1.2
[INFO] [stderr]    Compiling tokio-timer v0.2.12
[INFO] [stderr]    Compiling tokio-current-thread v0.1.6
[INFO] [stderr]    Compiling tokio-buf v0.1.1
[INFO] [stderr]    Compiling string v0.2.1
[INFO] [stderr]    Compiling phf v0.7.24
[INFO] [stderr]    Compiling time v0.1.42
[INFO] [stderr]    Compiling hyper v0.12.35
[INFO] [stderr]    Compiling safemem v0.3.3
[INFO] [stderr]    Compiling mime v0.3.16
[INFO] [stderr]    Compiling try-lock v0.2.2
[INFO] [stderr]    Compiling nix v0.13.1
[INFO] [stderr]    Compiling remove_dir_all v0.5.2
[INFO] [stderr]    Compiling buf_redux v0.8.4
[INFO] [stderr]    Compiling tempfile v3.1.0
[INFO] [stderr]    Compiling want v0.2.0
[INFO] [stderr]    Compiling http-body v0.1.0
[INFO] [stderr]    Compiling h2 v0.1.26
[INFO] [stderr]    Compiling headers-core v0.1.1
[INFO] [stderr]    Compiling twoway v0.1.8
[INFO] [stderr]    Compiling tokio v0.1.22
[INFO] [stderr]    Compiling futures-cpupool v0.1.8
[INFO] [stderr]    Compiling input_buffer v0.2.0
[INFO] [stderr]    Compiling base64 v0.10.1
[INFO] [stderr]    Compiling utf-8 v0.7.5
[INFO] [stderr]    Compiling quick-error v1.2.3
[INFO] [stderr]    Compiling void v1.0.2
[INFO] [stderr]    Compiling base64 v0.11.0
[INFO] [stderr]    Compiling dtoa v0.4.4
[INFO] [stderr]    Compiling multipart v0.16.1
[INFO] [stderr]    Compiling headers v0.2.3
[INFO] [stderr]    Compiling tungstenite v0.9.2
[INFO] [stderr]    Compiling scoped-tls v1.0.0
[INFO] [stderr]    Compiling urlencoding v1.0.0
[INFO] [stderr]    Compiling gphoto v0.1.2
[INFO] [stderr]    Compiling dotenv v0.15.0
[INFO] [stderr]    Compiling serde_urlencoded v0.6.1
[INFO] [stderr]    Compiling serde_json v1.0.44
[INFO] [stderr]    Compiling evdev-rs v0.3.1
[INFO] [stderr]    Compiling warp v0.1.20
[INFO] [stdout] error[E0277]: the trait bound `!: From<()>` is not satisfied
[INFO] [stdout]     --> /opt/rustwide/cargo-home/registry/src/index.crates.io-1949cf8c6b5b557f/warp-0.1.20/src/test.rs:502:30
[INFO] [stdout]      |
[INFO] [stdout]  502 |                     .forward(tx.sink_map_err(|_| ()))
[INFO] [stdout]      |                      ------- ^^^^^^^^^^^^^^^^^^^^^^^ the trait `From<()>` is not implemented for `!`
[INFO] [stdout]      |                      |
[INFO] [stdout]      |                      required by a bound introduced by this call
[INFO] [stdout]      |
[INFO] [stdout]      = note: this error might have been caused by changes to Rust's type-inference algorithm (see issue #148922 <https://github.com/rust-lang/rust/issues/148922> for more information)
[INFO] [stdout]      = help: you might have intended to use the type `()` here instead
[INFO] [stdout] note: the method call chain might not have had the expected associated types
[INFO] [stdout]     --> /opt/rustwide/cargo-home/registry/src/index.crates.io-1949cf8c6b5b557f/warp-0.1.20/src/test.rs:502:33
[INFO] [stdout]      |
[INFO] [stdout]  502 |                     .forward(tx.sink_map_err(|_| ()))
[INFO] [stdout]      |                              -- ^^^^^^^^^^^^^^^^^^^^ `Sink::SinkError` is `()` here
[INFO] [stdout]      |                              |
[INFO] [stdout]      |                              this expression has type `SplitSink<WebSocket>`
[INFO] [stdout] note: required by a bound in `futures::Stream::forward`
[INFO] [stdout]     --> /opt/rustwide/cargo-home/registry/src/index.crates.io-1949cf8c6b5b557f/futures-0.1.29/src/stream/mod.rs:1068:28
[INFO] [stdout]      |
[INFO] [stdout]  184 | pub trait Stream {
[INFO] [stdout] ...
[INFO] [stdout] 1066 |     fn forward<S>(self, sink: S) -> Forward<Self, S>
[INFO] [stdout] 1067 |         where S: Sink<SinkItem = Self::Item>,
[INFO] [stdout] 1068 |               Self::Error: From<S::SinkError>,
[INFO] [stdout]      |                            ^^^^^^^^^^^^^^^^^^ required by this bound in `Stream::forward`
[INFO] [stdout] 
[INFO] [stdout] 
[INFO] [stdout] error[E0277]: the trait bound `!: From<()>` is not satisfied
[INFO] [stdout]    --> /opt/rustwide/cargo-home/registry/src/index.crates.io-1949cf8c6b5b557f/warp-0.1.20/src/test.rs:498:29
[INFO] [stdout]     |
[INFO] [stdout] 498 |                   let write = wr_rx
[INFO] [stdout]     |  _____________________________^
[INFO] [stdout] 499 | |                     .map_err(|()| {
[INFO] [stdout] 500 | |                         unreachable!("mpsc::Receiver doesn't error");
[INFO] [stdout] 501 | |                     })
[INFO] [stdout] 502 | |                     .forward(tx.sink_map_err(|_| ()))
[INFO] [stdout] 503 | |                     .map(|_| ());
[INFO] [stdout]     | |________________________________^ the trait `From<()>` is not implemented for `!`
[INFO] [stdout]     |
[INFO] [stdout] help: the trait `futures::Future` is conditionally implemented for `Forward<T, U>`
[INFO] [stdout]    --> /opt/rustwide/cargo-home/registry/src/index.crates.io-1949cf8c6b5b557f/futures-0.1.29/src/stream/forward.rs:78:1
[INFO] [stdout]     |
[INFO] [stdout]  78 | / impl<T, U> Future for Forward<T, U>
[INFO] [stdout]  79 | |     where U: Sink<SinkItem=T::Item>,
[INFO] [stdout]  80 | |           T: Stream,
[INFO] [stdout]  81 | |           T::Error: From<U::SinkError>,
[INFO] [stdout]     | |_____________________------------------^
[INFO] [stdout]     |                       |
[INFO] [stdout]     |                       unsatisfied requirement introduced here: `<MapErr<_, {closure@...}> as Stream>::Error: From<_>`
[INFO] [stdout]     = note: this error might have been caused by changes to Rust's type-inference algorithm (see issue #148922 <https://github.com/rust-lang/rust/issues/148922> for more information)
[INFO] [stdout]     = help: you might have intended to use the type `()` here instead
[INFO] [stdout]     = note: required for `Forward<MapErr<UnboundedReceiver<Message>, {closure@...}>, _>` to implement `futures::Future`
[INFO] [stdout]     = note: the full name for the type has been written to '/opt/rustwide/target/debug/build/warp/5471d32a11d7d55f/out/warp-5471d32a11d7d55f.long-type-10989998216324040771.txt'
[INFO] [stdout]     = note: consider using `--verbose` to print the full type name to the console
[INFO] [stdout] 
[INFO] [stdout] 
[INFO] [stdout] error[E0277]: the trait bound `!: From<()>` is not satisfied
[INFO] [stdout]    --> /opt/rustwide/cargo-home/registry/src/index.crates.io-1949cf8c6b5b557f/warp-0.1.20/src/test.rs:503:22
[INFO] [stdout]     |
[INFO] [stdout] 503 |                     .map(|_| ());
[INFO] [stdout]     |                      ^^^ the trait `From<()>` is not implemented for `!`
[INFO] [stdout]     |
[INFO] [stdout] help: the trait `futures::Future` is conditionally implemented for `Forward<T, U>`
[INFO] [stdout]    --> /opt/rustwide/cargo-home/registry/src/index.crates.io-1949cf8c6b5b557f/futures-0.1.29/src/stream/forward.rs:78:1
[INFO] [stdout]     |
[INFO] [stdout]  78 | / impl<T, U> Future for Forward<T, U>
[INFO] [stdout]  79 | |     where U: Sink<SinkItem=T::Item>,
[INFO] [stdout]  80 | |           T: Stream,
[INFO] [stdout]  81 | |           T::Error: From<U::SinkError>,
[INFO] [stdout]     | |_____________________------------------^
[INFO] [stdout]     |                       |
[INFO] [stdout]     |                       unsatisfied requirement introduced here: `<MapErr<_, {closure@...}> as Stream>::Error: From<_>`
[INFO] [stdout]     = note: this error might have been caused by changes to Rust's type-inference algorithm (see issue #148922 <https://github.com/rust-lang/rust/issues/148922> for more information)
[INFO] [stdout]     = help: you might have intended to use the type `()` here instead
[INFO] [stdout]     = note: required for `Forward<MapErr<UnboundedReceiver<Message>, {closure@...}>, _>` to implement `futures::Future`
[INFO] [stdout]     = note: the full name for the type has been written to '/opt/rustwide/target/debug/build/warp/5471d32a11d7d55f/out/warp-5471d32a11d7d55f.long-type-10989998216324040771.txt'
[INFO] [stdout]     = note: consider using `--verbose` to print the full type name to the console
[INFO] [stdout] 
[INFO] [stdout] 
[INFO] [stdout] error[E0277]: the trait bound `!: From<()>` is not satisfied
[INFO] [stdout]     --> /opt/rustwide/cargo-home/registry/src/index.crates.io-1949cf8c6b5b557f/warp-0.1.20/src/test.rs:510:30
[INFO] [stdout]      |
[INFO] [stdout]  510 |                     .forward(rd_tx.sink_map_err(|_| ()))
[INFO] [stdout]      |                      ------- ^^^^^^^^^^^^^^^^^^^^^^^^^^ the trait `From<()>` is not implemented for `!`
[INFO] [stdout]      |                      |
[INFO] [stdout]      |                      required by a bound introduced by this call
[INFO] [stdout]      |
[INFO] [stdout]      = note: this error might have been caused by changes to Rust's type-inference algorithm (see issue #148922 <https://github.com/rust-lang/rust/issues/148922> for more information)
[INFO] [stdout]      = help: you might have intended to use the type `()` here instead
[INFO] [stdout] note: the method call chain might not have had the expected associated types
[INFO] [stdout]     --> /opt/rustwide/cargo-home/registry/src/index.crates.io-1949cf8c6b5b557f/warp-0.1.20/src/test.rs:510:36
[INFO] [stdout]      |
[INFO] [stdout]  510 |                     .forward(rd_tx.sink_map_err(|_| ()))
[INFO] [stdout]      |                              ----- ^^^^^^^^^^^^^^^^^^^^ `Sink::SinkError` is `()` here
[INFO] [stdout]      |                              |
[INFO] [stdout]      |                              this expression has type `UnboundedSender<Result<Message, Error>>`
[INFO] [stdout] note: required by a bound in `futures::Stream::forward`
[INFO] [stdout]     --> /opt/rustwide/cargo-home/registry/src/index.crates.io-1949cf8c6b5b557f/futures-0.1.29/src/stream/mod.rs:1068:28
[INFO] [stdout]      |
[INFO] [stdout]  184 | pub trait Stream {
[INFO] [stdout] ...
[INFO] [stdout] 1066 |     fn forward<S>(self, sink: S) -> Forward<Self, S>
[INFO] [stdout] 1067 |         where S: Sink<SinkItem = Self::Item>,
[INFO] [stdout] 1068 |               Self::Error: From<S::SinkError>,
[INFO] [stdout]      |                            ^^^^^^^^^^^^^^^^^^ required by this bound in `Stream::forward`
[INFO] [stdout] 
[INFO] [stdout] 
[INFO] [stdout] error[E0277]: the trait bound `!: From<()>` is not satisfied
[INFO] [stdout]    --> /opt/rustwide/cargo-home/registry/src/index.crates.io-1949cf8c6b5b557f/warp-0.1.20/src/test.rs:505:28
[INFO] [stdout]     |
[INFO] [stdout] 505 |                   let read = rx
[INFO] [stdout]     |  ____________________________^
[INFO] [stdout] 506 | |                     .take_while(|m| {
[INFO] [stdout] 507 | |                         futures::future::ok(!m.is_close())
[INFO] [stdout] 508 | |                     })
[INFO] [stdout] 509 | |                     .then(|result| Ok(result))
[INFO] [stdout] 510 | |                     .forward(rd_tx.sink_map_err(|_| ()))
[INFO] [stdout] 511 | |                     .map(|_| ());
[INFO] [stdout]     | |________________________________^ the trait `From<()>` is not implemented for `!`
[INFO] [stdout]     |
[INFO] [stdout] help: the trait `futures::Future` is conditionally implemented for `Forward<T, U>`
[INFO] [stdout]    --> /opt/rustwide/cargo-home/registry/src/index.crates.io-1949cf8c6b5b557f/futures-0.1.29/src/stream/forward.rs:78:1
[INFO] [stdout]     |
[INFO] [stdout]  78 | / impl<T, U> Future for Forward<T, U>
[INFO] [stdout]  79 | |     where U: Sink<SinkItem=T::Item>,
[INFO] [stdout]  80 | |           T: Stream,
[INFO] [stdout]  81 | |           T::Error: From<U::SinkError>,
[INFO] [stdout]     | |_____________________------------------^
[INFO] [stdout]     |                       |
[INFO] [stdout]     |                       unsatisfied requirement introduced here: `<Then<_, {closure@...}, _> as Stream>::Error: From<_>`
[INFO] [stdout]     = note: this error might have been caused by changes to Rust's type-inference algorithm (see issue #148922 <https://github.com/rust-lang/rust/issues/148922> for more information)
[INFO] [stdout]     = help: you might have intended to use the type `()` here instead
[INFO] [stdout]     = note: required for `Forward<Then<TakeWhile<_, {closure@...}, _>, {closure@...}, _>, _>` to implement `futures::Future`
[INFO] [stdout]     = note: the full name for the type has been written to '/opt/rustwide/target/debug/build/warp/5471d32a11d7d55f/out/warp-5471d32a11d7d55f.long-type-3555087028308732830.txt'
[INFO] [stdout]     = note: consider using `--verbose` to print the full type name to the console
[INFO] [stdout] 
[INFO] [stdout] 
[INFO] [stdout] error[E0277]: the trait bound `!: From<()>` is not satisfied
[INFO] [stdout]    --> /opt/rustwide/cargo-home/registry/src/index.crates.io-1949cf8c6b5b557f/warp-0.1.20/src/test.rs:511:22
[INFO] [stdout]     |
[INFO] [stdout] 511 |                     .map(|_| ());
[INFO] [stdout]     |                      ^^^ the trait `From<()>` is not implemented for `!`
[INFO] [stdout]     |
[INFO] [stdout] help: the trait `futures::Future` is conditionally implemented for `Forward<T, U>`
[INFO] [stdout]    --> /opt/rustwide/cargo-home/registry/src/index.crates.io-1949cf8c6b5b557f/futures-0.1.29/src/stream/forward.rs:78:1
[INFO] [stdout]     |
[INFO] [stdout]  78 | / impl<T, U> Future for Forward<T, U>
[INFO] [stdout]  79 | |     where U: Sink<SinkItem=T::Item>,
[INFO] [stdout]  80 | |           T: Stream,
[INFO] [stdout]  81 | |           T::Error: From<U::SinkError>,
[INFO] [stdout]     | |_____________________------------------^
[INFO] [stdout]     |                       |
[INFO] [stdout]     |                       unsatisfied requirement introduced here: `<Then<_, {closure@...}, _> as Stream>::Error: From<_>`
[INFO] [stdout]     = note: this error might have been caused by changes to Rust's type-inference algorithm (see issue #148922 <https://github.com/rust-lang/rust/issues/148922> for more information)
[INFO] [stdout]     = help: you might have intended to use the type `()` here instead
[INFO] [stdout]     = note: required for `Forward<Then<TakeWhile<_, {closure@...}, _>, {closure@...}, _>, _>` to implement `futures::Future`
[INFO] [stdout]     = note: the full name for the type has been written to '/opt/rustwide/target/debug/build/warp/5471d32a11d7d55f/out/warp-5471d32a11d7d55f.long-type-3555087028308732830.txt'
[INFO] [stdout]     = note: consider using `--verbose` to print the full type name to the console
[INFO] [stdout] 
[INFO] [stdout] 
[INFO] [stdout] error[E0277]: the trait bound `!: From<()>` is not satisfied
[INFO] [stdout]    --> /opt/rustwide/cargo-home/registry/src/index.crates.io-1949cf8c6b5b557f/warp-0.1.20/src/test.rs:513:35
[INFO] [stdout]     |
[INFO] [stdout] 513 |                 rt.block_on(write.join(read)).expect("websocket forward");
[INFO] [stdout]     |                                   ^^^^ the trait `From<()>` is not implemented for `!`
[INFO] [stdout]     |
[INFO] [stdout] help: the trait `futures::Future` is conditionally implemented for `futures::future::Map<A, F>`
[INFO] [stdout]    --> /opt/rustwide/cargo-home/registry/src/index.crates.io-1949cf8c6b5b557f/futures-0.1.29/src/future/map.rs:22:1
[INFO] [stdout]     |
[INFO] [stdout]  22 | / impl<U, A, F> Future for Map<A, F>
[INFO] [stdout]  23 | |     where A: Future,
[INFO] [stdout]  24 | |           F: FnOnce(A::Item) -> U,
[INFO] [stdout]     | |_________________________________-^
[INFO] [stdout]     |                                   |
[INFO] [stdout]     |                                   unsatisfied requirement introduced here: `<{closure@test.rs:511:26} as FnOnce<(_,)>>::Output == _`
[INFO] [stdout]     = note: this error might have been caused by changes to Rust's type-inference algorithm (see issue #148922 <https://github.com/rust-lang/rust/issues/148922> for more information)
[INFO] [stdout]     = help: you might have intended to use the type `()` here instead
[INFO] [stdout]     = note: required for `Forward<Then<TakeWhile<_, {closure@...}, _>, {closure@...}, _>, _>` to implement `futures::Future`
[INFO] [stdout]     = note: 1 redundant requirement hidden
[INFO] [stdout]     = note: required for `Map<Forward<Then<_, {closure@...}, _>, _>, {closure@...}>` to implement `futures::Future`
[INFO] [stdout] note: required by a bound in `futures::future::Join`
[INFO] [stdout]    --> /opt/rustwide/cargo-home/registry/src/index.crates.io-1949cf8c6b5b557f/futures-0.1.29/src/future/join.rs:17:25
[INFO] [stdout]     |
[INFO] [stdout]  17 |                     $($B: Future<Error=A::Error>),*
[INFO] [stdout]     |                           ^^^^^^^^^^^^^^^^^^^^^^ required by this bound in `Join`
[INFO] [stdout] ...
[INFO] [stdout] 117 | / generate! {
[INFO] [stdout] 118 | |     /// Future for the `join` combinator, waiting for two futures to
[INFO] [stdout] 119 | |     /// complete.
[INFO] [stdout] 120 | |     ///
[INFO] [stdout] 121 | |     /// This is created by the `Future::join` method.
[INFO] [stdout] 122 | |     (Join, new, <A, B>),
[INFO] [stdout] ...   |
[INFO] [stdout] 140 | |     (Join5, new5, <A, B, C, D, E>),
[INFO] [stdout] 141 | | }
[INFO] [stdout]     | |_- in this macro invocation
[INFO] [stdout]     = note: the full name for the type has been written to '/opt/rustwide/target/debug/build/warp/5471d32a11d7d55f/out/warp-5471d32a11d7d55f.long-type-3263892067060177451.txt'
[INFO] [stdout]     = note: consider using `--verbose` to print the full type name to the console
[INFO] [stdout]     = note: this error originates in the macro `generate` (in Nightly builds, run with -Z macro-backtrace for more info)
[INFO] [stdout] 
[INFO] [stdout] 
[INFO] [stdout] For more information about this error, try `rustc --explain E0277`.
[INFO] [stdout] 
[INFO] [stderr] error: could not compile `warp` (lib) due to 7 previous errors; 8 warnings emitted
[INFO] running `Command { std: "docker" "inspect" "94af625f139e4e6a36f4393d2ced5d23b0f14fceca2e32ff75f66db824f69870", kill_on_drop: false }`
[INFO] running `Command { std: "docker" "rm" "-f" "94af625f139e4e6a36f4393d2ced5d23b0f14fceca2e32ff75f66db824f69870", kill_on_drop: false }`
[INFO] [stdout] 94af625f139e4e6a36f4393d2ced5d23b0f14fceca2e32ff75f66db824f69870
