[INFO] cloning repository https://github.com/SumitMahajan11/Ratify
[INFO] running `Command { std: "git" "-c" "credential.helper=" "-c" "credential.helper=/workspace/cargo-home/bin/git-credential-null" "clone" "--bare" "https://github.com/SumitMahajan11/Ratify" "/workspace/cache/git-repos/https%3A%2F%2Fgithub.com%2FSumitMahajan11%2FRatify", kill_on_drop: false }`
[INFO] [stderr] Cloning into bare repository '/workspace/cache/git-repos/https%3A%2F%2Fgithub.com%2FSumitMahajan11%2FRatify'...
[INFO] running `Command { std: "git" "rev-parse" "HEAD", kill_on_drop: false }`
[INFO] [stdout] 5cd8aa3cb8156c0d5b02d6decd4672ccabac4c38
[INFO] testing SumitMahajan11/Ratify against 1.100.0-beta.1 for beta-1.100-2
[INFO] running `Command { std: "git" "clone" "/workspace/cache/git-repos/https%3A%2F%2Fgithub.com%2FSumitMahajan11%2FRatify" "/workspace/builds/worker-5-tc2/source", kill_on_drop: false }`
[INFO] [stderr] Cloning into '/workspace/builds/worker-5-tc2/source'...
[INFO] [stderr] done.
[INFO] started tweaking git repo https://github.com/SumitMahajan11/Ratify
[INFO] finished tweaking git repo https://github.com/SumitMahajan11/Ratify
[INFO] tweaked toml for git repo https://github.com/SumitMahajan11/Ratify written to /workspace/builds/worker-5-tc2/source/Cargo.toml
[INFO] validating manifest of git repo https://github.com/SumitMahajan11/Ratify on toolchain 1.100.0-beta.1
[INFO] running `Command { std: CARGO_HOME="/workspace/cargo-home" RUSTUP_HOME="/workspace/rustup-home" "/workspace/cargo-home/bin/cargo" "+1.100.0-beta.1" "metadata" "--manifest-path" "Cargo.toml" "--no-deps", kill_on_drop: false }`
[INFO] crate git repo https://github.com/SumitMahajan11/Ratify already has a lockfile, it will not be regenerated
[INFO] running `Command { std: CARGO_HOME="/workspace/cargo-home" RUSTUP_HOME="/workspace/rustup-home" "/workspace/cargo-home/bin/cargo" "+1.100.0-beta.1" "fetch" "--manifest-path" "Cargo.toml", kill_on_drop: false }`
[INFO] [stderr] warning: unused field `version` in `workspace.package`
[INFO] [stderr]   --> Cargo.toml:19:1
[INFO] [stderr]    |
[INFO] [stderr] 19 | version = "0.1.0"
[INFO] [stderr]    | ^^^^^^^
[INFO] [stderr]    |
[INFO] [stderr]    = note: `cargo::unused_workspace_package_fields` is set to `warn` by default
[INFO] [stderr] help: consider removing the field `workspace.package.version`
[INFO] [stderr] warning: workspace (manifest) generated 1 warning
[INFO] running `Command { std: "docker" "create" "-v" "/var/lib/crater-agent-workspace/builds/worker-5-tc2/source:/opt/rustwide/workdir:ro,Z" "-v" "/var/lib/crater-agent-workspace/builds/worker-5-tc2/target:/opt/rustwide/target:rw,Z" "-v" "/var/lib/crater-agent-workspace/cargo-home:/opt/rustwide/cargo-home:ro,Z" "-v" "/var/lib/crater-agent-workspace/rustup-home:/opt/rustwide/rustup-home:ro,Z" "-m" "1610612736" "--network" "none" "ghcr.io/rust-lang/crates-build-env/linux@sha256:3111399a4047eeb3a02b7a90e478d715f38a8c6669b5c4b49d30a17385265909" "sleep" "infinity", kill_on_drop: false }`
[INFO] [stdout] 2da5e1379df3f246ca971cf3eaa5d3854d5ef6bb8ed19e9120191e0943cfe487
[INFO] running `Command { std: "docker" "start" "2da5e1379df3f246ca971cf3eaa5d3854d5ef6bb8ed19e9120191e0943cfe487", kill_on_drop: false }`
[INFO] running `Command { std: "docker" "inspect" "2da5e1379df3f246ca971cf3eaa5d3854d5ef6bb8ed19e9120191e0943cfe487", kill_on_drop: false }`
[INFO] running `Command { std: "docker" "exec" "-e" "SOURCE_DIR=/opt/rustwide/workdir" "-e" "CARGO_HOME=/opt/rustwide/cargo-home" "-e" "RUSTUP_HOME=/opt/rustwide/rustup-home" "-e" "CARGO_TARGET_DIR=/opt/rustwide/target" "-w" "/opt/rustwide/workdir" "--user" "0:0" "2da5e1379df3f246ca971cf3eaa5d3854d5ef6bb8ed19e9120191e0943cfe487" "/opt/rustwide/cargo-home/bin/cargo" "+1.100.0-beta.1" "metadata" "--no-deps" "--format-version=1", kill_on_drop: false }`
[INFO] running `Command { std: "docker" "inspect" "2da5e1379df3f246ca971cf3eaa5d3854d5ef6bb8ed19e9120191e0943cfe487", kill_on_drop: false }`
[INFO] running `Command { std: "docker" "exec" "-e" "SOURCE_DIR=/opt/rustwide/workdir" "-e" "CARGO_HOME=/opt/rustwide/cargo-home" "-e" "RUSTUP_HOME=/opt/rustwide/rustup-home" "-e" "CARGO_TARGET_DIR=/opt/rustwide/target" "-e" "CARGO_INCREMENTAL=0" "-e" "RUST_BACKTRACE=full" "-e" "RUSTFLAGS=--cap-lints=warn" "-e" "RUSTDOCFLAGS=--cap-lints=warn" "-w" "/opt/rustwide/workdir" "--user" "0:0" "2da5e1379df3f246ca971cf3eaa5d3854d5ef6bb8ed19e9120191e0943cfe487" "/opt/rustwide/cargo-home/bin/cargo" "+1.100.0-beta.1" "build" "--frozen" "--message-format=json", kill_on_drop: false }`
[INFO] [stderr] warning: unused field `version` in `workspace.package`
[INFO] [stderr]   --> Cargo.toml:19:1
[INFO] [stderr]    |
[INFO] [stderr] 19 | version = "0.1.0"
[INFO] [stderr]    | ^^^^^^^
[INFO] [stderr]    |
[INFO] [stderr]    = note: `cargo::unused_workspace_package_fields` is set to `warn` by default
[INFO] [stderr] help: consider removing the field `workspace.package.version`
[INFO] [stderr] warning: workspace (manifest) generated 1 warning
[INFO] [stderr]    Compiling libc v0.2.189
[INFO] [stderr]    Compiling proc-macro2 v1.0.107
[INFO] [stderr]    Compiling quote v1.0.47
[INFO] [stderr]    Compiling unicode-ident v1.0.24
[INFO] [stderr]    Compiling cfg-if v1.0.4
[INFO] [stderr]    Compiling zerocopy v0.8.56
[INFO] [stderr]    Compiling serde_core v1.0.229
[INFO] [stderr]    Compiling zmij v1.0.23
[INFO] [stderr]    Compiling serde v1.0.229
[INFO] [stderr]    Compiling parking_lot_core v0.9.12
[INFO] [stderr]    Compiling serde_json v1.0.151
[INFO] [stderr]    Compiling memchr v2.8.3
[INFO] [stderr]    Compiling itoa v1.0.18
[INFO] [stderr]    Compiling smallvec v1.15.2
[INFO] [stderr]    Compiling bytes v1.12.1
[INFO] [stderr]    Compiling lock_api v0.4.14
[INFO] [stderr]    Compiling pin-project-lite v0.2.17
[INFO] [stderr]    Compiling syn v3.0.4
[INFO] [stderr]    Compiling getrandom v0.2.17
[INFO] [stderr]    Compiling errno v0.3.14
[INFO] [stderr]    Compiling mio v1.2.2
[INFO] [stderr]    Compiling socket2 v0.6.5
[INFO] [stderr]    Compiling signal-hook-registry v1.4.8
[INFO] [stderr]    Compiling rand_core v0.6.4
[INFO] [stderr]    Compiling parking_lot v0.12.5
[INFO] [stderr]    Compiling serde_derive v1.0.229
[INFO] [stderr]    Compiling tokio-macros v2.7.2
[INFO] [stderr]    Compiling tokio v1.53.1
[INFO] [stderr]    Compiling ppv-lite86 v0.2.21
[INFO] [stderr]    Compiling rand_chacha v0.3.1
[INFO] [stderr]    Compiling rand v0.8.8
[INFO] [stderr]    Compiling raft-core v0.1.0 (/opt/rustwide/workdir/crates/raft-core)
[INFO] [stderr]    Compiling kv-statemachine v0.1.0 (/opt/rustwide/workdir/crates/kv-statemachine)
[INFO] [stderr]    Compiling fault-proxy v0.1.0 (/opt/rustwide/workdir/crates/fault-proxy)
[INFO] [stderr]    Compiling cluster-harness v0.1.0 (/opt/rustwide/workdir/crates/cluster-harness)
[INFO] [stderr] warning: unused dependency `rand`
[INFO] [stderr]  --> crates/raft-core/Cargo.toml:9:1
[INFO] [stderr]   |
[INFO] [stderr] 9 | rand.workspace = true
[INFO] [stderr]   | ^^^^
[INFO] [stderr]   |
[INFO] [stderr]   = note: `cargo::unused_dependencies` is set to `warn` by default
[INFO] [stderr] help: consider removing the dependency on `rand`
[INFO] [stderr] warning: `raft-core` (manifest) generated 1 warning
[INFO] [stderr]     Finished `dev` profile [unoptimized + debuginfo] target(s) in 25.69s
[INFO] running `Command { std: "docker" "inspect" "2da5e1379df3f246ca971cf3eaa5d3854d5ef6bb8ed19e9120191e0943cfe487", kill_on_drop: false }`
[INFO] running `Command { std: "docker" "exec" "-e" "SOURCE_DIR=/opt/rustwide/workdir" "-e" "CARGO_HOME=/opt/rustwide/cargo-home" "-e" "RUSTUP_HOME=/opt/rustwide/rustup-home" "-e" "CARGO_TARGET_DIR=/opt/rustwide/target" "-e" "CARGO_INCREMENTAL=0" "-e" "RUST_BACKTRACE=full" "-e" "RUSTFLAGS=--cap-lints=warn" "-e" "RUSTDOCFLAGS=--cap-lints=warn" "-w" "/opt/rustwide/workdir" "--user" "0:0" "2da5e1379df3f246ca971cf3eaa5d3854d5ef6bb8ed19e9120191e0943cfe487" "/opt/rustwide/cargo-home/bin/cargo" "+1.100.0-beta.1" "test" "--frozen" "--no-run" "--message-format=json", kill_on_drop: false }`
[INFO] [stderr] warning: unused field `version` in `workspace.package`
[INFO] [stderr]   --> Cargo.toml:19:1
[INFO] [stderr]    |
[INFO] [stderr] 19 | version = "0.1.0"
[INFO] [stderr]    | ^^^^^^^
[INFO] [stderr]    |
[INFO] [stderr]    = note: `cargo::unused_workspace_package_fields` is set to `warn` by default
[INFO] [stderr] help: consider removing the field `workspace.package.version`
[INFO] [stderr] warning: workspace (manifest) generated 1 warning
[INFO] [stderr]    Compiling getrandom v0.3.4
[INFO] [stderr]    Compiling rustix v1.1.4
[INFO] [stderr]    Compiling getrandom v0.4.3
[INFO] [stderr]    Compiling autocfg v1.5.1
[INFO] [stderr]    Compiling bitflags v2.13.1
[INFO] [stderr]    Compiling linux-raw-sys v0.12.1
[INFO] [stderr]    Compiling fastrand v2.5.0
[INFO] [stderr]    Compiling once_cell v1.21.4
[INFO] [stderr]    Compiling wait-timeout v0.2.1
[INFO] [stderr]    Compiling quick-error v1.2.3
[INFO] [stderr]    Compiling bit-vec v0.8.0
[INFO] [stderr]    Compiling unarray v0.1.4
[INFO] [stderr]    Compiling regex-syntax v0.8.11
[INFO] [stderr]    Compiling kv-statemachine v0.1.0 (/opt/rustwide/workdir/crates/kv-statemachine)
[INFO] [stderr]    Compiling cluster-harness v0.1.0 (/opt/rustwide/workdir/crates/cluster-harness)
[INFO] [stderr]    Compiling bit-set v0.8.0
[INFO] [stderr]    Compiling rand_core v0.9.5
[INFO] [stderr]    Compiling rand_chacha v0.9.0
[INFO] [stderr]    Compiling rand v0.9.5
[INFO] [stderr]    Compiling rand_xorshift v0.4.0
[INFO] [stderr]    Compiling num-traits v0.2.19
[INFO] [stderr]    Compiling fault-proxy v0.1.0 (/opt/rustwide/workdir/crates/fault-proxy)
[INFO] [stderr]    Compiling tempfile v3.27.0
[INFO] [stderr]    Compiling rusty-fork v0.3.1
[INFO] [stderr]    Compiling proptest v1.11.0
[INFO] [stderr]    Compiling raft-core v0.1.0 (/opt/rustwide/workdir/crates/raft-core)
[INFO] [stderr] warning: unused dependency `rand`
[INFO] [stderr]  --> crates/raft-core/Cargo.toml:9:1
[INFO] [stderr]   |
[INFO] [stderr] 9 | rand.workspace = true
[INFO] [stderr]   | ^^^^
[INFO] [stderr]   |
[INFO] [stderr]   = note: `cargo::unused_dependencies` is set to `warn` by default
[INFO] [stderr] help: consider removing the dependency on `rand`
[INFO] [stderr] warning: `raft-core` (manifest) generated 1 warning
[INFO] [stderr]     Finished `test` profile [unoptimized + debuginfo] target(s) in 24.98s
[INFO] running `Command { std: "docker" "inspect" "2da5e1379df3f246ca971cf3eaa5d3854d5ef6bb8ed19e9120191e0943cfe487", kill_on_drop: false }`
[INFO] running `Command { std: "docker" "exec" "-e" "SOURCE_DIR=/opt/rustwide/workdir" "-e" "CARGO_HOME=/opt/rustwide/cargo-home" "-e" "RUSTUP_HOME=/opt/rustwide/rustup-home" "-e" "CARGO_TARGET_DIR=/opt/rustwide/target" "-e" "CARGO_INCREMENTAL=0" "-e" "RUST_BACKTRACE=full" "-e" "RUSTFLAGS=--cap-lints=warn" "-e" "RUSTDOCFLAGS=--cap-lints=warn" "-w" "/opt/rustwide/workdir" "--user" "0:0" "2da5e1379df3f246ca971cf3eaa5d3854d5ef6bb8ed19e9120191e0943cfe487" "/opt/rustwide/cargo-home/bin/cargo" "+1.100.0-beta.1" "test" "--frozen", kill_on_drop: false }`
[INFO] [stderr] warning: unused field `version` in `workspace.package`
[INFO] [stderr]   --> Cargo.toml:19:1
[INFO] [stderr]    |
[INFO] [stderr] 19 | version = "0.1.0"
[INFO] [stderr]    | ^^^^^^^
[INFO] [stderr]    |
[INFO] [stderr]    = note: `cargo::unused_workspace_package_fields` is set to `warn` by default
[INFO] [stderr] help: consider removing the field `workspace.package.version`
[INFO] [stderr] warning: workspace (manifest) generated 1 warning
[INFO] [stderr] warning: unused dependency `rand`
[INFO] [stderr]  --> crates/raft-core/Cargo.toml:9:1
[INFO] [stderr]   |
[INFO] [stderr] 9 | rand.workspace = true
[INFO] [stderr]   | ^^^^
[INFO] [stderr]   |
[INFO] [stderr]   = note: `cargo::unused_dependencies` is set to `warn` by default
[INFO] [stderr] help: consider removing the dependency on `rand`
[INFO] [stderr] warning: `raft-core` (manifest) generated 1 warning
[INFO] [stderr]     Finished `test` profile [unoptimized + debuginfo] target(s) in 0.17s
[INFO] [stderr]      Running unittests src/lib.rs (/opt/rustwide/target/debug/build/cluster-harness/5d019dcb48fb6d3e/out/cluster_harness-5d019dcb48fb6d3e)
[INFO] [stdout] 
[INFO] [stderr]      Running unittests src/bin/bandit_vs_random.rs (/opt/rustwide/target/debug/build/cluster-harness/61b924f7a47d6162/out/bandit_vs_random-61b924f7a47d6162)
[INFO] [stdout] running 0 tests
[INFO] [stdout] 
[INFO] [stdout] test result: ok. 0 passed; 0 failed; 0 ignored; 0 measured; 0 filtered out; finished in 0.00s
[INFO] [stdout] 
[INFO] [stderr]      Running unittests src/main.rs (/opt/rustwide/target/debug/build/cluster-harness/008f0d1e9da5d83e/out/cluster_harness-008f0d1e9da5d83e)
[INFO] [stdout] 
[INFO] [stdout] running 0 tests
[INFO] [stdout] 
[INFO] [stdout] test result: ok. 0 passed; 0 failed; 0 ignored; 0 measured; 0 filtered out; finished in 0.00s
[INFO] [stdout] 
[INFO] [stdout] 
[INFO] [stderr]      Running unittests src/bin/generate_determinism_traces.rs (/opt/rustwide/target/debug/build/cluster-harness/d2fc1d63dd42c149/out/generate_determinism_traces-d2fc1d63dd42c149)
[INFO] [stdout] running 0 tests
[INFO] [stdout] 
[INFO] [stdout] test result: ok. 0 passed; 0 failed; 0 ignored; 0 measured; 0 filtered out; finished in 0.00s
[INFO] [stdout] 
[INFO] [stderr]      Running unittests src/bin/node_runner.rs (/opt/rustwide/target/debug/build/cluster-harness/f7c13c27b83c701e/out/node_runner-f7c13c27b83c701e)
[INFO] [stdout] 
[INFO] [stdout] running 0 tests
[INFO] [stdout] 
[INFO] [stdout] test result: ok. 0 passed; 0 failed; 0 ignored; 0 measured; 0 filtered out; finished in 0.00s
[INFO] [stdout] 
[INFO] [stdout] 
[INFO] [stdout] running 0 tests
[INFO] [stdout] 
[INFO] [stdout] test result: ok. 0 passed; 0 failed; 0 ignored; 0 measured; 0 filtered out; finished in 0.00s
[INFO] [stdout] 
[INFO] [stderr]      Running unittests src/bin/wg_checker.rs (/opt/rustwide/target/debug/build/cluster-harness/6d9bb64d4b930ebd/out/wg_checker-6d9bb64d4b930ebd)
[INFO] [stdout] 
[INFO] [stderr]      Running tests/cluster_replication_test.rs (/opt/rustwide/target/debug/build/cluster-harness/e9875c1e8f85f47d/out/cluster_replication_test-e9875c1e8f85f47d)
[INFO] [stdout] running 0 tests
[INFO] [stdout] 
[INFO] [stdout] test result: ok. 0 passed; 0 failed; 0 ignored; 0 measured; 0 filtered out; finished in 0.00s
[INFO] [stdout] 
[INFO] [stdout] 
[INFO] [stdout] running 1 test
[INFO] [stdout] test test_3_node_cluster_replication_pipeline ... ok
[INFO] [stdout] 
[INFO] [stdout] test result: ok. 1 passed; 0 failed; 0 ignored; 0 measured; 0 filtered out; finished in 1.30s
[INFO] [stdout] 
[INFO] [stderr]      Running tests/crash_recovery_test.rs (/opt/rustwide/target/debug/build/cluster-harness/66d728759eb262fd/out/crash_recovery_test-66d728759eb262fd)
[INFO] [stdout] 
[INFO] [stdout] running 1 test
[INFO] [stdout] test test_crash_and_recovery_with_wal ... ok
[INFO] [stderr]      Running tests/determinism_test.rs (/opt/rustwide/target/debug/build/cluster-harness/16e9f878fda51213/out/determinism_test-16e9f878fda51213)
[INFO] [stdout] 
[INFO] [stdout] test result: ok. 1 passed; 0 failed; 0 ignored; 0 measured; 0 filtered out; finished in 18.66s
[INFO] [stdout] 
[INFO] [stdout] 
[INFO] [stdout] running 2 tests
[INFO] [stdout] test test_full_cluster_determinism_drop_partition_only ... FAILED
[INFO] [stdout] test test_full_cluster_determinism_all_faults ... ok
[INFO] [stdout] 
[INFO] [stdout] failures:
[INFO] [stdout] 
[INFO] [stdout] ---- test_full_cluster_determinism_drop_partition_only stdout ----
[INFO] [stdout] --- Run 1 (seed=42, all_faults=false) ---
[INFO] [stdout] --- Run 2 (seed=42, all_faults=false) ---
[INFO] [stdout] 
[INFO] [stdout] thread 'test_full_cluster_determinism_drop_partition_only' (1942) panicked at crates/cluster-harness/tests/determinism_test.rs:194:5:
[INFO] [stdout] assertion `left == right` failed: Fault logs differed between two seed=42 runs!
[INFO] [stdout]   left: [FaultDecision { tick: 3, from: 1, to: 2, dropped: false, delayed_by: 0, reason: "pass" }, FaultDecision { tick: 3, from: 1, to: 3, dropped: true, delayed_by: 0, reason: "partition" }, FaultDecision { tick: 5, from: 2, to: 1, dropped: false, delayed_by: 0, reason: "pass" }, FaultDecision { tick: 7, from: 1, to: 2, dropped: true, delayed_by: 0, reason: "drop_rate" }, FaultDecision { tick: 7, from: 1, to: 3, dropped: true, delayed_by: 0, reason: "partition" }, FaultDecision { tick: 9, from: 1, to: 2, dropped: false, delayed_by: 0, reason: "pass" }, FaultDecision { tick: 9, from: 1, to: 3, dropped: true, delayed_by: 0, reason: "partition" }, FaultDecision { tick: 11, from: 2, to: 1, dropped: true, delayed_by: 0, reason: "drop_rate" }, FaultDecision { tick: 11, from: 2, to: 1, dropped: true, delayed_by: 0, reason: "drop_rate" }, FaultDecision { tick: 11, from: 2, to: 3, dropped: false, delayed_by: 0, reason: "pass" }, FaultDecision { tick: 13, from: 1, to: 2, dropped: false, delayed_by: 0, reason: "pass" }, FaultDecision { tick: 13, from: 1, to: 3, dropped: true, delayed_by: 0, reason: "partition" }, FaultDecision { tick: 13, from: 3, to: 2, dropped: false, delayed_by: 0, reason: "pass" }, FaultDecision { tick: 15, from: 1, to: 2, dropped: false, delayed_by: 0, reason: "pass" }, FaultDecision { tick: 15, from: 1, to: 3, dropped: true, delayed_by: 0, reason: "partition" }, FaultDecision { tick: 15, from: 2, to: 1, dropped: false, delayed_by: 0, reason: "pass" }, FaultDecision { tick: 15, from: 2, to: 1, dropped: false, delayed_by: 0, reason: "pass" }, FaultDecision { tick: 15, from: 2, to: 3, dropped: false, delayed_by: 0, reason: "pass" }, FaultDecision { tick: 15, from: 3, to: 1, dropped: true, delayed_by: 0, reason: "partition" }, FaultDecision { tick: 15, from: 3, to: 2, dropped: false, delayed_by: 0, reason: "pass" }, FaultDecision { tick: 17, from: 1, to: 2, dropped: false, delayed_by: 0, reason: "pass" }, FaultDecision { tick: 17, from: 1, to: 2, dropped: false, delayed_by: 0, reason: "pass" }, FaultDecision { tick: 17, from: 1, to: 3, dropped: true, delayed_by: 0, reason: "partition" }, FaultDecision { tick: 17, from: 2, to: 1, dropped: false, delayed_by: 0, reason: "pass" }, FaultDecision { tick: 17, from: 2, to: 3, dropped: false, delayed_by: 0, reason: "pass" }, FaultDecision { tick: 17, from: 3, to: 2, dropped: true, delayed_by: 0, reason: "drop_rate" }, FaultDecision { tick: 19, from: 1, to: 2, dropped: false, delayed_by: 0, reason: "pass" }, FaultDecision { tick: 19, from: 1, to: 3, dropped: true, delayed_by: 0, reason: "partition" }, FaultDecision { tick: 19, from: 2, to: 1, dropped: false, delayed_by: 0, reason: "pass" }, FaultDecision { tick: 21, from: 1, to: 2, dropped: false, delayed_by: 0, reason: "pass" }, FaultDecision { tick: 21, from: 1, to: 3, dropped: true, delayed_by: 0, reason: "partition" }, FaultDecision { tick: 21, from: 2, to: 1, dropped: false, delayed_by: 0, reason: "pass" }, FaultDecision { tick: 23, from: 1, to: 2, dropped: false, delayed_by: 0, reason: "pass" }, FaultDecision { tick: 23, from: 1, to: 3, dropped: true, delayed_by: 0, reason: "partition" }, FaultDecision { tick: 23, from: 2, to: 1, dropped: false, delayed_by: 0, reason: "pass" }, FaultDecision { tick: 23, from: 2, to: 1, dropped: false, delayed_by: 0, reason: "pass" }, FaultDecision { tick: 23, from: 2, to: 3, dropped: false, delayed_by: 0, reason: "pass" }, FaultDecision { tick: 25, from: 1, to: 2, dropped: false, delayed_by: 0, reason: "pass" }, FaultDecision { tick: 25, from: 1, to: 2, dropped: false, delayed_by: 0, reason: "pass" }, FaultDecision { tick: 25, from: 1, to: 3, dropped: true, delayed_by: 0, reason: "partition" }, FaultDecision { tick: 25, from: 2, to: 1, dropped: true, delayed_by: 0, reason: "drop_rate" }, FaultDecision { tick: 25, from: 3, to: 2, dropped: false, delayed_by: 0, reason: "pass" }, FaultDecision { tick: 27, from: 1, to: 2, dropped: false, delayed_by: 0, reason: "pass" }, FaultDecision { tick: 27, from: 1, to: 3, dropped: true, delayed_by: 0, reason: "partition" }, FaultDecision { tick: 27, from: 2, to: 1, dropped: false, delayed_by: 0, reason: "pass" }, FaultDecision { tick: 29, from: 2, to: 1, dropped: false, delayed_by: 0, reason: "pass" }, FaultDecision { tick: 31, from: 1, to: 2, dropped: false, delayed_by: 0, reason: "pass" }, FaultDecision { tick: 31, from: 1, to: 3, dropped: true, delayed_by: 0, reason: "partition" }, FaultDecision { tick: 31, from: 3, to: 1, dropped: true, delayed_by: 0, reason: "partition" }, FaultDecision { tick: 31, from: 3, to: 2, dropped: false, delayed_by: 0, reason: "pass" }, FaultDecision { tick: 33, from: 1, to: 2, dropped: false, delayed_by: 0, reason: "pass" }, FaultDecision { tick: 33, from: 1, to: 3, dropped: true, delayed_by: 0, reason: "partition" }, FaultDecision { tick: 33, from: 2, to: 1, dropped: false, delayed_by: 0, reason: "pass" }, FaultDecision { tick: 33, from: 2, to: 1, dropped: false, delayed_by: 0, reason: "pass" }, FaultDecision { tick: 33, from: 2, to: 3, dropped: true, delayed_by: 0, reason: "drop_rate" }, FaultDecision { tick: 33, from: 2, to: 3, dropped: true, delayed_by: 0, reason: "drop_rate" }, FaultDecision { tick: 35, from: 1, to: 2, dropped: true, delayed_by: 0, reason: "drop_rate" }, FaultDecision { tick: 35, from: 1, to: 2, dropped: true, delayed_by: 0, reason: "drop_rate" }, FaultDecision { tick: 35, from: 1, to: 3, dropped: true, delayed_by: 0, reason: "partition" }, FaultDecision { tick: 35, from: 2, to: 1, dropped: false, delayed_by: 0, reason: "pass" }, FaultDecision { tick: 37, from: 1, to: 2, dropped: false, delayed_by: 0, reason: "pass" }, FaultDecision { tick: 37, from: 1, to: 3, dropped: true, delayed_by: 0, reason: "partition" }, FaultDecision { tick: 39, from: 1, to: 2, dropped: false, delayed_by: 0, reason: "pass" }, FaultDecision { tick: 39, from: 1, to: 3, dropped: true, delayed_by: 0, reason: "partition" }, FaultDecision { tick: 39, from: 2, to: 1, dropped: false, delayed_by: 0, reason: "pass" }, FaultDecision { tick: 41, from: 1, to: 2, dropped: false, delayed_by: 0, reason: "pass" }, FaultDecision { tick: 41, from: 1, to: 3, dropped: true, delayed_by: 0, reason: "partition" }, FaultDecision { tick: 41, from: 2, to: 1, dropped: false, delayed_by: 0, reason: "pass" }, FaultDecision { tick: 43, from: 1, to: 2, dropped: true, delayed_by: 0, reason: "drop_rate" }, FaultDecision { tick: 43, from: 1, to: 3, dropped: true, delayed_by: 0, reason: "partition" }, FaultDecision { tick: 43, from: 2, to: 1, dropped: false, delayed_by: 0, reason: "pass" }, FaultDecision { tick: 45, from: 1, to: 2, dropped: false, delayed_by: 0, reason: "pass" }, FaultDecision { tick: 45, from: 1, to: 3, dropped: true, delayed_by: 0, reason: "partition" }, FaultDecision { tick: 45, from: 3, to: 1, dropped: true, delayed_by: 0, reason: "partition" }, FaultDecision { tick: 45, from: 3, to: 2, dropped: true, delayed_by: 0, reason: "drop_rate" }, FaultDecision { tick: 47, from: 2, to: 1, dropped: false, delayed_by: 0, reason: "pass" }, FaultDecision { tick: 49, from: 1, to: 2, dropped: false, delayed_by: 0, reason: "pass" }, FaultDecision { tick: 49, from: 1, to: 3, dropped: true, delayed_by: 0, reason: "partition" }, FaultDecision { tick: 51, from: 1, to: 2, dropped: false, delayed_by: 0, reason: "pass" }, FaultDecision { tick: 51, from: 1, to: 3, dropped: true, delayed_by: 0, reason: "partition" }, FaultDecision { tick: 51, from: 2, to: 1, dropped: false, delayed_by: 0, reason: "pass" }, FaultDecision { tick: 51, from: 2, to: 1, dropped: false, delayed_by: 0, reason: "pass" }, FaultDecision { tick: 51, from: 2, to: 3, dropped: true, delayed_by: 0, reason: "drop_rate" }, FaultDecision { tick: 53, from: 1, to: 2, dropped: false, delayed_by: 0, reason: "pass" }, FaultDecision { tick: 53, from: 1, to: 2, dropped: false, delayed_by: 0, reason: "pass" }, FaultDecision { tick: 53, from: 1, to: 3, dropped: true, delayed_by: 0, reason: "partition" }, FaultDecision { tick: 53, from: 2, to: 1, dropped: false, delayed_by: 0, reason: "pass" }, FaultDecision { tick: 55, from: 1, to: 2, dropped: false, delayed_by: 0, reason: "pass" }, FaultDecision { tick: 55, from: 1, to: 3, dropped: true, delayed_by: 0, reason: "partition" }, FaultDecision { tick: 55, from: 2, to: 1, dropped: false, delayed_by: 0, reason: "pass" }, FaultDecision { tick: 55, from: 2, to: 1, dropped: false, delayed_by: 0, reason: "pass" }, FaultDecision { tick: 55, from: 2, to: 3, dropped: false, delayed_by: 0, reason: "pass" }, FaultDecision { tick: 57, from: 1, to: 2, dropped: false, delayed_by: 0, reason: "pass" }, FaultDecision { tick: 57, from: 1, to: 2, dropped: false, delayed_by: 0, reason: "pass" }, FaultDecision { tick: 57, from: 1, to: 3, dropped: true, delayed_by: 0, reason: "partition" }, FaultDecision { tick: 57, from: 2, to: 1, dropped: false, delayed_by: 0, reason: "pass" }, FaultDecision { tick: 57, from: 3, to: 2, dropped: true, delayed_by: 0, reason: "drop_rate" }, FaultDecision { tick: 59, from: 1, to: 2, dropped: true, delayed_by: 0, reason: "drop_rate" }, FaultDecision { tick: 59, from: 1, to: 3, dropped: true, delayed_by: 0, reason: "partition" }, FaultDecision { tick: 59, from: 2, to: 1, dropped: false, delayed_by: 0, reason: "pass" }, FaultDecision { tick: 61, from: 1, to: 2, dropped: false, delayed_by: 0, reason: "pass" }, FaultDecision { tick: 61, from: 1, to: 3, dropped: true, delayed_by: 0, reason: "partition" }, FaultDecision { tick: 63, from: 1, to: 2, dropped: false, delayed_by: 0, reason: "pass" }, FaultDecision { tick: 63, from: 1, to: 3, dropped: true, delayed_by: 0, reason: "partition" }, FaultDecision { tick: 63, from: 2, to: 1, dropped: false, delayed_by: 0, reason: "pass" }, FaultDecision { tick: 63, from: 2, to: 1, dropped: false, delayed_by: 0, reason: "pass" }, FaultDecision { tick: 63, from: 2, to: 3, dropped: false, delayed_by: 0, reason: "pass" }, FaultDecision { tick: 65, from: 1, to: 2, dropped: false, delayed_by: 0, reason: "pass" }, FaultDecision { tick: 65, from: 1, to: 2, dropped: false, delayed_by: 0, reason: "pass" }, FaultDecision { tick: 65, from: 1, to: 3, dropped: true, delayed_by: 0, reason: "partition" }, FaultDecision { tick: 65, from: 2, to: 1, dropped: false, delayed_by: 0, reason: "pass" }, FaultDecision { tick: 65, from: 3, to: 2, dropped: false, delayed_by: 0, reason: "pass" }, FaultDecision { tick: 67, from: 1, to: 2, dropped: false, delayed_by: 0, reason: "pass" }, FaultDecision { tick: 67, from: 1, to: 3, dropped: true, delayed_by: 0, reason: "partition" }, FaultDecision { tick: 67, from: 2, to: 1, dropped: false, delayed_by: 0, reason: "pass" }, FaultDecision { tick: 69, from: 1, to: 2, dropped: false, delayed_by: 0, reason: "pass" }, FaultDecision { tick: 69, from: 1, to: 3, dropped: true, delayed_by: 0, reason: "partition" }, FaultDecision { tick: 69, from: 2, to: 1, dropped: false, delayed_by: 0, reason: "pass" }, FaultDecision { tick: 71, from: 2, to: 1, dropped: false, delayed_by: 0, reason: "pass" }, FaultDecision { tick: 71, from: 3, to: 1, dropped: true, delayed_by: 0, reason: "partition" }, FaultDecision { tick: 71, from: 3, to: 2, dropped: false, delayed_by: 0, reason: "pass" }, FaultDecision { tick: 73, from: 1, to: 2, dropped: false, delayed_by: 0, reason: "pass" }, FaultDecision { tick: 73, from: 1, to: 3, dropped: true, delayed_by: 0, reason: "partition" }, FaultDecision { tick: 73, from: 2, to: 3, dropped: false, delayed_by: 0, reason: "pass" }, FaultDecision { tick: 75, from: 1, to: 2, dropped: false, delayed_by: 0, reason: "pass" }, FaultDecision { tick: 75, from: 1, to: 3, dropped: true, delayed_by: 0, reason: "partition" }, FaultDecision { tick: 75, from: 2, to: 1, dropped: false, delayed_by: 0, reason: "pass" }, FaultDecision { tick: 75, from: 2, to: 1, dropped: false, delayed_by: 0, reason: "pass" }, FaultDecision { tick: 75, from: 2, to: 3, dropped: false, delayed_by: 0, reason: "pass" }, FaultDecision { tick: 77, from: 1, to: 2, dropped: false, delayed_by: 0, reason: "pass" }, FaultDecision { tick: 77, from: 1, to: 2, dropped: false, delayed_by: 0, reason: "pass" }, FaultDecision { tick: 77, from: 1, to: 3, dropped: true, delayed_by: 0, reason: "partition" }, FaultDecision { tick: 77, from: 2, to: 1, dropped: false, delayed_by: 0, reason: "pass" }, FaultDecision { tick: 77, from: 3, to: 2, dropped: false, delayed_by: 0, reason: "pass" }, FaultDecision { tick: 79, from: 1, to: 2, dropped: true, delayed_by: 0, reason: "drop_rate" }, FaultDecision { tick: 79, from: 1, to: 3, dropped: true, delayed_by: 0, reason: "partition" }, FaultDecision { tick: 79, from: 2, to: 1, dropped: false, delayed_by: 0, reason: "pass" }, FaultDecision { tick: 79, from: 2, to: 1, dropped: false, delayed_by: 0, reason: "pass" }, FaultDecision { tick: 79, from: 2, to: 3, dropped: false, delayed_by: 0, reason: "pass" }]
[INFO] [stdout]  right: [FaultDecision { tick: 3, from: 1, to: 2, dropped: false, delayed_by: 0, reason: "pass" }, FaultDecision { tick: 3, from: 1, to: 3, dropped: true, delayed_by: 0, reason: "partition" }, FaultDecision { tick: 5, from: 2, to: 1, dropped: false, delayed_by: 0, reason: "pass" }, FaultDecision { tick: 7, from: 1, to: 2, dropped: true, delayed_by: 0, reason: "drop_rate" }, FaultDecision { tick: 7, from: 1, to: 3, dropped: true, delayed_by: 0, reason: "partition" }, FaultDecision { tick: 9, from: 1, to: 2, dropped: false, delayed_by: 0, reason: "pass" }, FaultDecision { tick: 9, from: 1, to: 3, dropped: true, delayed_by: 0, reason: "partition" }, FaultDecision { tick: 11, from: 2, to: 1, dropped: true, delayed_by: 0, reason: "drop_rate" }, FaultDecision { tick: 11, from: 2, to: 1, dropped: true, delayed_by: 0, reason: "drop_rate" }, FaultDecision { tick: 11, from: 2, to: 3, dropped: false, delayed_by: 0, reason: "pass" }, FaultDecision { tick: 13, from: 1, to: 2, dropped: false, delayed_by: 0, reason: "pass" }, FaultDecision { tick: 13, from: 1, to: 3, dropped: true, delayed_by: 0, reason: "partition" }, FaultDecision { tick: 13, from: 3, to: 2, dropped: false, delayed_by: 0, reason: "pass" }, FaultDecision { tick: 15, from: 1, to: 2, dropped: false, delayed_by: 0, reason: "pass" }, FaultDecision { tick: 15, from: 1, to: 3, dropped: true, delayed_by: 0, reason: "partition" }, FaultDecision { tick: 15, from: 2, to: 1, dropped: false, delayed_by: 0, reason: "pass" }, FaultDecision { tick: 15, from: 2, to: 1, dropped: false, delayed_by: 0, reason: "pass" }, FaultDecision { tick: 15, from: 2, to: 3, dropped: false, delayed_by: 0, reason: "pass" }, FaultDecision { tick: 15, from: 3, to: 1, dropped: true, delayed_by: 0, reason: "partition" }, FaultDecision { tick: 15, from: 3, to: 2, dropped: false, delayed_by: 0, reason: "pass" }, FaultDecision { tick: 17, from: 1, to: 2, dropped: false, delayed_by: 0, reason: "pass" }, FaultDecision { tick: 17, from: 1, to: 2, dropped: false, delayed_by: 0, reason: "pass" }, FaultDecision { tick: 17, from: 1, to: 3, dropped: true, delayed_by: 0, reason: "partition" }, FaultDecision { tick: 17, from: 2, to: 1, dropped: false, delayed_by: 0, reason: "pass" }, FaultDecision { tick: 17, from: 2, to: 3, dropped: false, delayed_by: 0, reason: "pass" }, FaultDecision { tick: 17, from: 3, to: 2, dropped: true, delayed_by: 0, reason: "drop_rate" }, FaultDecision { tick: 19, from: 1, to: 2, dropped: false, delayed_by: 0, reason: "pass" }, FaultDecision { tick: 19, from: 1, to: 3, dropped: true, delayed_by: 0, reason: "partition" }, FaultDecision { tick: 19, from: 2, to: 1, dropped: false, delayed_by: 0, reason: "pass" }, FaultDecision { tick: 21, from: 1, to: 2, dropped: false, delayed_by: 0, reason: "pass" }, FaultDecision { tick: 21, from: 1, to: 3, dropped: true, delayed_by: 0, reason: "partition" }, FaultDecision { tick: 21, from: 2, to: 1, dropped: false, delayed_by: 0, reason: "pass" }, FaultDecision { tick: 23, from: 1, to: 2, dropped: false, delayed_by: 0, reason: "pass" }, FaultDecision { tick: 23, from: 1, to: 3, dropped: true, delayed_by: 0, reason: "partition" }, FaultDecision { tick: 23, from: 2, to: 1, dropped: false, delayed_by: 0, reason: "pass" }, FaultDecision { tick: 23, from: 2, to: 1, dropped: false, delayed_by: 0, reason: "pass" }, FaultDecision { tick: 23, from: 2, to: 3, dropped: false, delayed_by: 0, reason: "pass" }, FaultDecision { tick: 25, from: 1, to: 2, dropped: false, delayed_by: 0, reason: "pass" }, FaultDecision { tick: 25, from: 1, to: 2, dropped: false, delayed_by: 0, reason: "pass" }, FaultDecision { tick: 25, from: 1, to: 3, dropped: true, delayed_by: 0, reason: "partition" }, FaultDecision { tick: 25, from: 2, to: 1, dropped: true, delayed_by: 0, reason: "drop_rate" }, FaultDecision { tick: 25, from: 3, to: 2, dropped: false, delayed_by: 0, reason: "pass" }, FaultDecision { tick: 27, from: 1, to: 2, dropped: false, delayed_by: 0, reason: "pass" }, FaultDecision { tick: 27, from: 1, to: 3, dropped: true, delayed_by: 0, reason: "partition" }, FaultDecision { tick: 27, from: 2, to: 1, dropped: false, delayed_by: 0, reason: "pass" }, FaultDecision { tick: 29, from: 2, to: 1, dropped: false, delayed_by: 0, reason: "pass" }, FaultDecision { tick: 31, from: 1, to: 2, dropped: false, delayed_by: 0, reason: "pass" }, FaultDecision { tick: 31, from: 1, to: 3, dropped: true, delayed_by: 0, reason: "partition" }, FaultDecision { tick: 31, from: 3, to: 1, dropped: true, delayed_by: 0, reason: "partition" }, FaultDecision { tick: 31, from: 3, to: 2, dropped: false, delayed_by: 0, reason: "pass" }, FaultDecision { tick: 33, from: 2, to: 1, dropped: false, delayed_by: 0, reason: "pass" }, FaultDecision { tick: 33, from: 2, to: 3, dropped: true, delayed_by: 0, reason: "drop_rate" }, FaultDecision { tick: 33, from: 1, to: 2, dropped: false, delayed_by: 0, reason: "pass" }, FaultDecision { tick: 33, from: 1, to: 3, dropped: true, delayed_by: 0, reason: "partition" }, FaultDecision { tick: 33, from: 2, to: 1, dropped: false, delayed_by: 0, reason: "pass" }, FaultDecision { tick: 33, from: 2, to: 3, dropped: true, delayed_by: 0, reason: "drop_rate" }, FaultDecision { tick: 35, from: 1, to: 2, dropped: true, delayed_by: 0, reason: "drop_rate" }, FaultDecision { tick: 35, from: 1, to: 2, dropped: true, delayed_by: 0, reason: "drop_rate" }, FaultDecision { tick: 35, from: 1, to: 3, dropped: true, delayed_by: 0, reason: "partition" }, FaultDecision { tick: 35, from: 2, to: 1, dropped: false, delayed_by: 0, reason: "pass" }, FaultDecision { tick: 37, from: 1, to: 2, dropped: false, delayed_by: 0, reason: "pass" }, FaultDecision { tick: 37, from: 1, to: 3, dropped: true, delayed_by: 0, reason: "partition" }, FaultDecision { tick: 39, from: 1, to: 2, dropped: false, delayed_by: 0, reason: "pass" }, FaultDecision { tick: 39, from: 1, to: 3, dropped: true, delayed_by: 0, reason: "partition" }, FaultDecision { tick: 39, from: 2, to: 1, dropped: false, delayed_by: 0, reason: "pass" }, FaultDecision { tick: 41, from: 1, to: 2, dropped: false, delayed_by: 0, reason: "pass" }, FaultDecision { tick: 41, from: 1, to: 3, dropped: true, delayed_by: 0, reason: "partition" }, FaultDecision { tick: 41, from: 2, to: 1, dropped: false, delayed_by: 0, reason: "pass" }, FaultDecision { tick: 43, from: 1, to: 2, dropped: true, delayed_by: 0, reason: "drop_rate" }, FaultDecision { tick: 43, from: 1, to: 3, dropped: true, delayed_by: 0, reason: "partition" }, FaultDecision { tick: 43, from: 2, to: 1, dropped: false, delayed_by: 0, reason: "pass" }, FaultDecision { tick: 45, from: 1, to: 2, dropped: false, delayed_by: 0, reason: "pass" }, FaultDecision { tick: 45, from: 1, to: 3, dropped: true, delayed_by: 0, reason: "partition" }, FaultDecision { tick: 45, from: 3, to: 1, dropped: true, delayed_by: 0, reason: "partition" }, FaultDecision { tick: 45, from: 3, to: 2, dropped: true, delayed_by: 0, reason: "drop_rate" }, FaultDecision { tick: 47, from: 2, to: 1, dropped: false, delayed_by: 0, reason: "pass" }, FaultDecision { tick: 49, from: 1, to: 2, dropped: false, delayed_by: 0, reason: "pass" }, FaultDecision { tick: 49, from: 1, to: 3, dropped: true, delayed_by: 0, reason: "partition" }, FaultDecision { tick: 51, from: 1, to: 2, dropped: false, delayed_by: 0, reason: "pass" }, FaultDecision { tick: 51, from: 1, to: 3, dropped: true, delayed_by: 0, reason: "partition" }, FaultDecision { tick: 51, from: 2, to: 1, dropped: false, delayed_by: 0, reason: "pass" }, FaultDecision { tick: 51, from: 2, to: 1, dropped: false, delayed_by: 0, reason: "pass" }, FaultDecision { tick: 51, from: 2, to: 3, dropped: true, delayed_by: 0, reason: "drop_rate" }, FaultDecision { tick: 53, from: 1, to: 2, dropped: false, delayed_by: 0, reason: "pass" }, FaultDecision { tick: 53, from: 1, to: 2, dropped: false, delayed_by: 0, reason: "pass" }, FaultDecision { tick: 53, from: 1, to: 3, dropped: true, delayed_by: 0, reason: "partition" }, FaultDecision { tick: 53, from: 2, to: 1, dropped: false, delayed_by: 0, reason: "pass" }, FaultDecision { tick: 55, from: 1, to: 2, dropped: false, delayed_by: 0, reason: "pass" }, FaultDecision { tick: 55, from: 1, to: 3, dropped: true, delayed_by: 0, reason: "partition" }, FaultDecision { tick: 55, from: 2, to: 1, dropped: false, delayed_by: 0, reason: "pass" }, FaultDecision { tick: 55, from: 2, to: 1, dropped: false, delayed_by: 0, reason: "pass" }, FaultDecision { tick: 55, from: 2, to: 3, dropped: false, delayed_by: 0, reason: "pass" }, FaultDecision { tick: 57, from: 1, to: 2, dropped: false, delayed_by: 0, reason: "pass" }, FaultDecision { tick: 57, from: 1, to: 2, dropped: false, delayed_by: 0, reason: "pass" }, FaultDecision { tick: 57, from: 1, to: 3, dropped: true, delayed_by: 0, reason: "partition" }, FaultDecision { tick: 57, from: 2, to: 1, dropped: false, delayed_by: 0, reason: "pass" }, FaultDecision { tick: 57, from: 3, to: 2, dropped: true, delayed_by: 0, reason: "drop_rate" }, FaultDecision { tick: 59, from: 1, to: 2, dropped: true, delayed_by: 0, reason: "drop_rate" }, FaultDecision { tick: 59, from: 1, to: 3, dropped: true, delayed_by: 0, reason: "partition" }, FaultDecision { tick: 59, from: 2, to: 1, dropped: false, delayed_by: 0, reason: "pass" }, FaultDecision { tick: 61, from: 1, to: 2, dropped: false, delayed_by: 0, reason: "pass" }, FaultDecision { tick: 61, from: 1, to: 3, dropped: true, delayed_by: 0, reason: "partition" }, FaultDecision { tick: 63, from: 1, to: 2, dropped: false, delayed_by: 0, reason: "pass" }, FaultDecision { tick: 63, from: 1, to: 3, dropped: true, delayed_by: 0, reason: "partition" }, FaultDecision { tick: 63, from: 2, to: 1, dropped: false, delayed_by: 0, reason: "pass" }, FaultDecision { tick: 63, from: 2, to: 1, dropped: false, delayed_by: 0, reason: "pass" }, FaultDecision { tick: 63, from: 2, to: 3, dropped: false, delayed_by: 0, reason: "pass" }, FaultDecision { tick: 65, from: 1, to: 2, dropped: false, delayed_by: 0, reason: "pass" }, FaultDecision { tick: 65, from: 1, to: 2, dropped: false, delayed_by: 0, reason: "pass" }, FaultDecision { tick: 65, from: 1, to: 3, dropped: true, delayed_by: 0, reason: "partition" }, FaultDecision { tick: 65, from: 2, to: 1, dropped: false, delayed_by: 0, reason: "pass" }, FaultDecision { tick: 65, from: 3, to: 2, dropped: false, delayed_by: 0, reason: "pass" }, FaultDecision { tick: 67, from: 1, to: 2, dropped: false, delayed_by: 0, reason: "pass" }, FaultDecision { tick: 67, from: 1, to: 3, dropped: true, delayed_by: 0, reason: "partition" }, FaultDecision { tick: 67, from: 2, to: 1, dropped: false, delayed_by: 0, reason: "pass" }, FaultDecision { tick: 69, from: 1, to: 2, dropped: false, delayed_by: 0, reason: "pass" }, FaultDecision { tick: 69, from: 1, to: 3, dropped: true, delayed_by: 0, reason: "partition" }, FaultDecision { tick: 69, from: 2, to: 1, dropped: false, delayed_by: 0, reason: "pass" }, FaultDecision { tick: 71, from: 2, to: 1, dropped: false, delayed_by: 0, reason: "pass" }, FaultDecision { tick: 71, from: 3, to: 1, dropped: true, delayed_by: 0, reason: "partition" }, FaultDecision { tick: 71, from: 3, to: 2, dropped: false, delayed_by: 0, reason: "pass" }, FaultDecision { tick: 73, from: 1, to: 2, dropped: false, delayed_by: 0, reason: "pass" }, FaultDecision { tick: 73, from: 1, to: 3, dropped: true, delayed_by: 0, reason: "partition" }, FaultDecision { tick: 73, from: 2, to: 3, dropped: false, delayed_by: 0, reason: "pass" }, FaultDecision { tick: 75, from: 1, to: 2, dropped: false, delayed_by: 0, reason: "pass" }, FaultDecision { tick: 75, from: 1, to: 3, dropped: true, delayed_by: 0, reason: "partition" }, FaultDecision { tick: 75, from: 2, to: 1, dropped: false, delayed_by: 0, reason: "pass" }, FaultDecision { tick: 75, from: 2, to: 1, dropped: false, delayed_by: 0, reason: "pass" }, FaultDecision { tick: 75, from: 2, to: 3, dropped: false, delayed_by: 0, reason: "pass" }, FaultDecision { tick: 77, from: 1, to: 2, dropped: false, delayed_by: 0, reason: "pass" }, FaultDecision { tick: 77, from: 1, to: 2, dropped: false, delayed_by: 0, reason: "pass" }, FaultDecision { tick: 77, from: 1, to: 3, dropped: true, delayed_by: 0, reason: "partition" }, FaultDecision { tick: 77, from: 2, to: 1, dropped: false, delayed_by: 0, reason: "pass" }, FaultDecision { tick: 77, from: 3, to: 2, dropped: false, delayed_by: 0, reason: "pass" }, FaultDecision { tick: 79, from: 1, to: 2, dropped: true, delayed_by: 0, reason: "drop_rate" }, FaultDecision { tick: 79, from: 1, to: 3, dropped: true, delayed_by: 0, reason: "partition" }, FaultDecision { tick: 79, from: 2, to: 1, dropped: false, delayed_by: 0, reason: "pass" }, FaultDecision { tick: 79, from: 2, to: 1, dropped: false, delayed_by: 0, reason: "pass" }, FaultDecision { tick: 79, from: 2, to: 3, dropped: false, delayed_by: 0, reason: "pass" }]
[INFO] [stdout] stack backtrace:
[INFO] [stdout]    0:     0x57f80f611011 - std[617be2ca0a6fd877]::backtrace_rs::backtrace::libunwind::trace
[INFO] [stdout]                                at /rustc/e3feeb59cd1bdd011a2bfcc0747b55125d9b8527/library/std/src/../../backtrace/src/backtrace/libunwind.rs:117:9
[INFO] [stdout]    1:     0x57f80f611011 - std[617be2ca0a6fd877]::backtrace_rs::backtrace::trace_unsynchronized::<std[617be2ca0a6fd877]::sys::backtrace::_print_fmt::{closure#1}>
[INFO] [stdout]                                at /rustc/e3feeb59cd1bdd011a2bfcc0747b55125d9b8527/library/std/src/../../backtrace/src/backtrace/mod.rs:66:14
[INFO] [stdout]    2:     0x57f80f611011 - std[617be2ca0a6fd877]::sys::backtrace::_print_fmt
[INFO] [stdout]                                at /rustc/e3feeb59cd1bdd011a2bfcc0747b55125d9b8527/library/std/src/sys/backtrace.rs:74:9
[INFO] [stdout]    3:     0x57f80f611011 - <<std[617be2ca0a6fd877]::sys::backtrace::BacktraceLock>::print::DisplayBacktrace as core[a373ad73a504971]::fmt::Display>::fmt
[INFO] [stdout]                                at /rustc/e3feeb59cd1bdd011a2bfcc0747b55125d9b8527/library/std/src/sys/backtrace.rs:44:26
[INFO] [stdout]    4:     0x57f80f626c3a - <core[a373ad73a504971]::fmt::rt::Argument>::fmt
[INFO] [stdout]                                at /rustc/e3feeb59cd1bdd011a2bfcc0747b55125d9b8527/library/core/src/fmt/rt.rs:152:76
[INFO] [stdout]    5:     0x57f80f626c3a - core[a373ad73a504971]::fmt::write
[INFO] [stdout]    6:     0x57f80f61577c - core[a373ad73a504971]::io::write::default_write_fmt::<alloc[2e1b2a31b91974c5]::vec::Vec<u8>>
[INFO] [stdout]                                at /rustc/e3feeb59cd1bdd011a2bfcc0747b55125d9b8527/library/core/src/io/write.rs:402:11
[INFO] [stdout]    7:     0x57f80f61577c - <alloc[2e1b2a31b91974c5]::vec::Vec<u8> as core[a373ad73a504971]::io::write::Write>::write_fmt
[INFO] [stdout]                                at /rustc/e3feeb59cd1bdd011a2bfcc0747b55125d9b8527/library/core/src/io/write.rs:335:13
[INFO] [stdout]    8:     0x57f80f5ec306 - <std[617be2ca0a6fd877]::sys::backtrace::BacktraceLock>::print
[INFO] [stdout]                                at /rustc/e3feeb59cd1bdd011a2bfcc0747b55125d9b8527/library/std/src/sys/backtrace.rs:47:9
[INFO] [stdout]    9:     0x57f80f5ec306 - std[617be2ca0a6fd877]::panicking::default_hook::{closure#0}
[INFO] [stdout]                                at /rustc/e3feeb59cd1bdd011a2bfcc0747b55125d9b8527/library/std/src/panicking.rs:289:27
[INFO] [stdout]   10:     0x57f80f608f29 - std[617be2ca0a6fd877]::panicking::default_hook
[INFO] [stdout]                                at /rustc/e3feeb59cd1bdd011a2bfcc0747b55125d9b8527/library/std/src/panicking.rs:313:9
[INFO] [stdout]   11:     0x57f80f4b2d10 - <alloc[2e1b2a31b91974c5]::boxed::Box<dyn for<'a, 'b> core[a373ad73a504971]::ops::function::Fn<(&'a std[617be2ca0a6fd877]::panic::PanicHookInfo<'b>,), Output = ()> + core[a373ad73a504971]::marker::Sync + core[a373ad73a504971]::marker::Send> as core[a373ad73a504971]::ops::function::Fn<(&std[617be2ca0a6fd877]::panic::PanicHookInfo,)>>::call
[INFO] [stdout]                                at /rustc/e3feeb59cd1bdd011a2bfcc0747b55125d9b8527/library/alloc/src/boxed.rs:2328:9
[INFO] [stdout]   12:     0x57f80f4b2d10 - test[aada8e7e76ba119b]::test_main_inner::{closure#0}
[INFO] [stdout]                                at /rustc/e3feeb59cd1bdd011a2bfcc0747b55125d9b8527/library/test/src/lib.rs:137:21
[INFO] [stdout]   13:     0x57f80f609252 - <alloc[2e1b2a31b91974c5]::boxed::Box<dyn for<'a, 'b> core[a373ad73a504971]::ops::function::Fn<(&'a std[617be2ca0a6fd877]::panic::PanicHookInfo<'b>,), Output = ()> + core[a373ad73a504971]::marker::Sync + core[a373ad73a504971]::marker::Send> as core[a373ad73a504971]::ops::function::Fn<(&std[617be2ca0a6fd877]::panic::PanicHookInfo,)>>::call
[INFO] [stdout]                                at /rustc/e3feeb59cd1bdd011a2bfcc0747b55125d9b8527/library/alloc/src/boxed.rs:2328:9
[INFO] [stdout]   14:     0x57f80f609252 - std[617be2ca0a6fd877]::panicking::panic_with_hook
[INFO] [stdout]                                at /rustc/e3feeb59cd1bdd011a2bfcc0747b55125d9b8527/library/std/src/panicking.rs:819:13
[INFO] [stdout]   15:     0x57f80f5ec3b2 - std[617be2ca0a6fd877]::panicking::panic_handler::{closure#0}
[INFO] [stdout]                                at /rustc/e3feeb59cd1bdd011a2bfcc0747b55125d9b8527/library/std/src/panicking.rs:685:13
[INFO] [stdout]   16:     0x57f80f5e5019 - std[617be2ca0a6fd877]::sys::backtrace::__rust_end_short_backtrace::<std[617be2ca0a6fd877]::panicking::panic_handler::{closure#0}, !>
[INFO] [stdout]                                at /rustc/e3feeb59cd1bdd011a2bfcc0747b55125d9b8527/library/std/src/sys/backtrace.rs:182:18
[INFO] [stdout]   17:     0x57f80f5ed1ad - __rustc[ea4f61d10b84890b]::rust_begin_unwind
[INFO] [stdout]                                at /rustc/e3feeb59cd1bdd011a2bfcc0747b55125d9b8527/library/std/src/panicking.rs:676:5
[INFO] [stdout]   18:     0x57f80f62745c - core[a373ad73a504971]::panicking::panic_fmt
[INFO] [stdout]                                at /rustc/e3feeb59cd1bdd011a2bfcc0747b55125d9b8527/library/core/src/panicking.rs:80:14
[INFO] [stdout]   19:     0x57f80f627353 - core[a373ad73a504971]::panicking::assert_failed_inner
[INFO] [stdout]                                at /rustc/e3feeb59cd1bdd011a2bfcc0747b55125d9b8527/library/core/src/panicking.rs:447:23
[INFO] [stdout]   20:     0x57f80f464182 - core[a373ad73a504971]::panicking::assert_failed::<alloc[2e1b2a31b91974c5]::vec::Vec<fault_proxy[66123b5b120720f5]::FaultDecision>, alloc[2e1b2a31b91974c5]::vec::Vec<fault_proxy[66123b5b120720f5]::FaultDecision>>
[INFO] [stdout]                                at /rustc/e3feeb59cd1bdd011a2bfcc0747b55125d9b8527/library/core/src/panicking.rs:407:5
[INFO] [stdout]   21:     0x57f80f48f7c8 - determinism_test[8954333e9fcf2f46]::test_full_cluster_determinism_drop_partition_only::{closure#0}
[INFO] [stdout]                                at /opt/rustwide/workdir/crates/cluster-harness/tests/determinism_test.rs:194:5
[INFO] [stdout]   22:     0x57f80f490df2 - <core[a373ad73a504971]::pin::Pin<&mut dyn core[a373ad73a504971]::future::future::Future<Output = ()>> as core[a373ad73a504971]::future::future::Future>::poll
[INFO] [stdout]                                at /rustc/e3feeb59cd1bdd011a2bfcc0747b55125d9b8527/library/core/src/future/future.rs:133:9
[INFO] [stdout]   23:     0x57f80f490e6d - <core[a373ad73a504971]::pin::Pin<&mut core[a373ad73a504971]::pin::Pin<&mut dyn core[a373ad73a504971]::future::future::Future<Output = ()>>> as core[a373ad73a504971]::future::future::Future>::poll
[INFO] [stdout]                                at /rustc/e3feeb59cd1bdd011a2bfcc0747b55125d9b8527/library/core/src/future/future.rs:133:9
[INFO] [stdout]   24:     0x57f80f468e6d - <tokio[e8cb0c47a373a827]::runtime::scheduler::current_thread::CoreGuard>::block_on::<core[a373ad73a504971]::pin::Pin<&mut core[a373ad73a504971]::pin::Pin<&mut dyn core[a373ad73a504971]::future::future::Future<Output = ()>>>>::{closure#0}::{closure#0}::{closure#0}
[INFO] [stdout]                                at /opt/rustwide/cargo-home/registry/src/index.crates.io-1949cf8c6b5b557f/tokio-1.53.1/src/runtime/scheduler/current_thread/mod.rs:830:70
[INFO] [stdout]   25:     0x57f80f468da5 - tokio[e8cb0c47a373a827]::task::coop::with_budget::<core[a373ad73a504971]::task::poll::Poll<()>, <tokio[e8cb0c47a373a827]::runtime::scheduler::current_thread::CoreGuard>::block_on<core[a373ad73a504971]::pin::Pin<&mut core[a373ad73a504971]::pin::Pin<&mut dyn core[a373ad73a504971]::future::future::Future<Output = ()>>>>::{closure#0}::{closure#0}::{closure#0}>
[INFO] [stdout]                                at /opt/rustwide/cargo-home/registry/src/index.crates.io-1949cf8c6b5b557f/tokio-1.53.1/src/task/coop/mod.rs:167:5
[INFO] [stdout]   26:     0x57f80f468da5 - tokio[e8cb0c47a373a827]::task::coop::budget::<core[a373ad73a504971]::task::poll::Poll<()>, <tokio[e8cb0c47a373a827]::runtime::scheduler::current_thread::CoreGuard>::block_on<core[a373ad73a504971]::pin::Pin<&mut core[a373ad73a504971]::pin::Pin<&mut dyn core[a373ad73a504971]::future::future::Future<Output = ()>>>>::{closure#0}::{closure#0}::{closure#0}>
[INFO] [stdout]                                at /opt/rustwide/cargo-home/registry/src/index.crates.io-1949cf8c6b5b557f/tokio-1.53.1/src/task/coop/mod.rs:133:5
[INFO] [stdout]   27:     0x57f80f468da5 - <tokio[e8cb0c47a373a827]::runtime::scheduler::current_thread::CoreGuard>::block_on::<core[a373ad73a504971]::pin::Pin<&mut core[a373ad73a504971]::pin::Pin<&mut dyn core[a373ad73a504971]::future::future::Future<Output = ()>>>>::{closure#0}::{closure#0}
[INFO] [stdout]                                at /opt/rustwide/cargo-home/registry/src/index.crates.io-1949cf8c6b5b557f/tokio-1.53.1/src/runtime/scheduler/current_thread/mod.rs:830:25
[INFO] [stdout]   28:     0x57f80f461812 - <tokio[e8cb0c47a373a827]::runtime::scheduler::current_thread::Context>::enter::<core[a373ad73a504971]::task::poll::Poll<()>, <tokio[e8cb0c47a373a827]::runtime::scheduler::current_thread::CoreGuard>::block_on<core[a373ad73a504971]::pin::Pin<&mut core[a373ad73a504971]::pin::Pin<&mut dyn core[a373ad73a504971]::future::future::Future<Output = ()>>>>::{closure#0}::{closure#0}>
[INFO] [stdout]                                at /opt/rustwide/cargo-home/registry/src/index.crates.io-1949cf8c6b5b557f/tokio-1.53.1/src/runtime/scheduler/current_thread/mod.rs:488:19
[INFO] [stdout]   29:     0x57f80f4679ad - <tokio[e8cb0c47a373a827]::runtime::scheduler::current_thread::CoreGuard>::block_on::<core[a373ad73a504971]::pin::Pin<&mut core[a373ad73a504971]::pin::Pin<&mut dyn core[a373ad73a504971]::future::future::Future<Output = ()>>>>::{closure#0}
[INFO] [stdout]                                at /opt/rustwide/cargo-home/registry/src/index.crates.io-1949cf8c6b5b557f/tokio-1.53.1/src/runtime/scheduler/current_thread/mod.rs:829:44
[INFO] [stdout]   30:     0x57f80f466c44 - <tokio[e8cb0c47a373a827]::runtime::scheduler::current_thread::CoreGuard>::enter::<<tokio[e8cb0c47a373a827]::runtime::scheduler::current_thread::CoreGuard>::block_on<core[a373ad73a504971]::pin::Pin<&mut core[a373ad73a504971]::pin::Pin<&mut dyn core[a373ad73a504971]::future::future::Future<Output = ()>>>>::{closure#0}, core[a373ad73a504971]::option::Option<()>>::{closure#0}
[INFO] [stdout]                                at /opt/rustwide/cargo-home/registry/src/index.crates.io-1949cf8c6b5b557f/tokio-1.53.1/src/runtime/scheduler/current_thread/mod.rs:906:68
[INFO] [stdout]   31:     0x57f80f477d2b - <tokio[e8cb0c47a373a827]::runtime::context::scoped::Scoped<tokio[e8cb0c47a373a827]::runtime::scheduler::Context>>::set::<<tokio[e8cb0c47a373a827]::runtime::scheduler::current_thread::CoreGuard>::enter<<tokio[e8cb0c47a373a827]::runtime::scheduler::current_thread::CoreGuard>::block_on<core[a373ad73a504971]::pin::Pin<&mut core[a373ad73a504971]::pin::Pin<&mut dyn core[a373ad73a504971]::future::future::Future<Output = ()>>>>::{closure#0}, core[a373ad73a504971]::option::Option<()>>::{closure#0}, (alloc[2e1b2a31b91974c5]::boxed::Box<tokio[e8cb0c47a373a827]::runtime::scheduler::current_thread::Core>, core[a373ad73a504971]::option::Option<()>)>
[INFO] [stdout]                                at /opt/rustwide/cargo-home/registry/src/index.crates.io-1949cf8c6b5b557f/tokio-1.53.1/src/runtime/context/scoped.rs:40:9
[INFO] [stdout]   32:     0x57f80f4963e9 - tokio[e8cb0c47a373a827]::runtime::context::set_scheduler::<(alloc[2e1b2a31b91974c5]::boxed::Box<tokio[e8cb0c47a373a827]::runtime::scheduler::current_thread::Core>, core[a373ad73a504971]::option::Option<()>), <tokio[e8cb0c47a373a827]::runtime::scheduler::current_thread::CoreGuard>::enter<<tokio[e8cb0c47a373a827]::runtime::scheduler::current_thread::CoreGuard>::block_on<core[a373ad73a504971]::pin::Pin<&mut core[a373ad73a504971]::pin::Pin<&mut dyn core[a373ad73a504971]::future::future::Future<Output = ()>>>>::{closure#0}, core[a373ad73a504971]::option::Option<()>>::{closure#0}>::{closure#0}
[INFO] [stdout]                                at /opt/rustwide/cargo-home/registry/src/index.crates.io-1949cf8c6b5b557f/tokio-1.53.1/src/runtime/context.rs:187:38
[INFO] [stdout]   33:     0x57f80f49190f - <std[617be2ca0a6fd877]::thread::local::LocalKey<tokio[e8cb0c47a373a827]::runtime::context::Context>>::try_with::<tokio[e8cb0c47a373a827]::runtime::context::set_scheduler<(alloc[2e1b2a31b91974c5]::boxed::Box<tokio[e8cb0c47a373a827]::runtime::scheduler::current_thread::Core>, core[a373ad73a504971]::option::Option<()>), <tokio[e8cb0c47a373a827]::runtime::scheduler::current_thread::CoreGuard>::enter<<tokio[e8cb0c47a373a827]::runtime::scheduler::current_thread::CoreGuard>::block_on<core[a373ad73a504971]::pin::Pin<&mut core[a373ad73a504971]::pin::Pin<&mut dyn core[a373ad73a504971]::future::future::Future<Output = ()>>>>::{closure#0}, core[a373ad73a504971]::option::Option<()>>::{closure#0}>::{closure#0}, (alloc[2e1b2a31b91974c5]::boxed::Box<tokio[e8cb0c47a373a827]::runtime::scheduler::current_thread::Core>, core[a373ad73a504971]::option::Option<()>)>
[INFO] [stdout]                                at /rustc/e3feeb59cd1bdd011a2bfcc0747b55125d9b8527/library/std/src/thread/local.rs:463:12
[INFO] [stdout]   34:     0x57f80f4914be - <std[617be2ca0a6fd877]::thread::local::LocalKey<tokio[e8cb0c47a373a827]::runtime::context::Context>>::with::<tokio[e8cb0c47a373a827]::runtime::context::set_scheduler<(alloc[2e1b2a31b91974c5]::boxed::Box<tokio[e8cb0c47a373a827]::runtime::scheduler::current_thread::Core>, core[a373ad73a504971]::option::Option<()>), <tokio[e8cb0c47a373a827]::runtime::scheduler::current_thread::CoreGuard>::enter<<tokio[e8cb0c47a373a827]::runtime::scheduler::current_thread::CoreGuard>::block_on<core[a373ad73a504971]::pin::Pin<&mut core[a373ad73a504971]::pin::Pin<&mut dyn core[a373ad73a504971]::future::future::Future<Output = ()>>>>::{closure#0}, core[a373ad73a504971]::option::Option<()>>::{closure#0}>::{closure#0}, (alloc[2e1b2a31b91974c5]::boxed::Box<tokio[e8cb0c47a373a827]::runtime::scheduler::current_thread::Core>, core[a373ad73a504971]::option::Option<()>)>
[INFO] [stdout]                                at /rustc/e3feeb59cd1bdd011a2bfcc0747b55125d9b8527/library/std/src/thread/local.rs:427:20
[INFO] [stdout]   35:     0x57f80f494cdd - tokio[e8cb0c47a373a827]::runtime::context::set_scheduler::<(alloc[2e1b2a31b91974c5]::boxed::Box<tokio[e8cb0c47a373a827]::runtime::scheduler::current_thread::Core>, core[a373ad73a504971]::option::Option<()>), <tokio[e8cb0c47a373a827]::runtime::scheduler::current_thread::CoreGuard>::enter<<tokio[e8cb0c47a373a827]::runtime::scheduler::current_thread::CoreGuard>::block_on<core[a373ad73a504971]::pin::Pin<&mut core[a373ad73a504971]::pin::Pin<&mut dyn core[a373ad73a504971]::future::future::Future<Output = ()>>>>::{closure#0}, core[a373ad73a504971]::option::Option<()>>::{closure#0}>
[INFO] [stdout]                                at /opt/rustwide/cargo-home/registry/src/index.crates.io-1949cf8c6b5b557f/tokio-1.53.1/src/runtime/context.rs:187:17
[INFO] [stdout]   36:     0x57f80f463c10 - <tokio[e8cb0c47a373a827]::runtime::scheduler::current_thread::CoreGuard>::enter::<<tokio[e8cb0c47a373a827]::runtime::scheduler::current_thread::CoreGuard>::block_on<core[a373ad73a504971]::pin::Pin<&mut core[a373ad73a504971]::pin::Pin<&mut dyn core[a373ad73a504971]::future::future::Future<Output = ()>>>>::{closure#0}, core[a373ad73a504971]::option::Option<()>>
[INFO] [stdout]                                at /opt/rustwide/cargo-home/registry/src/index.crates.io-1949cf8c6b5b557f/tokio-1.53.1/src/runtime/scheduler/current_thread/mod.rs:906:27
[INFO] [stdout]   37:     0x57f80f463f06 - <tokio[e8cb0c47a373a827]::runtime::scheduler::current_thread::CoreGuard>::block_on::<core[a373ad73a504971]::pin::Pin<&mut core[a373ad73a504971]::pin::Pin<&mut dyn core[a373ad73a504971]::future::future::Future<Output = ()>>>>
[INFO] [stdout]                                at /opt/rustwide/cargo-home/registry/src/index.crates.io-1949cf8c6b5b557f/tokio-1.53.1/src/runtime/scheduler/current_thread/mod.rs:817:24
[INFO] [stdout]   38:     0x57f80f4669f0 - <tokio[e8cb0c47a373a827]::runtime::scheduler::current_thread::CurrentThread>::block_on::<core[a373ad73a504971]::pin::Pin<&mut dyn core[a373ad73a504971]::future::future::Future<Output = ()>>>::{closure#0}
[INFO] [stdout]                                at /opt/rustwide/cargo-home/registry/src/index.crates.io-1949cf8c6b5b557f/tokio-1.53.1/src/runtime/scheduler/current_thread/mod.rs:218:33
[INFO] [stdout]   39:     0x57f80f4663d8 - tokio[e8cb0c47a373a827]::runtime::context::runtime::enter_runtime::<<tokio[e8cb0c47a373a827]::runtime::scheduler::current_thread::CurrentThread>::block_on<core[a373ad73a504971]::pin::Pin<&mut dyn core[a373ad73a504971]::future::future::Future<Output = ()>>>::{closure#0}, ()>
[INFO] [stdout]                                at /opt/rustwide/cargo-home/registry/src/index.crates.io-1949cf8c6b5b557f/tokio-1.53.1/src/runtime/context/runtime.rs:65:16
[INFO] [stdout]   40:     0x57f80f4613d4 - <tokio[e8cb0c47a373a827]::runtime::scheduler::current_thread::CurrentThread>::block_on::<core[a373ad73a504971]::pin::Pin<&mut dyn core[a373ad73a504971]::future::future::Future<Output = ()>>>
[INFO] [stdout]                                at /opt/rustwide/cargo-home/registry/src/index.crates.io-1949cf8c6b5b557f/tokio-1.53.1/src/runtime/scheduler/current_thread/mod.rs:206:9
[INFO] [stdout]   41:     0x57f80f49fc3f - <tokio[e8cb0c47a373a827]::runtime::runtime::Runtime>::block_on_inner::<core[a373ad73a504971]::pin::Pin<&mut dyn core[a373ad73a504971]::future::future::Future<Output = ()>>>
[INFO] [stdout]                                at /opt/rustwide/cargo-home/registry/src/index.crates.io-1949cf8c6b5b557f/tokio-1.53.1/src/runtime/runtime.rs:374:52
[INFO] [stdout]   42:     0x57f80f49fd8b - <tokio[e8cb0c47a373a827]::runtime::runtime::Runtime>::block_on::<core[a373ad73a504971]::pin::Pin<&mut dyn core[a373ad73a504971]::future::future::Future<Output = ()>>>
[INFO] [stdout]                                at /opt/rustwide/cargo-home/registry/src/index.crates.io-1949cf8c6b5b557f/tokio-1.53.1/src/runtime/runtime.rs:343:18
[INFO] [stdout]   43:     0x57f80f4909f0 - determinism_test[8954333e9fcf2f46]::test_full_cluster_determinism_drop_partition_only
[INFO] [stdout]                                at /opt/rustwide/workdir/crates/cluster-harness/tests/determinism_test.rs:202:53
[INFO] [stdout]   44:     0x57f80f48d297 - determinism_test[8954333e9fcf2f46]::test_full_cluster_determinism_drop_partition_only::{closure#0}
[INFO] [stdout]                                at /opt/rustwide/workdir/crates/cluster-harness/tests/determinism_test.rs:182:61
[INFO] [stdout]   45:     0x57f80f45a176 - <determinism_test[8954333e9fcf2f46]::test_full_cluster_determinism_drop_partition_only::{closure#0} as core[a373ad73a504971]::ops::function::FnOnce<()>>::call_once
[INFO] [stdout]                                at /rustc/e3feeb59cd1bdd011a2bfcc0747b55125d9b8527/library/core/src/ops/function.rs:250:5
[INFO] [stdout]   46:     0x57f80f4a615b - <fn() -> core[a373ad73a504971]::result::Result<(), alloc[2e1b2a31b91974c5]::string::String> as core[a373ad73a504971]::ops::function::FnOnce<()>>::call_once
[INFO] [stdout]                                at /rustc/e3feeb59cd1bdd011a2bfcc0747b55125d9b8527/library/core/src/ops/function.rs:250:5
[INFO] [stdout]   47:     0x57f80f4a615b - test[aada8e7e76ba119b]::__rust_begin_short_backtrace::<core[a373ad73a504971]::result::Result<(), alloc[2e1b2a31b91974c5]::string::String>, fn() -> core[a373ad73a504971]::result::Result<(), alloc[2e1b2a31b91974c5]::string::String>>
[INFO] [stdout]                                at /rustc/e3feeb59cd1bdd011a2bfcc0747b55125d9b8527/library/test/src/lib.rs:701:18
[INFO] [stdout]   48:     0x57f80f4b3335 - test[aada8e7e76ba119b]::run_test_in_process::{closure#0}
[INFO] [stdout]                                at /rustc/e3feeb59cd1bdd011a2bfcc0747b55125d9b8527/library/test/src/lib.rs:724:74
[INFO] [stdout]   49:     0x57f80f4b3335 - <core[a373ad73a504971]::panic::unwind_safe::AssertUnwindSafe<test[aada8e7e76ba119b]::run_test_in_process::{closure#0}> as core[a373ad73a504971]::ops::function::FnOnce<()>>::call_once
[INFO] [stdout]                                at /rustc/e3feeb59cd1bdd011a2bfcc0747b55125d9b8527/library/core/src/panic/unwind_safe.rs:275:9
[INFO] [stdout]   50:     0x57f80f4b3335 - std[617be2ca0a6fd877]::panicking::catch_unwind::do_call::<core[a373ad73a504971]::panic::unwind_safe::AssertUnwindSafe<test[aada8e7e76ba119b]::run_test_in_process::{closure#0}>, core[a373ad73a504971]::result::Result<(), alloc[2e1b2a31b91974c5]::string::String>>
[INFO] [stdout]                                at /rustc/e3feeb59cd1bdd011a2bfcc0747b55125d9b8527/library/std/src/panicking.rs:573:43
[INFO] [stdout]   51:     0x57f80f4b3335 - std[617be2ca0a6fd877]::panicking::catch_unwind::<core[a373ad73a504971]::result::Result<(), alloc[2e1b2a31b91974c5]::string::String>, core[a373ad73a504971]::panic::unwind_safe::AssertUnwindSafe<test[aada8e7e76ba119b]::run_test_in_process::{closure#0}>>
[INFO] [stdout]                                at /rustc/e3feeb59cd1bdd011a2bfcc0747b55125d9b8527/library/std/src/panicking.rs:541:19
[INFO] [stdout]   52:     0x57f80f4b3335 - std[617be2ca0a6fd877]::panic::catch_unwind::<core[a373ad73a504971]::panic::unwind_safe::AssertUnwindSafe<test[aada8e7e76ba119b]::run_test_in_process::{closure#0}>, core[a373ad73a504971]::result::Result<(), alloc[2e1b2a31b91974c5]::string::String>>
[INFO] [stdout]                                at /rustc/e3feeb59cd1bdd011a2bfcc0747b55125d9b8527/library/std/src/panic.rs:359:14
[INFO] [stdout]   53:     0x57f80f4b3335 - test[aada8e7e76ba119b]::run_test_in_process
[INFO] [stdout]                                at /rustc/e3feeb59cd1bdd011a2bfcc0747b55125d9b8527/library/test/src/lib.rs:724:27
[INFO] [stdout]   54:     0x57f80f4b3335 - test[aada8e7e76ba119b]::run_test::{closure#0}
[INFO] [stdout]                                at /rustc/e3feeb59cd1bdd011a2bfcc0747b55125d9b8527/library/test/src/lib.rs:645:43
[INFO] [stdout]   55:     0x57f80f4acc24 - test[aada8e7e76ba119b]::run_test::{closure#1}
[INFO] [stdout]                                at /rustc/e3feeb59cd1bdd011a2bfcc0747b55125d9b8527/library/test/src/lib.rs:675:41
[INFO] [stdout]   56:     0x57f80f4acc24 - std[617be2ca0a6fd877]::sys::backtrace::__rust_begin_short_backtrace::<test[aada8e7e76ba119b]::run_test::{closure#1}, ()>
[INFO] [stdout]                                at /rustc/e3feeb59cd1bdd011a2bfcc0747b55125d9b8527/library/std/src/sys/backtrace.rs:166:18
[INFO] [stdout]   57:     0x57f80f4b63c2 - std[617be2ca0a6fd877]::thread::lifecycle::spawn_unchecked::<test[aada8e7e76ba119b]::run_test::{closure#1}, ()>::{closure#1}::{closure#0}
[INFO] [stdout]                                at /rustc/e3feeb59cd1bdd011a2bfcc0747b55125d9b8527/library/std/src/thread/lifecycle.rs:70:13
[INFO] [stdout]   58:     0x57f80f4b63c2 - <core[a373ad73a504971]::panic::unwind_safe::AssertUnwindSafe<std[617be2ca0a6fd877]::thread::lifecycle::spawn_unchecked<test[aada8e7e76ba119b]::run_test::{closure#1}, ()>::{closure#1}::{closure#0}> as core[a373ad73a504971]::ops::function::FnOnce<()>>::call_once
[INFO] [stdout]                                at /rustc/e3feeb59cd1bdd011a2bfcc0747b55125d9b8527/library/core/src/panic/unwind_safe.rs:275:9
[INFO] [stdout]   59:     0x57f80f4b63c2 - std[617be2ca0a6fd877]::panicking::catch_unwind::do_call::<core[a373ad73a504971]::panic::unwind_safe::AssertUnwindSafe<std[617be2ca0a6fd877]::thread::lifecycle::spawn_unchecked<test[aada8e7e76ba119b]::run_test::{closure#1}, ()>::{closure#1}::{closure#0}>, ()>
[INFO] [stdout]                                at /rustc/e3feeb59cd1bdd011a2bfcc0747b55125d9b8527/library/std/src/panicking.rs:573:43
[INFO] [stdout]   60:     0x57f80f4b63c2 - std[617be2ca0a6fd877]::panicking::catch_unwind::<(), core[a373ad73a504971]::panic::unwind_safe::AssertUnwindSafe<std[617be2ca0a6fd877]::thread::lifecycle::spawn_unchecked<test[aada8e7e76ba119b]::run_test::{closure#1}, ()>::{closure#1}::{closure#0}>>
[INFO] [stdout]                                at /rustc/e3feeb59cd1bdd011a2bfcc0747b55125d9b8527/library/std/src/panicking.rs:541:19
[INFO] [stdout]   61:     0x57f80f4b63c2 - std[617be2ca0a6fd877]::panic::catch_unwind::<core[a373ad73a504971]::panic::unwind_safe::AssertUnwindSafe<std[617be2ca0a6fd877]::thread::lifecycle::spawn_unchecked<test[aada8e7e76ba119b]::run_test::{closure#1}, ()>::{closure#1}::{closure#0}>, ()>
[INFO] [stdout]                                at /rustc/e3feeb59cd1bdd011a2bfcc0747b55125d9b8527/library/std/src/panic.rs:359:14
[INFO] [stdout]   62:     0x57f80f4b63c2 - std[617be2ca0a6fd877]::thread::lifecycle::spawn_unchecked::<test[aada8e7e76ba119b]::run_test::{closure#1}, ()>::{closure#1}
[INFO] [stdout]                                at /rustc/e3feeb59cd1bdd011a2bfcc0747b55125d9b8527/library/std/src/thread/lifecycle.rs:68:26
[INFO] [stdout]   63:     0x57f80f4b63c2 - <std[617be2ca0a6fd877]::thread::lifecycle::spawn_unchecked<test[aada8e7e76ba119b]::run_test::{closure#1}, ()>::{closure#1} as core[a373ad73a504971]::ops::function::FnOnce<()>>::call_once::{shim:vtable#0}
[INFO] [stdout]                                at /rustc/e3feeb59cd1bdd011a2bfcc0747b55125d9b8527/library/core/src/ops/function.rs:250:5
[INFO] [stdout]   64:     0x57f80f61029f - <alloc[2e1b2a31b91974c5]::boxed::Box<dyn core[a373ad73a504971]::ops::function::FnOnce<(), Output = ()> + core[a373ad73a504971]::marker::Send> as core[a373ad73a504971]::ops::function::FnOnce<()>>::call_once
[INFO] [stdout]                                at /rustc/e3feeb59cd1bdd011a2bfcc0747b55125d9b8527/library/alloc/src/boxed.rs:2314:9
[INFO] [stdout]   65:     0x57f80f61029f - <std[617be2ca0a6fd877]::sys::thread::unix::Thread>::new::thread_start
[INFO] [stdout]                                at /rustc/e3feeb59cd1bdd011a2bfcc0747b55125d9b8527/library/std/src/sys/thread/unix.rs:127:17
[INFO] [stdout]   66:     0x751a7489edfa - <unknown>
[INFO] [stdout]   67:     0x751a749323d4 - clone
[INFO] [stdout]   68:                0x0 - <unknown>
[INFO] [stdout] 
[INFO] [stdout] 
[INFO] [stdout] failures:
[INFO] [stdout]     test_full_cluster_determinism_drop_partition_only
[INFO] [stdout] 
[INFO] [stdout] test result: FAILED. 1 passed; 1 failed; 0 ignored; 0 measured; 0 filtered out; finished in 8.76s
[INFO] [stdout] 
[INFO] [stderr] error: test failed, to rerun pass `-p cluster-harness --test determinism_test`
[INFO] running `Command { std: "docker" "inspect" "2da5e1379df3f246ca971cf3eaa5d3854d5ef6bb8ed19e9120191e0943cfe487", kill_on_drop: false }`
[INFO] running `Command { std: "docker" "rm" "-f" "2da5e1379df3f246ca971cf3eaa5d3854d5ef6bb8ed19e9120191e0943cfe487", kill_on_drop: false }`
[INFO] [stdout] 2da5e1379df3f246ca971cf3eaa5d3854d5ef6bb8ed19e9120191e0943cfe487
