[INFO] cloning repository https://github.com/Scottsjr86/ForgeOS
[INFO] running `Command { std: "git" "-c" "credential.helper=" "-c" "credential.helper=/workspace/cargo-home/bin/git-credential-null" "clone" "--bare" "https://github.com/Scottsjr86/ForgeOS" "/workspace/cache/git-repos/https%3A%2F%2Fgithub.com%2FScottsjr86%2FForgeOS", kill_on_drop: false }`
[INFO] [stderr] Cloning into bare repository '/workspace/cache/git-repos/https%3A%2F%2Fgithub.com%2FScottsjr86%2FForgeOS'...
[INFO] running `Command { std: "git" "rev-parse" "HEAD", kill_on_drop: false }`
[INFO] [stdout] 6caa5ff66f99b066e01ec88f1e8e01da49dfc16a
[INFO] testing Scottsjr86/ForgeOS against 1.100.0-beta.1 for beta-1.100-2
[INFO] running `Command { std: "git" "clone" "/workspace/cache/git-repos/https%3A%2F%2Fgithub.com%2FScottsjr86%2FForgeOS" "/workspace/builds/worker-2-tc2/source", kill_on_drop: false }`
[INFO] [stderr] Cloning into '/workspace/builds/worker-2-tc2/source'...
[INFO] [stderr] done.
[INFO] removed /workspace/builds/worker-2-tc2/source/rust-toolchain.toml
[INFO] started tweaking git repo https://github.com/Scottsjr86/ForgeOS
[INFO] finished tweaking git repo https://github.com/Scottsjr86/ForgeOS
[INFO] tweaked toml for git repo https://github.com/Scottsjr86/ForgeOS written to /workspace/builds/worker-2-tc2/source/Cargo.toml
[INFO] validating manifest of git repo https://github.com/Scottsjr86/ForgeOS on toolchain 1.100.0-beta.1
[INFO] running `Command { std: CARGO_HOME="/workspace/cargo-home" RUSTUP_HOME="/workspace/rustup-home" "/workspace/cargo-home/bin/cargo" "+1.100.0-beta.1" "metadata" "--manifest-path" "Cargo.toml" "--no-deps", kill_on_drop: false }`
[INFO] crate git repo https://github.com/Scottsjr86/ForgeOS already has a lockfile, it will not be regenerated
[INFO] running `Command { std: CARGO_HOME="/workspace/cargo-home" RUSTUP_HOME="/workspace/rustup-home" "/workspace/cargo-home/bin/cargo" "+1.100.0-beta.1" "fetch" "--manifest-path" "Cargo.toml", kill_on_drop: false }`
[INFO] running `Command { std: "docker" "create" "-v" "/var/lib/crater-agent-workspace/builds/worker-2-tc2/source:/opt/rustwide/workdir:ro,Z" "-v" "/var/lib/crater-agent-workspace/builds/worker-2-tc2/target:/opt/rustwide/target:rw,Z" "-v" "/var/lib/crater-agent-workspace/cargo-home:/opt/rustwide/cargo-home:ro,Z" "-v" "/var/lib/crater-agent-workspace/rustup-home:/opt/rustwide/rustup-home:ro,Z" "-m" "1610612736" "--network" "none" "ghcr.io/rust-lang/crates-build-env/linux@sha256:3111399a4047eeb3a02b7a90e478d715f38a8c6669b5c4b49d30a17385265909" "sleep" "infinity", kill_on_drop: false }`
[INFO] [stdout] 05a242ecb9f597b17335c13d407fecccd9f8293a3a793098d86e7e3da299eae7
[INFO] running `Command { std: "docker" "start" "05a242ecb9f597b17335c13d407fecccd9f8293a3a793098d86e7e3da299eae7", kill_on_drop: false }`
[INFO] running `Command { std: "docker" "inspect" "05a242ecb9f597b17335c13d407fecccd9f8293a3a793098d86e7e3da299eae7", kill_on_drop: false }`
[INFO] running `Command { std: "docker" "exec" "-e" "SOURCE_DIR=/opt/rustwide/workdir" "-e" "CARGO_HOME=/opt/rustwide/cargo-home" "-e" "RUSTUP_HOME=/opt/rustwide/rustup-home" "-e" "CARGO_TARGET_DIR=/opt/rustwide/target" "-w" "/opt/rustwide/workdir" "--user" "0:0" "05a242ecb9f597b17335c13d407fecccd9f8293a3a793098d86e7e3da299eae7" "/opt/rustwide/cargo-home/bin/cargo" "+1.100.0-beta.1" "metadata" "--no-deps" "--format-version=1", kill_on_drop: false }`
[INFO] running `Command { std: "docker" "inspect" "05a242ecb9f597b17335c13d407fecccd9f8293a3a793098d86e7e3da299eae7", kill_on_drop: false }`
[INFO] running `Command { std: "docker" "exec" "-e" "SOURCE_DIR=/opt/rustwide/workdir" "-e" "CARGO_HOME=/opt/rustwide/cargo-home" "-e" "RUSTUP_HOME=/opt/rustwide/rustup-home" "-e" "CARGO_TARGET_DIR=/opt/rustwide/target" "-e" "CARGO_INCREMENTAL=0" "-e" "RUST_BACKTRACE=full" "-e" "RUSTFLAGS=--cap-lints=warn" "-e" "RUSTDOCFLAGS=--cap-lints=warn" "-w" "/opt/rustwide/workdir" "--user" "0:0" "05a242ecb9f597b17335c13d407fecccd9f8293a3a793098d86e7e3da299eae7" "/opt/rustwide/cargo-home/bin/cargo" "+1.100.0-beta.1" "build" "--frozen" "--message-format=json", kill_on_drop: false }`
[INFO] [stderr]    Compiling forge-protocol v0.1.0 (/opt/rustwide/workdir/crates/forge-protocol)
[INFO] [stderr]    Compiling libc v0.2.189
[INFO] [stderr]    Compiling tree-sitter-language v0.1.7
[INFO] [stderr]    Compiling memchr v2.8.3
[INFO] [stderr]    Compiling regex-syntax v0.8.11
[INFO] [stderr]    Compiling serde_json v1.0.140
[INFO] [stderr]    Compiling nix v0.28.0
[INFO] [stderr]    Compiling tree-sitter-rust v0.23.2
[INFO] [stderr]    Compiling tree-sitter v0.24.7
[INFO] [stderr]    Compiling anyhow v1.0.104
[INFO] [stderr]    Compiling downcast-rs v1.2.1
[INFO] [stderr]    Compiling streaming-iterator v0.1.9
[INFO] [stderr]    Compiling shell-words v1.1.1
[INFO] [stderr]    Compiling syn v3.0.3
[INFO] [stderr]    Compiling syn v2.0.119
[INFO] [stderr]    Compiling forge-guards v0.1.0 (/opt/rustwide/workdir/crates/forge-guards)
[INFO] [stderr]    Compiling forge-core v0.1.0 (/opt/rustwide/workdir/crates/forge-core)
[INFO] [stderr]    Compiling aho-corasick v1.1.4
[INFO] [stderr]    Compiling forge-session v0.1.0 (/opt/rustwide/workdir/crates/forge-session)
[INFO] [stderr]    Compiling forge-project v0.1.0 (/opt/rustwide/workdir/crates/forge-project)
[INFO] [stderr]    Compiling forge-world v0.1.0 (/opt/rustwide/workdir/crates/forge-world)
[INFO] [stderr]    Compiling serial2 v0.2.38
[INFO] [stderr]    Compiling thiserror-impl v1.0.69
[INFO] [stderr]    Compiling regex-automata v0.4.16
[INFO] [stderr]    Compiling serde_derive v1.0.229
[INFO] [stderr]    Compiling thiserror v1.0.69
[INFO] [stderr]    Compiling filedescriptor v0.8.3
[INFO] [stderr]    Compiling portable-pty v0.9.0
[INFO] [stderr]    Compiling regex v1.13.1
[INFO] [stderr]    Compiling serde v1.0.229
[INFO] [stderr]    Compiling forge-bridge v0.1.0 (/opt/rustwide/workdir/crates/forge-bridge)
[INFO] [stderr]    Compiling forge-nyx-client v0.1.0 (/opt/rustwide/workdir/crates/forge-nyx-client)
[INFO] [stderr]    Compiling forge-terminal v0.1.0 (/opt/rustwide/workdir/crates/forge-terminal)
[INFO] [stderr]    Compiling forge-git v0.1.0 (/opt/rustwide/workdir/crates/forge-git)
[INFO] [stderr]    Compiling forge-editor v0.1.0 (/opt/rustwide/workdir/crates/forge-editor)
[INFO] [stderr]    Compiling forge-app v0.1.0 (/opt/rustwide/workdir/crates/forge-app)
[INFO] [stderr] warning: unused dependency `forge-world`
[INFO] [stderr]   --> crates/forge-app/Cargo.toml:19:1
[INFO] [stderr]    |
[INFO] [stderr] 19 | forge-world = { path = "../forge-world" }
[INFO] [stderr]    | ^^^^^^^^^^^^^^^^^^^^^^^^^^^^^^^^^^^^^^^^^
[INFO] [stderr]    |
[INFO] [stderr]    = note: `cargo::unused_dependencies` is set to `warn` by default
[INFO] [stderr] help: consider removing the dependency on `forge-world`
[INFO] [stderr] warning: `forge-app` (manifest) generated 1 warning
[INFO] [stderr] warning: unused dependency `forge-core`
[INFO] [stderr]   --> crates/forge-bridge/Cargo.toml:10:1
[INFO] [stderr]    |
[INFO] [stderr] 10 | forge-core = { path = "../forge-core" }
[INFO] [stderr]    | ^^^^^^^^^^^^^^^^^^^^^^^^^^^^^^^^^^^^^^^
[INFO] [stderr]    |
[INFO] [stderr]    = note: `cargo::unused_dependencies` is set to `warn` by default
[INFO] [stderr] help: consider removing the dependency on `forge-core`
[INFO] [stderr] warning: `forge-bridge` (manifest) generated 1 warning
[INFO] [stderr] warning: unused dependency `forge-core`
[INFO] [stderr]   --> crates/forge-nyx-client/Cargo.toml:10:1
[INFO] [stderr]    |
[INFO] [stderr] 10 | forge-core = { path = "../forge-core" }
[INFO] [stderr]    | ^^^^^^^^^^^^^^^^^^^^^^^^^^^^^^^^^^^^^^^
[INFO] [stderr]    |
[INFO] [stderr]    = note: `cargo::unused_dependencies` is set to `warn` by default
[INFO] [stderr] help: consider removing the dependency on `forge-core`
[INFO] [stderr] warning: `forge-nyx-client` (manifest) generated 1 warning
[INFO] [stderr]     Finished `dev` profile [unoptimized + debuginfo] target(s) in 39.76s
[INFO] [stderr] warning: the following packages contain code that will be rejected by a future version of Rust: nix v0.28.0
[INFO] [stderr] note: to see what the problems were, use the option `--future-incompat-report`, or run `cargo report future-incompatibilities --id 2`
[INFO] running `Command { std: "docker" "inspect" "05a242ecb9f597b17335c13d407fecccd9f8293a3a793098d86e7e3da299eae7", kill_on_drop: false }`
[INFO] running `Command { std: "docker" "exec" "-e" "SOURCE_DIR=/opt/rustwide/workdir" "-e" "CARGO_HOME=/opt/rustwide/cargo-home" "-e" "RUSTUP_HOME=/opt/rustwide/rustup-home" "-e" "CARGO_TARGET_DIR=/opt/rustwide/target" "-e" "CARGO_INCREMENTAL=0" "-e" "RUST_BACKTRACE=full" "-e" "RUSTFLAGS=--cap-lints=warn" "-e" "RUSTDOCFLAGS=--cap-lints=warn" "-w" "/opt/rustwide/workdir" "--user" "0:0" "05a242ecb9f597b17335c13d407fecccd9f8293a3a793098d86e7e3da299eae7" "/opt/rustwide/cargo-home/bin/cargo" "+1.100.0-beta.1" "test" "--frozen" "--no-run" "--message-format=json", kill_on_drop: false }`
[INFO] [stderr]    Compiling forge-project v0.1.0 (/opt/rustwide/workdir/crates/forge-project)
[INFO] [stderr]    Compiling forge-guards v0.1.0 (/opt/rustwide/workdir/crates/forge-guards)
[INFO] [stderr]    Compiling forge-session v0.1.0 (/opt/rustwide/workdir/crates/forge-session)
[INFO] [stderr]    Compiling forge-world v0.1.0 (/opt/rustwide/workdir/crates/forge-world)
[INFO] [stderr]    Compiling forge-nyx-client v0.1.0 (/opt/rustwide/workdir/crates/forge-nyx-client)
[INFO] [stderr]    Compiling forge-app v0.1.0 (/opt/rustwide/workdir/crates/forge-app)
[INFO] [stderr]    Compiling forge-terminal v0.1.0 (/opt/rustwide/workdir/crates/forge-terminal)
[INFO] [stderr]    Compiling forge-git v0.1.0 (/opt/rustwide/workdir/crates/forge-git)
[INFO] [stderr]    Compiling forge-editor v0.1.0 (/opt/rustwide/workdir/crates/forge-editor)
[INFO] [stderr]    Compiling forge-bridge v0.1.0 (/opt/rustwide/workdir/crates/forge-bridge)
[INFO] [stderr]    Compiling forge-core v0.1.0 (/opt/rustwide/workdir/crates/forge-core)
[INFO] [stderr]    Compiling forge-protocol v0.1.0 (/opt/rustwide/workdir/crates/forge-protocol)
[INFO] [stderr] warning: unused dependency `forge-world`
[INFO] [stderr]   --> crates/forge-app/Cargo.toml:19:1
[INFO] [stderr]    |
[INFO] [stderr] 19 | forge-world = { path = "../forge-world" }
[INFO] [stderr]    | ^^^^^^^^^^^^^^^^^^^^^^^^^^^^^^^^^^^^^^^^^
[INFO] [stderr]    |
[INFO] [stderr]    = note: `cargo::unused_dependencies` is set to `warn` by default
[INFO] [stderr] help: consider removing the dependency on `forge-world`
[INFO] [stderr] help: to still use for development builds, move to `dev-dependencies`
[INFO] [stderr] warning: `forge-app` (manifest) generated 1 warning
[INFO] [stderr] warning: unused dependency `forge-core`
[INFO] [stderr]   --> crates/forge-bridge/Cargo.toml:10:1
[INFO] [stderr]    |
[INFO] [stderr] 10 | forge-core = { path = "../forge-core" }
[INFO] [stderr]    | ^^^^^^^^^^^^^^^^^^^^^^^^^^^^^^^^^^^^^^^
[INFO] [stderr]    |
[INFO] [stderr]    = note: `cargo::unused_dependencies` is set to `warn` by default
[INFO] [stderr] help: consider removing the dependency on `forge-core`
[INFO] [stderr] warning: `forge-bridge` (manifest) generated 1 warning
[INFO] [stderr] warning: unused dependency `forge-core`
[INFO] [stderr]   --> crates/forge-nyx-client/Cargo.toml:10:1
[INFO] [stderr]    |
[INFO] [stderr] 10 | forge-core = { path = "../forge-core" }
[INFO] [stderr]    | ^^^^^^^^^^^^^^^^^^^^^^^^^^^^^^^^^^^^^^^
[INFO] [stderr]    |
[INFO] [stderr]    = note: `cargo::unused_dependencies` is set to `warn` by default
[INFO] [stderr] help: consider removing the dependency on `forge-core`
[INFO] [stderr] warning: `forge-nyx-client` (manifest) generated 1 warning
[INFO] [stderr]     Finished `test` profile [unoptimized + debuginfo] target(s) in 27.16s
[INFO] [stderr] warning: the following packages contain code that will be rejected by a future version of Rust: nix v0.28.0
[INFO] [stderr] note: to see what the problems were, use the option `--future-incompat-report`, or run `cargo report future-incompatibilities --id 2`
[INFO] running `Command { std: "docker" "inspect" "05a242ecb9f597b17335c13d407fecccd9f8293a3a793098d86e7e3da299eae7", kill_on_drop: false }`
[INFO] running `Command { std: "docker" "exec" "-e" "SOURCE_DIR=/opt/rustwide/workdir" "-e" "CARGO_HOME=/opt/rustwide/cargo-home" "-e" "RUSTUP_HOME=/opt/rustwide/rustup-home" "-e" "CARGO_TARGET_DIR=/opt/rustwide/target" "-e" "CARGO_INCREMENTAL=0" "-e" "RUST_BACKTRACE=full" "-e" "RUSTFLAGS=--cap-lints=warn" "-e" "RUSTDOCFLAGS=--cap-lints=warn" "-w" "/opt/rustwide/workdir" "--user" "0:0" "05a242ecb9f597b17335c13d407fecccd9f8293a3a793098d86e7e3da299eae7" "/opt/rustwide/cargo-home/bin/cargo" "+1.100.0-beta.1" "test" "--frozen", kill_on_drop: false }`
[INFO] [stderr] warning: unused dependency `forge-world`
[INFO] [stderr]   --> crates/forge-app/Cargo.toml:19:1
[INFO] [stderr]    |
[INFO] [stderr] 19 | forge-world = { path = "../forge-world" }
[INFO] [stderr]    | ^^^^^^^^^^^^^^^^^^^^^^^^^^^^^^^^^^^^^^^^^
[INFO] [stderr]    |
[INFO] [stderr]    = note: `cargo::unused_dependencies` is set to `warn` by default
[INFO] [stderr] help: consider removing the dependency on `forge-world`
[INFO] [stderr] help: to still use for development builds, move to `dev-dependencies`
[INFO] [stderr] warning: `forge-app` (manifest) generated 1 warning
[INFO] [stderr] warning: unused dependency `forge-core`
[INFO] [stderr]   --> crates/forge-bridge/Cargo.toml:10:1
[INFO] [stderr]    |
[INFO] [stderr] 10 | forge-core = { path = "../forge-core" }
[INFO] [stderr]    | ^^^^^^^^^^^^^^^^^^^^^^^^^^^^^^^^^^^^^^^
[INFO] [stderr]    |
[INFO] [stderr]    = note: `cargo::unused_dependencies` is set to `warn` by default
[INFO] [stderr] help: consider removing the dependency on `forge-core`
[INFO] [stderr] warning: `forge-bridge` (manifest) generated 1 warning
[INFO] [stderr] warning: unused dependency `forge-core`
[INFO] [stderr]   --> crates/forge-nyx-client/Cargo.toml:10:1
[INFO] [stderr]    |
[INFO] [stderr] 10 | forge-core = { path = "../forge-core" }
[INFO] [stderr]    | ^^^^^^^^^^^^^^^^^^^^^^^^^^^^^^^^^^^^^^^
[INFO] [stderr]    |
[INFO] [stderr]    = note: `cargo::unused_dependencies` is set to `warn` by default
[INFO] [stderr] help: consider removing the dependency on `forge-core`
[INFO] [stderr] warning: `forge-nyx-client` (manifest) generated 1 warning
[INFO] [stderr]     Finished `test` profile [unoptimized + debuginfo] target(s) in 0.18s
[INFO] [stderr] warning: the following packages contain code that will be rejected by a future version of Rust: nix v0.28.0
[INFO] [stderr] note: to see what the problems were, use the option `--future-incompat-report`, or run `cargo report future-incompatibilities --id 2`
[INFO] [stderr]      Running unittests src/lib.rs (/opt/rustwide/target/debug/build/forge-app/237739347ee3e9c5/out/forge_app-237739347ee3e9c5)
[INFO] [stdout] 
[INFO] [stdout] running 0 tests
[INFO] [stdout] 
[INFO] [stdout] test result: ok. 0 passed; 0 failed; 0 ignored; 0 measured; 0 filtered out; finished in 0.00s
[INFO] [stdout] 
[INFO] [stderr]      Running unittests src/main.rs (/opt/rustwide/target/debug/build/forge-app/fbfe316be99a30ca/out/forge_app-fbfe316be99a30ca)
[INFO] [stdout] 
[INFO] [stderr]      Running tests/command_workspace.rs (/opt/rustwide/target/debug/build/forge-app/df6368dc1249f666/out/command_workspace-df6368dc1249f666)
[INFO] [stdout] running 0 tests
[INFO] [stdout] 
[INFO] [stdout] test result: ok. 0 passed; 0 failed; 0 ignored; 0 measured; 0 filtered out; finished in 0.00s
[INFO] [stdout] 
[INFO] [stdout] 
[INFO] [stdout] running 4 tests
[INFO] [stdout] test commands_from_another_repository_cannot_enter_the_workspace ... ok
[INFO] [stdout] test stale_definition_and_unknown_command_fail_before_process_creation ... ok
[INFO] [stdout] test broader_working_directory_is_rejected_by_project_scope ... ok
[INFO] [stderr]      Running tests/editor_workspace.rs (/opt/rustwide/target/debug/build/forge-app/6acfdb1b36365a04/out/editor_workspace-6acfdb1b36365a04)
[INFO] [stdout] test registered_command_runs_in_declared_scope_and_records_project_revision ... ok
[INFO] [stdout] 
[INFO] [stdout] test result: ok. 4 passed; 0 failed; 0 ignored; 0 measured; 0 filtered out; finished in 0.03s
[INFO] [stdout] 
[INFO] [stdout] 
[INFO] [stdout] running 5 tests
[INFO] [stdout] test external_change_conflicts_and_explicit_reopen_loads_external_bytes ... ok
[INFO] [stdout] test refresh_detects_external_change_before_save ... ok
[INFO] [stdout] test stale_discard_confirmation_cannot_remove_newer_edits ... ok
[INFO] [stdout] test missing_file_buffer_is_created_atomically_and_reopens_clean ... ok
[INFO] [stdout] test multiple_buffers_save_independently_without_touching_unedited_files ... ok
[INFO] [stdout] 
[INFO] [stdout] test result: ok. 5 passed; 0 failed; 0 ignored; 0 measured; 0 filtered out; finished in 0.02s
[INFO] [stdout] 
[INFO] [stderr]      Running tests/git_mutation_workspace.rs (/opt/rustwide/target/debug/build/forge-app/231d29d6059b39f4/out/git_mutation_workspace-231d29d6059b39f4)
[INFO] [stdout] 
[INFO] [stdout] running 8 tests
[INFO] [stdout] test foreign_project_snapshot_cannot_authorize_mutation ... ok
[INFO] [stdout] test empty_and_duplicate_selections_are_rejected_before_git_runs ... ok
[INFO] [stdout] test confirmed_restore_discards_only_selected_tracked_bytes ... ok
[INFO] [stdout] test non_utf8_selected_path_reaches_native_git_without_loss ... ok
[INFO] [stdout] test stale_or_unselected_views_fail_before_index_mutation ... ok
[INFO] [stdout] test commit_is_bound_to_the_exact_selected_staged_patch ... ok
[INFO] [stdout] test stage_and_unstage_touch_only_the_explicit_selected_path ... ok
[INFO] [stdout] test linked_worktree_create_and_remove_require_exact_clean_state ... ok
[INFO] [stderr]      Running tests/git_workspace.rs (/opt/rustwide/target/debug/build/forge-app/ade98a9f7374b4c5/out/git_workspace-ade98a9f7374b4c5)
[INFO] [stdout] 
[INFO] [stdout] test result: ok. 8 passed; 0 failed; 0 ignored; 0 measured; 0 filtered out; finished in 0.93s
[INFO] [stdout] 
[INFO] [stdout] 
[INFO] [stdout] running 5 tests
[INFO] [stdout] test manifest_and_boundary_repository_identity_must_match ... ok
[INFO] [stdout] test repository_subdirectory_cannot_masquerade_as_the_registered_git_root ... ok
[INFO] [stdout] test replacing_the_registered_repository_object_invalidates_future_inspection ... ok
[INFO] [stdout] test project_workspace_reads_exact_registered_repository_state ... ok
[INFO] [stdout] test repeated_project_inspection_is_stable_but_not_cached ... ok
[INFO] [stdout] 
[INFO] [stdout] test result: ok. 5 passed; 0 failed; 0 ignored; 0 measured; 0 filtered out; finished in 0.23s
[INFO] [stdout] 
[INFO] [stderr]      Running tests/nyx_service_lifecycle.rs (/opt/rustwide/target/debug/build/forge-app/193d977d606c09f4/out/nyx_service_lifecycle-193d977d606c09f4)
[INFO] [stdout] 
[INFO] [stdout] running 4 tests
[INFO] [stdout] test stopping_one_managed_nyx_does_not_modify_unrelated_local_state ... ok
[INFO] [stdout] test an_existing_nyx_endpoint_prevents_duplicate_server_spawn ... ok
[INFO] [stdout] test degraded_nyx_control_plane_is_managed_as_truthful_degraded_readiness ... FAILED
[INFO] [stdout] test crashes_consume_the_bounded_restart_budget_with_new_process_identity ... ok
[INFO] [stdout] 
[INFO] [stdout] failures:
[INFO] [stdout] 
[INFO] [stdout] ---- degraded_nyx_control_plane_is_managed_as_truthful_degraded_readiness stdout ----
[INFO] [stdout] 
[INFO] [stdout] thread 'degraded_nyx_control_plane_is_managed_as_truthful_degraded_readiness' (3568) panicked at crates/forge-app/tests/nyx_service_lifecycle.rs:110:45:
[INFO] [stdout] called `Result::unwrap()` on an `Err` value: EndpointAlreadyServing(Unavailable { reason: ReadFailed(ConnectionReset) })
[INFO] [stdout] stack backtrace:
[INFO] [stdout]    0:     0x5a4f2235c601 - std[617be2ca0a6fd877]::backtrace_rs::backtrace::libunwind::trace
[INFO] [stdout]                                at /rustc/e3feeb59cd1bdd011a2bfcc0747b55125d9b8527/library/std/src/../../backtrace/src/backtrace/libunwind.rs:117:9
[INFO] [stdout]    1:     0x5a4f2235c601 - std[617be2ca0a6fd877]::backtrace_rs::backtrace::trace_unsynchronized::<std[617be2ca0a6fd877]::sys::backtrace::_print_fmt::{closure#1}>
[INFO] [stdout]                                at /rustc/e3feeb59cd1bdd011a2bfcc0747b55125d9b8527/library/std/src/../../backtrace/src/backtrace/mod.rs:66:14
[INFO] [stdout]    2:     0x5a4f2235c601 - std[617be2ca0a6fd877]::sys::backtrace::_print_fmt
[INFO] [stdout]                                at /rustc/e3feeb59cd1bdd011a2bfcc0747b55125d9b8527/library/std/src/sys/backtrace.rs:74:9
[INFO] [stdout]    3:     0x5a4f2235c601 - <<std[617be2ca0a6fd877]::sys::backtrace::BacktraceLock>::print::DisplayBacktrace as core[a373ad73a504971]::fmt::Display>::fmt
[INFO] [stdout]                                at /rustc/e3feeb59cd1bdd011a2bfcc0747b55125d9b8527/library/std/src/sys/backtrace.rs:44:26
[INFO] [stdout]    4:     0x5a4f2237260a - <core[a373ad73a504971]::fmt::rt::Argument>::fmt
[INFO] [stdout]                                at /rustc/e3feeb59cd1bdd011a2bfcc0747b55125d9b8527/library/core/src/fmt/rt.rs:152:76
[INFO] [stdout]    5:     0x5a4f2237260a - core[a373ad73a504971]::fmt::write
[INFO] [stdout]    6:     0x5a4f2236106c - core[a373ad73a504971]::io::write::default_write_fmt::<alloc[2e1b2a31b91974c5]::vec::Vec<u8>>
[INFO] [stdout]                                at /rustc/e3feeb59cd1bdd011a2bfcc0747b55125d9b8527/library/core/src/io/write.rs:402:11
[INFO] [stdout]    7:     0x5a4f2236106c - <alloc[2e1b2a31b91974c5]::vec::Vec<u8> as core[a373ad73a504971]::io::write::Write>::write_fmt
[INFO] [stdout]                                at /rustc/e3feeb59cd1bdd011a2bfcc0747b55125d9b8527/library/core/src/io/write.rs:335:13
[INFO] [stdout]    8:     0x5a4f22335596 - <std[617be2ca0a6fd877]::sys::backtrace::BacktraceLock>::print
[INFO] [stdout]                                at /rustc/e3feeb59cd1bdd011a2bfcc0747b55125d9b8527/library/std/src/sys/backtrace.rs:47:9
[INFO] [stdout]    9:     0x5a4f22335596 - std[617be2ca0a6fd877]::panicking::default_hook::{closure#0}
[INFO] [stdout]                                at /rustc/e3feeb59cd1bdd011a2bfcc0747b55125d9b8527/library/std/src/panicking.rs:289:27
[INFO] [stdout]   10:     0x5a4f223535c9 - std[617be2ca0a6fd877]::panicking::default_hook
[INFO] [stdout]                                at /rustc/e3feeb59cd1bdd011a2bfcc0747b55125d9b8527/library/std/src/panicking.rs:313:9
[INFO] [stdout]   11:     0x5a4f22262e30 - <alloc[2e1b2a31b91974c5]::boxed::Box<dyn for<'a, 'b> core[a373ad73a504971]::ops::function::Fn<(&'a std[617be2ca0a6fd877]::panic::PanicHookInfo<'b>,), Output = ()> + core[a373ad73a504971]::marker::Sync + core[a373ad73a504971]::marker::Send> as core[a373ad73a504971]::ops::function::Fn<(&std[617be2ca0a6fd877]::panic::PanicHookInfo,)>>::call
[INFO] [stdout]                                at /rustc/e3feeb59cd1bdd011a2bfcc0747b55125d9b8527/library/alloc/src/boxed.rs:2328:9
[INFO] [stdout]   12:     0x5a4f22262e30 - test[aada8e7e76ba119b]::test_main_inner::{closure#0}
[INFO] [stdout]                                at /rustc/e3feeb59cd1bdd011a2bfcc0747b55125d9b8527/library/test/src/lib.rs:137:21
[INFO] [stdout]   13:     0x5a4f22353782 - <alloc[2e1b2a31b91974c5]::boxed::Box<dyn for<'a, 'b> core[a373ad73a504971]::ops::function::Fn<(&'a std[617be2ca0a6fd877]::panic::PanicHookInfo<'b>,), Output = ()> + core[a373ad73a504971]::marker::Sync + core[a373ad73a504971]::marker::Send> as core[a373ad73a504971]::ops::function::Fn<(&std[617be2ca0a6fd877]::panic::PanicHookInfo,)>>::call
[INFO] [stdout]                                at /rustc/e3feeb59cd1bdd011a2bfcc0747b55125d9b8527/library/alloc/src/boxed.rs:2328:9
[INFO] [stdout]   14:     0x5a4f22353782 - std[617be2ca0a6fd877]::panicking::panic_with_hook
[INFO] [stdout]                                at /rustc/e3feeb59cd1bdd011a2bfcc0747b55125d9b8527/library/std/src/panicking.rs:819:13
[INFO] [stdout]   15:     0x5a4f22335642 - std[617be2ca0a6fd877]::panicking::panic_handler::{closure#0}
[INFO] [stdout]                                at /rustc/e3feeb59cd1bdd011a2bfcc0747b55125d9b8527/library/std/src/panicking.rs:685:13
[INFO] [stdout]   16:     0x5a4f2232dff9 - std[617be2ca0a6fd877]::sys::backtrace::__rust_end_short_backtrace::<std[617be2ca0a6fd877]::panicking::panic_handler::{closure#0}, !>
[INFO] [stdout]                                at /rustc/e3feeb59cd1bdd011a2bfcc0747b55125d9b8527/library/std/src/sys/backtrace.rs:182:18
[INFO] [stdout]   17:     0x5a4f2233643d - __rustc[ea4f61d10b84890b]::rust_begin_unwind
[INFO] [stdout]                                at /rustc/e3feeb59cd1bdd011a2bfcc0747b55125d9b8527/library/std/src/panicking.rs:676:5
[INFO] [stdout]   18:     0x5a4f22372dfc - core[a373ad73a504971]::panicking::panic_fmt
[INFO] [stdout]                                at /rustc/e3feeb59cd1bdd011a2bfcc0747b55125d9b8527/library/core/src/panicking.rs:80:14
[INFO] [stdout]   19:     0x5a4f22372b52 - core[a373ad73a504971]::result::unwrap_failed
[INFO] [stdout]                                at /rustc/e3feeb59cd1bdd011a2bfcc0747b55125d9b8527/library/core/src/result.rs:1870:5
[INFO] [stdout]   20:     0x5a4f2224ca2d - <core[a373ad73a504971]::result::Result<forge_app[61e886e77a129012]::composition::nyx_service::NyxServiceStart, forge_app[61e886e77a129012]::composition::nyx_service::ManagedNyxServiceError>>::unwrap
[INFO] [stdout]                                at /rustc/e3feeb59cd1bdd011a2bfcc0747b55125d9b8527/library/core/src/result.rs:1232:23
[INFO] [stdout]   21:     0x5a4f2224ca2d - nyx_service_lifecycle[8d18f4c70cfead37]::degraded_nyx_control_plane_is_managed_as_truthful_degraded_readiness
[INFO] [stdout]                                at /opt/rustwide/workdir/crates/forge-app/tests/nyx_service_lifecycle.rs:110:45
[INFO] [stdout]   22:     0x5a4f2224b527 - nyx_service_lifecycle[8d18f4c70cfead37]::degraded_nyx_control_plane_is_managed_as_truthful_degraded_readiness::{closure#0}
[INFO] [stdout]                                at /opt/rustwide/workdir/crates/forge-app/tests/nyx_service_lifecycle.rs:107:74
[INFO] [stdout]   23:     0x5a4f2224fef6 - <nyx_service_lifecycle[8d18f4c70cfead37]::degraded_nyx_control_plane_is_managed_as_truthful_degraded_readiness::{closure#0} as core[a373ad73a504971]::ops::function::FnOnce<()>>::call_once
[INFO] [stdout]                                at /rustc/e3feeb59cd1bdd011a2bfcc0747b55125d9b8527/library/core/src/ops/function.rs:250:5
[INFO] [stdout]   24:     0x5a4f2225627b - <fn() -> core[a373ad73a504971]::result::Result<(), alloc[2e1b2a31b91974c5]::string::String> as core[a373ad73a504971]::ops::function::FnOnce<()>>::call_once
[INFO] [stdout]                                at /rustc/e3feeb59cd1bdd011a2bfcc0747b55125d9b8527/library/core/src/ops/function.rs:250:5
[INFO] [stdout]   25:     0x5a4f2225627b - test[aada8e7e76ba119b]::__rust_begin_short_backtrace::<core[a373ad73a504971]::result::Result<(), alloc[2e1b2a31b91974c5]::string::String>, fn() -> core[a373ad73a504971]::result::Result<(), alloc[2e1b2a31b91974c5]::string::String>>
[INFO] [stdout]                                at /rustc/e3feeb59cd1bdd011a2bfcc0747b55125d9b8527/library/test/src/lib.rs:701:18
[INFO] [stdout]   26:     0x5a4f22263455 - test[aada8e7e76ba119b]::run_test_in_process::{closure#0}
[INFO] [stdout]                                at /rustc/e3feeb59cd1bdd011a2bfcc0747b55125d9b8527/library/test/src/lib.rs:724:74
[INFO] [stdout]   27:     0x5a4f22263455 - <core[a373ad73a504971]::panic::unwind_safe::AssertUnwindSafe<test[aada8e7e76ba119b]::run_test_in_process::{closure#0}> as core[a373ad73a504971]::ops::function::FnOnce<()>>::call_once
[INFO] [stdout]                                at /rustc/e3feeb59cd1bdd011a2bfcc0747b55125d9b8527/library/core/src/panic/unwind_safe.rs:275:9
[INFO] [stdout]   28:     0x5a4f22263455 - std[617be2ca0a6fd877]::panicking::catch_unwind::do_call::<core[a373ad73a504971]::panic::unwind_safe::AssertUnwindSafe<test[aada8e7e76ba119b]::run_test_in_process::{closure#0}>, core[a373ad73a504971]::result::Result<(), alloc[2e1b2a31b91974c5]::string::String>>
[INFO] [stdout]                                at /rustc/e3feeb59cd1bdd011a2bfcc0747b55125d9b8527/library/std/src/panicking.rs:573:43
[INFO] [stdout]   29:     0x5a4f22263455 - std[617be2ca0a6fd877]::panicking::catch_unwind::<core[a373ad73a504971]::result::Result<(), alloc[2e1b2a31b91974c5]::string::String>, core[a373ad73a504971]::panic::unwind_safe::AssertUnwindSafe<test[aada8e7e76ba119b]::run_test_in_process::{closure#0}>>
[INFO] [stdout]                                at /rustc/e3feeb59cd1bdd011a2bfcc0747b55125d9b8527/library/std/src/panicking.rs:541:19
[INFO] [stdout]   30:     0x5a4f22263455 - std[617be2ca0a6fd877]::panic::catch_unwind::<core[a373ad73a504971]::panic::unwind_safe::AssertUnwindSafe<test[aada8e7e76ba119b]::run_test_in_process::{closure#0}>, core[a373ad73a504971]::result::Result<(), alloc[2e1b2a31b91974c5]::string::String>>
[INFO] [stdout]                                at /rustc/e3feeb59cd1bdd011a2bfcc0747b55125d9b8527/library/std/src/panic.rs:359:14
[INFO] [stdout]   31:     0x5a4f22263455 - test[aada8e7e76ba119b]::run_test_in_process
[INFO] [stdout]                                at /rustc/e3feeb59cd1bdd011a2bfcc0747b55125d9b8527/library/test/src/lib.rs:724:27
[INFO] [stdout]   32:     0x5a4f22263455 - test[aada8e7e76ba119b]::run_test::{closure#0}
[INFO] [stdout]                                at /rustc/e3feeb59cd1bdd011a2bfcc0747b55125d9b8527/library/test/src/lib.rs:645:43
[INFO] [stdout]   33:     0x5a4f2225cd44 - test[aada8e7e76ba119b]::run_test::{closure#1}
[INFO] [stdout]                                at /rustc/e3feeb59cd1bdd011a2bfcc0747b55125d9b8527/library/test/src/lib.rs:675:41
[INFO] [stdout]   34:     0x5a4f2225cd44 - std[617be2ca0a6fd877]::sys::backtrace::__rust_begin_short_backtrace::<test[aada8e7e76ba119b]::run_test::{closure#1}, ()>
[INFO] [stdout]                                at /rustc/e3feeb59cd1bdd011a2bfcc0747b55125d9b8527/library/std/src/sys/backtrace.rs:166:18
[INFO] [stdout]   35:     0x5a4f222664e2 - std[617be2ca0a6fd877]::thread::lifecycle::spawn_unchecked::<test[aada8e7e76ba119b]::run_test::{closure#1}, ()>::{closure#1}::{closure#0}
[INFO] [stdout]                                at /rustc/e3feeb59cd1bdd011a2bfcc0747b55125d9b8527/library/std/src/thread/lifecycle.rs:70:13
[INFO] [stdout]   36:     0x5a4f222664e2 - <core[a373ad73a504971]::panic::unwind_safe::AssertUnwindSafe<std[617be2ca0a6fd877]::thread::lifecycle::spawn_unchecked<test[aada8e7e76ba119b]::run_test::{closure#1}, ()>::{closure#1}::{closure#0}> as core[a373ad73a504971]::ops::function::FnOnce<()>>::call_once
[INFO] [stdout]                                at /rustc/e3feeb59cd1bdd011a2bfcc0747b55125d9b8527/library/core/src/panic/unwind_safe.rs:275:9
[INFO] [stdout]   37:     0x5a4f222664e2 - std[617be2ca0a6fd877]::panicking::catch_unwind::do_call::<core[a373ad73a504971]::panic::unwind_safe::AssertUnwindSafe<std[617be2ca0a6fd877]::thread::lifecycle::spawn_unchecked<test[aada8e7e76ba119b]::run_test::{closure#1}, ()>::{closure#1}::{closure#0}>, ()>
[INFO] [stdout]                                at /rustc/e3feeb59cd1bdd011a2bfcc0747b55125d9b8527/library/std/src/panicking.rs:573:43
[INFO] [stdout]   38:     0x5a4f222664e2 - std[617be2ca0a6fd877]::panicking::catch_unwind::<(), core[a373ad73a504971]::panic::unwind_safe::AssertUnwindSafe<std[617be2ca0a6fd877]::thread::lifecycle::spawn_unchecked<test[aada8e7e76ba119b]::run_test::{closure#1}, ()>::{closure#1}::{closure#0}>>
[INFO] [stdout]                                at /rustc/e3feeb59cd1bdd011a2bfcc0747b55125d9b8527/library/std/src/panicking.rs:541:19
[INFO] [stdout]   39:     0x5a4f222664e2 - std[617be2ca0a6fd877]::panic::catch_unwind::<core[a373ad73a504971]::panic::unwind_safe::AssertUnwindSafe<std[617be2ca0a6fd877]::thread::lifecycle::spawn_unchecked<test[aada8e7e76ba119b]::run_test::{closure#1}, ()>::{closure#1}::{closure#0}>, ()>
[INFO] [stdout]                                at /rustc/e3feeb59cd1bdd011a2bfcc0747b55125d9b8527/library/std/src/panic.rs:359:14
[INFO] [stdout]   40:     0x5a4f222664e2 - std[617be2ca0a6fd877]::thread::lifecycle::spawn_unchecked::<test[aada8e7e76ba119b]::run_test::{closure#1}, ()>::{closure#1}
[INFO] [stdout]                                at /rustc/e3feeb59cd1bdd011a2bfcc0747b55125d9b8527/library/std/src/thread/lifecycle.rs:68:26
[INFO] [stdout]   41:     0x5a4f222664e2 - <std[617be2ca0a6fd877]::thread::lifecycle::spawn_unchecked<test[aada8e7e76ba119b]::run_test::{closure#1}, ()>::{closure#1} as core[a373ad73a504971]::ops::function::FnOnce<()>>::call_once::{shim:vtable#0}
[INFO] [stdout]                                at /rustc/e3feeb59cd1bdd011a2bfcc0747b55125d9b8527/library/core/src/ops/function.rs:250:5
[INFO] [stdout]   42:     0x5a4f2235b04f - <alloc[2e1b2a31b91974c5]::boxed::Box<dyn core[a373ad73a504971]::ops::function::FnOnce<(), Output = ()> + core[a373ad73a504971]::marker::Send> as core[a373ad73a504971]::ops::function::FnOnce<()>>::call_once
[INFO] [stdout]                                at /rustc/e3feeb59cd1bdd011a2bfcc0747b55125d9b8527/library/alloc/src/boxed.rs:2314:9
[INFO] [stdout]   43:     0x5a4f2235b04f - <std[617be2ca0a6fd877]::sys::thread::unix::Thread>::new::thread_start
[INFO] [stdout]                                at /rustc/e3feeb59cd1bdd011a2bfcc0747b55125d9b8527/library/std/src/sys/thread/unix.rs:127:17
[INFO] [stdout]   44:     0x788c336aadfa - <unknown>
[INFO] [stdout]   45:     0x788c3373e3d4 - clone
[INFO] [stdout]   46:                0x0 - <unknown>
[INFO] [stdout] 
[INFO] [stdout] 
[INFO] [stdout] failures:
[INFO] [stdout]     degraded_nyx_control_plane_is_managed_as_truthful_degraded_readiness
[INFO] [stdout] 
[INFO] [stdout] test result: FAILED. 3 passed; 1 failed; 0 ignored; 0 measured; 0 filtered out; finished in 0.45s
[INFO] [stdout] 
[INFO] [stderr] error: test failed, to rerun pass `-p forge-app --test nyx_service_lifecycle`
[INFO] running `Command { std: "docker" "inspect" "05a242ecb9f597b17335c13d407fecccd9f8293a3a793098d86e7e3da299eae7", kill_on_drop: false }`
[INFO] running `Command { std: "docker" "rm" "-f" "05a242ecb9f597b17335c13d407fecccd9f8293a3a793098d86e7e3da299eae7", kill_on_drop: false }`
[INFO] [stdout] 05a242ecb9f597b17335c13d407fecccd9f8293a3a793098d86e7e3da299eae7
