[INFO] cloning repository https://github.com/QuartzShard/Several-People-Revolt
[INFO] running `Command { std: "git" "-c" "credential.helper=" "-c" "credential.helper=/workspace/cargo-home/bin/git-credential-null" "clone" "--bare" "https://github.com/QuartzShard/Several-People-Revolt" "/workspace/cache/git-repos/https%3A%2F%2Fgithub.com%2FQuartzShard%2FSeveral-People-Revolt", kill_on_drop: false }`
[INFO] [stderr] Cloning into bare repository '/workspace/cache/git-repos/https%3A%2F%2Fgithub.com%2FQuartzShard%2FSeveral-People-Revolt'...
[INFO] running `Command { std: "git" "rev-parse" "HEAD", kill_on_drop: false }`
[INFO] [stdout] 8cc205497105a58afbabb47fd5608412df31233d
[INFO] testing QuartzShard/Several-People-Revolt against 1.100.0-beta.1 for beta-1.100-2
[INFO] running `Command { std: "git" "clone" "/workspace/cache/git-repos/https%3A%2F%2Fgithub.com%2FQuartzShard%2FSeveral-People-Revolt" "/workspace/builds/worker-0-tc2/source", kill_on_drop: false }`
[INFO] [stderr] Cloning into '/workspace/builds/worker-0-tc2/source'...
[INFO] [stderr] done.
[INFO] started tweaking git repo https://github.com/QuartzShard/Several-People-Revolt
[INFO] finished tweaking git repo https://github.com/QuartzShard/Several-People-Revolt
[INFO] tweaked toml for git repo https://github.com/QuartzShard/Several-People-Revolt written to /workspace/builds/worker-0-tc2/source/Cargo.toml
[INFO] validating manifest of git repo https://github.com/QuartzShard/Several-People-Revolt on toolchain 1.100.0-beta.1
[INFO] running `Command { std: CARGO_HOME="/workspace/cargo-home" RUSTUP_HOME="/workspace/rustup-home" "/workspace/cargo-home/bin/cargo" "+1.100.0-beta.1" "metadata" "--manifest-path" "Cargo.toml" "--no-deps", kill_on_drop: false }`
[INFO] crate git repo https://github.com/QuartzShard/Several-People-Revolt already has a lockfile, it will not be regenerated
[INFO] running `Command { std: CARGO_HOME="/workspace/cargo-home" RUSTUP_HOME="/workspace/rustup-home" "/workspace/cargo-home/bin/cargo" "+1.100.0-beta.1" "fetch" "--manifest-path" "Cargo.toml", kill_on_drop: false }`
[INFO] running `Command { std: "docker" "create" "-v" "/var/lib/crater-agent-workspace/builds/worker-0-tc2/source:/opt/rustwide/workdir:ro,Z" "-v" "/var/lib/crater-agent-workspace/builds/worker-0-tc2/target:/opt/rustwide/target:rw,Z" "-v" "/var/lib/crater-agent-workspace/cargo-home:/opt/rustwide/cargo-home:ro,Z" "-v" "/var/lib/crater-agent-workspace/rustup-home:/opt/rustwide/rustup-home:ro,Z" "-m" "1610612736" "--network" "none" "ghcr.io/rust-lang/crates-build-env/linux@sha256:3111399a4047eeb3a02b7a90e478d715f38a8c6669b5c4b49d30a17385265909" "sleep" "infinity", kill_on_drop: false }`
[INFO] [stdout] 6d8de405b08f4835d81bdbd5e962a851e53b0259d0b73d9aa06138fdbca4f24d
[INFO] running `Command { std: "docker" "start" "6d8de405b08f4835d81bdbd5e962a851e53b0259d0b73d9aa06138fdbca4f24d", kill_on_drop: false }`
[INFO] running `Command { std: "docker" "inspect" "6d8de405b08f4835d81bdbd5e962a851e53b0259d0b73d9aa06138fdbca4f24d", kill_on_drop: false }`
[INFO] running `Command { std: "docker" "exec" "-e" "SOURCE_DIR=/opt/rustwide/workdir" "-e" "CARGO_HOME=/opt/rustwide/cargo-home" "-e" "RUSTUP_HOME=/opt/rustwide/rustup-home" "-e" "CARGO_TARGET_DIR=/opt/rustwide/target" "-w" "/opt/rustwide/workdir" "--user" "0:0" "6d8de405b08f4835d81bdbd5e962a851e53b0259d0b73d9aa06138fdbca4f24d" "/opt/rustwide/cargo-home/bin/cargo" "+1.100.0-beta.1" "metadata" "--no-deps" "--format-version=1", kill_on_drop: false }`
[INFO] running `Command { std: "docker" "inspect" "6d8de405b08f4835d81bdbd5e962a851e53b0259d0b73d9aa06138fdbca4f24d", kill_on_drop: false }`
[INFO] running `Command { std: "docker" "exec" "-e" "SOURCE_DIR=/opt/rustwide/workdir" "-e" "CARGO_HOME=/opt/rustwide/cargo-home" "-e" "RUSTUP_HOME=/opt/rustwide/rustup-home" "-e" "CARGO_TARGET_DIR=/opt/rustwide/target" "-e" "CARGO_INCREMENTAL=0" "-e" "RUST_BACKTRACE=full" "-e" "RUSTFLAGS=--cap-lints=warn" "-e" "RUSTDOCFLAGS=--cap-lints=warn" "-w" "/opt/rustwide/workdir" "--user" "0:0" "6d8de405b08f4835d81bdbd5e962a851e53b0259d0b73d9aa06138fdbca4f24d" "/opt/rustwide/cargo-home/bin/cargo" "+1.100.0-beta.1" "build" "--frozen" "--message-format=json", kill_on_drop: false }`
[INFO] [stderr]    Compiling proc-macro2 v1.0.78
[INFO] [stderr]    Compiling unicode-ident v1.0.12
[INFO] [stderr]    Compiling libc v0.2.153
[INFO] [stderr]    Compiling cc v1.0.90
[INFO] [stderr]    Compiling version_check v0.9.4
[INFO] [stderr]    Compiling pin-project-lite v0.2.13
[INFO] [stderr]    Compiling typenum v1.17.0
[INFO] [stderr]    Compiling spin v0.9.8
[INFO] [stderr]    Compiling bytes v1.5.0
[INFO] [stderr]    Compiling itoa v1.0.10
[INFO] [stderr]    Compiling futures-core v0.3.30
[INFO] [stderr]    Compiling log v0.4.21
[INFO] [stderr]    Compiling slab v0.4.9
[INFO] [stderr]    Compiling futures-sink v0.3.30
[INFO] [stderr]    Compiling memchr v2.7.1
[INFO] [stderr]    Compiling futures-task v0.3.30
[INFO] [stderr]    Compiling futures-io v0.3.30
[INFO] [stderr]    Compiling serde v1.0.197
[INFO] [stderr]    Compiling futures-channel v0.3.30
[INFO] [stderr]    Compiling tracing-core v0.1.32
[INFO] [stderr]    Compiling tinyvec_macros v0.1.1
[INFO] [stderr]    Compiling httparse v1.8.0
[INFO] [stderr]    Compiling tinyvec v1.6.0
[INFO] [stderr]    Compiling hashbrown v0.14.3
[INFO] [stderr]    Compiling generic-array v0.14.7
[INFO] [stderr]    Compiling percent-encoding v2.3.1
[INFO] [stderr]    Compiling unicase v2.7.0
[INFO] [stderr]    Compiling ryu v1.0.17
[INFO] [stderr]    Compiling num-conv v0.1.0
[INFO] [stderr]    Compiling powerfmt v0.2.0
[INFO] [stderr]    Compiling time-core v0.1.2
[INFO] [stderr]    Compiling unicode-bidi v0.3.15
[INFO] [stderr]    Compiling http v0.2.12
[INFO] [stderr]    Compiling form_urlencoded v1.2.1
[INFO] [stderr]    Compiling serde_json v1.0.114
[INFO] [stderr]    Compiling deranged v0.3.11
[INFO] [stderr]    Compiling time-macros v0.2.17
[INFO] [stderr]    Compiling thiserror v1.0.57
[INFO] [stderr]    Compiling quote v1.0.35
[INFO] [stderr]    Compiling getrandom v0.2.12
[INFO] [stderr]    Compiling mio v0.8.11
[INFO] [stderr]    Compiling num_cpus v1.16.0
[INFO] [stderr]    Compiling socket2 v0.5.6
[INFO] [stderr]    Compiling unicode-normalization v0.1.23
[INFO] [stderr]    Compiling equivalent v1.0.1
[INFO] [stderr]    Compiling rustls v0.21.10
[INFO] [stderr]    Compiling indexmap v2.2.5
[INFO] [stderr]    Compiling syn v2.0.52
[INFO] [stderr]    Compiling rustls v0.20.9
[INFO] [stderr]    Compiling spin v0.5.2
[INFO] [stderr]    Compiling untrusted v0.7.1
[INFO] [stderr]    Compiling rand_core v0.6.4
[INFO] [stderr]    Compiling ppv-lite86 v0.2.17
[INFO] [stderr]    Compiling httpdate v1.0.3
[INFO] [stderr]    Compiling tower-service v0.3.2
[INFO] [stderr]    Compiling crossbeam-utils v0.8.19
[INFO] [stderr]    Compiling idna v0.5.0
[INFO] [stderr]    Compiling generic-array v1.0.0
[INFO] [stderr]    Compiling time v0.3.34
[INFO] [stderr]    Compiling bitflags v2.4.2
[INFO] [stderr]    Compiling ring v0.17.8
[INFO] [stderr]    Compiling ring v0.16.20
[INFO] [stderr]    Compiling lock_api v0.4.11
[INFO] [stderr]    Compiling smallvec v1.13.1
[INFO] [stderr]    Compiling parking_lot_core v0.9.9
[INFO] [stderr]    Compiling mime_guess v2.0.4
[INFO] [stderr]    Compiling http-body v0.4.6
[INFO] [stderr]    Compiling cpufeatures v0.2.12
[INFO] [stderr]    Compiling base64 v0.21.7
[INFO] [stderr]    Compiling encoding_rs v0.8.33
[INFO] [stderr]    Compiling sync_wrapper v0.1.2
[INFO] [stderr]    Compiling rand_chacha v0.3.1
[INFO] [stderr]    Compiling base64 v0.13.1
[INFO] [stderr]    Compiling webpki-roots v0.25.4
[INFO] [stderr]    Compiling ipnet v2.9.0
[INFO] [stderr]    Compiling url v2.5.0
[INFO] [stderr]    Compiling byteorder v1.5.0
[INFO] [stderr]    Compiling rand v0.8.5
[INFO] [stderr]    Compiling rustls-pemfile v1.0.4
[INFO] [stderr]    Compiling async-trait v0.1.77
[INFO] [stderr]    Compiling crypto-common v0.1.6
[INFO] [stderr]    Compiling block-buffer v0.10.4
[INFO] [stderr]    Compiling utf-8 v0.7.6
[INFO] [stderr]    Compiling concurrent-queue v2.4.0
[INFO] [stderr]    Compiling digest v0.10.7
[INFO] [stderr]    Compiling lazy_static v1.4.0
[INFO] [stderr]    Compiling event-listener v2.5.3
[INFO] [stderr]    Compiling tracing-log v0.2.0
[INFO] [stderr]    Compiling thread_local v1.1.8
[INFO] [stderr]    Compiling sharded-slab v0.1.7
[INFO] [stderr]    Compiling sha-1 v0.10.1
[INFO] [stderr]    Compiling async-channel v1.9.0
[INFO] [stderr]    Compiling dashmap v5.5.3
[INFO] [stderr]    Compiling tracing-subscriber v0.3.18
[INFO] [stderr]    Compiling tokio-macros v2.2.0
[INFO] [stderr]    Compiling futures-macro v0.3.30
[INFO] [stderr]    Compiling serde_derive v1.0.197
[INFO] [stderr]    Compiling tracing-attributes v0.1.27
[INFO] [stderr]    Compiling thiserror-impl v1.0.57
[INFO] [stderr]    Compiling tokio v1.36.0
[INFO] [stderr]    Compiling futures-util v0.3.30
[INFO] [stderr]    Compiling sct v0.7.1
[INFO] [stderr]    Compiling webpki v0.22.4
[INFO] [stderr]    Compiling rustls-webpki v0.101.7
[INFO] [stderr]    Compiling tracing v0.1.40
[INFO] [stderr]    Compiling webpki-roots v0.22.6
[INFO] [stderr]    Compiling tungstenite v0.17.3
[INFO] [stderr]    Compiling futures-executor v0.3.30
[INFO] [stderr]    Compiling futures v0.3.30
[INFO] [stderr]    Compiling tokio-util v0.7.10
[INFO] [stderr]    Compiling tokio-rustls v0.23.4
[INFO] [stderr]    Compiling tokio-rustls v0.24.1
[INFO] [stderr]    Compiling tokio-tungstenite v0.17.2
[INFO] [stderr]    Compiling h2 v0.3.24
[INFO] [stderr]    Compiling iso8601-timestamp v0.2.17
[INFO] [stderr]    Compiling serde_urlencoded v0.7.1
[INFO] [stderr]    Compiling rive-models v1.2.1
[INFO] [stderr]    Compiling hyper v0.14.28
[INFO] [stderr]    Compiling hyper-rustls v0.24.2
[INFO] [stderr]    Compiling reqwest v0.11.25
[INFO] [stderr]    Compiling rive-gateway v1.1.0
[INFO] [stderr]    Compiling rive-cache-inmemory v1.0.0
[INFO] [stderr]    Compiling rive-http v1.1.0
[INFO] [stderr]    Compiling rive-autumn v1.1.0
[INFO] [stdout] error[E0277]: the trait bound `!: serde::de::DeserializeOwned` is not satisfied
[INFO] [stdout]    --> /opt/rustwide/cargo-home/registry/src/index.crates.io-1949cf8c6b5b557f/rive-http-1.1.0/src/channels/groups.rs:52:14
[INFO] [stdout]     |
[INFO] [stdout]  52 |             .json()
[INFO] [stdout]     |              ^^^^ the trait `for<'de> serde::de::Deserialize<'de>` is not implemented for `!`
[INFO] [stdout]     |
[INFO] [stdout]     = help: the following other types implement trait `serde::de::Deserialize<'de>`:
[INFO] [stdout]               &'a Path
[INFO] [stdout]               &'a [u8]
[INFO] [stdout]               &'a str
[INFO] [stdout]               ()
[INFO] [stdout]               (T0, T1)
[INFO] [stdout]               (T0, T1, T2)
[INFO] [stdout]               (T0, T1, T2, T3)
[INFO] [stdout]               (T0, T1, T2, T3, T4)
[INFO] [stdout]             and 288 others
[INFO] [stdout]     = note: this error might have been caused by changes to Rust's type-inference algorithm (see issue #148922 <https://github.com/rust-lang/rust/issues/148922> for more information)
[INFO] [stdout]     = help: you might have intended to use the type `()` here instead
[INFO] [stdout]     = note: required for `!` to implement `serde::de::DeserializeOwned`
[INFO] [stdout] note: required by a bound in `Response::json`
[INFO] [stdout]    --> /opt/rustwide/cargo-home/registry/src/index.crates.io-1949cf8c6b5b557f/reqwest-0.11.25/src/async_impl/response.rs:237:26
[INFO] [stdout]     |
[INFO] [stdout]  32 | impl Response {
[INFO] [stdout] ...
[INFO] [stdout] 237 |     pub async fn json<T: DeserializeOwned>(self) -> crate::Result<T> {
[INFO] [stdout]     |                          ^^^^^^^^^^^^^^^^ required by this bound in `Response::json`
[INFO] [stdout] 
[INFO] [stdout] 
[INFO] [stdout] error[E0277]: the trait bound `!: serde::de::DeserializeOwned` is not satisfied
[INFO] [stdout]    --> /opt/rustwide/cargo-home/registry/src/index.crates.io-1949cf8c6b5b557f/rive-http-1.1.0/src/channels/groups.rs:75:14
[INFO] [stdout]     |
[INFO] [stdout]  75 |             .json()
[INFO] [stdout]     |              ^^^^ the trait `for<'de> serde::de::Deserialize<'de>` is not implemented for `!`
[INFO] [stdout]     |
[INFO] [stdout]     = help: the following other types implement trait `serde::de::Deserialize<'de>`:
[INFO] [stdout]               &'a Path
[INFO] [stdout]               &'a [u8]
[INFO] [stdout]               &'a str
[INFO] [stdout]               ()
[INFO] [stdout]               (T0, T1)
[INFO] [stdout]               (T0, T1, T2)
[INFO] [stdout]               (T0, T1, T2, T3)
[INFO] [stdout]               (T0, T1, T2, T3, T4)
[INFO] [stdout]             and 288 others
[INFO] [stdout]     = note: this error might have been caused by changes to Rust's type-inference algorithm (see issue #148922 <https://github.com/rust-lang/rust/issues/148922> for more information)
[INFO] [stdout]     = help: you might have intended to use the type `()` here instead
[INFO] [stdout]     = note: required for `!` to implement `serde::de::DeserializeOwned`
[INFO] [stdout] note: required by a bound in `Response::json`
[INFO] [stdout]    --> /opt/rustwide/cargo-home/registry/src/index.crates.io-1949cf8c6b5b557f/reqwest-0.11.25/src/async_impl/response.rs:237:26
[INFO] [stdout]     |
[INFO] [stdout]  32 | impl Response {
[INFO] [stdout] ...
[INFO] [stdout] 237 |     pub async fn json<T: DeserializeOwned>(self) -> crate::Result<T> {
[INFO] [stdout]     |                          ^^^^^^^^^^^^^^^^ required by this bound in `Response::json`
[INFO] [stdout] 
[INFO] [stdout] 
[INFO] [stdout] error[E0277]: the trait bound `!: serde::de::DeserializeOwned` is not satisfied
[INFO] [stdout]    --> /opt/rustwide/cargo-home/registry/src/index.crates.io-1949cf8c6b5b557f/rive-http-1.1.0/src/platform_administration/user_safety.rs:121:14
[INFO] [stdout]     |
[INFO] [stdout] 121 |             .json()
[INFO] [stdout]     |              ^^^^ the trait `for<'de> serde::de::Deserialize<'de>` is not implemented for `!`
[INFO] [stdout]     |
[INFO] [stdout]     = help: the following other types implement trait `serde::de::Deserialize<'de>`:
[INFO] [stdout]               &'a Path
[INFO] [stdout]               &'a [u8]
[INFO] [stdout]               &'a str
[INFO] [stdout]               ()
[INFO] [stdout]               (T0, T1)
[INFO] [stdout]               (T0, T1, T2)
[INFO] [stdout]               (T0, T1, T2, T3)
[INFO] [stdout]               (T0, T1, T2, T3, T4)
[INFO] [stdout]             and 288 others
[INFO] [stdout]     = note: this error might have been caused by changes to Rust's type-inference algorithm (see issue #148922 <https://github.com/rust-lang/rust/issues/148922> for more information)
[INFO] [stdout]     = help: you might have intended to use the type `()` here instead
[INFO] [stdout]     = note: required for `!` to implement `serde::de::DeserializeOwned`
[INFO] [stdout] note: required by a bound in `Response::json`
[INFO] [stdout]    --> /opt/rustwide/cargo-home/registry/src/index.crates.io-1949cf8c6b5b557f/reqwest-0.11.25/src/async_impl/response.rs:237:26
[INFO] [stdout]     |
[INFO] [stdout]  32 | impl Response {
[INFO] [stdout] ...
[INFO] [stdout] 237 |     pub async fn json<T: DeserializeOwned>(self) -> crate::Result<T> {
[INFO] [stdout]     |                          ^^^^^^^^^^^^^^^^ required by this bound in `Response::json`
[INFO] [stdout] 
[INFO] [stdout] 
[INFO] [stdout] error[E0277]: the trait bound `!: serde::de::DeserializeOwned` is not satisfied
[INFO] [stdout]    --> /opt/rustwide/cargo-home/registry/src/index.crates.io-1949cf8c6b5b557f/rive-http-1.1.0/src/platform_administration/user_safety.rs:133:14
[INFO] [stdout]     |
[INFO] [stdout] 133 |             .json()
[INFO] [stdout]     |              ^^^^ the trait `for<'de> serde::de::Deserialize<'de>` is not implemented for `!`
[INFO] [stdout]     |
[INFO] [stdout]     = help: the following other types implement trait `serde::de::Deserialize<'de>`:
[INFO] [stdout]               &'a Path
[INFO] [stdout]               &'a [u8]
[INFO] [stdout]               &'a str
[INFO] [stdout]               ()
[INFO] [stdout]               (T0, T1)
[INFO] [stdout]               (T0, T1, T2)
[INFO] [stdout]               (T0, T1, T2, T3)
[INFO] [stdout]               (T0, T1, T2, T3, T4)
[INFO] [stdout]             and 288 others
[INFO] [stdout]     = note: this error might have been caused by changes to Rust's type-inference algorithm (see issue #148922 <https://github.com/rust-lang/rust/issues/148922> for more information)
[INFO] [stdout]     = help: you might have intended to use the type `()` here instead
[INFO] [stdout]     = note: required for `!` to implement `serde::de::DeserializeOwned`
[INFO] [stdout] note: required by a bound in `Response::json`
[INFO] [stdout]    --> /opt/rustwide/cargo-home/registry/src/index.crates.io-1949cf8c6b5b557f/reqwest-0.11.25/src/async_impl/response.rs:237:26
[INFO] [stdout]     |
[INFO] [stdout]  32 | impl Response {
[INFO] [stdout] ...
[INFO] [stdout] 237 |     pub async fn json<T: DeserializeOwned>(self) -> crate::Result<T> {
[INFO] [stdout]     |                          ^^^^^^^^^^^^^^^^ required by this bound in `Response::json`
[INFO] [stdout] 
[INFO] [stdout] 
[INFO] [stdout] error[E0277]: the trait bound `!: serde::de::DeserializeOwned` is not satisfied
[INFO] [stdout]    --> /opt/rustwide/cargo-home/registry/src/index.crates.io-1949cf8c6b5b557f/rive-http-1.1.0/src/servers/server_information.rs:47:14
[INFO] [stdout]     |
[INFO] [stdout]  47 |             .json()
[INFO] [stdout]     |              ^^^^ the trait `for<'de> serde::de::Deserialize<'de>` is not implemented for `!`
[INFO] [stdout]     |
[INFO] [stdout]     = help: the following other types implement trait `serde::de::Deserialize<'de>`:
[INFO] [stdout]               &'a Path
[INFO] [stdout]               &'a [u8]
[INFO] [stdout]               &'a str
[INFO] [stdout]               ()
[INFO] [stdout]               (T0, T1)
[INFO] [stdout]               (T0, T1, T2)
[INFO] [stdout]               (T0, T1, T2, T3)
[INFO] [stdout]               (T0, T1, T2, T3, T4)
[INFO] [stdout]             and 288 others
[INFO] [stdout]     = note: this error might have been caused by changes to Rust's type-inference algorithm (see issue #148922 <https://github.com/rust-lang/rust/issues/148922> for more information)
[INFO] [stdout]     = help: you might have intended to use the type `()` here instead
[INFO] [stdout]     = note: required for `!` to implement `serde::de::DeserializeOwned`
[INFO] [stdout] note: required by a bound in `Response::json`
[INFO] [stdout]    --> /opt/rustwide/cargo-home/registry/src/index.crates.io-1949cf8c6b5b557f/reqwest-0.11.25/src/async_impl/response.rs:237:26
[INFO] [stdout]     |
[INFO] [stdout]  32 | impl Response {
[INFO] [stdout] ...
[INFO] [stdout] 237 |     pub async fn json<T: DeserializeOwned>(self) -> crate::Result<T> {
[INFO] [stdout]     |                          ^^^^^^^^^^^^^^^^ required by this bound in `Response::json`
[INFO] [stdout] 
[INFO] [stdout] 
[INFO] [stdout] error[E0277]: the trait bound `!: serde::de::DeserializeOwned` is not satisfied
[INFO] [stdout]    --> /opt/rustwide/cargo-home/registry/src/index.crates.io-1949cf8c6b5b557f/rive-http-1.1.0/src/servers/server_information.rs:76:14
[INFO] [stdout]     |
[INFO] [stdout]  76 |             .json()
[INFO] [stdout]     |              ^^^^ the trait `for<'de> serde::de::Deserialize<'de>` is not implemented for `!`
[INFO] [stdout]     |
[INFO] [stdout]     = help: the following other types implement trait `serde::de::Deserialize<'de>`:
[INFO] [stdout]               &'a Path
[INFO] [stdout]               &'a [u8]
[INFO] [stdout]               &'a str
[INFO] [stdout]               ()
[INFO] [stdout]               (T0, T1)
[INFO] [stdout]               (T0, T1, T2)
[INFO] [stdout]               (T0, T1, T2, T3)
[INFO] [stdout]               (T0, T1, T2, T3, T4)
[INFO] [stdout]             and 288 others
[INFO] [stdout]     = note: this error might have been caused by changes to Rust's type-inference algorithm (see issue #148922 <https://github.com/rust-lang/rust/issues/148922> for more information)
[INFO] [stdout]     = help: you might have intended to use the type `()` here instead
[INFO] [stdout]     = note: required for `!` to implement `serde::de::DeserializeOwned`
[INFO] [stdout] note: required by a bound in `Response::json`
[INFO] [stdout]    --> /opt/rustwide/cargo-home/registry/src/index.crates.io-1949cf8c6b5b557f/reqwest-0.11.25/src/async_impl/response.rs:237:26
[INFO] [stdout]     |
[INFO] [stdout]  32 | impl Response {
[INFO] [stdout] ...
[INFO] [stdout] 237 |     pub async fn json<T: DeserializeOwned>(self) -> crate::Result<T> {
[INFO] [stdout]     |                          ^^^^^^^^^^^^^^^^ required by this bound in `Response::json`
[INFO] [stdout] 
[INFO] [stdout] 
[INFO] [stdout] error[E0277]: the trait bound `!: serde::de::DeserializeOwned` is not satisfied
[INFO] [stdout]    --> /opt/rustwide/cargo-home/registry/src/index.crates.io-1949cf8c6b5b557f/rive-http-1.1.0/src/servers/server_members.rs:141:14
[INFO] [stdout]     |
[INFO] [stdout] 141 |             .json()
[INFO] [stdout]     |              ^^^^ the trait `for<'de> serde::de::Deserialize<'de>` is not implemented for `!`
[INFO] [stdout]     |
[INFO] [stdout]     = help: the following other types implement trait `serde::de::Deserialize<'de>`:
[INFO] [stdout]               &'a Path
[INFO] [stdout]               &'a [u8]
[INFO] [stdout]               &'a str
[INFO] [stdout]               ()
[INFO] [stdout]               (T0, T1)
[INFO] [stdout]               (T0, T1, T2)
[INFO] [stdout]               (T0, T1, T2, T3)
[INFO] [stdout]               (T0, T1, T2, T3, T4)
[INFO] [stdout]             and 288 others
[INFO] [stdout]     = note: this error might have been caused by changes to Rust's type-inference algorithm (see issue #148922 <https://github.com/rust-lang/rust/issues/148922> for more information)
[INFO] [stdout]     = help: you might have intended to use the type `()` here instead
[INFO] [stdout]     = note: required for `!` to implement `serde::de::DeserializeOwned`
[INFO] [stdout] note: required by a bound in `Response::json`
[INFO] [stdout]    --> /opt/rustwide/cargo-home/registry/src/index.crates.io-1949cf8c6b5b557f/reqwest-0.11.25/src/async_impl/response.rs:237:26
[INFO] [stdout]     |
[INFO] [stdout]  32 | impl Response {
[INFO] [stdout] ...
[INFO] [stdout] 237 |     pub async fn json<T: DeserializeOwned>(self) -> crate::Result<T> {
[INFO] [stdout]     |                          ^^^^^^^^^^^^^^^^ required by this bound in `Response::json`
[INFO] [stdout] 
[INFO] [stdout] 
[INFO] [stdout] For more information about this error, try `rustc --explain E0277`.
[INFO] [stdout] 
[INFO] [stderr] error: could not compile `rive-http` (lib) due to 7 previous errors
[INFO] [stderr] warning: build failed, waiting for other jobs to finish...
[INFO] running `Command { std: "docker" "inspect" "6d8de405b08f4835d81bdbd5e962a851e53b0259d0b73d9aa06138fdbca4f24d", kill_on_drop: false }`
[INFO] running `Command { std: "docker" "rm" "-f" "6d8de405b08f4835d81bdbd5e962a851e53b0259d0b73d9aa06138fdbca4f24d", kill_on_drop: false }`
[INFO] [stdout] 6d8de405b08f4835d81bdbd5e962a851e53b0259d0b73d9aa06138fdbca4f24d
