[INFO] cloning repository https://github.com/MenkeTechnologies/javars
[INFO] running `Command { std: "git" "-c" "credential.helper=" "-c" "credential.helper=/workspace/cargo-home/bin/git-credential-null" "clone" "--bare" "https://github.com/MenkeTechnologies/javars" "/workspace/cache/git-repos/https%3A%2F%2Fgithub.com%2FMenkeTechnologies%2Fjavars", kill_on_drop: false }`
[INFO] [stderr] Cloning into bare repository '/workspace/cache/git-repos/https%3A%2F%2Fgithub.com%2FMenkeTechnologies%2Fjavars'...
[INFO] running `Command { std: "git" "rev-parse" "HEAD", kill_on_drop: false }`
[INFO] [stdout] 5cccf9e0067c0904c460778cc8808f30d198194d
[INFO] testing MenkeTechnologies/javars against 1.100.0-beta.1 for beta-1.100-2
[INFO] running `Command { std: "git" "clone" "/workspace/cache/git-repos/https%3A%2F%2Fgithub.com%2FMenkeTechnologies%2Fjavars" "/workspace/builds/worker-1-tc2/source", kill_on_drop: false }`
[INFO] [stderr] Cloning into '/workspace/builds/worker-1-tc2/source'...
[INFO] [stderr] done.
[INFO] started tweaking git repo https://github.com/MenkeTechnologies/javars
[INFO] finished tweaking git repo https://github.com/MenkeTechnologies/javars
[INFO] tweaked toml for git repo https://github.com/MenkeTechnologies/javars written to /workspace/builds/worker-1-tc2/source/Cargo.toml
[INFO] validating manifest of git repo https://github.com/MenkeTechnologies/javars on toolchain 1.100.0-beta.1
[INFO] running `Command { std: CARGO_HOME="/workspace/cargo-home" RUSTUP_HOME="/workspace/rustup-home" "/workspace/cargo-home/bin/cargo" "+1.100.0-beta.1" "metadata" "--manifest-path" "Cargo.toml" "--no-deps", kill_on_drop: false }`
[INFO] crate git repo https://github.com/MenkeTechnologies/javars already has a lockfile, it will not be regenerated
[INFO] running `Command { std: CARGO_HOME="/workspace/cargo-home" RUSTUP_HOME="/workspace/rustup-home" "/workspace/cargo-home/bin/cargo" "+1.100.0-beta.1" "fetch" "--manifest-path" "Cargo.toml", kill_on_drop: false }`
[INFO] running `Command { std: "docker" "create" "-v" "/var/lib/crater-agent-workspace/builds/worker-1-tc2/source:/opt/rustwide/workdir:ro,Z" "-v" "/var/lib/crater-agent-workspace/builds/worker-1-tc2/target:/opt/rustwide/target:rw,Z" "-v" "/var/lib/crater-agent-workspace/cargo-home:/opt/rustwide/cargo-home:ro,Z" "-v" "/var/lib/crater-agent-workspace/rustup-home:/opt/rustwide/rustup-home:ro,Z" "-m" "1610612736" "--network" "none" "ghcr.io/rust-lang/crates-build-env/linux@sha256:3111399a4047eeb3a02b7a90e478d715f38a8c6669b5c4b49d30a17385265909" "sleep" "infinity", kill_on_drop: false }`
[INFO] [stdout] fb0cf09fa78aaf1f6dacaaffbd8f67c778cf5c8ab131325287e6f8d02f7f4cef
[INFO] running `Command { std: "docker" "start" "fb0cf09fa78aaf1f6dacaaffbd8f67c778cf5c8ab131325287e6f8d02f7f4cef", kill_on_drop: false }`
[INFO] running `Command { std: "docker" "inspect" "fb0cf09fa78aaf1f6dacaaffbd8f67c778cf5c8ab131325287e6f8d02f7f4cef", kill_on_drop: false }`
[INFO] running `Command { std: "docker" "exec" "-e" "SOURCE_DIR=/opt/rustwide/workdir" "-e" "CARGO_HOME=/opt/rustwide/cargo-home" "-e" "RUSTUP_HOME=/opt/rustwide/rustup-home" "-e" "CARGO_TARGET_DIR=/opt/rustwide/target" "-w" "/opt/rustwide/workdir" "--user" "0:0" "fb0cf09fa78aaf1f6dacaaffbd8f67c778cf5c8ab131325287e6f8d02f7f4cef" "/opt/rustwide/cargo-home/bin/cargo" "+1.100.0-beta.1" "metadata" "--no-deps" "--format-version=1", kill_on_drop: false }`
[INFO] running `Command { std: "docker" "inspect" "fb0cf09fa78aaf1f6dacaaffbd8f67c778cf5c8ab131325287e6f8d02f7f4cef", kill_on_drop: false }`
[INFO] running `Command { std: "docker" "exec" "-e" "SOURCE_DIR=/opt/rustwide/workdir" "-e" "CARGO_HOME=/opt/rustwide/cargo-home" "-e" "RUSTUP_HOME=/opt/rustwide/rustup-home" "-e" "CARGO_TARGET_DIR=/opt/rustwide/target" "-e" "CARGO_INCREMENTAL=0" "-e" "RUST_BACKTRACE=full" "-e" "RUSTFLAGS=--cap-lints=warn" "-e" "RUSTDOCFLAGS=--cap-lints=warn" "-w" "/opt/rustwide/workdir" "--user" "0:0" "fb0cf09fa78aaf1f6dacaaffbd8f67c778cf5c8ab131325287e6f8d02f7f4cef" "/opt/rustwide/cargo-home/bin/cargo" "+1.100.0-beta.1" "build" "--frozen" "--message-format=json", kill_on_drop: false }`
[INFO] [stderr]    Compiling proc-macro2 v1.0.107
[INFO] [stderr]    Compiling quote v1.0.47
[INFO] [stderr]    Compiling cranelift-srcgen v0.130.2
[INFO] [stderr]    Compiling wasmtime-internal-core v43.0.2
[INFO] [stderr]    Compiling cranelift-isle v0.130.2
[INFO] [stderr]    Compiling cranelift-codegen-shared v0.130.2
[INFO] [stderr]    Compiling memchr v2.8.3
[INFO] [stderr]    Compiling target-lexicon v0.13.5
[INFO] [stderr]    Compiling hashbrown v0.16.1
[INFO] [stderr]    Compiling indexmap v2.14.0
[INFO] [stderr]    Compiling bumpalo v3.20.3
[INFO] [stderr]    Compiling rustc-hash v2.1.3
[INFO] [stderr]    Compiling serde_core v1.0.229
[INFO] [stderr]    Compiling fnv v1.0.7
[INFO] [stderr]    Compiling arbitrary v1.4.2
[INFO] [stderr]    Compiling smallvec v1.15.2
[INFO] [stderr]    Compiling libc v0.2.187
[INFO] [stderr]    Compiling typenum v1.20.1
[INFO] [stderr]    Compiling anyhow v1.0.104
[INFO] [stderr]    Compiling serde v1.0.229
[INFO] [stderr]    Compiling crc32fast v1.5.0
[INFO] [stderr]    Compiling zmij v1.0.23
[INFO] [stderr]    Compiling cranelift-assembler-x64-meta v0.130.2
[INFO] [stderr]    Compiling regalloc2 v0.15.2
[INFO] [stderr]    Compiling serde_json v1.0.151
[INFO] [stderr]    Compiling crossbeam-utils v0.8.22
[INFO] [stderr]    Compiling object v0.38.1
[INFO] [stderr]    Compiling aho-corasick v1.1.5
[INFO] [stderr]    Compiling syn v3.0.2
[INFO] [stderr]    Compiling syn v2.0.119
[INFO] [stderr]    Compiling gimli v0.33.0
[INFO] [stderr]    Compiling generic-array v0.14.7
[INFO] [stderr]    Compiling regex-syntax v0.8.11
[INFO] [stderr]    Compiling bit-vec v0.8.0
[INFO] [stderr]    Compiling thiserror v2.0.19
[INFO] [stderr]    Compiling cranelift-codegen-meta v0.130.2
[INFO] [stderr]    Compiling cranelift-control v0.130.2
[INFO] [stderr]    Compiling cranelift-bitset v0.130.2
[INFO] [stderr]    Compiling crossbeam-channel v0.5.16
[INFO] [stderr]    Compiling region v3.0.2
[INFO] [stderr]    Compiling cranelift-entity v0.130.2
[INFO] [stderr]    Compiling wasmtime-internal-jit-icache-coherence v43.0.2
[INFO] [stderr]    Compiling bit-set v0.8.0
[INFO] [stderr]    Compiling crypto-common v0.1.7
[INFO] [stderr]    Compiling block-buffer v0.10.4
[INFO] [stderr]    Compiling chrono v0.4.45
[INFO] [stderr]    Compiling fluent-uri v0.1.4
[INFO] [stderr]    Compiling digest v0.10.7
[INFO] [stderr]    Compiling cranelift-bforest v0.130.2
[INFO] [stderr]    Compiling sha2 v0.10.9
[INFO] [stderr]    Compiling glob v0.3.3
[INFO] [stderr]    Compiling cranelift-assembler-x64 v0.130.2
[INFO] [stderr]    Compiling regex-automata v0.4.18
[INFO] [stderr]    Compiling serde_derive v1.0.229
[INFO] [stderr]    Compiling thiserror-impl v2.0.19
[INFO] [stderr]    Compiling serde_repr v0.1.21
[INFO] [stderr]    Compiling cranelift-codegen v0.130.2
[INFO] [stderr]    Compiling tracing-attributes v0.1.31
[INFO] [stderr]    Compiling tracing v0.1.44
[INFO] [stderr]    Compiling fancy-regex v0.18.0
[INFO] [stderr]    Compiling bincode v1.3.3
[INFO] [stderr]    Compiling lsp-server v0.7.9
[INFO] [stderr]    Compiling lsp-types v0.97.0
[INFO] [stderr]    Compiling cranelift-module v0.130.2
[INFO] [stderr]    Compiling cranelift-native v0.130.2
[INFO] [stderr]    Compiling cranelift-frontend v0.130.2
[INFO] [stderr]    Compiling cranelift-object v0.130.2
[INFO] [stderr]    Compiling cranelift-jit v0.130.2
[INFO] [stderr]    Compiling fusevm v0.26.9
[INFO] [stderr]    Compiling javars v0.1.13 (/opt/rustwide/workdir)
[INFO] [stderr] warning: unused dependency `thiserror`
[INFO] [stderr]   --> Cargo.toml:19:1
[INFO] [stderr]    |
[INFO] [stderr] 19 | thiserror = "2.0"
[INFO] [stderr]    | ^^^^^^^^^^^^^^^^^
[INFO] [stderr]    |
[INFO] [stderr]    = note: `cargo::unused_dependencies` is set to `warn` by default
[INFO] [stderr] help: consider removing the dependency on `thiserror`
[INFO] [stderr] warning: `javars` (manifest) generated 1 warning
[INFO] [stderr]     Finished `dev` profile [unoptimized + debuginfo] target(s) in 1m 50s
[INFO] running `Command { std: "docker" "inspect" "fb0cf09fa78aaf1f6dacaaffbd8f67c778cf5c8ab131325287e6f8d02f7f4cef", kill_on_drop: false }`
[INFO] running `Command { std: "docker" "exec" "-e" "SOURCE_DIR=/opt/rustwide/workdir" "-e" "CARGO_HOME=/opt/rustwide/cargo-home" "-e" "RUSTUP_HOME=/opt/rustwide/rustup-home" "-e" "CARGO_TARGET_DIR=/opt/rustwide/target" "-e" "CARGO_INCREMENTAL=0" "-e" "RUST_BACKTRACE=full" "-e" "RUSTFLAGS=--cap-lints=warn" "-e" "RUSTDOCFLAGS=--cap-lints=warn" "-w" "/opt/rustwide/workdir" "--user" "0:0" "fb0cf09fa78aaf1f6dacaaffbd8f67c778cf5c8ab131325287e6f8d02f7f4cef" "/opt/rustwide/cargo-home/bin/cargo" "+1.100.0-beta.1" "test" "--frozen" "--no-run" "--message-format=json", kill_on_drop: false }`
[INFO] [stderr]    Compiling getrandom v0.4.3
[INFO] [stderr]    Compiling bitflags v2.13.1
[INFO] [stderr]    Compiling fastrand v2.5.0
[INFO] [stderr]    Compiling rustix v1.1.4
[INFO] [stderr]    Compiling tempfile v3.27.0
[INFO] [stderr]    Compiling javars v0.1.13 (/opt/rustwide/workdir)
[INFO] [stderr]     Finished `test` profile [unoptimized + debuginfo] target(s) in 17.80s
[INFO] running `Command { std: "docker" "inspect" "fb0cf09fa78aaf1f6dacaaffbd8f67c778cf5c8ab131325287e6f8d02f7f4cef", kill_on_drop: false }`
[INFO] running `Command { std: "docker" "exec" "-e" "SOURCE_DIR=/opt/rustwide/workdir" "-e" "CARGO_HOME=/opt/rustwide/cargo-home" "-e" "RUSTUP_HOME=/opt/rustwide/rustup-home" "-e" "CARGO_TARGET_DIR=/opt/rustwide/target" "-e" "CARGO_INCREMENTAL=0" "-e" "RUST_BACKTRACE=full" "-e" "RUSTFLAGS=--cap-lints=warn" "-e" "RUSTDOCFLAGS=--cap-lints=warn" "-w" "/opt/rustwide/workdir" "--user" "0:0" "fb0cf09fa78aaf1f6dacaaffbd8f67c778cf5c8ab131325287e6f8d02f7f4cef" "/opt/rustwide/cargo-home/bin/cargo" "+1.100.0-beta.1" "test" "--frozen", kill_on_drop: false }`
[INFO] [stderr]     Finished `test` profile [unoptimized + debuginfo] target(s) in 0.27s
[INFO] [stderr]      Running unittests src/lib.rs (/opt/rustwide/target/debug/build/javars/6030f37999cb373e/out/javars-6030f37999cb373e)
[INFO] [stdout] 
[INFO] [stdout] running 10 tests
[INFO] [stdout] test host::cast_target_tables::castable_targets_are_closed_over_the_supertype_graph ... ok
[INFO] [stdout] test rust_ffi::tests::leaves_ordinary_java_untouched ... ok
[INFO] [stdout] test host::cast_target_tables::the_internal_shape_names_are_unwritable_but_still_carry_supertypes ... ok
[INFO] [stdout] test rust_ffi::tests::desugars_block_inside_main ... ok
[INFO] [stdout] test host::cast_target_tables::object_is_not_a_checkable_target ... ok
[INFO] [stdout] test tiers::tests::fusevms_native_array_ops_are_no_more_compilable_than_the_builtin ... ok
[INFO] [stdout] test tiers::tests::a_rotated_slot_loop_reaches_a_compiled_trace ... ok
[INFO] [stdout] test tiers::tests::a_counted_loop_reaches_a_compiled_trace ... ok
[INFO] [stdout] test tiers::tests::while_and_do_while_reach_a_compiled_trace ... ok
[INFO] [stdout] test tiers::tests::an_array_loop_does_not_trace_because_element_access_is_a_builtin ... ok
[INFO] [stdout] 
[INFO] [stderr]      Running unittests src/bin/gen_docs.rs (/opt/rustwide/target/debug/build/javars/3b961841aab40028/out/gen_docs-3b961841aab40028)
[INFO] [stdout] test result: ok. 10 passed; 0 failed; 0 ignored; 0 measured; 0 filtered out; finished in 1.18s
[INFO] [stdout] 
[INFO] [stdout] 
[INFO] [stdout] running 0 tests
[INFO] [stdout] 
[INFO] [stdout] test result: ok. 0 passed; 0 failed; 0 ignored; 0 measured; 0 filtered out; finished in 0.00s
[INFO] [stdout] 
[INFO] [stderr]      Running unittests src/main.rs (/opt/rustwide/target/debug/build/javars/19e84261e08accb6/out/java-19e84261e08accb6)
[INFO] [stderr]      Running unittests src/bin/parity_fuzz.rs (/opt/rustwide/target/debug/build/javars/e8c8f3e124f553b6/out/parity_fuzz-e8c8f3e124f553b6)
[INFO] [stdout] 
[INFO] [stdout] running 0 tests
[INFO] [stdout] 
[INFO] [stdout] test result: ok. 0 passed; 0 failed; 0 ignored; 0 measured; 0 filtered out; finished in 0.00s
[INFO] [stdout] 
[INFO] [stdout] 
[INFO] [stdout] running 11 tests
[INFO] [stdout] test literal_spans_tests::a_bare_decimal_is_a_literal_and_a_digit_inside_a_name_is_not ... ok
[INFO] [stdout] test literal_spans_tests::digits_inside_a_string_are_the_strings_content_not_the_programs ... ok
[INFO] [stdout] test literal_spans_tests::a_char_literal_and_an_escaped_quote_do_not_open_a_string ... ok
[INFO] [stdout] test regex_pairing::replacement_references_are_read_through_both_escape_layers ... ok
[INFO] [stdout] test regex_pairing::lookbehind_is_not_a_named_group ... ok
[INFO] [stdout] test literal_spans_tests::a_suffixed_or_fractional_literal_is_left_whole_or_left_alone ... ok
[INFO] [stdout] test regex_pairing::the_program_that_caused_the_skips_is_now_unpairable ... ok
[INFO] [stdout] test regex_pairing::group_counts_match_the_jdk ... ok
[INFO] [stdout] test regex_pairing::no_replacement_and_no_pattern_became_unreachable ... ok
[INFO] [stdout] test regex_pairing::every_reachable_pairing_is_legal ... ok
[INFO] [stdout] test operand_splicing::no_generator_prefixes_an_operator_onto_a_signed_literal ... ok
[INFO] [stdout] 
[INFO] [stdout] test result: ok. 11 passed; 0 failed; 0 ignored; 0 measured; 0 filtered out; finished in 1.23s
[INFO] [stdout] 
[INFO] [stdout] 
[INFO] [stderr]      Running tests/builtin_ids.rs (/opt/rustwide/target/debug/build/javars/c145a7354d1ccf3a/out/builtin_ids-c145a7354d1ccf3a)
[INFO] [stdout] running 3 tests
[INFO] [stdout] test no_two_builtins_share_an_id ... ok
[INFO] [stdout] test no_builtin_name_is_declared_twice ... ok
[INFO] [stdout] test every_builtin_is_registered_exactly_once ... ok
[INFO] [stdout] 
[INFO] [stdout] test result: ok. 3 passed; 0 failed; 0 ignored; 0 measured; 0 filtered out; finished in 0.13s
[INFO] [stdout] 
[INFO] [stdout] 
[INFO] [stdout] running 306 tests
[INFO] [stderr]      Running tests/eval.rs (/opt/rustwide/target/debug/build/javars/75a41195be858954/out/eval-75a41195be858954)
[INFO] [stdout] test a_class_declared_twice_is_rejected_rather_than_silently_resolved ... ok
[INFO] [stdout] test a_constructor_declared_twice_is_rejected_at_the_declaration ... ok
[INFO] [stdout] test a_capitalised_qualifier_that_is_not_a_type_stays_an_expression ... ok
[INFO] [stdout] test a_dotted_expression_statement_is_not_read_as_a_declaration ... ok
[INFO] [stdout] test a_boxed_primitive_answers_its_own_methods_not_its_texts ... ok
[INFO] [stdout] test a_compound_assignment_narrows_a_floating_operand_back_to_an_integral_target ... ok
[INFO] [stdout] test a_constructor_that_does_not_chain_explicitly_still_runs_the_implicit_super ... ok
[INFO] [stdout] test a_builders_chars_stream_reads_its_current_contents ... ok
[INFO] [stdout] test a_collection_compares_doubles_by_bits_the_way_double_equals_does ... ok
[INFO] [stdout] test a_class_named_for_a_descriptor_letter_keeps_its_own_simple_name ... ok
[INFO] [stdout] test a_field_declared_twice_is_rejected_rather_than_silently_resolved ... ok
[INFO] [stdout] test a_grown_copy_of_an_empty_array_pads_with_the_element_types_zero ... ok
[INFO] [stdout] test a_float_reaches_format_as_text_or_as_a_number_by_conversion ... ok
[INFO] [stdout] test a_host_raised_throwable_is_catchable_whatever_spelling_raised_it ... ok
[INFO] [stdout] test a_format_conversion_rejects_an_argument_of_the_wrong_boxed_type ... ok
[INFO] [stdout] test a_maps_compound_methods_follow_the_jdk_default_bodies ... ok
[INFO] [stdout] test a_nested_type_may_be_named_through_its_enclosing_class ... ok
[INFO] [stdout] test a_format_failure_reaches_the_handler_its_java_supertype_names ... ok
[INFO] [stdout] test a_bad_reference_cast_between_jdk_types_throws_with_javas_message ... ok
[INFO] [stdout] test a_boxed_compare_to_null_names_the_boxs_own_parameter ... ok
[INFO] [stdout] test a_deque_reads_from_both_ends_and_says_which_end_was_empty ... ok
[INFO] [stdout] test a_constructor_reference_names_a_stdlib_types_no_arg_constructor ... ok
[INFO] [stdout] test a_key_added_by_compute_heads_its_hash_bin ... ok
[INFO] [stdout] test a_bad_format_specifier_is_a_catchable_illegal_format_exception ... ok
[INFO] [stdout] test a_repeated_enum_constant_is_rejected ... ok
[INFO] [stdout] test a_diagnostic_naming_a_type_uses_the_jdks_own_spelling ... ok
[INFO] [stdout] test a_primitive_input_function_boxes_a_char_result ... ok
[INFO] [stdout] test a_repeated_parameter_name_is_rejected ... ok
[INFO] [stdout] test a_null_monitor_throws_before_the_synchronized_body_runs ... ok
[INFO] [stdout] test a_reference_cast_still_walks_the_shared_supertype_graph ... ok
[INFO] [stdout] test a_null_parse_is_caught_by_the_handler_java_sends_it_to ... ok
[INFO] [stdout] test a_unicode_escape_may_repeat_its_u_and_may_spell_an_identifier ... ok
[INFO] [stdout] test a_downcast_is_checked_against_the_runtime_class ... ok
[INFO] [stdout] test a_static_method_declared_twice_is_rejected_at_the_declaration ... ok
[INFO] [stdout] test a_static_method_reference_names_the_bit_and_objects_statics ... ok
[INFO] [stdout] test a_sort_with_no_comparator_orders_by_the_elements_own_compare_to ... ok
[INFO] [stdout] test a_runtime_fault_is_a_catchable_exception ... ok
[INFO] [stdout] test a_user_class_named_string_builder_wins_over_the_jdk_one ... ok
[INFO] [stdout] test a_package_qualifier_resolves_to_the_simple_name_in_declaration_position ... ok
[INFO] [stdout] test a_surrogate_unicode_escape_is_refused_rather_than_mangled ... ok
[INFO] [stdout] test a_reference_cast_names_the_collections_instanceof_already_named ... ok
[INFO] [stdout] test a_subnormal_renders_with_javas_two_digit_widening ... ok
[INFO] [stdout] test an_enum_constant_with_arguments_is_rejected ... ok
[INFO] [stdout] test a_wrapper_constant_divides_at_its_own_declared_width ... ok
[INFO] [stdout] test a_user_tostring_answers_at_every_surface_that_renders_a_value ... ok
[INFO] [stdout] test an_ambiguous_method_reference_is_a_compile_error ... ok
[INFO] [stdout] test a_jump_out_of_a_try_runs_its_finally_first ... ok
[INFO] [stdout] test an_instance_method_declared_twice_is_rejected ... ok
[INFO] [stdout] test a_string_method_given_null_throws_instead_of_coercing_it_to_empty ... ok
[INFO] [stdout] test a_widening_reference_cast_still_passes ... ok
[INFO] [stdout] test a_throw_from_a_catch_arm_still_runs_the_finally ... ok
[INFO] [stdout] test an_escaped_backslash_does_not_open_a_unicode_escape ... ok
[INFO] [stdout] test an_overload_that_differs_only_in_parameter_type_is_still_accepted ... ok
[INFO] [stdout] test an_enums_compare_to_is_its_ordinal_difference ... ok
[INFO] [stdout] test a_type_parameter_shadowing_a_class_name_still_erases ... ok
[INFO] [stdout] test a_replacement_scanner_reports_the_diagnostic_the_jdk_reports ... ok
[INFO] [stdout] test a_user_defined_throwable_reports_its_own_class_not_its_superclass ... ok
[INFO] [stdout] test an_uncaught_throw_from_a_lambda_exits_non_zero ... ok
[INFO] [stdout] test array_is_passed_by_reference_and_mutation_is_visible_in_caller ... ok
[INFO] [stdout] test array_element_compound_assignment_and_post_increment ... ok
[INFO] [stdout] test a_catch_type_javars_does_not_model_is_rejected_rather_than_never_matching ... ok
[INFO] [stdout] test an_anonymous_object_that_overrides_tostring_is_a_class_not_a_lambda ... ok
[INFO] [stdout] test array_statics_sort_copy_and_render_nested ... ok
[INFO] [stdout] test an_unqualified_object_method_inside_an_instance_member_is_an_implicit_this_call ... ok
[INFO] [stdout] test annotations_are_dropped ... ok
[INFO] [stdout] test arrow_switch_expressions_yield_a_value ... ok
[INFO] [stdout] test binary_search_lands_on_the_jdks_own_probe_when_the_key_repeats ... ok
[INFO] [stdout] test array_index_out_of_bounds_is_an_error ... ok
[INFO] [stdout] test an_uncaught_user_throwable_reports_its_binary_name ... ok
[INFO] [stdout] test an_uncaught_runtime_fault_exits_non_zero ... ok
[INFO] [stdout] test arrow_switch_statements_and_arms_that_leave_the_switch ... ok
[INFO] [stdout] test array_literal_and_length_drive_a_loop ... ok
[INFO] [stdout] test char_arithmetic_promotes_to_int_and_renders_as_a_character ... ok
[INFO] [stdout] test an_immutable_collection_refuses_a_null_query_instead_of_answering_false ... ok
[INFO] [stdout] test array_constructor_references ... ok
[INFO] [stdout] test char_array_round_trips_through_string_and_arrays ... ok
[INFO] [stdout] test assignment_is_an_expression ... ok
[INFO] [stdout] test catch_matching_still_walks_the_same_graph_as_instanceof ... ok
[INFO] [stdout] test arrays_to_string_of_int_and_string_arrays ... ok
[INFO] [stdout] test boxed_char_in_a_collection_and_the_conditional_constant_rule ... ok
[INFO] [stdout] test class_implementing_multiple_interfaces_and_instanceof ... ok
[INFO] [stdout] test chained_string_calls ... ok
[INFO] [stdout] test class_constructor_fields_and_instance_methods ... ok
[INFO] [stdout] test array_of_objects_constructed_in_a_loop ... ok
[INFO] [stdout] test bitwise_operators_follow_java_widths ... ok
[INFO] [stdout] test char_code_point_indexing_idioms ... ok
[INFO] [stdout] test catch_arms_match_in_source_order_and_finally_always_runs ... ok
[INFO] [stdout] test colon_form_switch_expression_yields ... ok
[INFO] [stdout] test an_untranslatable_regex_construct_is_refused_by_name ... ok
[INFO] [stdout] test char_flows_through_character_statics_and_string_methods ... ok
[INFO] [stdout] test boolean_prints_java_style ... ok
[INFO] [stdout] test char_mutation_wraps_at_sixteen_unsigned_bits ... ok
[INFO] [stdout] test compare_to_answers_by_the_receivers_type_not_by_its_text ... ok
[INFO] [stdout] test buffered_reader_reads_stdin_lines_to_null ... ok
[INFO] [stdout] test char_array_ranges_to_chars_and_identifier_predicates ... ok
[INFO] [stdout] test compound_assignment_narrows_back_to_a_subint_target ... ok
[INFO] [stdout] test constructor_overloading_by_type ... ok
[INFO] [stdout] test do_while_runs_body_before_testing ... ok
[INFO] [stdout] test compare_to_on_an_erased_receiver_reaches_the_elements_own_body ... ok
[INFO] [stdout] test division_truncates_toward_zero_and_stays_float_when_typed ... ok
[INFO] [stdout] test division_uses_declared_variable_types ... ok
[INFO] [stdout] test boxing_an_already_boxed_value_is_identity ... ok
[INFO] [stdout] test enhanced_for_honours_labeled_break_and_continue ... ok
[INFO] [stdout] test enhanced_for_iterates_arrays_once ... ok
[INFO] [stdout] test enum_constants_carry_per_constant_state ... ok
[INFO] [stdout] test fizzbuzz_first_five ... ok
[INFO] [stdout] test comparator_statics_order_by_the_elements_natural_ordering ... ok
[INFO] [stdout] test float_mutation_and_arrays_stay_at_32_bits ... ok
[INFO] [stdout] test enum_constants_with_bodies_override_per_constant ... ok
[INFO] [stdout] test exceptions_propagate_across_call_frames_to_a_handler ... ok
[INFO] [stdout] test float_arithmetic_rounds_once_per_operation ... ok
[INFO] [stdout] test enum_statics_unqualified_and_declared ... ok
[INFO] [stdout] test float_is_a_32_bit_type_not_a_double ... ok
[INFO] [stdout] test erased_library_generic_type_args_parse ... ok
[INFO] [stdout] test collectors_cover_the_jdk_factories ... ok
[INFO] [stdout] test double_compare_to_is_a_total_order_over_nan_and_negative_zero ... ok
[INFO] [stdout] test double_prints_with_trailing_point_zero ... ok
[INFO] [stdout] test final_formal_parameters ... ok
[INFO] [stdout] test for_header_takes_comma_separated_clauses ... ok
[INFO] [stdout] test generic_class_box_erases_and_runs ... ok
[INFO] [stdout] test float_notation_thresholds_and_statics ... ok
[INFO] [stdout] test enhanced_for_over_a_user_iterable ... ok
[INFO] [stdout] test for_loop_counts ... ok
[INFO] [stdout] test an_undeclared_name_is_a_compile_error_not_a_null ... ok
[INFO] [stdout] test if_else_chain ... ok
[INFO] [stdout] test for_loop_with_break_and_continue ... ok
[INFO] [stdout] test inner_class_writes_outer_fields ... ok
[INFO] [stdout] test format_flags_indexes_and_scientific_conversions ... ok
[INFO] [stdout] test generic_interface_method_dispatches_to_erased_override ... ok
[INFO] [stdout] test functional_interface_default_and_static_members_run_on_a_lambda ... ok
[INFO] [stdout] test index_of_clamps_from_index_at_both_ends ... ok
[INFO] [stdout] test instance_method_overloading_by_type ... ok
[INFO] [stdout] test get_class_reports_the_runtime_class_name ... ok
[INFO] [stdout] test generic_class_with_two_type_params ... ok
[INFO] [stdout] test instanceof_respects_the_subclass_chain ... ok
[INFO] [stdout] test instance_field_initializers_run_before_the_constructor ... ok
[INFO] [stdout] test instanceof_null_is_false_for_every_type_including_object ... ok
[INFO] [stdout] test instanceof_gives_an_enum_and_a_record_their_implicit_supertypes ... ok
[INFO] [stdout] test get_class_names_a_modeled_jdk_type_and_an_array ... ok
[INFO] [stdout] test instanceof_separates_the_boxed_wrappers_and_their_interfaces ... ok
[INFO] [stdout] test generic_static_method_and_bounded_type_param ... ok
[INFO] [stdout] test enum_constants_are_singletons_with_name_and_ordinal ... ok
[INFO] [stdout] test instance_initializer_blocks_run_in_textual_order_with_the_field_initializers ... ok
[INFO] [stdout] test instanceof_tells_set_of_apart_from_a_hash_set ... ok
[INFO] [stdout] test integer_sum_wraps_at_thirty_two_bits_and_long_sum_does_not ... ok
[INFO] [stdout] test instanceof_answers_arrays_and_throwables ... ok
[INFO] [stdout] test integral_division_is_exact_at_64_bits ... ok
[INFO] [stdout] test inner_classes_hold_the_enclosing_instance ... ok
[INFO] [stdout] test integer_parse_int_rejects_non_numeric ... ok
[INFO] [stdout] test integer_parse_value_and_to_string_with_radix ... ok
[INFO] [stdout] test instanceof_walks_the_jdk_collection_hierarchy ... ok
[INFO] [stdout] test int_hash_loop_matches_the_jdk ... ok
[INFO] [stdout] test integer_arithmetic_and_precedence ... ok
[INFO] [stdout] test instantiating_an_interface_is_an_error ... ok
[INFO] [stdout] test collections_take_lambdas_and_raise_javas_faults ... ok
[INFO] [stdout] test labeled_continue_advances_outer_loop ... ok
[INFO] [stdout] test labeled_break_exits_outer_loop ... ok
[INFO] [stdout] test interface_extends_interface_default_override ... ok
[INFO] [stdout] test list_map_and_set_methods_match_java ... ok
[INFO] [stdout] test integer_division_truncates_and_modulo ... ok
[INFO] [stdout] test local_types_sharing_a_simple_name ... ok
[INFO] [stdout] test interface_default_method_calls_abstract_method ... ok
[INFO] [stdout] test interface_dispatch_through_interface_typed_variable ... ok
[INFO] [stdout] test long_literals_are_not_wrapped_at_32_bits ... ok
[INFO] [stdout] test local_class_in_an_instance_method_is_inner ... ok
[INFO] [stdout] test instanceof_tells_the_three_list_views_apart ... ok
[INFO] [stdout] test instanceof_object_is_true_for_every_non_null_reference ... ok
[INFO] [stdout] test int_arithmetic_wraps_at_32_bits_and_long_does_not ... ok
[INFO] [stdout] test list_iterator_walks_both_ways_and_writes_through ... ok
[INFO] [stdout] test local_class_captures_enclosing_locals ... ok
[INFO] [stdout] test labeled_jumps_out_of_a_try_run_the_finally ... ok
[INFO] [stdout] test long_min_value_divided_by_minus_one_wraps_rather_than_saturating ... ok
[INFO] [stdout] test main_args_carries_the_program_arguments ... ok
[INFO] [stdout] test math_round_of_a_float_narrows_to_int_rather_than_wrapping ... ok
[INFO] [stdout] test method_call_result_feeds_arithmetic ... ok
[INFO] [stdout] test math_max_min_and_pow_propagate_nan_where_ieee_does_not ... ok
[INFO] [stdout] test method_taking_interface_calls_polymorphically ... ok
[INFO] [stdout] test missing_main_is_an_error ... ok
[INFO] [stdout] test mutual_recursion_via_forward_reference ... ok
[INFO] [stdout] test local_type_declarations ... ok
[INFO] [stdout] test math_functions_match_java_overload_typing ... ok
[INFO] [stdout] test lambdas_implement_functional_interfaces ... ok
[INFO] [stdout] test math_round_is_the_jdk_algorithm_not_floor_of_a_plus_half ... ok
[INFO] [stdout] test nested_array_literal_including_jagged_rows ... ok
[INFO] [stdout] test nested_generic_type_arguments_still_parse_after_shift_lexing ... ok
[INFO] [stdout] test narrowing_casts_saturate_and_wrap_like_java ... ok
[INFO] [stdout] test new_int_array_defaults_indexing_and_length ... ok
[INFO] [stdout] test messageless_host_throwable_has_a_null_detail_message ... ok
[INFO] [stdout] test multi_catch_matches_any_listed_type ... ok
[INFO] [stdout] test one_declaration_statement_can_declare_several_variables ... ok
[INFO] [stdout] test overload_by_reference_type_picks_most_specific ... ok
[INFO] [stdout] test overriding_one_overload_dispatches_virtually ... ok
[INFO] [stdout] test overridden_method_dispatches_on_runtime_class ... ok
[INFO] [stdout] test object_equality_is_reference_identity ... ok
[INFO] [stdout] test multidimensional_array_allocate_index_and_length ... ok
[INFO] [stdout] test objects_are_passed_and_assigned_by_reference ... ok
[INFO] [stdout] test overloads_get_distinct_subroutines_rather_than_colliding_by_name ... ok
[INFO] [stdout] test parse_double_accepts_javas_grammar_and_not_rusts ... ok
[INFO] [stdout] test percent_f_rounds_the_shortest_decimal_half_up_not_the_exact_binary_expansion ... ok
[INFO] [stdout] test new_object_is_a_distinct_identity_with_objects_inherited_methods ... ok
[INFO] [stdout] test pow_takes_fdlibms_reciprocal_shortcut_at_exponent_minus_one ... ok
[INFO] [stdout] test objects_answers_for_a_null_and_boxes_a_char ... ok
[INFO] [stdout] test parsing_a_null_string_faults_with_javas_class_not_just_javas_wording ... ok
[INFO] [stdout] test recursion_does_not_clobber_frame_locals ... ok
[INFO] [stdout] test priority_queue_iterator_remove_visits_every_element_once ... ok
[INFO] [stdout] test regex_anchors_and_dot_follow_javas_line_terminators ... ok
[INFO] [stdout] test records_derive_accessors_tostring_and_equals ... ok
[INFO] [stdout] test lambdas_capture_by_value_and_method_references_desugar ... ok
[INFO] [stdout] test regex_errors_are_the_throwables_java_raises ... ok
[INFO] [stdout] test regex_matches_anchors_the_whole_input ... ok
[INFO] [stdout] test prints_a_string_literal ... ok
[INFO] [stdout] test pre_and_post_increment_differ_in_value_position ... ok
[INFO] [stdout] test regex_replacement_uses_javas_dollar_and_backslash_grammar ... ok
[INFO] [stdout] test radix_and_underscore_literals ... ok
[INFO] [stdout] test regex_split_honours_javas_field_rules ... ok
[INFO] [stdout] test regex_predefined_classes_and_case_folding_are_ascii_only ... ok
[INFO] [stdout] test remove_if_through_a_view_keeps_the_view_usable ... ok
[INFO] [stdout] test scanner_reads_tokens_and_lines_from_stdin ... ok
[INFO] [stdout] test remove_int_is_by_element_off_a_list_static_type ... ok
[INFO] [stdout] test shift_distance_is_masked_to_the_left_operands_width ... ok
[INFO] [stdout] test scientific_conversions_round_half_up_like_javas_formatter ... ok
[INFO] [stdout] test short_circuit_and_or ... ok
[INFO] [stdout] test static_fields_are_shared_across_instances_and_subclasses ... ok
[INFO] [stdout] test replace_all_writes_through_and_invalidates_a_view ... ok
[INFO] [stdout] test static_fields_are_one_cell_per_class ... ok
[INFO] [stdout] test sorting_is_stable_across_the_merge_passes ... ok
[INFO] [stdout] test static_overload_resolves_by_primitive_and_string_type ... ok
[INFO] [stdout] test rendering_runs_the_override_as_real_code_and_names_the_nesting ... ok
[INFO] [stdout] test string_array_elements_are_reference_typed ... ok
[INFO] [stdout] test static_method_with_parameters ... ok
[INFO] [stdout] test remove_if_reports_through_the_receivers_fixity ... ok
[INFO] [stdout] test string_compare_to_returns_javas_difference_not_just_its_sign ... ok
[INFO] [stdout] test string_builder_char_at_is_a_char_and_its_arithmetic_is_a_code_point ... ok
[INFO] [stdout] test stream_concat_and_while_stages_stay_lazy ... ok
[INFO] [stdout] test string_chars_and_lines_are_streams_over_terminators ... ok
[INFO] [stdout] test string_plus_int_concatenation ... ok
[INFO] [stdout] test string_length_case_and_substring ... ok
[INFO] [stdout] test string_format_conversions_flags_and_width ... ok
[INFO] [stdout] test string_search_split_and_regexless_replace ... ok
[INFO] [stdout] test string_search_and_predicates ... ok
[INFO] [stdout] test string_value_of_and_boolean_parse ... ok
[INFO] [stdout] test string_index_out_of_range_is_an_error ... ok
[INFO] [stdout] test strip_and_isblank_use_javas_whitespace_set_not_unicode_white_space ... ok
[INFO] [stdout] test sublist_is_a_view_that_writes_through_in_both_directions ... ok
[INFO] [stdout] test super_method_calls_the_version_it_overrides_rather_than_dispatching_virtually ... ok
[INFO] [stdout] test subclass_inherits_fields_and_super_constructor_runs ... ok
[INFO] [stdout] test string_equals_and_transform ... ok
[INFO] [stdout] test string_builder_is_a_reference_shared_across_frames_and_containers ... ok
[INFO] [stdout] test priority_queue_keeps_the_jdk_heap_layout ... ok
[INFO] [stdout] test switch_break_exits_switch_not_enclosing_loop ... ok
[INFO] [stdout] test super_outside_an_instance_method_and_an_absent_superclass_member_are_errors ... ok
[INFO] [stdout] test sublist_raises_concurrent_modification_after_the_parent_changes ... ok
[INFO] [stdout] test map_entry_holds_for_keys_the_bucket_index_declines ... ok
[INFO] [stdout] test map_entry_detaches_when_its_key_is_removed ... ok
[INFO] [stdout] test collection_to_array_fills_or_allocates ... ok
[INFO] [stdout] test switch_default_reached_when_no_case_matches ... ok
[INFO] [stdout] test map_entry_is_one_node_per_key ... ok
[INFO] [stdout] test map_entry_value_follows_the_map ... ok
[INFO] [stdout] test hash_map_and_hash_set_iterate_in_javas_bucket_order ... ok
[INFO] [stdout] test ternary_is_right_associative ... ok
[INFO] [stdout] test map_entry_detaches_even_when_nothing_reads_it_in_between ... ok
[INFO] [stdout] test switch_string_falls_through_without_break ... ok
[INFO] [stdout] test set_of_refuses_every_structural_change ... ok
[INFO] [stdout] test ternary_result_type_drives_division ... ok
[INFO] [stdout] test ternary_selects_branch_by_condition ... ok
[INFO] [stdout] test the_integral_math_overloads_wrap_instead_of_panicking ... ok
[INFO] [stdout] test the_conversions_that_accept_their_argument_still_do ... ok
[INFO] [stdout] test the_bit_statics_answer_at_their_declared_width ... ok
[INFO] [stdout] test super_reaches_a_field_a_lambda_a_method_reference_and_objects_equals ... ok
[INFO] [stdout] test tostring_override_is_used_by_println_and_explicit_call ... ok
[INFO] [stdout] test the_immutable_factories_reject_a_null_element_rather_than_holding_it ... ok
[INFO] [stdout] test system_exit_stops_without_finally_and_reports_its_status ... ok
[INFO] [stdout] test switch_int_fallthrough_and_grouped_labels ... ok
[INFO] [stdout] test tostring_dispatches_through_an_interface_typed_receiver ... ok
[INFO] [stdout] test sublist_nests_and_reports_javas_two_bounds_failures ... ok
[INFO] [stdout] test the_hash_code_statics_fold_each_box_at_its_own_width ... ok
[INFO] [stdout] test the_cast_message_names_the_classes_that_depend_on_the_value ... ok
[INFO] [stdout] test system_err_writes_to_stderr_not_stdout ... ok
[INFO] [stdout] test unicode_escapes_are_translated_before_lexing ... ok
[INFO] [stdout] test uncaught_exception_reports_and_exits_nonzero ... ok
[INFO] [stdout] test unknown_static_method_is_an_error ... ok
[INFO] [stdout] test two_sibling_blocks_may_still_reuse_a_local_name ... ok
[INFO] [stdout] test unary_negation_and_not ... ok
[INFO] [stdout] test this_delegates_to_another_constructor_of_the_same_class ... ok
[INFO] [stdout] test var_is_rejected_in_a_compound_declaration ... ok
[INFO] [stdout] test user_exception_subclass_carries_its_own_state ... ok
[INFO] [stdout] test the_cast_and_instanceof_agree_on_every_shape_the_model_names ... ok
[INFO] [stdout] test varargs_resolution_runs_after_both_fixed_arity_phases ... ok
[INFO] [stdout] test utf8_string_literal_survives ... ok
[INFO] [stdout] test void_method_with_early_return ... ok
[INFO] [stdout] test uninitialized_reference_field_is_null ... ok
[INFO] [stdout] test varargs_object_array_takes_a_null_argument_as_the_whole_array ... ok
[INFO] [stdout] test the_list_bounds_fault_names_the_class_the_receivers_shape_raises ... ok
[INFO] [stdout] test the_array_copies_reject_a_bad_range_instead_of_clamping_it ... ok
[INFO] [stdout] test wrong_argument_count_is_a_compile_error ... ok
[INFO] [stdout] test wrapper_class_constants_and_long_wraparound ... ok
[INFO] [stdout] test try_with_resources_closes_in_reverse_order ... ok
[INFO] [stdout] test widening_primitive_conversion_runs_at_every_assignment_site ... ok
[INFO] [stdout] test var_carries_its_initializers_type_not_just_its_value ... ok
[INFO] [stdout] test varargs_packs_at_static_constructor_and_instance_call_sites ... ok
[INFO] [stdout] test while_loop_accumulates ... ok
[INFO] [stdout] test throwable_cause_constructors_follow_the_jdk_set ... ok
[INFO] [stdout] test unbound_collection_method_references ... ok
[INFO] [stdout] test unbounded_stream_sources_are_pulled_lazily ... ok
[INFO] [stdout] test primitive_stream_sums_match_the_jdk_accumulators ... ok
[INFO] [stdout] test throwing_in_a_loop_does_not_grow_the_value_stack ... ok
[INFO] [stdout] 
[INFO] [stdout] test result: ok. 306 passed; 0 failed; 0 ignored; 0 measured; 0 filtered out; finished in 2.08s
[INFO] [stdout] 
[INFO] [stderr]      Running tests/ffi.rs (/opt/rustwide/target/debug/build/javars/397593994339f234/out/ffi-397593994339f234)
[INFO] [stdout] 
[INFO] [stdout] running 3 tests
[INFO] [stdout] test rust_block_export_returns_real_value ... ignored, compiles a cdylib; needs a Rust toolchain — run with --ignored
[INFO] [stdout] test rust_block_multiple_exports ... ignored, compiles a cdylib; needs a Rust toolchain — run with --ignored
[INFO] [stdout] test unknown_call_without_ffi_is_unresolved ... ok
[INFO] [stdout] 
[INFO] [stdout] test result: ok. 1 passed; 0 failed; 2 ignored; 0 measured; 0 filtered out; finished in 0.01s
[INFO] [stdout] 
[INFO] [stderr]      Running tests/numeric_hook.rs (/opt/rustwide/target/debug/build/javars/2a10bba34b5145c4/out/numeric_hook-2a10bba34b5145c4)
[INFO] [stdout] 
[INFO] [stdout] running 11 tests
[INFO] [stdout] test integer_division_edges_match_java ... ok
[INFO] [stdout] test mixed_arithmetic_matches_java_in_both_orders ... ok
[INFO] [stdout] test mixed_comparisons_still_order ... ok
[INFO] [stdout] test mixed_zero_divisor_is_ieee_not_a_fault ... ok
[INFO] [stdout] test nan_operand_follows_java ... ok
[INFO] [stdout] test integer_overflow_still_wraps ... ok
[INFO] [stdout] test mixed_add_is_a_number_not_a_concatenation ... ok
[INFO] [stdout] test mixed_remainder_takes_the_dividend_sign ... ok
[INFO] [stdout] test pow_is_rejected_for_numeric_operands_too ... ok
[INFO] [stdout] test mixed_comparisons_use_javas_promotion_not_string_order ... ok
[INFO] [stderr]      Running tests/parity.rs (/opt/rustwide/target/debug/build/javars/4ae111f1d67b546a/out/parity-4ae111f1d67b546a)
[INFO] [stdout] test string_concatenation_is_untouched ... ok
[INFO] [stdout] 
[INFO] [stdout] test result: ok. 11 passed; 0 failed; 0 ignored; 0 measured; 0 filtered out; finished in 0.02s
[INFO] [stdout] 
[INFO] [stdout] 
[INFO] [stdout] running 1 test
[INFO] [stdout] test frozen_corpus_matches_reference_java ... FAILED
[INFO] [stderr] error: test failed, to rerun pass `--test parity`
[INFO] [stdout] 
[INFO] [stdout] failures:
[INFO] [stdout] 
[INFO] [stdout] ---- frozen_corpus_matches_reference_java stdout ----
[INFO] [stdout] 
[INFO] [stdout] thread 'frozen_corpus_matches_reference_java' (2590) panicked at tests/parity.rs:101:5:
[INFO] [stdout] 1 of 870 frozen parity case(s) diverged from the reference JDK:
[INFO] [stdout] 
[INFO] [stdout] line 764: output mismatch
[INFO] [stdout]   program:  public class T { public static void main(String[] a) {
[INFO] [stdout]   int h = 0;
[INFO] [stdout]   for (int c = 0; c <= 0xFFFF; c++) { char ch = (char) c;
[INFO] [stdout]     int bits = (Character.isDigit(ch) ? 1 : 0) | (Character.isLetter(ch) ? 2 : 0) | (Character.isLetterOrDigit(ch) ? 4 : 0) | (Character.isAlphabetic(ch) ? 8 : 0) | (Character.isSpaceChar(ch) ? 16 : 0) | (Character.isISOControl(ch) ? 32 : 0);
[INFO] [stdout]     h = h * 31 + bits * 64 + Character.digit(ch, 36) + 1;
[INFO] [stdout]   }
[INFO] [stdout]   System.out.println(h);
[INFO] [stdout] }}
[INFO] [stdout]   expected: "133660069\n"
[INFO] [stdout]   got:      "755982629\n"
[INFO] [stdout] stack backtrace:
[INFO] [stdout]    0:     0x567c4bb72561 - std[617be2ca0a6fd877]::backtrace_rs::backtrace::libunwind::trace
[INFO] [stdout]                                at /rustc/e3feeb59cd1bdd011a2bfcc0747b55125d9b8527/library/std/src/../../backtrace/src/backtrace/libunwind.rs:117:9
[INFO] [stdout]    1:     0x567c4bb72561 - std[617be2ca0a6fd877]::backtrace_rs::backtrace::trace_unsynchronized::<std[617be2ca0a6fd877]::sys::backtrace::_print_fmt::{closure#1}>
[INFO] [stdout]                                at /rustc/e3feeb59cd1bdd011a2bfcc0747b55125d9b8527/library/std/src/../../backtrace/src/backtrace/mod.rs:66:14
[INFO] [stdout]    2:     0x567c4bb72561 - std[617be2ca0a6fd877]::sys::backtrace::_print_fmt
[INFO] [stdout]                                at /rustc/e3feeb59cd1bdd011a2bfcc0747b55125d9b8527/library/std/src/sys/backtrace.rs:74:9
[INFO] [stdout]    3:     0x567c4bb72561 - <<std[617be2ca0a6fd877]::sys::backtrace::BacktraceLock>::print::DisplayBacktrace as core[a373ad73a504971]::fmt::Display>::fmt
[INFO] [stdout]                                at /rustc/e3feeb59cd1bdd011a2bfcc0747b55125d9b8527/library/std/src/sys/backtrace.rs:44:26
[INFO] [stdout]    4:     0x567c4bb8670a - <core[a373ad73a504971]::fmt::rt::Argument>::fmt
[INFO] [stdout]                                at /rustc/e3feeb59cd1bdd011a2bfcc0747b55125d9b8527/library/core/src/fmt/rt.rs:152:76
[INFO] [stdout]    5:     0x567c4bb8670a - core[a373ad73a504971]::fmt::write
[INFO] [stdout]    6:     0x567c4bb769dc - core[a373ad73a504971]::io::write::default_write_fmt::<alloc[2e1b2a31b91974c5]::vec::Vec<u8>>
[INFO] [stdout]                                at /rustc/e3feeb59cd1bdd011a2bfcc0747b55125d9b8527/library/core/src/io/write.rs:402:11
[INFO] [stdout]    7:     0x567c4bb769dc - <alloc[2e1b2a31b91974c5]::vec::Vec<u8> as core[a373ad73a504971]::io::write::Write>::write_fmt
[INFO] [stdout]                                at /rustc/e3feeb59cd1bdd011a2bfcc0747b55125d9b8527/library/core/src/io/write.rs:335:13
[INFO] [stdout]    8:     0x567c4bb4d436 - <std[617be2ca0a6fd877]::sys::backtrace::BacktraceLock>::print
[INFO] [stdout]                                at /rustc/e3feeb59cd1bdd011a2bfcc0747b55125d9b8527/library/std/src/sys/backtrace.rs:47:9
[INFO] [stdout]    9:     0x567c4bb4d436 - std[617be2ca0a6fd877]::panicking::default_hook::{closure#0}
[INFO] [stdout]                                at /rustc/e3feeb59cd1bdd011a2bfcc0747b55125d9b8527/library/std/src/panicking.rs:289:27
[INFO] [stdout]   10:     0x567c4bb6a339 - std[617be2ca0a6fd877]::panicking::default_hook
[INFO] [stdout]                                at /rustc/e3feeb59cd1bdd011a2bfcc0747b55125d9b8527/library/std/src/panicking.rs:313:9
[INFO] [stdout]   11:     0x567c4bb05b20 - <alloc[2e1b2a31b91974c5]::boxed::Box<dyn for<'a, 'b> core[a373ad73a504971]::ops::function::Fn<(&'a std[617be2ca0a6fd877]::panic::PanicHookInfo<'b>,), Output = ()> + core[a373ad73a504971]::marker::Sync + core[a373ad73a504971]::marker::Send> as core[a373ad73a504971]::ops::function::Fn<(&std[617be2ca0a6fd877]::panic::PanicHookInfo,)>>::call
[INFO] [stdout]                                at /rustc/e3feeb59cd1bdd011a2bfcc0747b55125d9b8527/library/alloc/src/boxed.rs:2328:9
[INFO] [stdout]   12:     0x567c4bb05b20 - test[aada8e7e76ba119b]::test_main_inner::{closure#0}
[INFO] [stdout]                                at /rustc/e3feeb59cd1bdd011a2bfcc0747b55125d9b8527/library/test/src/lib.rs:137:21
[INFO] [stdout]   13:     0x567c4bb6a4f2 - <alloc[2e1b2a31b91974c5]::boxed::Box<dyn for<'a, 'b> core[a373ad73a504971]::ops::function::Fn<(&'a std[617be2ca0a6fd877]::panic::PanicHookInfo<'b>,), Output = ()> + core[a373ad73a504971]::marker::Sync + core[a373ad73a504971]::marker::Send> as core[a373ad73a504971]::ops::function::Fn<(&std[617be2ca0a6fd877]::panic::PanicHookInfo,)>>::call
[INFO] [stdout]                                at /rustc/e3feeb59cd1bdd011a2bfcc0747b55125d9b8527/library/alloc/src/boxed.rs:2328:9
[INFO] [stdout]   14:     0x567c4bb6a4f2 - std[617be2ca0a6fd877]::panicking::panic_with_hook
[INFO] [stdout]                                at /rustc/e3feeb59cd1bdd011a2bfcc0747b55125d9b8527/library/std/src/panicking.rs:819:13
[INFO] [stdout]   15:     0x567c4bb4d4e2 - std[617be2ca0a6fd877]::panicking::panic_handler::{closure#0}
[INFO] [stdout]                                at /rustc/e3feeb59cd1bdd011a2bfcc0747b55125d9b8527/library/std/src/panicking.rs:685:13
[INFO] [stdout]   16:     0x567c4bb460d9 - std[617be2ca0a6fd877]::sys::backtrace::__rust_end_short_backtrace::<std[617be2ca0a6fd877]::panicking::panic_handler::{closure#0}, !>
[INFO] [stdout]                                at /rustc/e3feeb59cd1bdd011a2bfcc0747b55125d9b8527/library/std/src/sys/backtrace.rs:182:18
[INFO] [stdout]   17:     0x567c4bb4e0ed - __rustc[ea4f61d10b84890b]::rust_begin_unwind
[INFO] [stdout]                                at /rustc/e3feeb59cd1bdd011a2bfcc0747b55125d9b8527/library/std/src/panicking.rs:676:5
[INFO] [stdout]   18:     0x567c4bb86e3c - core[a373ad73a504971]::panicking::panic_fmt
[INFO] [stdout]                                at /rustc/e3feeb59cd1bdd011a2bfcc0747b55125d9b8527/library/core/src/panicking.rs:80:14
[INFO] [stdout]   19:     0x567c4baf6085 - parity[c44aadeeb556c7e]::frozen_corpus_matches_reference_java
[INFO] [stdout]                                at /opt/rustwide/workdir/tests/parity.rs:101:5
[INFO] [stdout]   20:     0x567c4baf5547 - parity[c44aadeeb556c7e]::frozen_corpus_matches_reference_java::{closure#0}
[INFO] [stdout]                                at /opt/rustwide/workdir/tests/parity.rs:56:42
[INFO] [stdout]   21:     0x567c4baf8e36 - <parity[c44aadeeb556c7e]::frozen_corpus_matches_reference_java::{closure#0} as core[a373ad73a504971]::ops::function::FnOnce<()>>::call_once
[INFO] [stdout]                                at /rustc/e3feeb59cd1bdd011a2bfcc0747b55125d9b8527/library/core/src/ops/function.rs:250:5
[INFO] [stdout]   22:     0x567c4baf8f6b - <fn() -> core[a373ad73a504971]::result::Result<(), alloc[2e1b2a31b91974c5]::string::String> as core[a373ad73a504971]::ops::function::FnOnce<()>>::call_once
[INFO] [stdout]                                at /rustc/e3feeb59cd1bdd011a2bfcc0747b55125d9b8527/library/core/src/ops/function.rs:250:5
[INFO] [stdout]   23:     0x567c4baf8f6b - test[aada8e7e76ba119b]::__rust_begin_short_backtrace::<core[a373ad73a504971]::result::Result<(), alloc[2e1b2a31b91974c5]::string::String>, fn() -> core[a373ad73a504971]::result::Result<(), alloc[2e1b2a31b91974c5]::string::String>>
[INFO] [stdout]                                at /rustc/e3feeb59cd1bdd011a2bfcc0747b55125d9b8527/library/test/src/lib.rs:701:18
[INFO] [stdout]   24:     0x567c4bb06145 - test[aada8e7e76ba119b]::run_test_in_process::{closure#0}
[INFO] [stdout]                                at /rustc/e3feeb59cd1bdd011a2bfcc0747b55125d9b8527/library/test/src/lib.rs:724:74
[INFO] [stdout]   25:     0x567c4bb06145 - <core[a373ad73a504971]::panic::unwind_safe::AssertUnwindSafe<test[aada8e7e76ba119b]::run_test_in_process::{closure#0}> as core[a373ad73a504971]::ops::function::FnOnce<()>>::call_once
[INFO] [stdout]                                at /rustc/e3feeb59cd1bdd011a2bfcc0747b55125d9b8527/library/core/src/panic/unwind_safe.rs:275:9
[INFO] [stdout]   26:     0x567c4bb06145 - std[617be2ca0a6fd877]::panicking::catch_unwind::do_call::<core[a373ad73a504971]::panic::unwind_safe::AssertUnwindSafe<test[aada8e7e76ba119b]::run_test_in_process::{closure#0}>, core[a373ad73a504971]::result::Result<(), alloc[2e1b2a31b91974c5]::string::String>>
[INFO] [stdout]                                at /rustc/e3feeb59cd1bdd011a2bfcc0747b55125d9b8527/library/std/src/panicking.rs:573:43
[INFO] [stdout]   27:     0x567c4bb06145 - std[617be2ca0a6fd877]::panicking::catch_unwind::<core[a373ad73a504971]::result::Result<(), alloc[2e1b2a31b91974c5]::string::String>, core[a373ad73a504971]::panic::unwind_safe::AssertUnwindSafe<test[aada8e7e76ba119b]::run_test_in_process::{closure#0}>>
[INFO] [stdout]                                at /rustc/e3feeb59cd1bdd011a2bfcc0747b55125d9b8527/library/std/src/panicking.rs:541:19
[INFO] [stdout]   28:     0x567c4bb06145 - std[617be2ca0a6fd877]::panic::catch_unwind::<core[a373ad73a504971]::panic::unwind_safe::AssertUnwindSafe<test[aada8e7e76ba119b]::run_test_in_process::{closure#0}>, core[a373ad73a504971]::result::Result<(), alloc[2e1b2a31b91974c5]::string::String>>
[INFO] [stdout]                                at /rustc/e3feeb59cd1bdd011a2bfcc0747b55125d9b8527/library/std/src/panic.rs:359:14
[INFO] [stdout]   29:     0x567c4bb06145 - test[aada8e7e76ba119b]::run_test_in_process
[INFO] [stdout]                                at /rustc/e3feeb59cd1bdd011a2bfcc0747b55125d9b8527/library/test/src/lib.rs:724:27
[INFO] [stdout]   30:     0x567c4bb06145 - test[aada8e7e76ba119b]::run_test::{closure#0}
[INFO] [stdout]                                at /rustc/e3feeb59cd1bdd011a2bfcc0747b55125d9b8527/library/test/src/lib.rs:645:43
[INFO] [stdout]   31:     0x567c4baffa34 - test[aada8e7e76ba119b]::run_test::{closure#1}
[INFO] [stdout]                                at /rustc/e3feeb59cd1bdd011a2bfcc0747b55125d9b8527/library/test/src/lib.rs:675:41
[INFO] [stdout]   32:     0x567c4baffa34 - std[617be2ca0a6fd877]::sys::backtrace::__rust_begin_short_backtrace::<test[aada8e7e76ba119b]::run_test::{closure#1}, ()>
[INFO] [stdout]                                at /rustc/e3feeb59cd1bdd011a2bfcc0747b55125d9b8527/library/std/src/sys/backtrace.rs:166:18
[INFO] [stdout]   33:     0x567c4bb091d2 - std[617be2ca0a6fd877]::thread::lifecycle::spawn_unchecked::<test[aada8e7e76ba119b]::run_test::{closure#1}, ()>::{closure#1}::{closure#0}
[INFO] [stdout]                                at /rustc/e3feeb59cd1bdd011a2bfcc0747b55125d9b8527/library/std/src/thread/lifecycle.rs:70:13
[INFO] [stdout]   34:     0x567c4bb091d2 - <core[a373ad73a504971]::panic::unwind_safe::AssertUnwindSafe<std[617be2ca0a6fd877]::thread::lifecycle::spawn_unchecked<test[aada8e7e76ba119b]::run_test::{closure#1}, ()>::{closure#1}::{closure#0}> as core[a373ad73a504971]::ops::function::FnOnce<()>>::call_once
[INFO] [stdout]                                at /rustc/e3feeb59cd1bdd011a2bfcc0747b55125d9b8527/library/core/src/panic/unwind_safe.rs:275:9
[INFO] [stdout]   35:     0x567c4bb091d2 - std[617be2ca0a6fd877]::panicking::catch_unwind::do_call::<core[a373ad73a504971]::panic::unwind_safe::AssertUnwindSafe<std[617be2ca0a6fd877]::thread::lifecycle::spawn_unchecked<test[aada8e7e76ba119b]::run_test::{closure#1}, ()>::{closure#1}::{closure#0}>, ()>
[INFO] [stdout]                                at /rustc/e3feeb59cd1bdd011a2bfcc0747b55125d9b8527/library/std/src/panicking.rs:573:43
[INFO] [stdout]   36:     0x567c4bb091d2 - std[617be2ca0a6fd877]::panicking::catch_unwind::<(), core[a373ad73a504971]::panic::unwind_safe::AssertUnwindSafe<std[617be2ca0a6fd877]::thread::lifecycle::spawn_unchecked<test[aada8e7e76ba119b]::run_test::{closure#1}, ()>::{closure#1}::{closure#0}>>
[INFO] [stdout]                                at /rustc/e3feeb59cd1bdd011a2bfcc0747b55125d9b8527/library/std/src/panicking.rs:541:19
[INFO] [stdout]   37:     0x567c4bb091d2 - std[617be2ca0a6fd877]::panic::catch_unwind::<core[a373ad73a504971]::panic::unwind_safe::AssertUnwindSafe<std[617be2ca0a6fd877]::thread::lifecycle::spawn_unchecked<test[aada8e7e76ba119b]::run_test::{closure#1}, ()>::{closure#1}::{closure#0}>, ()>
[INFO] [stdout]                                at /rustc/e3feeb59cd1bdd011a2bfcc0747b55125d9b8527/library/std/src/panic.rs:359:14
[INFO] [stdout]   38:     0x567c4bb091d2 - std[617be2ca0a6fd877]::thread::lifecycle::spawn_unchecked::<test[aada8e7e76ba119b]::run_test::{closure#1}, ()>::{closure#1}
[INFO] [stdout]                                at /rustc/e3feeb59cd1bdd011a2bfcc0747b55125d9b8527/library/std/src/thread/lifecycle.rs:68:26
[INFO] [stdout]   39:     0x567c4bb091d2 - <std[617be2ca0a6fd877]::thread::lifecycle::spawn_unchecked<test[aada8e7e76ba119b]::run_test::{closure#1}, ()>::{closure#1} as core[a373ad73a504971]::ops::function::FnOnce<()>>::call_once::{shim:vtable#0}
[INFO] [stdout]                                at /rustc/e3feeb59cd1bdd011a2bfcc0747b55125d9b8527/library/core/src/ops/function.rs:250:5
[INFO] [stdout]   40:     0x567c4bb71bdf - <alloc[2e1b2a31b91974c5]::boxed::Box<dyn core[a373ad73a504971]::ops::function::FnOnce<(), Output = ()> + core[a373ad73a504971]::marker::Send> as core[a373ad73a504971]::ops::function::FnOnce<()>>::call_once
[INFO] [stdout]                                at /rustc/e3feeb59cd1bdd011a2bfcc0747b55125d9b8527/library/alloc/src/boxed.rs:2314:9
[INFO] [stdout]   41:     0x567c4bb71bdf - <std[617be2ca0a6fd877]::sys::thread::unix::Thread>::new::thread_start
[INFO] [stdout]                                at /rustc/e3feeb59cd1bdd011a2bfcc0747b55125d9b8527/library/std/src/sys/thread/unix.rs:127:17
[INFO] [stdout]   42:     0x752ed271bdfa - <unknown>
[INFO] [stdout]   43:     0x752ed27af3d4 - clone
[INFO] [stdout]   44:                0x0 - <unknown>
[INFO] [stdout] 
[INFO] [stdout] 
[INFO] [stdout] failures:
[INFO] [stdout]     frozen_corpus_matches_reference_java
[INFO] [stdout] 
[INFO] [stdout] test result: FAILED. 0 passed; 1 failed; 0 ignored; 0 measured; 0 filtered out; finished in 21.12s
[INFO] [stdout] 
[INFO] running `Command { std: "docker" "inspect" "fb0cf09fa78aaf1f6dacaaffbd8f67c778cf5c8ab131325287e6f8d02f7f4cef", kill_on_drop: false }`
[INFO] running `Command { std: "docker" "rm" "-f" "fb0cf09fa78aaf1f6dacaaffbd8f67c778cf5c8ab131325287e6f8d02f7f4cef", kill_on_drop: false }`
[INFO] [stdout] fb0cf09fa78aaf1f6dacaaffbd8f67c778cf5c8ab131325287e6f8d02f7f4cef
