[INFO] cloning repository https://github.com/M1tsumi/convoy
[INFO] running `Command { std: "git" "-c" "credential.helper=" "-c" "credential.helper=/workspace/cargo-home/bin/git-credential-null" "clone" "--bare" "https://github.com/M1tsumi/convoy" "/workspace/cache/git-repos/https%3A%2F%2Fgithub.com%2FM1tsumi%2Fconvoy", kill_on_drop: false }`
[INFO] [stderr] Cloning into bare repository '/workspace/cache/git-repos/https%3A%2F%2Fgithub.com%2FM1tsumi%2Fconvoy'...
[INFO] running `Command { std: "git" "rev-parse" "HEAD", kill_on_drop: false }`
[INFO] [stdout] a32d547131e8b2479449b32c7b8988e07d89b86e
[INFO] testing M1tsumi/convoy against 1.99.0-beta.8 for beta-1.100-2
[INFO] running `Command { std: "git" "clone" "/workspace/cache/git-repos/https%3A%2F%2Fgithub.com%2FM1tsumi%2Fconvoy" "/workspace/builds/worker-1-tc1/source", kill_on_drop: false }`
[INFO] [stderr] Cloning into '/workspace/builds/worker-1-tc1/source'...
[INFO] [stderr] done.
[INFO] started tweaking git repo https://github.com/M1tsumi/convoy
[INFO] finished tweaking git repo https://github.com/M1tsumi/convoy
[INFO] tweaked toml for git repo https://github.com/M1tsumi/convoy written to /workspace/builds/worker-1-tc1/source/Cargo.toml
[INFO] validating manifest of git repo https://github.com/M1tsumi/convoy on toolchain 1.99.0-beta.8
[INFO] running `Command { std: CARGO_HOME="/workspace/cargo-home" RUSTUP_HOME="/workspace/rustup-home" "/workspace/cargo-home/bin/cargo" "+1.99.0-beta.8" "metadata" "--manifest-path" "Cargo.toml" "--no-deps", kill_on_drop: false }`
[INFO] crate git repo https://github.com/M1tsumi/convoy already has a lockfile, it will not be regenerated
[INFO] running `Command { std: CARGO_HOME="/workspace/cargo-home" RUSTUP_HOME="/workspace/rustup-home" "/workspace/cargo-home/bin/cargo" "+1.99.0-beta.8" "fetch" "--manifest-path" "Cargo.toml", kill_on_drop: false }`
[INFO] [stderr]     Updating crates.io index
[INFO] [stderr]  Downloading crates ...
[INFO] [stderr]   Downloaded wasm-bindgen v0.2.106
[INFO] [stderr]   Downloaded wasm-bindgen-shared v0.2.106
[INFO] [stderr]   Downloaded wasm-bindgen-macro v0.2.106
[INFO] [stderr]   Downloaded wasm-bindgen-macro-support v0.2.106
[INFO] [stderr]   Downloaded libredox v0.1.10
[INFO] [stderr]   Downloaded crossbeam-queue v0.3.12
[INFO] [stderr]   Downloaded postgres-protocol v0.6.9
[INFO] [stderr]   Downloaded siphasher v1.0.1
[INFO] [stderr]   Downloaded sqlformat v0.2.6
[INFO] [stderr]   Downloaded base64ct v1.8.0
[INFO] [stderr]   Downloaded uuid v1.19.0
[INFO] [stderr]   Downloaded whoami v1.6.1
[INFO] [stderr]   Downloaded tokio-stream v0.1.17
[INFO] [stderr]   Downloaded postgres-types v0.2.11
[INFO] [stderr]   Downloaded stringprep v0.1.5
[INFO] [stderr]   Downloaded tracing-core v0.1.35
[INFO] [stderr]   Downloaded unicode-properties v0.1.4
[INFO] [stderr]   Downloaded js-sys v0.3.83
[INFO] [stderr]   Downloaded unicode-bidi v0.3.18
[INFO] [stderr]   Downloaded indexmap v2.12.1
[INFO] [stderr]   Downloaded cc v1.2.48
[INFO] [stderr]   Downloaded flume v0.11.1
[INFO] [stderr]   Downloaded rsa v0.9.9
[INFO] [stderr]   Downloaded unicode-normalization v0.1.25
[INFO] [stderr]   Downloaded tracing v0.1.43
[INFO] [stderr]   Downloaded tokio-postgres v0.7.15
[INFO] [stderr]   Downloaded num-bigint-dig v0.8.6
[INFO] [stderr]   Downloaded tokio-util v0.7.17
[INFO] [stderr]   Downloaded libm v0.2.15
[INFO] [stderr]   Downloaded syn v2.0.111
[INFO] [stderr]   Downloaded rustls v0.21.12
[INFO] [stderr]   Downloaded redis v0.32.7
[INFO] [stderr]   Downloaded web-sys v0.3.83
[INFO] [stderr]   Downloaded libc v0.2.178
[INFO] running `Command { std: "docker" "create" "-v" "/var/lib/crater-agent-workspace/builds/worker-1-tc1/source:/opt/rustwide/workdir:ro,Z" "-v" "/var/lib/crater-agent-workspace/builds/worker-1-tc1/target:/opt/rustwide/target:rw,Z" "-v" "/var/lib/crater-agent-workspace/cargo-home:/opt/rustwide/cargo-home:ro,Z" "-v" "/var/lib/crater-agent-workspace/rustup-home:/opt/rustwide/rustup-home:ro,Z" "-m" "1610612736" "--network" "none" "ghcr.io/rust-lang/crates-build-env/linux@sha256:3111399a4047eeb3a02b7a90e478d715f38a8c6669b5c4b49d30a17385265909" "sleep" "infinity", kill_on_drop: false }`
[INFO] [stdout] 2ffdabc494b92a035efe7e2f3051301f67ea6befaef63414849bf237ddb47d73
[INFO] running `Command { std: "docker" "start" "2ffdabc494b92a035efe7e2f3051301f67ea6befaef63414849bf237ddb47d73", kill_on_drop: false }`
[INFO] running `Command { std: "docker" "inspect" "2ffdabc494b92a035efe7e2f3051301f67ea6befaef63414849bf237ddb47d73", kill_on_drop: false }`
[INFO] running `Command { std: "docker" "exec" "-e" "SOURCE_DIR=/opt/rustwide/workdir" "-e" "CARGO_HOME=/opt/rustwide/cargo-home" "-e" "RUSTUP_HOME=/opt/rustwide/rustup-home" "-e" "CARGO_TARGET_DIR=/opt/rustwide/target" "-w" "/opt/rustwide/workdir" "--user" "0:0" "2ffdabc494b92a035efe7e2f3051301f67ea6befaef63414849bf237ddb47d73" "/opt/rustwide/cargo-home/bin/cargo" "+1.99.0-beta.8" "metadata" "--no-deps" "--format-version=1", kill_on_drop: false }`
[INFO] running `Command { std: "docker" "inspect" "2ffdabc494b92a035efe7e2f3051301f67ea6befaef63414849bf237ddb47d73", kill_on_drop: false }`
[INFO] running `Command { std: "docker" "exec" "-e" "SOURCE_DIR=/opt/rustwide/workdir" "-e" "CARGO_HOME=/opt/rustwide/cargo-home" "-e" "RUSTUP_HOME=/opt/rustwide/rustup-home" "-e" "CARGO_TARGET_DIR=/opt/rustwide/target" "-e" "CARGO_INCREMENTAL=0" "-e" "RUST_BACKTRACE=full" "-e" "RUSTFLAGS=--cap-lints=warn" "-e" "RUSTDOCFLAGS=--cap-lints=warn" "-w" "/opt/rustwide/workdir" "--user" "0:0" "2ffdabc494b92a035efe7e2f3051301f67ea6befaef63414849bf237ddb47d73" "/opt/rustwide/cargo-home/bin/cargo" "+1.99.0-beta.8" "build" "--frozen" "--message-format=json", kill_on_drop: false }`
[INFO] [stderr]    Compiling proc-macro2 v1.0.103
[INFO] [stderr]    Compiling unicode-ident v1.0.22
[INFO] [stderr]    Compiling quote v1.0.42
[INFO] [stderr]    Compiling libc v0.2.178
[INFO] [stderr]    Compiling version_check v0.9.5
[INFO] [stderr]    Compiling stable_deref_trait v1.2.1
[INFO] [stderr]    Compiling getrandom v0.3.4
[INFO] [stderr]    Compiling typenum v1.19.0
[INFO] [stderr]    Compiling zerocopy v0.8.31
[INFO] [stderr]    Compiling find-msvc-tools v0.1.5
[INFO] [stderr]    Compiling serde_core v1.0.228
[INFO] [stderr]    Compiling shlex v1.3.0
[INFO] [stderr]    Compiling memchr v2.7.6
[INFO] [stderr]    Compiling generic-array v0.14.7
[INFO] [stderr]    Compiling cc v1.2.48
[INFO] [stderr]    Compiling autocfg v1.5.0
[INFO] [stderr]    Compiling futures-core v0.3.31
[INFO] [stderr]    Compiling num-traits v0.2.19
[INFO] [stderr]    Compiling pin-project-lite v0.2.16
[INFO] [stderr]    Compiling smallvec v1.15.1
[INFO] [stderr]    Compiling syn v2.0.111
[INFO] [stderr]    Compiling serde v1.0.228
[INFO] [stderr]    Compiling writeable v0.6.2
[INFO] [stderr]    Compiling futures-sink v0.3.31
[INFO] [stderr]    Compiling bytes v1.11.0
[INFO] [stderr]    Compiling litemap v0.8.1
[INFO] [stderr]    Compiling icu_normalizer_data v2.1.1
[INFO] [stderr]    Compiling block-buffer v0.10.4
[INFO] [stderr]    Compiling crypto-common v0.1.7
[INFO] [stderr]    Compiling subtle v2.6.1
[INFO] [stderr]    Compiling icu_properties_data v2.1.1
[INFO] [stderr]    Compiling ring v0.17.14
[INFO] [stderr]    Compiling digest v0.10.7
[INFO] [stderr]    Compiling socket2 v0.6.1
[INFO] [stderr]    Compiling mio v1.1.0
[INFO] [stderr]    Compiling once_cell v1.21.3
[INFO] [stderr]    Compiling getrandom v0.2.16
[INFO] [stderr]    Compiling ahash v0.8.12
[INFO] [stderr]    Compiling pin-utils v0.1.0
[INFO] [stderr]    Compiling percent-encoding v2.3.2
[INFO] [stderr]    Compiling slab v0.4.11
[INFO] [stderr]    Compiling futures-task v0.3.31
[INFO] [stderr]    Compiling untrusted v0.9.0
[INFO] [stderr]    Compiling serde_json v1.0.145
[INFO] [stderr]    Compiling ryu v1.0.20
[INFO] [stderr]    Compiling cpufeatures v0.2.17
[INFO] [stderr]    Compiling futures-io v0.3.31
[INFO] [stderr]    Compiling itoa v1.0.15
[INFO] [stderr]    Compiling sha2 v0.10.9
[INFO] [stderr]    Compiling parking_lot_core v0.9.12
[INFO] [stderr]    Compiling futures-util v0.3.31
[INFO] [stderr]    Compiling utf8_iter v1.0.4
[INFO] [stderr]    Compiling tinyvec_macros v0.1.1
[INFO] [stderr]    Compiling crossbeam-utils v0.8.21
[INFO] [stderr]    Compiling iana-time-zone v0.1.64
[INFO] [stderr]    Compiling byteorder v1.5.0
[INFO] [stderr]    Compiling parking_lot v0.12.5
[INFO] [stderr]    Compiling tinyvec v1.10.0
[INFO] [stderr]    Compiling form_urlencoded v1.2.2
[INFO] [stderr]    Compiling ppv-lite86 v0.2.21
[INFO] [stderr]    Compiling rand_core v0.9.3
[INFO] [stderr]    Compiling uuid v1.19.0
[INFO] [stderr]    Compiling pkg-config v0.3.32
[INFO] [stderr]    Compiling paste v1.0.15
[INFO] [stderr]    Compiling allocator-api2 v0.2.21
[INFO] [stderr]    Compiling rustls v0.21.12
[INFO] [stderr]    Compiling vcpkg v0.2.15
[INFO] [stderr]    Compiling minimal-lexical v0.2.1
[INFO] [stderr]    Compiling thiserror v1.0.69
[INFO] [stderr]    Compiling log v0.4.29
[INFO] [stderr]    Compiling nom v7.1.3
[INFO] [stderr]    Compiling hashbrown v0.14.5
[INFO] [stderr]    Compiling rand_chacha v0.9.0
[INFO] [stderr]    Compiling libsqlite3-sys v0.27.0
[INFO] [stderr]    Compiling unicode-normalization v0.1.25
[INFO] [stderr]    Compiling tracing-core v0.1.35
[INFO] [stderr]    Compiling futures-channel v0.3.31
[INFO] [stderr]    Compiling unicode_categories v0.1.1
[INFO] [stderr]    Compiling unicode-properties v0.1.4
[INFO] [stderr]    Compiling unicode-bidi v0.3.18
[INFO] [stderr]    Compiling crc-catalog v2.4.0
[INFO] [stderr]    Compiling hashbrown v0.16.1
[INFO] [stderr]    Compiling equivalent v1.0.2
[INFO] [stderr]    Compiling base64 v0.21.7
[INFO] [stderr]    Compiling rustls-pemfile v1.0.4
[INFO] [stderr]    Compiling crc v3.4.0
[INFO] [stderr]    Compiling crossbeam-queue v0.3.12
[INFO] [stderr]    Compiling stringprep v0.1.5
[INFO] [stderr]    Compiling hashlink v0.8.4
[INFO] [stderr]    Compiling synstructure v0.13.2
[INFO] [stderr]    Compiling indexmap v2.12.1
[INFO] [stderr]    Compiling sqlformat v0.2.6
[INFO] [stderr]    Compiling rand v0.9.2
[INFO] [stderr]    Compiling rustls-webpki v0.101.7
[INFO] [stderr]    Compiling sct v0.7.1
[INFO] [stderr]    Compiling futures-intrusive v0.5.0
[INFO] [stderr]    Compiling atoi v2.0.0
[INFO] [stderr]    Compiling spin v0.9.8
[INFO] [stderr]    Compiling hmac v0.12.1
[INFO] [stderr]    Compiling md-5 v0.10.6
[INFO] [stderr]    Compiling base64 v0.22.1
[INFO] [stderr]    Compiling event-listener v2.5.3
[INFO] [stderr]    Compiling fallible-iterator v0.2.0
[INFO] [stderr]    Compiling webpki-roots v0.25.4
[INFO] [stderr]    Compiling hex v0.4.3
[INFO] [stderr]    Compiling siphasher v1.0.1
[INFO] [stderr]    Compiling flume v0.11.1
[INFO] [stderr]    Compiling zerofrom-derive v0.1.6
[INFO] [stderr]    Compiling yoke-derive v0.8.1
[INFO] [stderr]    Compiling zerovec-derive v0.11.2
[INFO] [stderr]    Compiling displaydoc v0.2.5
[INFO] [stderr]    Compiling serde_derive v1.0.228
[INFO] [stderr]    Compiling tokio-macros v2.6.0
[INFO] [stderr]    Compiling thiserror-impl v1.0.69
[INFO] [stderr]    Compiling tokio v1.48.0
[INFO] [stderr]    Compiling tracing-attributes v0.1.31
[INFO] [stderr]    Compiling zerofrom v0.1.6
[INFO] [stderr]    Compiling yoke v0.8.1
[INFO] [stderr]    Compiling zerovec v0.11.5
[INFO] [stderr]    Compiling tinystr v0.8.2
[INFO] [stderr]    Compiling icu_locale_core v2.1.1
[INFO] [stderr]    Compiling potential_utf v0.1.4
[INFO] [stderr]    Compiling zerotrie v0.2.3
[INFO] [stderr]    Compiling icu_collections v2.1.1
[INFO] [stderr]    Compiling tracing v0.1.43
[INFO] [stderr]    Compiling postgres-protocol v0.6.9
[INFO] [stderr]    Compiling phf_shared v0.13.1
[INFO] [stderr]    Compiling futures-executor v0.3.31
[INFO] [stderr]    Compiling icu_provider v2.1.1
[INFO] [stderr]    Compiling num-integer v0.1.46
[INFO] [stderr]    Compiling urlencoding v2.1.3
[INFO] [stderr]    Compiling icu_normalizer v2.1.1
[INFO] [stderr]    Compiling icu_properties v2.1.1
[INFO] [stderr]    Compiling phf v0.13.1
[INFO] [stderr]    Compiling num-bigint v0.4.6
[INFO] [stderr]    Compiling async-trait v0.1.89
[INFO] [stderr]    Compiling chrono v0.4.42
[INFO] [stderr]    Compiling either v1.15.0
[INFO] [stderr]    Compiling sha1_smol v1.0.1
[INFO] [stderr]    Compiling whoami v1.6.1
[INFO] [stderr]    Compiling idna_adapter v1.2.1
[INFO] [stderr]    Compiling idna v1.1.0
[INFO] [stderr]    Compiling url v2.5.7
[INFO] [stderr]    Compiling postgres-types v0.2.11
[INFO] [stderr]    Compiling tokio-util v0.7.17
[INFO] [stderr]    Compiling tokio-stream v0.1.17
[INFO] [stderr]    Compiling sqlx-core v0.7.4
[INFO] [stderr]    Compiling combine v4.6.7
[INFO] [stderr]    Compiling tokio-postgres v0.7.15
[INFO] [stderr]    Compiling sqlx-sqlite v0.7.4
[INFO] [stderr]    Compiling sqlx v0.7.4
[INFO] [stderr]    Compiling redis v0.32.7
[INFO] [stderr]    Compiling convoyx v0.1.0 (/opt/rustwide/workdir)
[INFO] [stdout] warning: unused imports: `Deserialize` and `Serialize`
[INFO] [stdout]  --> src/admin.rs:3:13
[INFO] [stdout]   |
[INFO] [stdout] 3 | use serde::{Deserialize, Serialize};
[INFO] [stdout]   |             ^^^^^^^^^^^  ^^^^^^^^^
[INFO] [stdout]   |
[INFO] [stdout]   = note: `#[warn(unused_imports)]` (part of `#[warn(unused)]`) on by default
[INFO] [stdout] 
[INFO] [stdout] 
[INFO] [stdout] warning: this function depends on never type fallback being `()`
[INFO] [stdout]    --> src/backend.rs:936:1
[INFO] [stdout]     |
[INFO] [stdout] 936 | #[async_trait]
[INFO] [stdout]     | ^^^^^^^^^^^^^^
[INFO] [stdout]     |
[INFO] [stdout]     = help: specify the types explicitly
[INFO] [stdout] note: in edition 2024, the requirement `!: FromRedisValue` will fail
[INFO] [stdout]    --> src/backend.rs:944:14
[INFO] [stdout]     |
[INFO] [stdout] 944 |         conn.set(key_job, data)
[INFO] [stdout]     |              ^^^
[INFO] [stdout]     = warning: this was previously accepted by the compiler but is being phased out; it will become a hard error in Rust 2024 and in a future release in all editions!
[INFO] [stdout]     = note: for more information, see <https://doc.rust-lang.org/edition-guide/rust-2024/never-type-fallback.html>
[INFO] [stdout]     = note: `#[warn(dependency_on_unit_never_type_fallback)]` (part of `#[warn(rust_2024_compatibility)]`) on by default
[INFO] [stdout] help: use `()` annotations to avoid fallback changes
[INFO] [stdout]     |
[INFO] [stdout] 944 ~         conn.set::<_, _, ()>(key_job, data)
[INFO] [stdout] 945 |             .await
[INFO] [stdout] ...
[INFO] [stdout] 952 |                     let scheduled = self.key_scheduled();
[INFO] [stdout] 953 ~                     conn.zadd::<_, _, _, ()>(scheduled, job.id.to_string(), score)
[INFO] [stdout] 954 |                         .await
[INFO] [stdout] ...
[INFO] [stdout] 960 |                 let queue_key = self.key_queue(&job.queue);
[INFO] [stdout] 961 ~                 conn.zadd::<_, _, _, ()>(queue_key, job.id.to_string(), score)
[INFO] [stdout]     |
[INFO] [stdout] 
[INFO] [stdout] 
[INFO] [stdout] warning: this function depends on never type fallback being `()`
[INFO] [stdout]    --> src/backend.rs:936:1
[INFO] [stdout]     |
[INFO] [stdout] 936 | #[async_trait]
[INFO] [stdout]     | ^^^^^^^^^^^^^^
[INFO] [stdout]     |
[INFO] [stdout]     = help: specify the types explicitly
[INFO] [stdout] note: in edition 2024, the requirement `!: FromRedisValue` will fail
[INFO] [stdout]    --> src/backend.rs:996:26
[INFO] [stdout]     |
[INFO] [stdout] 996 |                     conn.set(&key_job, data)
[INFO] [stdout]     |                          ^^^
[INFO] [stdout]     = warning: this was previously accepted by the compiler but is being phased out; it will become a hard error in Rust 2024 and in a future release in all editions!
[INFO] [stdout]     = note: for more information, see <https://doc.rust-lang.org/edition-guide/rust-2024/never-type-fallback.html>
[INFO] [stdout] help: use `()` annotations to avoid fallback changes
[INFO] [stdout]     |
[INFO] [stdout] 996 |                     conn.set::<_, _, ()>(&key_job, data)
[INFO] [stdout]     |                             ++++++++++++
[INFO] [stdout] 
[INFO] [stdout] 
[INFO] [stdout] warning: this function depends on never type fallback being `()`
[INFO] [stdout]     --> src/backend.rs:936:1
[INFO] [stdout]      |
[INFO] [stdout]  936 | #[async_trait]
[INFO] [stdout]      | ^^^^^^^^^^^^^^
[INFO] [stdout]      |
[INFO] [stdout]      = help: specify the types explicitly
[INFO] [stdout] note: in edition 2024, the requirement `!: FromRedisValue` will fail
[INFO] [stdout]     --> src/backend.rs:1034:18
[INFO] [stdout]      |
[INFO] [stdout] 1034 |             conn.set(&key_job, data)
[INFO] [stdout]      |                  ^^^
[INFO] [stdout]      = warning: this was previously accepted by the compiler but is being phased out; it will become a hard error in Rust 2024 and in a future release in all editions!
[INFO] [stdout]      = note: for more information, see <https://doc.rust-lang.org/edition-guide/rust-2024/never-type-fallback.html>
[INFO] [stdout] help: use `()` annotations to avoid fallback changes
[INFO] [stdout]      |
[INFO] [stdout] 1034 ~             conn.set::<_, _, ()>(&key_job, data)
[INFO] [stdout] 1035 |                 .await
[INFO] [stdout]  ...
[INFO] [stdout] 1039 |             let scheduled = self.key_scheduled();
[INFO] [stdout] 1040 ~             conn.zadd::<_, _, _, ()>(scheduled, job.id.to_string(), score)
[INFO] [stdout]      |
[INFO] [stdout] 
[INFO] [stdout] 
[INFO] [stdout] warning: this function depends on never type fallback being `()`
[INFO] [stdout]     --> src/backend.rs:936:1
[INFO] [stdout]      |
[INFO] [stdout]  936 | #[async_trait]
[INFO] [stdout]      | ^^^^^^^^^^^^^^
[INFO] [stdout]      |
[INFO] [stdout]      = help: specify the types explicitly
[INFO] [stdout] note: in edition 2024, the requirement `!: FromRedisValue` will fail
[INFO] [stdout]     --> src/backend.rs:1061:18
[INFO] [stdout]      |
[INFO] [stdout] 1061 |             conn.set(&key_job, data)
[INFO] [stdout]      |                  ^^^
[INFO] [stdout]      = warning: this was previously accepted by the compiler but is being phased out; it will become a hard error in Rust 2024 and in a future release in all editions!
[INFO] [stdout]      = note: for more information, see <https://doc.rust-lang.org/edition-guide/rust-2024/never-type-fallback.html>
[INFO] [stdout] help: use `()` annotations to avoid fallback changes
[INFO] [stdout]      |
[INFO] [stdout] 1061 |             conn.set::<_, _, ()>(&key_job, data)
[INFO] [stdout]      |                     ++++++++++++
[INFO] [stdout] 
[INFO] [stdout] 
[INFO] [stdout] warning: this function depends on never type fallback being `()`
[INFO] [stdout]     --> src/backend.rs:936:1
[INFO] [stdout]      |
[INFO] [stdout]  936 | #[async_trait]
[INFO] [stdout]      | ^^^^^^^^^^^^^^
[INFO] [stdout]      |
[INFO] [stdout]      = help: specify the types explicitly
[INFO] [stdout] note: in edition 2024, the requirement `!: FromRedisValue` will fail
[INFO] [stdout]     --> src/backend.rs:1115:22
[INFO] [stdout]      |
[INFO] [stdout] 1115 |                 conn.set(&key_job, data)
[INFO] [stdout]      |                      ^^^
[INFO] [stdout]      = warning: this was previously accepted by the compiler but is being phased out; it will become a hard error in Rust 2024 and in a future release in all editions!
[INFO] [stdout]      = note: for more information, see <https://doc.rust-lang.org/edition-guide/rust-2024/never-type-fallback.html>
[INFO] [stdout] help: use `()` annotations to avoid fallback changes
[INFO] [stdout]      |
[INFO] [stdout] 1115 ~                 conn.set::<_, _, ()>(&key_job, data)
[INFO] [stdout] 1116 |                     .await
[INFO] [stdout]  ...
[INFO] [stdout] 1120 |                 let score = job.priority as f64;
[INFO] [stdout] 1121 ~                 conn.zadd::<_, _, _, ()>(queue_key, job.id.to_string(), score)
[INFO] [stdout]      |
[INFO] [stdout] 
[INFO] [stdout] 
[INFO] [stdout] warning: this function depends on never type fallback being `()`
[INFO] [stdout]     --> src/backend.rs:936:1
[INFO] [stdout]      |
[INFO] [stdout]  936 | #[async_trait]
[INFO] [stdout]      | ^^^^^^^^^^^^^^
[INFO] [stdout]      |
[INFO] [stdout]      = help: specify the types explicitly
[INFO] [stdout] note: in edition 2024, the requirement `!: FromRedisValue` will fail
[INFO] [stdout]     --> src/backend.rs:1223:18
[INFO] [stdout]      |
[INFO] [stdout] 1223 |             conn.set(&key_job, data)
[INFO] [stdout]      |                  ^^^
[INFO] [stdout]      = warning: this was previously accepted by the compiler but is being phased out; it will become a hard error in Rust 2024 and in a future release in all editions!
[INFO] [stdout]      = note: for more information, see <https://doc.rust-lang.org/edition-guide/rust-2024/never-type-fallback.html>
[INFO] [stdout] help: use `()` annotations to avoid fallback changes
[INFO] [stdout]      |
[INFO] [stdout] 1223 ~             conn.set::<_, _, ()>(&key_job, data)
[INFO] [stdout] 1224 |                 .await
[INFO] [stdout]  ...
[INFO] [stdout] 1237 |             let score = job.priority as f64;
[INFO] [stdout] 1238 ~             conn.zadd::<_, _, _, ()>(queue_key, job.id.to_string(), score)
[INFO] [stdout]      |
[INFO] [stdout] 
[INFO] [stdout] 
[INFO] [stdout] warning: method `key_running` is never used
[INFO] [stdout]    --> src/backend.rs:931:8
[INFO] [stdout]     |
[INFO] [stdout] 900 | impl RedisBackend {
[INFO] [stdout]     | ----------------- method in this implementation
[INFO] [stdout] ...
[INFO] [stdout] 931 |     fn key_running(&self) -> String {
[INFO] [stdout]     |        ^^^^^^^^^^^
[INFO] [stdout]     |
[INFO] [stdout]     = note: `#[warn(dead_code)]` (part of `#[warn(unused)]`) on by default
[INFO] [stdout] 
[INFO] [stdout] 
[INFO] [stderr]     Finished `dev` profile [unoptimized + debuginfo] target(s) in 2m 19s
[INFO] [stderr] warning: the following packages contain code that will be rejected by a future version of Rust: convoyx v0.1.0 (/opt/rustwide/workdir)
[INFO] [stderr] note: to see what the problems were, use the option `--future-incompat-report`, or run `cargo report future-incompatibilities --id 1`
[INFO] running `Command { std: "docker" "inspect" "2ffdabc494b92a035efe7e2f3051301f67ea6befaef63414849bf237ddb47d73", kill_on_drop: false }`
[INFO] running `Command { std: "docker" "exec" "-e" "SOURCE_DIR=/opt/rustwide/workdir" "-e" "CARGO_HOME=/opt/rustwide/cargo-home" "-e" "RUSTUP_HOME=/opt/rustwide/rustup-home" "-e" "CARGO_TARGET_DIR=/opt/rustwide/target" "-e" "CARGO_INCREMENTAL=0" "-e" "RUST_BACKTRACE=full" "-e" "RUSTFLAGS=--cap-lints=warn" "-e" "RUSTDOCFLAGS=--cap-lints=warn" "-w" "/opt/rustwide/workdir" "--user" "0:0" "2ffdabc494b92a035efe7e2f3051301f67ea6befaef63414849bf237ddb47d73" "/opt/rustwide/cargo-home/bin/cargo" "+1.99.0-beta.8" "test" "--frozen" "--no-run" "--message-format=json", kill_on_drop: false }`
[INFO] [stderr]    Compiling convoyx v0.1.0 (/opt/rustwide/workdir)
[INFO] [stdout] warning: unused imports: `Deserialize` and `Serialize`
[INFO] [stdout]  --> src/admin.rs:3:13
[INFO] [stdout]   |
[INFO] [stdout] 3 | use serde::{Deserialize, Serialize};
[INFO] [stdout]   |             ^^^^^^^^^^^  ^^^^^^^^^
[INFO] [stdout]   |
[INFO] [stdout]   = note: `#[warn(unused_imports)]` (part of `#[warn(unused)]`) on by default
[INFO] [stdout] 
[INFO] [stdout] 
[INFO] [stdout] warning: this function depends on never type fallback being `()`
[INFO] [stdout]    --> src/backend.rs:936:1
[INFO] [stdout]     |
[INFO] [stdout] 936 | #[async_trait]
[INFO] [stdout]     | ^^^^^^^^^^^^^^
[INFO] [stdout]     |
[INFO] [stdout]     = help: specify the types explicitly
[INFO] [stdout] note: in edition 2024, the requirement `!: FromRedisValue` will fail
[INFO] [stdout]    --> src/backend.rs:944:14
[INFO] [stdout]     |
[INFO] [stdout] 944 |         conn.set(key_job, data)
[INFO] [stdout]     |              ^^^
[INFO] [stdout]     = warning: this was previously accepted by the compiler but is being phased out; it will become a hard error in Rust 2024 and in a future release in all editions!
[INFO] [stdout]     = note: for more information, see <https://doc.rust-lang.org/edition-guide/rust-2024/never-type-fallback.html>
[INFO] [stdout]     = note: `#[warn(dependency_on_unit_never_type_fallback)]` (part of `#[warn(rust_2024_compatibility)]`) on by default
[INFO] [stdout] help: use `()` annotations to avoid fallback changes
[INFO] [stdout]     |
[INFO] [stdout] 944 ~         conn.set::<_, _, ()>(key_job, data)
[INFO] [stdout] 945 |             .await
[INFO] [stdout] ...
[INFO] [stdout] 952 |                     let scheduled = self.key_scheduled();
[INFO] [stdout] 953 ~                     conn.zadd::<_, _, _, ()>(scheduled, job.id.to_string(), score)
[INFO] [stdout] 954 |                         .await
[INFO] [stdout] ...
[INFO] [stdout] 960 |                 let queue_key = self.key_queue(&job.queue);
[INFO] [stdout] 961 ~                 conn.zadd::<_, _, _, ()>(queue_key, job.id.to_string(), score)
[INFO] [stdout]     |
[INFO] [stdout] 
[INFO] [stdout] 
[INFO] [stdout] warning: this function depends on never type fallback being `()`
[INFO] [stdout]    --> src/backend.rs:936:1
[INFO] [stdout]     |
[INFO] [stdout] 936 | #[async_trait]
[INFO] [stdout]     | ^^^^^^^^^^^^^^
[INFO] [stdout]     |
[INFO] [stdout]     = help: specify the types explicitly
[INFO] [stdout] note: in edition 2024, the requirement `!: FromRedisValue` will fail
[INFO] [stdout]    --> src/backend.rs:996:26
[INFO] [stdout]     |
[INFO] [stdout] 996 |                     conn.set(&key_job, data)
[INFO] [stdout]     |                          ^^^
[INFO] [stdout]     = warning: this was previously accepted by the compiler but is being phased out; it will become a hard error in Rust 2024 and in a future release in all editions!
[INFO] [stdout]     = note: for more information, see <https://doc.rust-lang.org/edition-guide/rust-2024/never-type-fallback.html>
[INFO] [stdout] help: use `()` annotations to avoid fallback changes
[INFO] [stdout]     |
[INFO] [stdout] 996 |                     conn.set::<_, _, ()>(&key_job, data)
[INFO] [stdout]     |                             ++++++++++++
[INFO] [stdout] 
[INFO] [stdout] 
[INFO] [stdout] warning: this function depends on never type fallback being `()`
[INFO] [stdout]     --> src/backend.rs:936:1
[INFO] [stdout]      |
[INFO] [stdout]  936 | #[async_trait]
[INFO] [stdout]      | ^^^^^^^^^^^^^^
[INFO] [stdout]      |
[INFO] [stdout]      = help: specify the types explicitly
[INFO] [stdout] note: in edition 2024, the requirement `!: FromRedisValue` will fail
[INFO] [stdout]     --> src/backend.rs:1034:18
[INFO] [stdout]      |
[INFO] [stdout] 1034 |             conn.set(&key_job, data)
[INFO] [stdout]      |                  ^^^
[INFO] [stdout]      = warning: this was previously accepted by the compiler but is being phased out; it will become a hard error in Rust 2024 and in a future release in all editions!
[INFO] [stdout]      = note: for more information, see <https://doc.rust-lang.org/edition-guide/rust-2024/never-type-fallback.html>
[INFO] [stdout] help: use `()` annotations to avoid fallback changes
[INFO] [stdout]      |
[INFO] [stdout] 1034 ~             conn.set::<_, _, ()>(&key_job, data)
[INFO] [stdout] 1035 |                 .await
[INFO] [stdout]  ...
[INFO] [stdout] 1039 |             let scheduled = self.key_scheduled();
[INFO] [stdout] 1040 ~             conn.zadd::<_, _, _, ()>(scheduled, job.id.to_string(), score)
[INFO] [stdout]      |
[INFO] [stdout] 
[INFO] [stdout] 
[INFO] [stdout] warning: this function depends on never type fallback being `()`
[INFO] [stdout]     --> src/backend.rs:936:1
[INFO] [stdout]      |
[INFO] [stdout]  936 | #[async_trait]
[INFO] [stdout]      | ^^^^^^^^^^^^^^
[INFO] [stdout]      |
[INFO] [stdout]      = help: specify the types explicitly
[INFO] [stdout] note: in edition 2024, the requirement `!: FromRedisValue` will fail
[INFO] [stdout]     --> src/backend.rs:1061:18
[INFO] [stdout]      |
[INFO] [stdout] 1061 |             conn.set(&key_job, data)
[INFO] [stdout]      |                  ^^^
[INFO] [stdout]      = warning: this was previously accepted by the compiler but is being phased out; it will become a hard error in Rust 2024 and in a future release in all editions!
[INFO] [stdout]      = note: for more information, see <https://doc.rust-lang.org/edition-guide/rust-2024/never-type-fallback.html>
[INFO] [stdout] help: use `()` annotations to avoid fallback changes
[INFO] [stdout]      |
[INFO] [stdout] 1061 |             conn.set::<_, _, ()>(&key_job, data)
[INFO] [stdout]      |                     ++++++++++++
[INFO] [stdout] 
[INFO] [stdout] 
[INFO] [stdout] warning: this function depends on never type fallback being `()`
[INFO] [stdout]     --> src/backend.rs:936:1
[INFO] [stdout]      |
[INFO] [stdout]  936 | #[async_trait]
[INFO] [stdout]      | ^^^^^^^^^^^^^^
[INFO] [stdout]      |
[INFO] [stdout]      = help: specify the types explicitly
[INFO] [stdout] note: in edition 2024, the requirement `!: FromRedisValue` will fail
[INFO] [stdout]     --> src/backend.rs:1115:22
[INFO] [stdout]      |
[INFO] [stdout] 1115 |                 conn.set(&key_job, data)
[INFO] [stdout]      |                      ^^^
[INFO] [stdout]      = warning: this was previously accepted by the compiler but is being phased out; it will become a hard error in Rust 2024 and in a future release in all editions!
[INFO] [stdout]      = note: for more information, see <https://doc.rust-lang.org/edition-guide/rust-2024/never-type-fallback.html>
[INFO] [stdout] help: use `()` annotations to avoid fallback changes
[INFO] [stdout]      |
[INFO] [stdout] 1115 ~                 conn.set::<_, _, ()>(&key_job, data)
[INFO] [stdout] 1116 |                     .await
[INFO] [stdout]  ...
[INFO] [stdout] 1120 |                 let score = job.priority as f64;
[INFO] [stdout] 1121 ~                 conn.zadd::<_, _, _, ()>(queue_key, job.id.to_string(), score)
[INFO] [stdout]      |
[INFO] [stdout] 
[INFO] [stdout] 
[INFO] [stdout] warning: this function depends on never type fallback being `()`
[INFO] [stdout]     --> src/backend.rs:936:1
[INFO] [stdout]      |
[INFO] [stdout]  936 | #[async_trait]
[INFO] [stdout]      | ^^^^^^^^^^^^^^
[INFO] [stdout]      |
[INFO] [stdout]      = help: specify the types explicitly
[INFO] [stdout] note: in edition 2024, the requirement `!: FromRedisValue` will fail
[INFO] [stdout]     --> src/backend.rs:1223:18
[INFO] [stdout]      |
[INFO] [stdout] 1223 |             conn.set(&key_job, data)
[INFO] [stdout]      |                  ^^^
[INFO] [stdout]      = warning: this was previously accepted by the compiler but is being phased out; it will become a hard error in Rust 2024 and in a future release in all editions!
[INFO] [stdout]      = note: for more information, see <https://doc.rust-lang.org/edition-guide/rust-2024/never-type-fallback.html>
[INFO] [stdout] help: use `()` annotations to avoid fallback changes
[INFO] [stdout]      |
[INFO] [stdout] 1223 ~             conn.set::<_, _, ()>(&key_job, data)
[INFO] [stdout] 1224 |                 .await
[INFO] [stdout]  ...
[INFO] [stdout] 1237 |             let score = job.priority as f64;
[INFO] [stdout] 1238 ~             conn.zadd::<_, _, _, ()>(queue_key, job.id.to_string(), score)
[INFO] [stdout]      |
[INFO] [stdout] 
[INFO] [stdout] 
[INFO] [stdout] warning: method `key_running` is never used
[INFO] [stdout]    --> src/backend.rs:931:8
[INFO] [stdout]     |
[INFO] [stdout] 900 | impl RedisBackend {
[INFO] [stdout]     | ----------------- method in this implementation
[INFO] [stdout] ...
[INFO] [stdout] 931 |     fn key_running(&self) -> String {
[INFO] [stdout]     |        ^^^^^^^^^^^
[INFO] [stdout]     |
[INFO] [stdout]     = note: `#[warn(dead_code)]` (part of `#[warn(unused)]`) on by default
[INFO] [stdout] 
[INFO] [stdout] 
[INFO] [stdout] warning: unused imports: `Deserialize` and `Serialize`
[INFO] [stdout]  --> src/admin.rs:3:13
[INFO] [stdout]   |
[INFO] [stdout] 3 | use serde::{Deserialize, Serialize};
[INFO] [stdout]   |             ^^^^^^^^^^^  ^^^^^^^^^
[INFO] [stdout]   |
[INFO] [stdout]   = note: `#[warn(unused_imports)]` (part of `#[warn(unused)]`) on by default
[INFO] [stdout] 
[INFO] [stdout] 
[INFO] [stdout] warning: this function depends on never type fallback being `()`
[INFO] [stdout]    --> src/backend.rs:936:1
[INFO] [stdout]     |
[INFO] [stdout] 936 | #[async_trait]
[INFO] [stdout]     | ^^^^^^^^^^^^^^
[INFO] [stdout]     |
[INFO] [stdout]     = help: specify the types explicitly
[INFO] [stdout] note: in edition 2024, the requirement `!: FromRedisValue` will fail
[INFO] [stdout]    --> src/backend.rs:944:14
[INFO] [stdout]     |
[INFO] [stdout] 944 |         conn.set(key_job, data)
[INFO] [stdout]     |              ^^^
[INFO] [stdout]     = warning: this was previously accepted by the compiler but is being phased out; it will become a hard error in Rust 2024 and in a future release in all editions!
[INFO] [stdout]     = note: for more information, see <https://doc.rust-lang.org/edition-guide/rust-2024/never-type-fallback.html>
[INFO] [stdout]     = note: `#[warn(dependency_on_unit_never_type_fallback)]` (part of `#[warn(rust_2024_compatibility)]`) on by default
[INFO] [stdout] help: use `()` annotations to avoid fallback changes
[INFO] [stdout]     |
[INFO] [stdout] 944 ~         conn.set::<_, _, ()>(key_job, data)
[INFO] [stdout] 945 |             .await
[INFO] [stdout] ...
[INFO] [stdout] 952 |                     let scheduled = self.key_scheduled();
[INFO] [stdout] 953 ~                     conn.zadd::<_, _, _, ()>(scheduled, job.id.to_string(), score)
[INFO] [stdout] 954 |                         .await
[INFO] [stdout] ...
[INFO] [stdout] 960 |                 let queue_key = self.key_queue(&job.queue);
[INFO] [stdout] 961 ~                 conn.zadd::<_, _, _, ()>(queue_key, job.id.to_string(), score)
[INFO] [stdout]     |
[INFO] [stdout] 
[INFO] [stdout] 
[INFO] [stdout] warning: this function depends on never type fallback being `()`
[INFO] [stdout]    --> src/backend.rs:936:1
[INFO] [stdout]     |
[INFO] [stdout] 936 | #[async_trait]
[INFO] [stdout]     | ^^^^^^^^^^^^^^
[INFO] [stdout]     |
[INFO] [stdout]     = help: specify the types explicitly
[INFO] [stdout] note: in edition 2024, the requirement `!: FromRedisValue` will fail
[INFO] [stdout]    --> src/backend.rs:996:26
[INFO] [stdout]     |
[INFO] [stdout] 996 |                     conn.set(&key_job, data)
[INFO] [stdout]     |                          ^^^
[INFO] [stdout]     = warning: this was previously accepted by the compiler but is being phased out; it will become a hard error in Rust 2024 and in a future release in all editions!
[INFO] [stdout]     = note: for more information, see <https://doc.rust-lang.org/edition-guide/rust-2024/never-type-fallback.html>
[INFO] [stdout] help: use `()` annotations to avoid fallback changes
[INFO] [stdout]     |
[INFO] [stdout] 996 |                     conn.set::<_, _, ()>(&key_job, data)
[INFO] [stdout]     |                             ++++++++++++
[INFO] [stdout] 
[INFO] [stdout] 
[INFO] [stdout] warning: this function depends on never type fallback being `()`
[INFO] [stdout]     --> src/backend.rs:936:1
[INFO] [stdout]      |
[INFO] [stdout]  936 | #[async_trait]
[INFO] [stdout]      | ^^^^^^^^^^^^^^
[INFO] [stdout]      |
[INFO] [stdout]      = help: specify the types explicitly
[INFO] [stdout] note: in edition 2024, the requirement `!: FromRedisValue` will fail
[INFO] [stdout]     --> src/backend.rs:1034:18
[INFO] [stdout]      |
[INFO] [stdout] 1034 |             conn.set(&key_job, data)
[INFO] [stdout]      |                  ^^^
[INFO] [stdout]      = warning: this was previously accepted by the compiler but is being phased out; it will become a hard error in Rust 2024 and in a future release in all editions!
[INFO] [stdout]      = note: for more information, see <https://doc.rust-lang.org/edition-guide/rust-2024/never-type-fallback.html>
[INFO] [stdout] help: use `()` annotations to avoid fallback changes
[INFO] [stdout]      |
[INFO] [stdout] 1034 ~             conn.set::<_, _, ()>(&key_job, data)
[INFO] [stdout] 1035 |                 .await
[INFO] [stdout]  ...
[INFO] [stdout] 1039 |             let scheduled = self.key_scheduled();
[INFO] [stdout] 1040 ~             conn.zadd::<_, _, _, ()>(scheduled, job.id.to_string(), score)
[INFO] [stdout]      |
[INFO] [stdout] 
[INFO] [stdout] 
[INFO] [stdout] warning: this function depends on never type fallback being `()`
[INFO] [stdout]     --> src/backend.rs:936:1
[INFO] [stdout]      |
[INFO] [stdout]  936 | #[async_trait]
[INFO] [stdout]      | ^^^^^^^^^^^^^^
[INFO] [stdout]      |
[INFO] [stdout]      = help: specify the types explicitly
[INFO] [stdout] note: in edition 2024, the requirement `!: FromRedisValue` will fail
[INFO] [stdout]     --> src/backend.rs:1061:18
[INFO] [stdout]      |
[INFO] [stdout] 1061 |             conn.set(&key_job, data)
[INFO] [stdout]      |                  ^^^
[INFO] [stdout]      = warning: this was previously accepted by the compiler but is being phased out; it will become a hard error in Rust 2024 and in a future release in all editions!
[INFO] [stdout]      = note: for more information, see <https://doc.rust-lang.org/edition-guide/rust-2024/never-type-fallback.html>
[INFO] [stdout] help: use `()` annotations to avoid fallback changes
[INFO] [stdout]      |
[INFO] [stdout] 1061 |             conn.set::<_, _, ()>(&key_job, data)
[INFO] [stdout]      |                     ++++++++++++
[INFO] [stdout] 
[INFO] [stdout] 
[INFO] [stdout] warning: this function depends on never type fallback being `()`
[INFO] [stdout]     --> src/backend.rs:936:1
[INFO] [stdout]      |
[INFO] [stdout]  936 | #[async_trait]
[INFO] [stdout]      | ^^^^^^^^^^^^^^
[INFO] [stdout]      |
[INFO] [stdout]      = help: specify the types explicitly
[INFO] [stdout] note: in edition 2024, the requirement `!: FromRedisValue` will fail
[INFO] [stdout]     --> src/backend.rs:1115:22
[INFO] [stdout]      |
[INFO] [stdout] 1115 |                 conn.set(&key_job, data)
[INFO] [stdout]      |                      ^^^
[INFO] [stdout]      = warning: this was previously accepted by the compiler but is being phased out; it will become a hard error in Rust 2024 and in a future release in all editions!
[INFO] [stdout]      = note: for more information, see <https://doc.rust-lang.org/edition-guide/rust-2024/never-type-fallback.html>
[INFO] [stdout] help: use `()` annotations to avoid fallback changes
[INFO] [stdout]      |
[INFO] [stdout] 1115 ~                 conn.set::<_, _, ()>(&key_job, data)
[INFO] [stdout] 1116 |                     .await
[INFO] [stdout]  ...
[INFO] [stdout] 1120 |                 let score = job.priority as f64;
[INFO] [stdout] 1121 ~                 conn.zadd::<_, _, _, ()>(queue_key, job.id.to_string(), score)
[INFO] [stdout]      |
[INFO] [stdout] 
[INFO] [stdout] 
[INFO] [stdout] warning: this function depends on never type fallback being `()`
[INFO] [stdout]     --> src/backend.rs:936:1
[INFO] [stdout]      |
[INFO] [stdout]  936 | #[async_trait]
[INFO] [stdout]      | ^^^^^^^^^^^^^^
[INFO] [stdout]      |
[INFO] [stdout]      = help: specify the types explicitly
[INFO] [stdout] note: in edition 2024, the requirement `!: FromRedisValue` will fail
[INFO] [stdout]     --> src/backend.rs:1223:18
[INFO] [stdout]      |
[INFO] [stdout] 1223 |             conn.set(&key_job, data)
[INFO] [stdout]      |                  ^^^
[INFO] [stdout]      = warning: this was previously accepted by the compiler but is being phased out; it will become a hard error in Rust 2024 and in a future release in all editions!
[INFO] [stdout]      = note: for more information, see <https://doc.rust-lang.org/edition-guide/rust-2024/never-type-fallback.html>
[INFO] [stdout] help: use `()` annotations to avoid fallback changes
[INFO] [stdout]      |
[INFO] [stdout] 1223 ~             conn.set::<_, _, ()>(&key_job, data)
[INFO] [stdout] 1224 |                 .await
[INFO] [stdout]  ...
[INFO] [stdout] 1237 |             let score = job.priority as f64;
[INFO] [stdout] 1238 ~             conn.zadd::<_, _, _, ()>(queue_key, job.id.to_string(), score)
[INFO] [stdout]      |
[INFO] [stdout] 
[INFO] [stdout] 
[INFO] [stdout] warning: method `key_running` is never used
[INFO] [stdout]    --> src/backend.rs:931:8
[INFO] [stdout]     |
[INFO] [stdout] 900 | impl RedisBackend {
[INFO] [stdout]     | ----------------- method in this implementation
[INFO] [stdout] ...
[INFO] [stdout] 931 |     fn key_running(&self) -> String {
[INFO] [stdout]     |        ^^^^^^^^^^^
[INFO] [stdout]     |
[INFO] [stdout]     = note: `#[warn(dead_code)]` (part of `#[warn(unused)]`) on by default
[INFO] [stdout] 
[INFO] [stdout] 
[INFO] [stderr]     Finished `test` profile [unoptimized + debuginfo] target(s) in 12.41s
[INFO] [stderr] warning: the following packages contain code that will be rejected by a future version of Rust: convoyx v0.1.0 (/opt/rustwide/workdir)
[INFO] [stderr] note: to see what the problems were, use the option `--future-incompat-report`, or run `cargo report future-incompatibilities --id 2`
[INFO] running `Command { std: "docker" "inspect" "2ffdabc494b92a035efe7e2f3051301f67ea6befaef63414849bf237ddb47d73", kill_on_drop: false }`
[INFO] running `Command { std: "docker" "exec" "-e" "SOURCE_DIR=/opt/rustwide/workdir" "-e" "CARGO_HOME=/opt/rustwide/cargo-home" "-e" "RUSTUP_HOME=/opt/rustwide/rustup-home" "-e" "CARGO_TARGET_DIR=/opt/rustwide/target" "-e" "CARGO_INCREMENTAL=0" "-e" "RUST_BACKTRACE=full" "-e" "RUSTFLAGS=--cap-lints=warn" "-e" "RUSTDOCFLAGS=--cap-lints=warn" "-w" "/opt/rustwide/workdir" "--user" "0:0" "2ffdabc494b92a035efe7e2f3051301f67ea6befaef63414849bf237ddb47d73" "/opt/rustwide/cargo-home/bin/cargo" "+1.99.0-beta.8" "test" "--frozen", kill_on_drop: false }`
[INFO] [stderr] warning: unused imports: `Deserialize` and `Serialize`
[INFO] [stderr]  --> src/admin.rs:3:13
[INFO] [stderr]   |
[INFO] [stderr] 3 | use serde::{Deserialize, Serialize};
[INFO] [stderr]   |             ^^^^^^^^^^^  ^^^^^^^^^
[INFO] [stderr]   |
[INFO] [stderr]   = note: `#[warn(unused_imports)]` (part of `#[warn(unused)]`) on by default
[INFO] [stderr] 
[INFO] [stderr] warning: this function depends on never type fallback being `()`
[INFO] [stderr]    --> src/backend.rs:936:1
[INFO] [stderr]     |
[INFO] [stderr] 936 | #[async_trait]
[INFO] [stderr]     | ^^^^^^^^^^^^^^
[INFO] [stderr]     |
[INFO] [stderr]     = help: specify the types explicitly
[INFO] [stderr] note: in edition 2024, the requirement `!: FromRedisValue` will fail
[INFO] [stderr]    --> src/backend.rs:944:14
[INFO] [stderr]     |
[INFO] [stderr] 944 |         conn.set(key_job, data)
[INFO] [stderr]     |              ^^^
[INFO] [stderr]     = warning: this was previously accepted by the compiler but is being phased out; it will become a hard error in Rust 2024 and in a future release in all editions!
[INFO] [stderr]     = note: for more information, see <https://doc.rust-lang.org/edition-guide/rust-2024/never-type-fallback.html>
[INFO] [stderr]     = note: `#[warn(dependency_on_unit_never_type_fallback)]` (part of `#[warn(rust_2024_compatibility)]`) on by default
[INFO] [stderr] help: use `()` annotations to avoid fallback changes
[INFO] [stderr]     |
[INFO] [stderr] 944 ~         conn.set::<_, _, ()>(key_job, data)
[INFO] [stderr] 945 |             .await
[INFO] [stderr] ...
[INFO] [stderr] 952 |                     let scheduled = self.key_scheduled();
[INFO] [stderr] 953 ~                     conn.zadd::<_, _, _, ()>(scheduled, job.id.to_string(), score)
[INFO] [stderr] 954 |                         .await
[INFO] [stderr] ...
[INFO] [stderr] 960 |                 let queue_key = self.key_queue(&job.queue);
[INFO] [stderr] 961 ~                 conn.zadd::<_, _, _, ()>(queue_key, job.id.to_string(), score)
[INFO] [stderr]     |
[INFO] [stderr] 
[INFO] [stderr] warning: this function depends on never type fallback being `()`
[INFO] [stderr]    --> src/backend.rs:936:1
[INFO] [stderr]     |
[INFO] [stderr] 936 | #[async_trait]
[INFO] [stderr]     | ^^^^^^^^^^^^^^
[INFO] [stderr]     |
[INFO] [stderr]     = help: specify the types explicitly
[INFO] [stderr] note: in edition 2024, the requirement `!: FromRedisValue` will fail
[INFO] [stderr]    --> src/backend.rs:996:26
[INFO] [stderr]     |
[INFO] [stderr] 996 |                     conn.set(&key_job, data)
[INFO] [stderr]     |                          ^^^
[INFO] [stderr]     = warning: this was previously accepted by the compiler but is being phased out; it will become a hard error in Rust 2024 and in a future release in all editions!
[INFO] [stderr]     = note: for more information, see <https://doc.rust-lang.org/edition-guide/rust-2024/never-type-fallback.html>
[INFO] [stderr] help: use `()` annotations to avoid fallback changes
[INFO] [stderr]     |
[INFO] [stderr] 996 |                     conn.set::<_, _, ()>(&key_job, data)
[INFO] [stderr]     |                             ++++++++++++
[INFO] [stderr] 
[INFO] [stderr] warning: this function depends on never type fallback being `()`
[INFO] [stderr]     --> src/backend.rs:936:1
[INFO] [stderr]      |
[INFO] [stderr]  936 | #[async_trait]
[INFO] [stderr]      | ^^^^^^^^^^^^^^
[INFO] [stderr]      |
[INFO] [stderr]      = help: specify the types explicitly
[INFO] [stderr] note: in edition 2024, the requirement `!: FromRedisValue` will fail
[INFO] [stderr]     --> src/backend.rs:1034:18
[INFO] [stderr]      |
[INFO] [stderr] 1034 |             conn.set(&key_job, data)
[INFO] [stderr]      |                  ^^^
[INFO] [stderr]      = warning: this was previously accepted by the compiler but is being phased out; it will become a hard error in Rust 2024 and in a future release in all editions!
[INFO] [stderr]      = note: for more information, see <https://doc.rust-lang.org/edition-guide/rust-2024/never-type-fallback.html>
[INFO] [stderr] help: use `()` annotations to avoid fallback changes
[INFO] [stderr]      |
[INFO] [stderr] 1034 ~             conn.set::<_, _, ()>(&key_job, data)
[INFO] [stderr] 1035 |                 .await
[INFO] [stderr]  ...
[INFO] [stderr] 1039 |             let scheduled = self.key_scheduled();
[INFO] [stderr] 1040 ~             conn.zadd::<_, _, _, ()>(scheduled, job.id.to_string(), score)
[INFO] [stderr]      |
[INFO] [stderr] 
[INFO] [stderr] warning: this function depends on never type fallback being `()`
[INFO] [stderr]     --> src/backend.rs:936:1
[INFO] [stderr]      |
[INFO] [stderr]  936 | #[async_trait]
[INFO] [stderr]      | ^^^^^^^^^^^^^^
[INFO] [stderr]      |
[INFO] [stderr]      = help: specify the types explicitly
[INFO] [stderr] note: in edition 2024, the requirement `!: FromRedisValue` will fail
[INFO] [stderr]     --> src/backend.rs:1061:18
[INFO] [stderr]      |
[INFO] [stderr] 1061 |             conn.set(&key_job, data)
[INFO] [stderr]      |                  ^^^
[INFO] [stderr]      = warning: this was previously accepted by the compiler but is being phased out; it will become a hard error in Rust 2024 and in a future release in all editions!
[INFO] [stderr]      = note: for more information, see <https://doc.rust-lang.org/edition-guide/rust-2024/never-type-fallback.html>
[INFO] [stderr] help: use `()` annotations to avoid fallback changes
[INFO] [stderr]      |
[INFO] [stderr] 1061 |             conn.set::<_, _, ()>(&key_job, data)
[INFO] [stderr]      |                     ++++++++++++
[INFO] [stderr] 
[INFO] [stderr] warning: this function depends on never type fallback being `()`
[INFO] [stderr]     --> src/backend.rs:936:1
[INFO] [stderr]      |
[INFO] [stderr]  936 | #[async_trait]
[INFO] [stderr]      | ^^^^^^^^^^^^^^
[INFO] [stderr]      |
[INFO] [stderr]      = help: specify the types explicitly
[INFO] [stderr] note: in edition 2024, the requirement `!: FromRedisValue` will fail
[INFO] [stderr]     --> src/backend.rs:1115:22
[INFO] [stderr]      |
[INFO] [stderr] 1115 |                 conn.set(&key_job, data)
[INFO] [stderr]      |                      ^^^
[INFO] [stderr]      = warning: this was previously accepted by the compiler but is being phased out; it will become a hard error in Rust 2024 and in a future release in all editions!
[INFO] [stderr]      = note: for more information, see <https://doc.rust-lang.org/edition-guide/rust-2024/never-type-fallback.html>
[INFO] [stderr] help: use `()` annotations to avoid fallback changes
[INFO] [stderr]      |
[INFO] [stderr] 1115 ~                 conn.set::<_, _, ()>(&key_job, data)
[INFO] [stderr] 1116 |                     .await
[INFO] [stderr]  ...
[INFO] [stderr] 1120 |                 let score = job.priority as f64;
[INFO] [stderr] 1121 ~                 conn.zadd::<_, _, _, ()>(queue_key, job.id.to_string(), score)
[INFO] [stderr]      |
[INFO] [stderr] 
[INFO] [stderr] warning: this function depends on never type fallback being `()`
[INFO] [stderr]     --> src/backend.rs:936:1
[INFO] [stderr]      |
[INFO] [stderr]  936 | #[async_trait]
[INFO] [stderr]      | ^^^^^^^^^^^^^^
[INFO] [stderr]      |
[INFO] [stderr]      = help: specify the types explicitly
[INFO] [stderr] note: in edition 2024, the requirement `!: FromRedisValue` will fail
[INFO] [stderr]     --> src/backend.rs:1223:18
[INFO] [stderr]      |
[INFO] [stderr] 1223 |             conn.set(&key_job, data)
[INFO] [stderr]      |                  ^^^
[INFO] [stderr]      = warning: this was previously accepted by the compiler but is being phased out; it will become a hard error in Rust 2024 and in a future release in all editions!
[INFO] [stderr]      = note: for more information, see <https://doc.rust-lang.org/edition-guide/rust-2024/never-type-fallback.html>
[INFO] [stderr] help: use `()` annotations to avoid fallback changes
[INFO] [stderr]      |
[INFO] [stderr] 1223 ~             conn.set::<_, _, ()>(&key_job, data)
[INFO] [stderr] 1224 |                 .await
[INFO] [stderr]  ...
[INFO] [stderr] 1237 |             let score = job.priority as f64;
[INFO] [stderr] 1238 ~             conn.zadd::<_, _, _, ()>(queue_key, job.id.to_string(), score)
[INFO] [stderr]      |
[INFO] [stderr] 
[INFO] [stderr] warning: method `key_running` is never used
[INFO] [stderr]    --> src/backend.rs:931:8
[INFO] [stderr]     |
[INFO] [stderr] 900 | impl RedisBackend {
[INFO] [stderr]     | ----------------- method in this implementation
[INFO] [stderr] ...
[INFO] [stderr] 931 |     fn key_running(&self) -> String {
[INFO] [stderr]     |        ^^^^^^^^^^^
[INFO] [stderr]     |
[INFO] [stderr]     = note: `#[warn(dead_code)]` (part of `#[warn(unused)]`) on by default
[INFO] [stderr] 
[INFO] [stderr] warning: `convoyx` (lib) generated 8 warnings (run `cargo fix --lib -p convoyx` to apply 7 suggestions)
[INFO] [stderr] warning: `convoyx` (lib test) generated 8 warnings (8 duplicates)
[INFO] [stderr]     Finished `test` profile [unoptimized + debuginfo] target(s) in 0.29s
[INFO] [stderr] warning: the following packages contain code that will be rejected by a future version of Rust: convoyx v0.1.0 (/opt/rustwide/workdir)
[INFO] [stderr] note: to see what the problems were, use the option `--future-incompat-report`, or run `cargo report future-incompatibilities --id 2`
[INFO] [stderr]      Running unittests src/lib.rs (/opt/rustwide/target/debug/deps/convoyx-00bcc97371997733)
[INFO] [stdout] 
[INFO] [stdout] running 0 tests
[INFO] [stdout] 
[INFO] [stdout] test result: ok. 0 passed; 0 failed; 0 ignored; 0 measured; 0 filtered out; finished in 0.00s
[INFO] [stdout] 
[INFO] [stderr]      Running tests/backoff.rs (/opt/rustwide/target/debug/deps/backoff-753cf9d4f9c72de0)
[INFO] [stdout] 
[INFO] [stdout] running 2 tests
[INFO] [stdout] test exponential_backoff_grows_and_clamps ... ok
[INFO] [stdout] test fixed_backoff_returns_constant_delay_when_under_max_attempts ... ok
[INFO] [stdout] 
[INFO] [stdout] test result: ok. 2 passed; 0 failed; 0 ignored; 0 measured; 0 filtered out; finished in 0.00s
[INFO] [stdout] 
[INFO] [stderr]      Running tests/basic_flow.rs (/opt/rustwide/target/debug/deps/basic_flow-d19d3685715895b7)
[INFO] [stdout] 
[INFO] [stdout] running 1 test
[INFO] [stdout] test processes_job_with_in_memory_backend ... FAILED
[INFO] [stdout] 
[INFO] [stdout] failures:
[INFO] [stdout] 
[INFO] [stdout] ---- processes_job_with_in_memory_backend stdout ----
[INFO] [stdout] 
[INFO] [stdout] thread 'processes_job_with_in_memory_backend' (2290) panicked at tests/basic_flow.rs:98:5:
[INFO] [stdout] job did not complete in time
[INFO] [stdout] stack backtrace:
[INFO] [stdout]    0:     0x583993109021 - std[70759c8f55707aa4]::backtrace_rs::backtrace::libunwind::trace
[INFO] [stdout]                                at /rustc/dfb0accb7f508ae8be965d8629557221c889dd98/library/std/src/../../backtrace/src/backtrace/libunwind.rs:117:9
[INFO] [stdout]    1:     0x583993109021 - std[70759c8f55707aa4]::backtrace_rs::backtrace::trace_unsynchronized::<std[70759c8f55707aa4]::sys::backtrace::_print_fmt::{closure#1}>
[INFO] [stdout]                                at /rustc/dfb0accb7f508ae8be965d8629557221c889dd98/library/std/src/../../backtrace/src/backtrace/mod.rs:66:14
[INFO] [stdout]    2:     0x583993109021 - std[70759c8f55707aa4]::sys::backtrace::_print_fmt
[INFO] [stdout]                                at /rustc/dfb0accb7f508ae8be965d8629557221c889dd98/library/std/src/sys/backtrace.rs:74:9
[INFO] [stdout]    3:     0x583993109021 - <<std[70759c8f55707aa4]::sys::backtrace::BacktraceLock>::print::DisplayBacktrace as core[df12db4294e9bfd3]::fmt::Display>::fmt
[INFO] [stdout]                                at /rustc/dfb0accb7f508ae8be965d8629557221c889dd98/library/std/src/sys/backtrace.rs:44:26
[INFO] [stdout]    4:     0x58399312142a - <core[df12db4294e9bfd3]::fmt::rt::Argument>::fmt
[INFO] [stdout]                                at /rustc/dfb0accb7f508ae8be965d8629557221c889dd98/library/core/src/fmt/rt.rs:152:76
[INFO] [stdout]    5:     0x58399312142a - core[df12db4294e9bfd3]::fmt::write
[INFO] [stdout]    6:     0x58399310db3c - core[df12db4294e9bfd3]::io::write::default_write_fmt::<alloc[2182bb758b4b3781]::vec::Vec<u8>>
[INFO] [stdout]                                at /rustc/dfb0accb7f508ae8be965d8629557221c889dd98/library/core/src/io/write.rs:402:11
[INFO] [stdout]    7:     0x58399310db3c - <alloc[2182bb758b4b3781]::vec::Vec<u8> as core[df12db4294e9bfd3]::io::write::Write>::write_fmt
[INFO] [stdout]                                at /rustc/dfb0accb7f508ae8be965d8629557221c889dd98/library/core/src/io/write.rs:335:13
[INFO] [stdout]    8:     0x5839930e41e6 - <std[70759c8f55707aa4]::sys::backtrace::BacktraceLock>::print
[INFO] [stdout]                                at /rustc/dfb0accb7f508ae8be965d8629557221c889dd98/library/std/src/sys/backtrace.rs:47:9
[INFO] [stdout]    9:     0x5839930e41e6 - std[70759c8f55707aa4]::panicking::default_hook::{closure#0}
[INFO] [stdout]                                at /rustc/dfb0accb7f508ae8be965d8629557221c889dd98/library/std/src/panicking.rs:292:27
[INFO] [stdout]   10:     0x583993100dd9 - std[70759c8f55707aa4]::panicking::default_hook
[INFO] [stdout]                                at /rustc/dfb0accb7f508ae8be965d8629557221c889dd98/library/std/src/panicking.rs:316:9
[INFO] [stdout]   11:     0x583992a6c660 - <alloc[2182bb758b4b3781]::boxed::Box<dyn for<'a, 'b> core[df12db4294e9bfd3]::ops::function::Fn<(&'a std[70759c8f55707aa4]::panic::PanicHookInfo<'b>,), Output = ()> + core[df12db4294e9bfd3]::marker::Send + core[df12db4294e9bfd3]::marker::Sync> as core[df12db4294e9bfd3]::ops::function::Fn<(&std[70759c8f55707aa4]::panic::PanicHookInfo,)>>::call
[INFO] [stdout]                                at /rustc/dfb0accb7f508ae8be965d8629557221c889dd98/library/alloc/src/boxed.rs:2334:9
[INFO] [stdout]   12:     0x583992a6c660 - test[9d35eded1c95d3be]::test_main_inner::<test[9d35eded1c95d3be]::test_main_static::{closure#0}>::{closure#0}
[INFO] [stdout]                                at /rustc/dfb0accb7f508ae8be965d8629557221c889dd98/library/test/src/lib.rs:155:21
[INFO] [stdout]   13:     0x583993101102 - <alloc[2182bb758b4b3781]::boxed::Box<dyn for<'a, 'b> core[df12db4294e9bfd3]::ops::function::Fn<(&'a std[70759c8f55707aa4]::panic::PanicHookInfo<'b>,), Output = ()> + core[df12db4294e9bfd3]::marker::Send + core[df12db4294e9bfd3]::marker::Sync> as core[df12db4294e9bfd3]::ops::function::Fn<(&std[70759c8f55707aa4]::panic::PanicHookInfo,)>>::call
[INFO] [stdout]                                at /rustc/dfb0accb7f508ae8be965d8629557221c889dd98/library/alloc/src/boxed.rs:2334:9
[INFO] [stdout]   14:     0x583993101102 - std[70759c8f55707aa4]::panicking::panic_with_hook
[INFO] [stdout]                                at /rustc/dfb0accb7f508ae8be965d8629557221c889dd98/library/std/src/panicking.rs:823:13
[INFO] [stdout]   15:     0x5839930e42c4 - std[70759c8f55707aa4]::panicking::panic_handler::{closure#0}
[INFO] [stdout]                                at /rustc/dfb0accb7f508ae8be965d8629557221c889dd98/library/std/src/panicking.rs:681:13
[INFO] [stdout]   16:     0x5839930dcf39 - std[70759c8f55707aa4]::sys::backtrace::__rust_end_short_backtrace::<std[70759c8f55707aa4]::panicking::panic_handler::{closure#0}, !>
[INFO] [stdout]                                at /rustc/dfb0accb7f508ae8be965d8629557221c889dd98/library/std/src/sys/backtrace.rs:182:18
[INFO] [stdout]   17:     0x5839930e507d - __rustc[8fa7c3cbc660c2b3]::rust_begin_unwind
[INFO] [stdout]                                at /rustc/dfb0accb7f508ae8be965d8629557221c889dd98/library/std/src/panicking.rs:679:5
[INFO] [stdout]   18:     0x583993121c4c - core[df12db4294e9bfd3]::panicking::panic_fmt
[INFO] [stdout]                                at /rustc/dfb0accb7f508ae8be965d8629557221c889dd98/library/core/src/panicking.rs:80:14
[INFO] [stdout]   19:     0x583992a4ae2d - basic_flow[1b8d684ca9fcd94]::processes_job_with_in_memory_backend::{closure#0}
[INFO] [stdout]                                at /opt/rustwide/workdir/tests/basic_flow.rs:98:5
[INFO] [stdout]   20:     0x583992a57872 - <core[df12db4294e9bfd3]::pin::Pin<&mut dyn core[df12db4294e9bfd3]::future::future::Future<Output = ()>> as core[df12db4294e9bfd3]::future::future::Future>::poll
[INFO] [stdout]                                at /rustc/dfb0accb7f508ae8be965d8629557221c889dd98/library/core/src/future/future.rs:133:9
[INFO] [stdout]   21:     0x583992a578ed - <core[df12db4294e9bfd3]::pin::Pin<&mut core[df12db4294e9bfd3]::pin::Pin<&mut dyn core[df12db4294e9bfd3]::future::future::Future<Output = ()>>> as core[df12db4294e9bfd3]::future::future::Future>::poll
[INFO] [stdout]                                at /rustc/dfb0accb7f508ae8be965d8629557221c889dd98/library/core/src/future/future.rs:133:9
[INFO] [stdout]   22:     0x583992a3a79d - <tokio[6da3541fc7074318]::runtime::scheduler::current_thread::CoreGuard>::block_on::<core[df12db4294e9bfd3]::pin::Pin<&mut core[df12db4294e9bfd3]::pin::Pin<&mut dyn core[df12db4294e9bfd3]::future::future::Future<Output = ()>>>>::{closure#0}::{closure#0}::{closure#0}
[INFO] [stdout]                                at /opt/rustwide/cargo-home/registry/src/index.crates.io-1949cf8c6b5b557f/tokio-1.48.0/src/runtime/scheduler/current_thread/mod.rs:742:70
[INFO] [stdout]   23:     0x583992a3a6c5 - tokio[6da3541fc7074318]::task::coop::with_budget::<core[df12db4294e9bfd3]::task::poll::Poll<()>, <tokio[6da3541fc7074318]::runtime::scheduler::current_thread::CoreGuard>::block_on<core[df12db4294e9bfd3]::pin::Pin<&mut core[df12db4294e9bfd3]::pin::Pin<&mut dyn core[df12db4294e9bfd3]::future::future::Future<Output = ()>>>>::{closure#0}::{closure#0}::{closure#0}>
[INFO] [stdout]                                at /opt/rustwide/cargo-home/registry/src/index.crates.io-1949cf8c6b5b557f/tokio-1.48.0/src/task/coop/mod.rs:167:5
[INFO] [stdout]   24:     0x583992a3a6c5 - tokio[6da3541fc7074318]::task::coop::budget::<core[df12db4294e9bfd3]::task::poll::Poll<()>, <tokio[6da3541fc7074318]::runtime::scheduler::current_thread::CoreGuard>::block_on<core[df12db4294e9bfd3]::pin::Pin<&mut core[df12db4294e9bfd3]::pin::Pin<&mut dyn core[df12db4294e9bfd3]::future::future::Future<Output = ()>>>>::{closure#0}::{closure#0}::{closure#0}>
[INFO] [stdout]                                at /opt/rustwide/cargo-home/registry/src/index.crates.io-1949cf8c6b5b557f/tokio-1.48.0/src/task/coop/mod.rs:133:5
[INFO] [stdout]   25:     0x583992a3a6c5 - <tokio[6da3541fc7074318]::runtime::scheduler::current_thread::CoreGuard>::block_on::<core[df12db4294e9bfd3]::pin::Pin<&mut core[df12db4294e9bfd3]::pin::Pin<&mut dyn core[df12db4294e9bfd3]::future::future::Future<Output = ()>>>>::{closure#0}::{closure#0}
[INFO] [stdout]                                at /opt/rustwide/cargo-home/registry/src/index.crates.io-1949cf8c6b5b557f/tokio-1.48.0/src/runtime/scheduler/current_thread/mod.rs:742:25
[INFO] [stdout]   26:     0x583992a33d52 - <tokio[6da3541fc7074318]::runtime::scheduler::current_thread::Context>::enter::<core[df12db4294e9bfd3]::task::poll::Poll<()>, <tokio[6da3541fc7074318]::runtime::scheduler::current_thread::CoreGuard>::block_on<core[df12db4294e9bfd3]::pin::Pin<&mut core[df12db4294e9bfd3]::pin::Pin<&mut dyn core[df12db4294e9bfd3]::future::future::Future<Output = ()>>>>::{closure#0}::{closure#0}>
[INFO] [stdout]                                at /opt/rustwide/cargo-home/registry/src/index.crates.io-1949cf8c6b5b557f/tokio-1.48.0/src/runtime/scheduler/current_thread/mod.rs:432:19
[INFO] [stdout]   27:     0x583992a39bcd - <tokio[6da3541fc7074318]::runtime::scheduler::current_thread::CoreGuard>::block_on::<core[df12db4294e9bfd3]::pin::Pin<&mut core[df12db4294e9bfd3]::pin::Pin<&mut dyn core[df12db4294e9bfd3]::future::future::Future<Output = ()>>>>::{closure#0}
[INFO] [stdout]                                at /opt/rustwide/cargo-home/registry/src/index.crates.io-1949cf8c6b5b557f/tokio-1.48.0/src/runtime/scheduler/current_thread/mod.rs:741:44
[INFO] [stdout]   28:     0x583992a38ec4 - <tokio[6da3541fc7074318]::runtime::scheduler::current_thread::CoreGuard>::enter::<<tokio[6da3541fc7074318]::runtime::scheduler::current_thread::CoreGuard>::block_on<core[df12db4294e9bfd3]::pin::Pin<&mut core[df12db4294e9bfd3]::pin::Pin<&mut dyn core[df12db4294e9bfd3]::future::future::Future<Output = ()>>>>::{closure#0}, core[df12db4294e9bfd3]::option::Option<()>>::{closure#0}
[INFO] [stdout]                                at /opt/rustwide/cargo-home/registry/src/index.crates.io-1949cf8c6b5b557f/tokio-1.48.0/src/runtime/scheduler/current_thread/mod.rs:829:68
[INFO] [stdout]   29:     0x583992a41a2b - <tokio[6da3541fc7074318]::runtime::context::scoped::Scoped<tokio[6da3541fc7074318]::runtime::scheduler::Context>>::set::<<tokio[6da3541fc7074318]::runtime::scheduler::current_thread::CoreGuard>::enter<<tokio[6da3541fc7074318]::runtime::scheduler::current_thread::CoreGuard>::block_on<core[df12db4294e9bfd3]::pin::Pin<&mut core[df12db4294e9bfd3]::pin::Pin<&mut dyn core[df12db4294e9bfd3]::future::future::Future<Output = ()>>>>::{closure#0}, core[df12db4294e9bfd3]::option::Option<()>>::{closure#0}, (alloc[2182bb758b4b3781]::boxed::Box<tokio[6da3541fc7074318]::runtime::scheduler::current_thread::Core>, core[df12db4294e9bfd3]::option::Option<()>)>
[INFO] [stdout]                                at /opt/rustwide/cargo-home/registry/src/index.crates.io-1949cf8c6b5b557f/tokio-1.48.0/src/runtime/context/scoped.rs:40:9
[INFO] [stdout]   30:     0x583992a49649 - tokio[6da3541fc7074318]::runtime::context::set_scheduler::<(alloc[2182bb758b4b3781]::boxed::Box<tokio[6da3541fc7074318]::runtime::scheduler::current_thread::Core>, core[df12db4294e9bfd3]::option::Option<()>), <tokio[6da3541fc7074318]::runtime::scheduler::current_thread::CoreGuard>::enter<<tokio[6da3541fc7074318]::runtime::scheduler::current_thread::CoreGuard>::block_on<core[df12db4294e9bfd3]::pin::Pin<&mut core[df12db4294e9bfd3]::pin::Pin<&mut dyn core[df12db4294e9bfd3]::future::future::Future<Output = ()>>>>::{closure#0}, core[df12db4294e9bfd3]::option::Option<()>>::{closure#0}>::{closure#0}
[INFO] [stdout]                                at /opt/rustwide/cargo-home/registry/src/index.crates.io-1949cf8c6b5b557f/tokio-1.48.0/src/runtime/context.rs:176:38
[INFO] [stdout]   31:     0x583992a4634f - <std[70759c8f55707aa4]::thread::local::LocalKey<tokio[6da3541fc7074318]::runtime::context::Context>>::try_with::<tokio[6da3541fc7074318]::runtime::context::set_scheduler<(alloc[2182bb758b4b3781]::boxed::Box<tokio[6da3541fc7074318]::runtime::scheduler::current_thread::Core>, core[df12db4294e9bfd3]::option::Option<()>), <tokio[6da3541fc7074318]::runtime::scheduler::current_thread::CoreGuard>::enter<<tokio[6da3541fc7074318]::runtime::scheduler::current_thread::CoreGuard>::block_on<core[df12db4294e9bfd3]::pin::Pin<&mut core[df12db4294e9bfd3]::pin::Pin<&mut dyn core[df12db4294e9bfd3]::future::future::Future<Output = ()>>>>::{closure#0}, core[df12db4294e9bfd3]::option::Option<()>>::{closure#0}>::{closure#0}, (alloc[2182bb758b4b3781]::boxed::Box<tokio[6da3541fc7074318]::runtime::scheduler::current_thread::Core>, core[df12db4294e9bfd3]::option::Option<()>)>
[INFO] [stdout]                                at /rustc/dfb0accb7f508ae8be965d8629557221c889dd98/library/std/src/thread/local.rs:463:12
[INFO] [stdout]   32:     0x583992a45efe - <std[70759c8f55707aa4]::thread::local::LocalKey<tokio[6da3541fc7074318]::runtime::context::Context>>::with::<tokio[6da3541fc7074318]::runtime::context::set_scheduler<(alloc[2182bb758b4b3781]::boxed::Box<tokio[6da3541fc7074318]::runtime::scheduler::current_thread::Core>, core[df12db4294e9bfd3]::option::Option<()>), <tokio[6da3541fc7074318]::runtime::scheduler::current_thread::CoreGuard>::enter<<tokio[6da3541fc7074318]::runtime::scheduler::current_thread::CoreGuard>::block_on<core[df12db4294e9bfd3]::pin::Pin<&mut core[df12db4294e9bfd3]::pin::Pin<&mut dyn core[df12db4294e9bfd3]::future::future::Future<Output = ()>>>>::{closure#0}, core[df12db4294e9bfd3]::option::Option<()>>::{closure#0}>::{closure#0}, (alloc[2182bb758b4b3781]::boxed::Box<tokio[6da3541fc7074318]::runtime::scheduler::current_thread::Core>, core[df12db4294e9bfd3]::option::Option<()>)>
[INFO] [stdout]                                at /rustc/dfb0accb7f508ae8be965d8629557221c889dd98/library/std/src/thread/local.rs:427:20
[INFO] [stdout]   33:     0x583992a485ad - tokio[6da3541fc7074318]::runtime::context::set_scheduler::<(alloc[2182bb758b4b3781]::boxed::Box<tokio[6da3541fc7074318]::runtime::scheduler::current_thread::Core>, core[df12db4294e9bfd3]::option::Option<()>), <tokio[6da3541fc7074318]::runtime::scheduler::current_thread::CoreGuard>::enter<<tokio[6da3541fc7074318]::runtime::scheduler::current_thread::CoreGuard>::block_on<core[df12db4294e9bfd3]::pin::Pin<&mut core[df12db4294e9bfd3]::pin::Pin<&mut dyn core[df12db4294e9bfd3]::future::future::Future<Output = ()>>>>::{closure#0}, core[df12db4294e9bfd3]::option::Option<()>>::{closure#0}>
[INFO] [stdout]                                at /opt/rustwide/cargo-home/registry/src/index.crates.io-1949cf8c6b5b557f/tokio-1.48.0/src/runtime/context.rs:176:17
[INFO] [stdout]   34:     0x583992a35d50 - <tokio[6da3541fc7074318]::runtime::scheduler::current_thread::CoreGuard>::enter::<<tokio[6da3541fc7074318]::runtime::scheduler::current_thread::CoreGuard>::block_on<core[df12db4294e9bfd3]::pin::Pin<&mut core[df12db4294e9bfd3]::pin::Pin<&mut dyn core[df12db4294e9bfd3]::future::future::Future<Output = ()>>>>::{closure#0}, core[df12db4294e9bfd3]::option::Option<()>>
[INFO] [stdout]                                at /opt/rustwide/cargo-home/registry/src/index.crates.io-1949cf8c6b5b557f/tokio-1.48.0/src/runtime/scheduler/current_thread/mod.rs:829:27
[INFO] [stdout]   35:     0x583992a36046 - <tokio[6da3541fc7074318]::runtime::scheduler::current_thread::CoreGuard>::block_on::<core[df12db4294e9bfd3]::pin::Pin<&mut core[df12db4294e9bfd3]::pin::Pin<&mut dyn core[df12db4294e9bfd3]::future::future::Future<Output = ()>>>>
[INFO] [stdout]                                at /opt/rustwide/cargo-home/registry/src/index.crates.io-1949cf8c6b5b557f/tokio-1.48.0/src/runtime/scheduler/current_thread/mod.rs:729:24
[INFO] [stdout]   36:     0x583992a38ad0 - <tokio[6da3541fc7074318]::runtime::scheduler::current_thread::CurrentThread>::block_on::<core[df12db4294e9bfd3]::pin::Pin<&mut dyn core[df12db4294e9bfd3]::future::future::Future<Output = ()>>>::{closure#0}
[INFO] [stdout]                                at /opt/rustwide/cargo-home/registry/src/index.crates.io-1949cf8c6b5b557f/tokio-1.48.0/src/runtime/scheduler/current_thread/mod.rs:200:33
[INFO] [stdout]   37:     0x583992a589a8 - tokio[6da3541fc7074318]::runtime::context::runtime::enter_runtime::<<tokio[6da3541fc7074318]::runtime::scheduler::current_thread::CurrentThread>::block_on<core[df12db4294e9bfd3]::pin::Pin<&mut dyn core[df12db4294e9bfd3]::future::future::Future<Output = ()>>>::{closure#0}, ()>
[INFO] [stdout]                                at /opt/rustwide/cargo-home/registry/src/index.crates.io-1949cf8c6b5b557f/tokio-1.48.0/src/runtime/context/runtime.rs:65:16
[INFO] [stdout]   38:     0x583992a33914 - <tokio[6da3541fc7074318]::runtime::scheduler::current_thread::CurrentThread>::block_on::<core[df12db4294e9bfd3]::pin::Pin<&mut dyn core[df12db4294e9bfd3]::future::future::Future<Output = ()>>>
[INFO] [stdout]                                at /opt/rustwide/cargo-home/registry/src/index.crates.io-1949cf8c6b5b557f/tokio-1.48.0/src/runtime/scheduler/current_thread/mod.rs:188:9
[INFO] [stdout]   39:     0x583992a581bf - <tokio[6da3541fc7074318]::runtime::runtime::Runtime>::block_on_inner::<core[df12db4294e9bfd3]::pin::Pin<&mut dyn core[df12db4294e9bfd3]::future::future::Future<Output = ()>>>
[INFO] [stdout]                                at /opt/rustwide/cargo-home/registry/src/index.crates.io-1949cf8c6b5b557f/tokio-1.48.0/src/runtime/runtime.rs:368:52
[INFO] [stdout]   40:     0x583992a5830b - <tokio[6da3541fc7074318]::runtime::runtime::Runtime>::block_on::<core[df12db4294e9bfd3]::pin::Pin<&mut dyn core[df12db4294e9bfd3]::future::future::Future<Output = ()>>>
[INFO] [stdout]                                at /opt/rustwide/cargo-home/registry/src/index.crates.io-1949cf8c6b5b557f/tokio-1.48.0/src/runtime/runtime.rs:342:18
[INFO] [stdout]   41:     0x583992a4b332 - basic_flow[1b8d684ca9fcd94]::processes_job_with_in_memory_backend
[INFO] [stdout]                                at /opt/rustwide/workdir/tests/basic_flow.rs:99:50
[INFO] [stdout]   42:     0x583992a49d17 - basic_flow[1b8d684ca9fcd94]::processes_job_with_in_memory_backend::{closure#0}
[INFO] [stdout]                                at /opt/rustwide/workdir/tests/basic_flow.rs:40:48
[INFO] [stdout]   43:     0x583992a40456 - <basic_flow[1b8d684ca9fcd94]::processes_job_with_in_memory_backend::{closure#0} as core[df12db4294e9bfd3]::ops::function::FnOnce<()>>::call_once
[INFO] [stdout]                                at /rustc/dfb0accb7f508ae8be965d8629557221c889dd98/library/core/src/ops/function.rs:250:5
[INFO] [stdout]   44:     0x583992a5f94b - <fn() -> core[df12db4294e9bfd3]::result::Result<(), alloc[2182bb758b4b3781]::string::String> as core[df12db4294e9bfd3]::ops::function::FnOnce<()>>::call_once
[INFO] [stdout]                                at /rustc/dfb0accb7f508ae8be965d8629557221c889dd98/library/core/src/ops/function.rs:250:5
[INFO] [stdout]   45:     0x583992a5f94b - test[9d35eded1c95d3be]::__rust_begin_short_backtrace::<core[df12db4294e9bfd3]::result::Result<(), alloc[2182bb758b4b3781]::string::String>, fn() -> core[df12db4294e9bfd3]::result::Result<(), alloc[2182bb758b4b3781]::string::String>>
[INFO] [stdout]                                at /rustc/dfb0accb7f508ae8be965d8629557221c889dd98/library/test/src/lib.rs:733:18
[INFO] [stdout]   46:     0x583992a6cfb5 - test[9d35eded1c95d3be]::run_test_in_process::{closure#0}
[INFO] [stdout]                                at /rustc/dfb0accb7f508ae8be965d8629557221c889dd98/library/test/src/lib.rs:756:74
[INFO] [stdout]   47:     0x583992a6cfb5 - <core[df12db4294e9bfd3]::panic::unwind_safe::AssertUnwindSafe<test[9d35eded1c95d3be]::run_test_in_process::{closure#0}> as core[df12db4294e9bfd3]::ops::function::FnOnce<()>>::call_once
[INFO] [stdout]                                at /rustc/dfb0accb7f508ae8be965d8629557221c889dd98/library/core/src/panic/unwind_safe.rs:275:9
[INFO] [stdout]   48:     0x583992a6cfb5 - std[70759c8f55707aa4]::panicking::catch_unwind::do_call::<core[df12db4294e9bfd3]::panic::unwind_safe::AssertUnwindSafe<test[9d35eded1c95d3be]::run_test_in_process::{closure#0}>, core[df12db4294e9bfd3]::result::Result<(), alloc[2182bb758b4b3781]::string::String>>
[INFO] [stdout]                                at /rustc/dfb0accb7f508ae8be965d8629557221c889dd98/library/std/src/panicking.rs:576:43
[INFO] [stdout]   49:     0x583992a6cfb5 - std[70759c8f55707aa4]::panicking::catch_unwind::<core[df12db4294e9bfd3]::result::Result<(), alloc[2182bb758b4b3781]::string::String>, core[df12db4294e9bfd3]::panic::unwind_safe::AssertUnwindSafe<test[9d35eded1c95d3be]::run_test_in_process::{closure#0}>>
[INFO] [stdout]                                at /rustc/dfb0accb7f508ae8be965d8629557221c889dd98/library/std/src/panicking.rs:544:19
[INFO] [stdout]   50:     0x583992a6cfb5 - std[70759c8f55707aa4]::panic::catch_unwind::<core[df12db4294e9bfd3]::panic::unwind_safe::AssertUnwindSafe<test[9d35eded1c95d3be]::run_test_in_process::{closure#0}>, core[df12db4294e9bfd3]::result::Result<(), alloc[2182bb758b4b3781]::string::String>>
[INFO] [stdout]                                at /rustc/dfb0accb7f508ae8be965d8629557221c889dd98/library/std/src/panic.rs:359:14
[INFO] [stdout]   51:     0x583992a6cfb5 - test[9d35eded1c95d3be]::run_test_in_process
[INFO] [stdout]                                at /rustc/dfb0accb7f508ae8be965d8629557221c889dd98/library/test/src/lib.rs:756:27
[INFO] [stdout]   52:     0x583992a6cfb5 - test[9d35eded1c95d3be]::run_test::{closure#0}
[INFO] [stdout]                                at /rustc/dfb0accb7f508ae8be965d8629557221c889dd98/library/test/src/lib.rs:677:43
[INFO] [stdout]   53:     0x583992a66874 - test[9d35eded1c95d3be]::run_test::{closure#1}
[INFO] [stdout]                                at /rustc/dfb0accb7f508ae8be965d8629557221c889dd98/library/test/src/lib.rs:707:41
[INFO] [stdout]   54:     0x583992a66874 - std[70759c8f55707aa4]::sys::backtrace::__rust_begin_short_backtrace::<test[9d35eded1c95d3be]::run_test::{closure#1}, ()>
[INFO] [stdout]                                at /rustc/dfb0accb7f508ae8be965d8629557221c889dd98/library/std/src/sys/backtrace.rs:166:18
[INFO] [stdout]   55:     0x583992a70112 - std[70759c8f55707aa4]::thread::lifecycle::spawn_unchecked::<test[9d35eded1c95d3be]::run_test::{closure#1}, ()>::{closure#1}::{closure#0}
[INFO] [stdout]                                at /rustc/dfb0accb7f508ae8be965d8629557221c889dd98/library/std/src/thread/lifecycle.rs:70:13
[INFO] [stdout]   56:     0x583992a70112 - <core[df12db4294e9bfd3]::panic::unwind_safe::AssertUnwindSafe<std[70759c8f55707aa4]::thread::lifecycle::spawn_unchecked<test[9d35eded1c95d3be]::run_test::{closure#1}, ()>::{closure#1}::{closure#0}> as core[df12db4294e9bfd3]::ops::function::FnOnce<()>>::call_once
[INFO] [stdout]                                at /rustc/dfb0accb7f508ae8be965d8629557221c889dd98/library/core/src/panic/unwind_safe.rs:275:9
[INFO] [stdout]   57:     0x583992a70112 - std[70759c8f55707aa4]::panicking::catch_unwind::do_call::<core[df12db4294e9bfd3]::panic::unwind_safe::AssertUnwindSafe<std[70759c8f55707aa4]::thread::lifecycle::spawn_unchecked<test[9d35eded1c95d3be]::run_test::{closure#1}, ()>::{closure#1}::{closure#0}>, ()>
[INFO] [stdout]                                at /rustc/dfb0accb7f508ae8be965d8629557221c889dd98/library/std/src/panicking.rs:576:43
[INFO] [stdout]   58:     0x583992a70112 - std[70759c8f55707aa4]::panicking::catch_unwind::<(), core[df12db4294e9bfd3]::panic::unwind_safe::AssertUnwindSafe<std[70759c8f55707aa4]::thread::lifecycle::spawn_unchecked<test[9d35eded1c95d3be]::run_test::{closure#1}, ()>::{closure#1}::{closure#0}>>
[INFO] [stdout]                                at /rustc/dfb0accb7f508ae8be965d8629557221c889dd98/library/std/src/panicking.rs:544:19
[INFO] [stdout]   59:     0x583992a70112 - std[70759c8f55707aa4]::panic::catch_unwind::<core[df12db4294e9bfd3]::panic::unwind_safe::AssertUnwindSafe<std[70759c8f55707aa4]::thread::lifecycle::spawn_unchecked<test[9d35eded1c95d3be]::run_test::{closure#1}, ()>::{closure#1}::{closure#0}>, ()>
[INFO] [stdout]                                at /rustc/dfb0accb7f508ae8be965d8629557221c889dd98/library/std/src/panic.rs:359:14
[INFO] [stdout]   60:     0x583992a70112 - std[70759c8f55707aa4]::thread::lifecycle::spawn_unchecked::<test[9d35eded1c95d3be]::run_test::{closure#1}, ()>::{closure#1}
[INFO] [stdout]                                at /rustc/dfb0accb7f508ae8be965d8629557221c889dd98/library/std/src/thread/lifecycle.rs:68:26
[INFO] [stdout]   61:     0x583992a70112 - <std[70759c8f55707aa4]::thread::lifecycle::spawn_unchecked<test[9d35eded1c95d3be]::run_test::{closure#1}, ()>::{closure#1} as core[df12db4294e9bfd3]::ops::function::FnOnce<()>>::call_once::{shim:vtable#0}
[INFO] [stdout]                                at /rustc/dfb0accb7f508ae8be965d8629557221c889dd98/library/core/src/ops/function.rs:250:5
[INFO] [stdout]   62:     0x583993108549 - <alloc[2182bb758b4b3781]::boxed::Box<dyn core[df12db4294e9bfd3]::ops::function::FnOnce<(), Output = ()> + core[df12db4294e9bfd3]::marker::Send> as core[df12db4294e9bfd3]::ops::function::FnOnce<()>>::call_once
[INFO] [stdout]                                at /rustc/dfb0accb7f508ae8be965d8629557221c889dd98/library/alloc/src/boxed.rs:2320:9
[INFO] [stdout]   63:     0x583993108549 - <std[70759c8f55707aa4]::sys::thread::unix::Thread>::new::thread_start
[INFO] [stdout]                                at /rustc/dfb0accb7f508ae8be965d8629557221c889dd98/library/std/src/sys/thread/unix.rs:123:17
[INFO] [stdout]   64:     0x7753c8304dfa - <unknown>
[INFO] [stdout]   65:     0x7753c83983d4 - clone
[INFO] [stdout]   66:                0x0 - <unknown>
[INFO] [stdout] 
[INFO] [stdout] 
[INFO] [stdout] failures:
[INFO] [stdout]     processes_job_with_in_memory_backend
[INFO] [stdout] 
[INFO] [stdout] test result: FAILED. 0 passed; 1 failed; 0 ignored; 0 measured; 0 filtered out; finished in 2.09s
[INFO] [stdout] 
[INFO] [stderr] error: test failed, to rerun pass `--test basic_flow`
[INFO] running `Command { std: "docker" "inspect" "2ffdabc494b92a035efe7e2f3051301f67ea6befaef63414849bf237ddb47d73", kill_on_drop: false }`
[INFO] running `Command { std: "docker" "rm" "-f" "2ffdabc494b92a035efe7e2f3051301f67ea6befaef63414849bf237ddb47d73", kill_on_drop: false }`
[INFO] [stdout] 2ffdabc494b92a035efe7e2f3051301f67ea6befaef63414849bf237ddb47d73
