[INFO] cloning repository https://github.com/LinusNyman/pantheon-os
[INFO] running `Command { std: "git" "-c" "credential.helper=" "-c" "credential.helper=/workspace/cargo-home/bin/git-credential-null" "clone" "--bare" "https://github.com/LinusNyman/pantheon-os" "/workspace/cache/git-repos/https%3A%2F%2Fgithub.com%2FLinusNyman%2Fpantheon-os", kill_on_drop: false }`
[INFO] [stderr] Cloning into bare repository '/workspace/cache/git-repos/https%3A%2F%2Fgithub.com%2FLinusNyman%2Fpantheon-os'...
[INFO] running `Command { std: "git" "rev-parse" "HEAD", kill_on_drop: false }`
[INFO] [stdout] c926ea0cec7a05e9628288bcbddb520f8c15fbc5
[INFO] testing LinusNyman/pantheon-os against 1.100.0-beta.1 for beta-1.100-2
[INFO] running `Command { std: "git" "clone" "/workspace/cache/git-repos/https%3A%2F%2Fgithub.com%2FLinusNyman%2Fpantheon-os" "/workspace/builds/worker-3-tc2/source", kill_on_drop: false }`
[INFO] [stderr] Cloning into '/workspace/builds/worker-3-tc2/source'...
[INFO] [stderr] done.
[INFO] removed /workspace/builds/worker-3-tc2/source/rust-toolchain.toml
[INFO] started tweaking git repo https://github.com/LinusNyman/pantheon-os
[INFO] finished tweaking git repo https://github.com/LinusNyman/pantheon-os
[INFO] tweaked toml for git repo https://github.com/LinusNyman/pantheon-os written to /workspace/builds/worker-3-tc2/source/Cargo.toml
[INFO] validating manifest of git repo https://github.com/LinusNyman/pantheon-os on toolchain 1.100.0-beta.1
[INFO] running `Command { std: CARGO_HOME="/workspace/cargo-home" RUSTUP_HOME="/workspace/rustup-home" "/workspace/cargo-home/bin/cargo" "+1.100.0-beta.1" "metadata" "--manifest-path" "Cargo.toml" "--no-deps", kill_on_drop: false }`
[INFO] crate git repo https://github.com/LinusNyman/pantheon-os already has a lockfile, it will not be regenerated
[INFO] running `Command { std: CARGO_HOME="/workspace/cargo-home" RUSTUP_HOME="/workspace/rustup-home" "/workspace/cargo-home/bin/cargo" "+1.100.0-beta.1" "fetch" "--manifest-path" "Cargo.toml", kill_on_drop: false }`
[INFO] running `Command { std: "docker" "create" "-v" "/var/lib/crater-agent-workspace/builds/worker-3-tc2/source:/opt/rustwide/workdir:ro,Z" "-v" "/var/lib/crater-agent-workspace/builds/worker-3-tc2/target:/opt/rustwide/target:rw,Z" "-v" "/var/lib/crater-agent-workspace/cargo-home:/opt/rustwide/cargo-home:ro,Z" "-v" "/var/lib/crater-agent-workspace/rustup-home:/opt/rustwide/rustup-home:ro,Z" "-m" "1610612736" "--network" "none" "ghcr.io/rust-lang/crates-build-env/linux@sha256:3111399a4047eeb3a02b7a90e478d715f38a8c6669b5c4b49d30a17385265909" "sleep" "infinity", kill_on_drop: false }`
[INFO] [stdout] 5081a8e544ceed0edaa3d9c9860a7cae6e5db8ed52750df5920b117a1687a116
[INFO] running `Command { std: "docker" "start" "5081a8e544ceed0edaa3d9c9860a7cae6e5db8ed52750df5920b117a1687a116", kill_on_drop: false }`
[INFO] running `Command { std: "docker" "inspect" "5081a8e544ceed0edaa3d9c9860a7cae6e5db8ed52750df5920b117a1687a116", kill_on_drop: false }`
[INFO] running `Command { std: "docker" "exec" "-e" "SOURCE_DIR=/opt/rustwide/workdir" "-e" "CARGO_HOME=/opt/rustwide/cargo-home" "-e" "RUSTUP_HOME=/opt/rustwide/rustup-home" "-e" "CARGO_TARGET_DIR=/opt/rustwide/target" "-w" "/opt/rustwide/workdir" "--user" "0:0" "5081a8e544ceed0edaa3d9c9860a7cae6e5db8ed52750df5920b117a1687a116" "/opt/rustwide/cargo-home/bin/cargo" "+1.100.0-beta.1" "metadata" "--no-deps" "--format-version=1", kill_on_drop: false }`
[INFO] running `Command { std: "docker" "inspect" "5081a8e544ceed0edaa3d9c9860a7cae6e5db8ed52750df5920b117a1687a116", kill_on_drop: false }`
[INFO] running `Command { std: "docker" "exec" "-e" "SOURCE_DIR=/opt/rustwide/workdir" "-e" "CARGO_HOME=/opt/rustwide/cargo-home" "-e" "RUSTUP_HOME=/opt/rustwide/rustup-home" "-e" "CARGO_TARGET_DIR=/opt/rustwide/target" "-e" "CARGO_INCREMENTAL=0" "-e" "RUST_BACKTRACE=full" "-e" "RUSTFLAGS=--cap-lints=warn" "-e" "RUSTDOCFLAGS=--cap-lints=warn" "-w" "/opt/rustwide/workdir" "--user" "0:0" "5081a8e544ceed0edaa3d9c9860a7cae6e5db8ed52750df5920b117a1687a116" "/opt/rustwide/cargo-home/bin/cargo" "+1.100.0-beta.1" "build" "--frozen" "--message-format=json", kill_on_drop: false }`
[INFO] [stderr]    Compiling quote v1.0.46
[INFO] [stderr]    Compiling unicode-ident v1.0.24
[INFO] [stderr]    Compiling bitflags v2.13.0
[INFO] [stderr]    Compiling unicode-segmentation v1.13.3
[INFO] [stderr]    Compiling rustversion v1.0.23
[INFO] [stderr]    Compiling either v1.16.0
[INFO] [stderr]    Compiling hashbrown v0.17.1
[INFO] [stderr]    Compiling typenum v1.20.1
[INFO] [stderr]    Compiling serde_core v1.0.228
[INFO] [stderr]    Compiling errno v0.3.14
[INFO] [stderr]    Compiling critical-section v1.2.0
[INFO] [stderr]    Compiling serde_json v1.0.150
[INFO] [stderr]    Compiling log v0.4.33
[INFO] [stderr]    Compiling memchr v2.8.3
[INFO] [stderr]    Compiling smallvec v1.15.2
[INFO] [stderr]    Compiling time-core v0.1.9
[INFO] [stderr]    Compiling proc-macro2 v1.0.106
[INFO] [stderr]    Compiling deranged v0.5.8
[INFO] [stderr]    Compiling signal-hook-registry v1.4.8
[INFO] [stderr]    Compiling winnow v1.0.3
[INFO] [stderr]    Compiling num-conv v0.2.2
[INFO] [stderr]    Compiling itertools v0.14.0
[INFO] [stderr]    Compiling rustix v1.1.4
[INFO] [stderr]    Compiling parking_lot_core v0.9.12
[INFO] [stderr]    Compiling mio v1.2.1
[INFO] [stderr]    Compiling const-oid v0.10.2
[INFO] [stderr]    Compiling signal-hook v0.3.18
[INFO] [stderr]    Compiling line-clipping v0.3.7
[INFO] [stderr]    Compiling parking_lot v0.12.5
[INFO] [stderr]    Compiling convert_case v0.10.0
[INFO] [stderr]    Compiling tinyvec v1.12.0
[INFO] [stderr]    Compiling anyhow v1.0.103
[INFO] [stderr]    Compiling syn v2.0.118
[INFO] [stderr]    Compiling signal-hook-mio v0.2.5
[INFO] [stderr]    Compiling toml_writer v1.1.2+spec-1.1.0
[INFO] [stderr]    Compiling toml_datetime v1.1.1+spec-1.1.0
[INFO] [stderr]    Compiling cpufeatures v0.3.0
[INFO] [stderr]    Compiling castaway v0.2.4
[INFO] [stderr]    Compiling jiff v0.2.32
[INFO] [stderr]    Compiling pulldown-cmark v0.13.4
[INFO] [stderr]    Compiling compact_str v0.9.1
[INFO] [stderr]    Compiling lru v0.18.1
[INFO] [stderr]    Compiling indexmap v2.14.0
[INFO] [stderr]    Compiling shell-words v1.1.1
[INFO] [stderr]    Compiling clap_builder v4.6.2
[INFO] [stderr]    Compiling unicase v2.9.0
[INFO] [stderr]    Compiling regex-syntax v0.8.11
[INFO] [stderr]    Compiling hybrid-array v0.4.13
[INFO] [stderr]    Compiling sharded-slab v0.1.7
[INFO] [stderr]    Compiling unicode-normalization v0.1.25
[INFO] [stderr]    Compiling time v0.3.53
[INFO] [stderr]    Compiling thread_local v1.1.10
[INFO] [stderr]    Compiling toml_parser v1.1.2+spec-1.1.0
[INFO] [stderr]    Compiling crypto-common v0.2.2
[INFO] [stderr]    Compiling block-buffer v0.12.1
[INFO] [stderr]    Compiling unicode-truncate v2.0.1
[INFO] [stderr]    Compiling toml_edit v0.25.13+spec-1.1.0
[INFO] [stderr]    Compiling fd-lock v4.0.4
[INFO] [stderr]    Compiling regex-automata v0.4.15
[INFO] [stderr]    Compiling digest v0.11.3
[INFO] [stderr]    Compiling sha2 v0.11.0
[INFO] [stderr]    Compiling darling_core v0.23.0
[INFO] [stderr]    Compiling serde_derive_internals v0.29.1
[INFO] [stderr]    Compiling matchers v0.2.0
[INFO] [stderr]    Compiling thiserror-impl v2.0.18
[INFO] [stderr]    Compiling strum_macros v0.28.0
[INFO] [stderr]    Compiling serde_derive v1.0.228
[INFO] [stderr]    Compiling ref-cast-impl v1.0.25
[INFO] [stderr]    Compiling derive_more-impl v2.1.1
[INFO] [stderr]    Compiling clap_derive v4.6.1
[INFO] [stderr]    Compiling tracing-attributes v0.1.31
[INFO] [stderr]    Compiling ref-cast v1.0.25
[INFO] [stderr]    Compiling schemars_derive v1.2.1
[INFO] [stderr]    Compiling derive_more v2.1.1
[INFO] [stderr]    Compiling crossterm v0.29.0
[INFO] [stderr]    Compiling tracing v0.1.44
[INFO] [stderr]    Compiling tracing-subscriber v0.3.23
[INFO] [stderr]    Compiling thiserror v2.0.18
[INFO] [stderr]    Compiling kasuari v0.4.12
[INFO] [stderr]    Compiling clap v4.6.2
[INFO] [stderr]    Compiling xtask v0.0.0 (/opt/rustwide/workdir/xtask)
[INFO] [stderr]    Compiling darling_macro v0.23.0
[INFO] [stderr]    Compiling strum v0.28.0
[INFO] [stderr]    Compiling darling v0.23.0
[INFO] [stderr]    Compiling ratatui-core v0.1.2
[INFO] [stderr]    Compiling instability v0.3.12
[INFO] [stderr]    Compiling serde v1.0.228
[INFO] [stderr]    Compiling ratatui-widgets v0.3.2
[INFO] [stderr]    Compiling ratatui-crossterm v0.1.2
[INFO] [stderr]    Compiling schemars v1.2.1
[INFO] [stderr]    Compiling pantheon v0.1.0 (/opt/rustwide/workdir/crates/pantheon)
[INFO] [stderr]    Compiling ratatui-macros v0.7.2
[INFO] [stderr]    Compiling ratatui v0.30.2
[INFO] [stderr]    Compiling porticus v0.1.0 (/opt/rustwide/workdir/crates/porticus)
[INFO] [stderr]    Compiling tessera v0.1.0 (/opt/rustwide/workdir/crates/tessera)
[INFO] [stderr]    Compiling auspex v0.1.0 (/opt/rustwide/workdir/crates/auspex)
[INFO] [stderr]    Compiling rationes v0.1.0 (/opt/rustwide/workdir/crates/rationes)
[INFO] [stderr]    Compiling atrium v0.1.0 (/opt/rustwide/workdir/crates/atrium)
[INFO] [stderr]    Compiling fasti v0.1.0 (/opt/rustwide/workdir/crates/fasti)
[INFO] [stderr]    Compiling tabella v0.1.0 (/opt/rustwide/workdir/crates/tabella)
[INFO] [stderr]    Compiling pan v0.1.2 (/opt/rustwide/workdir/crates/pan)
[INFO] [stderr]    Compiling annales v0.1.0 (/opt/rustwide/workdir/crates/annales)
[INFO] [stderr]    Compiling pensum v0.1.0 (/opt/rustwide/workdir/crates/pensum)
[INFO] [stderr]    Compiling speculum v0.1.0 (/opt/rustwide/workdir/crates/speculum)
[INFO] [stderr]    Compiling mappa v0.1.0 (/opt/rustwide/workdir/crates/mappa)
[INFO] [stderr]    Compiling studium v0.1.0 (/opt/rustwide/workdir/crates/studium)
[INFO] [stderr]    Compiling album v0.1.0 (/opt/rustwide/workdir/crates/album)
[INFO] [stderr] warning: unused dependency `tessera`
[INFO] [stderr]   --> crates/album/Cargo.toml:27:1
[INFO] [stderr]    |
[INFO] [stderr] 27 | tessera = { workspace = true, optional = true }
[INFO] [stderr]    | ^^^^^^^^^^^^^^^^^^^^^^^^^^^^^^^^^^^^^^^^^^^^^^^
[INFO] [stderr]    |
[INFO] [stderr]    = note: `cargo::unused_dependencies` is set to `warn` by default
[INFO] [stderr] help: consider removing the dependency on `tessera`
[INFO] [stderr] warning: `album` (manifest) generated 1 warning
[INFO] [stderr] warning: unused dependency `tessera`
[INFO] [stderr]   --> crates/annales/Cargo.toml:27:1
[INFO] [stderr]    |
[INFO] [stderr] 27 | tessera = { workspace = true, optional = true }
[INFO] [stderr]    | ^^^^^^^^^^^^^^^^^^^^^^^^^^^^^^^^^^^^^^^^^^^^^^^
[INFO] [stderr]    |
[INFO] [stderr]    = note: `cargo::unused_dependencies` is set to `warn` by default
[INFO] [stderr] help: consider removing the dependency on `tessera`
[INFO] [stderr] warning: `annales` (manifest) generated 1 warning
[INFO] [stderr] warning: unused dependency `tessera`
[INFO] [stderr]   --> crates/fasti/Cargo.toml:27:1
[INFO] [stderr]    |
[INFO] [stderr] 27 | tessera = { workspace = true, optional = true }
[INFO] [stderr]    | ^^^^^^^^^^^^^^^^^^^^^^^^^^^^^^^^^^^^^^^^^^^^^^^
[INFO] [stderr]    |
[INFO] [stderr]    = note: `cargo::unused_dependencies` is set to `warn` by default
[INFO] [stderr] help: consider removing the dependency on `tessera`
[INFO] [stderr] warning: `fasti` (manifest) generated 1 warning
[INFO] [stderr] warning: unused dependency `tessera`
[INFO] [stderr]   --> crates/mappa/Cargo.toml:27:1
[INFO] [stderr]    |
[INFO] [stderr] 27 | tessera = { workspace = true, optional = true }
[INFO] [stderr]    | ^^^^^^^^^^^^^^^^^^^^^^^^^^^^^^^^^^^^^^^^^^^^^^^
[INFO] [stderr]    |
[INFO] [stderr]    = note: `cargo::unused_dependencies` is set to `warn` by default
[INFO] [stderr] help: consider removing the dependency on `tessera`
[INFO] [stderr] warning: `mappa` (manifest) generated 1 warning
[INFO] [stderr] warning: unused dependency `walkdir`
[INFO] [stderr]   --> crates/pantheon/Cargo.toml:24:1
[INFO] [stderr]    |
[INFO] [stderr] 24 | walkdir.workspace = true
[INFO] [stderr]    | ^^^^^^^
[INFO] [stderr]    |
[INFO] [stderr]    = note: `cargo::unused_dependencies` is set to `warn` by default
[INFO] [stderr] help: consider removing the dependency on `walkdir`
[INFO] [stderr] warning: `pantheon` (manifest) generated 1 warning
[INFO] [stderr] warning: unused dependency `tessera`
[INFO] [stderr]   --> crates/pensum/Cargo.toml:27:1
[INFO] [stderr]    |
[INFO] [stderr] 27 | tessera = { workspace = true, optional = true }
[INFO] [stderr]    | ^^^^^^^^^^^^^^^^^^^^^^^^^^^^^^^^^^^^^^^^^^^^^^^
[INFO] [stderr]    |
[INFO] [stderr]    = note: `cargo::unused_dependencies` is set to `warn` by default
[INFO] [stderr] help: consider removing the dependency on `tessera`
[INFO] [stderr] warning: `pensum` (manifest) generated 1 warning
[INFO] [stderr] warning: unused dependency `tessera`
[INFO] [stderr]   --> crates/rationes/Cargo.toml:27:1
[INFO] [stderr]    |
[INFO] [stderr] 27 | tessera = { workspace = true, optional = true }
[INFO] [stderr]    | ^^^^^^^^^^^^^^^^^^^^^^^^^^^^^^^^^^^^^^^^^^^^^^^
[INFO] [stderr]    |
[INFO] [stderr]    = note: `cargo::unused_dependencies` is set to `warn` by default
[INFO] [stderr] help: consider removing the dependency on `tessera`
[INFO] [stderr] warning: `rationes` (manifest) generated 1 warning
[INFO] [stderr] warning: unused dependency `tessera`
[INFO] [stderr]   --> crates/tabella/Cargo.toml:26:1
[INFO] [stderr]    |
[INFO] [stderr] 26 | tessera = { workspace = true, optional = true }
[INFO] [stderr]    | ^^^^^^^^^^^^^^^^^^^^^^^^^^^^^^^^^^^^^^^^^^^^^^^
[INFO] [stderr]    |
[INFO] [stderr]    = note: `cargo::unused_dependencies` is set to `warn` by default
[INFO] [stderr] help: consider removing the dependency on `tessera`
[INFO] [stderr] warning: `tabella` (manifest) generated 1 warning
[INFO] [stderr] warning: unused dependency `pantheon`
[INFO] [stderr]   --> crates/tessera/Cargo.toml:15:1
[INFO] [stderr]    |
[INFO] [stderr] 15 | pantheon.workspace = true
[INFO] [stderr]    | ^^^^^^^^
[INFO] [stderr]    |
[INFO] [stderr]    = note: `cargo::unused_dependencies` is set to `warn` by default
[INFO] [stderr] help: consider removing the dependency on `pantheon`
[INFO] [stderr] warning: `tessera` (manifest) generated 1 warning
[INFO] [stderr]     Finished `dev` profile [unoptimized + debuginfo] target(s) in 1m 12s
[INFO] running `Command { std: "docker" "inspect" "5081a8e544ceed0edaa3d9c9860a7cae6e5db8ed52750df5920b117a1687a116", kill_on_drop: false }`
[INFO] running `Command { std: "docker" "exec" "-e" "SOURCE_DIR=/opt/rustwide/workdir" "-e" "CARGO_HOME=/opt/rustwide/cargo-home" "-e" "RUSTUP_HOME=/opt/rustwide/rustup-home" "-e" "CARGO_TARGET_DIR=/opt/rustwide/target" "-e" "CARGO_INCREMENTAL=0" "-e" "RUST_BACKTRACE=full" "-e" "RUSTFLAGS=--cap-lints=warn" "-e" "RUSTDOCFLAGS=--cap-lints=warn" "-w" "/opt/rustwide/workdir" "--user" "0:0" "5081a8e544ceed0edaa3d9c9860a7cae6e5db8ed52750df5920b117a1687a116" "/opt/rustwide/cargo-home/bin/cargo" "+1.100.0-beta.1" "test" "--frozen" "--no-run" "--message-format=json", kill_on_drop: false }`
[INFO] [stderr]    Compiling getrandom v0.4.3
[INFO] [stderr]    Compiling console v0.16.4
[INFO] [stderr]    Compiling similar v2.7.0
[INFO] [stderr]    Compiling tessera v0.1.0 (/opt/rustwide/workdir/crates/tessera)
[INFO] [stderr]    Compiling xtask v0.0.0 (/opt/rustwide/workdir/xtask)
[INFO] [stderr]    Compiling speculum v0.1.0 (/opt/rustwide/workdir/crates/speculum)
[INFO] [stderr]    Compiling studium v0.1.0 (/opt/rustwide/workdir/crates/studium)
[INFO] [stderr]    Compiling atrium v0.1.0 (/opt/rustwide/workdir/crates/atrium)
[INFO] [stderr]    Compiling tempfile v3.27.0
[INFO] [stderr]    Compiling insta v1.48.0
[INFO] [stderr]    Compiling auspex v0.1.0 (/opt/rustwide/workdir/crates/auspex)
[INFO] [stderr]    Compiling fasti v0.1.0 (/opt/rustwide/workdir/crates/fasti)
[INFO] [stderr]    Compiling pantheon v0.1.0 (/opt/rustwide/workdir/crates/pantheon)
[INFO] [stderr]    Compiling album v0.1.0 (/opt/rustwide/workdir/crates/album)
[INFO] [stderr]    Compiling pensum v0.1.0 (/opt/rustwide/workdir/crates/pensum)
[INFO] [stderr]    Compiling annales v0.1.0 (/opt/rustwide/workdir/crates/annales)
[INFO] [stderr]    Compiling mappa v0.1.0 (/opt/rustwide/workdir/crates/mappa)
[INFO] [stderr]    Compiling tabella v0.1.0 (/opt/rustwide/workdir/crates/tabella)
[INFO] [stderr]    Compiling rationes v0.1.0 (/opt/rustwide/workdir/crates/rationes)
[INFO] [stderr]    Compiling pan v0.1.2 (/opt/rustwide/workdir/crates/pan)
[INFO] [stderr]    Compiling porticus v0.1.0 (/opt/rustwide/workdir/crates/porticus)
[INFO] [stderr] warning: unused dependency `tessera`
[INFO] [stderr]   --> crates/album/Cargo.toml:27:1
[INFO] [stderr]    |
[INFO] [stderr] 27 | tessera = { workspace = true, optional = true }
[INFO] [stderr]    | ^^^^^^^^^^^^^^^^^^^^^^^^^^^^^^^^^^^^^^^^^^^^^^^
[INFO] [stderr]    |
[INFO] [stderr]    = note: `cargo::unused_dependencies` is set to `warn` by default
[INFO] [stderr] help: consider removing the dependency on `tessera`
[INFO] [stderr] warning: `album` (manifest) generated 1 warning
[INFO] [stderr] warning: unused dependency `tessera`
[INFO] [stderr]   --> crates/annales/Cargo.toml:27:1
[INFO] [stderr]    |
[INFO] [stderr] 27 | tessera = { workspace = true, optional = true }
[INFO] [stderr]    | ^^^^^^^^^^^^^^^^^^^^^^^^^^^^^^^^^^^^^^^^^^^^^^^
[INFO] [stderr]    |
[INFO] [stderr]    = note: `cargo::unused_dependencies` is set to `warn` by default
[INFO] [stderr] help: consider removing the dependency on `tessera`
[INFO] [stderr] warning: `annales` (manifest) generated 1 warning
[INFO] [stderr] warning: unused dependency `tessera`
[INFO] [stderr]   --> crates/fasti/Cargo.toml:27:1
[INFO] [stderr]    |
[INFO] [stderr] 27 | tessera = { workspace = true, optional = true }
[INFO] [stderr]    | ^^^^^^^^^^^^^^^^^^^^^^^^^^^^^^^^^^^^^^^^^^^^^^^
[INFO] [stderr]    |
[INFO] [stderr]    = note: `cargo::unused_dependencies` is set to `warn` by default
[INFO] [stderr] help: consider removing the dependency on `tessera`
[INFO] [stderr] warning: `fasti` (manifest) generated 1 warning
[INFO] [stderr] warning: unused dependency `tessera`
[INFO] [stderr]   --> crates/mappa/Cargo.toml:27:1
[INFO] [stderr]    |
[INFO] [stderr] 27 | tessera = { workspace = true, optional = true }
[INFO] [stderr]    | ^^^^^^^^^^^^^^^^^^^^^^^^^^^^^^^^^^^^^^^^^^^^^^^
[INFO] [stderr]    |
[INFO] [stderr]    = note: `cargo::unused_dependencies` is set to `warn` by default
[INFO] [stderr] help: consider removing the dependency on `tessera`
[INFO] [stderr] warning: `mappa` (manifest) generated 1 warning
[INFO] [stderr] warning: unused dependency `walkdir`
[INFO] [stderr]   --> crates/pantheon/Cargo.toml:24:1
[INFO] [stderr]    |
[INFO] [stderr] 24 | walkdir.workspace = true
[INFO] [stderr]    | ^^^^^^^
[INFO] [stderr]    |
[INFO] [stderr]    = note: `cargo::unused_dependencies` is set to `warn` by default
[INFO] [stderr] help: consider removing the dependency on `walkdir`
[INFO] [stderr] warning: `pantheon` (manifest) generated 1 warning
[INFO] [stderr] warning: unused dependency `tessera`
[INFO] [stderr]   --> crates/pensum/Cargo.toml:27:1
[INFO] [stderr]    |
[INFO] [stderr] 27 | tessera = { workspace = true, optional = true }
[INFO] [stderr]    | ^^^^^^^^^^^^^^^^^^^^^^^^^^^^^^^^^^^^^^^^^^^^^^^
[INFO] [stderr]    |
[INFO] [stderr]    = note: `cargo::unused_dependencies` is set to `warn` by default
[INFO] [stderr] help: consider removing the dependency on `tessera`
[INFO] [stderr] warning: `pensum` (manifest) generated 1 warning
[INFO] [stderr] warning: unused dependency `tessera`
[INFO] [stderr]   --> crates/rationes/Cargo.toml:27:1
[INFO] [stderr]    |
[INFO] [stderr] 27 | tessera = { workspace = true, optional = true }
[INFO] [stderr]    | ^^^^^^^^^^^^^^^^^^^^^^^^^^^^^^^^^^^^^^^^^^^^^^^
[INFO] [stderr]    |
[INFO] [stderr]    = note: `cargo::unused_dependencies` is set to `warn` by default
[INFO] [stderr] help: consider removing the dependency on `tessera`
[INFO] [stderr] warning: `rationes` (manifest) generated 1 warning
[INFO] [stderr] warning: unused dependency `tessera`
[INFO] [stderr]   --> crates/tabella/Cargo.toml:26:1
[INFO] [stderr]    |
[INFO] [stderr] 26 | tessera = { workspace = true, optional = true }
[INFO] [stderr]    | ^^^^^^^^^^^^^^^^^^^^^^^^^^^^^^^^^^^^^^^^^^^^^^^
[INFO] [stderr]    |
[INFO] [stderr]    = note: `cargo::unused_dependencies` is set to `warn` by default
[INFO] [stderr] help: consider removing the dependency on `tessera`
[INFO] [stderr] warning: `tabella` (manifest) generated 1 warning
[INFO] [stderr] warning: unused dependency `pantheon`
[INFO] [stderr]   --> crates/tessera/Cargo.toml:15:1
[INFO] [stderr]    |
[INFO] [stderr] 15 | pantheon.workspace = true
[INFO] [stderr]    | ^^^^^^^^
[INFO] [stderr]    |
[INFO] [stderr]    = note: `cargo::unused_dependencies` is set to `warn` by default
[INFO] [stderr] help: consider removing the dependency on `pantheon`
[INFO] [stderr] warning: `tessera` (manifest) generated 1 warning
[INFO] [stderr]     Finished `test` profile [unoptimized + debuginfo] target(s) in 19.85s
[INFO] running `Command { std: "docker" "inspect" "5081a8e544ceed0edaa3d9c9860a7cae6e5db8ed52750df5920b117a1687a116", kill_on_drop: false }`
[INFO] running `Command { std: "docker" "exec" "-e" "SOURCE_DIR=/opt/rustwide/workdir" "-e" "CARGO_HOME=/opt/rustwide/cargo-home" "-e" "RUSTUP_HOME=/opt/rustwide/rustup-home" "-e" "CARGO_TARGET_DIR=/opt/rustwide/target" "-e" "CARGO_INCREMENTAL=0" "-e" "RUST_BACKTRACE=full" "-e" "RUSTFLAGS=--cap-lints=warn" "-e" "RUSTDOCFLAGS=--cap-lints=warn" "-w" "/opt/rustwide/workdir" "--user" "0:0" "5081a8e544ceed0edaa3d9c9860a7cae6e5db8ed52750df5920b117a1687a116" "/opt/rustwide/cargo-home/bin/cargo" "+1.100.0-beta.1" "test" "--frozen", kill_on_drop: false }`
[INFO] [stderr] warning: unused dependency `tessera`
[INFO] [stderr]   --> crates/album/Cargo.toml:27:1
[INFO] [stderr]    |
[INFO] [stderr] 27 | tessera = { workspace = true, optional = true }
[INFO] [stderr]    | ^^^^^^^^^^^^^^^^^^^^^^^^^^^^^^^^^^^^^^^^^^^^^^^
[INFO] [stderr]    |
[INFO] [stderr]    = note: `cargo::unused_dependencies` is set to `warn` by default
[INFO] [stderr] help: consider removing the dependency on `tessera`
[INFO] [stderr] warning: `album` (manifest) generated 1 warning
[INFO] [stderr] warning: unused dependency `tessera`
[INFO] [stderr]   --> crates/annales/Cargo.toml:27:1
[INFO] [stderr]    |
[INFO] [stderr] 27 | tessera = { workspace = true, optional = true }
[INFO] [stderr]    | ^^^^^^^^^^^^^^^^^^^^^^^^^^^^^^^^^^^^^^^^^^^^^^^
[INFO] [stderr]    |
[INFO] [stderr]    = note: `cargo::unused_dependencies` is set to `warn` by default
[INFO] [stderr] help: consider removing the dependency on `tessera`
[INFO] [stderr] warning: `annales` (manifest) generated 1 warning
[INFO] [stderr] warning: unused dependency `tessera`
[INFO] [stderr]   --> crates/fasti/Cargo.toml:27:1
[INFO] [stderr]    |
[INFO] [stderr] 27 | tessera = { workspace = true, optional = true }
[INFO] [stderr]    | ^^^^^^^^^^^^^^^^^^^^^^^^^^^^^^^^^^^^^^^^^^^^^^^
[INFO] [stderr]    |
[INFO] [stderr]    = note: `cargo::unused_dependencies` is set to `warn` by default
[INFO] [stderr] help: consider removing the dependency on `tessera`
[INFO] [stderr] warning: `fasti` (manifest) generated 1 warning
[INFO] [stderr] warning: unused dependency `tessera`
[INFO] [stderr]   --> crates/mappa/Cargo.toml:27:1
[INFO] [stderr]    |
[INFO] [stderr] 27 | tessera = { workspace = true, optional = true }
[INFO] [stderr]    | ^^^^^^^^^^^^^^^^^^^^^^^^^^^^^^^^^^^^^^^^^^^^^^^
[INFO] [stderr]    |
[INFO] [stderr]    = note: `cargo::unused_dependencies` is set to `warn` by default
[INFO] [stderr] help: consider removing the dependency on `tessera`
[INFO] [stderr] warning: `mappa` (manifest) generated 1 warning
[INFO] [stderr] warning: unused dependency `walkdir`
[INFO] [stderr]   --> crates/pantheon/Cargo.toml:24:1
[INFO] [stderr]    |
[INFO] [stderr] 24 | walkdir.workspace = true
[INFO] [stderr]    | ^^^^^^^
[INFO] [stderr]    |
[INFO] [stderr]    = note: `cargo::unused_dependencies` is set to `warn` by default
[INFO] [stderr] help: consider removing the dependency on `walkdir`
[INFO] [stderr] warning: `pantheon` (manifest) generated 1 warning
[INFO] [stderr] warning: unused dependency `tessera`
[INFO] [stderr]   --> crates/pensum/Cargo.toml:27:1
[INFO] [stderr]    |
[INFO] [stderr] 27 | tessera = { workspace = true, optional = true }
[INFO] [stderr]    | ^^^^^^^^^^^^^^^^^^^^^^^^^^^^^^^^^^^^^^^^^^^^^^^
[INFO] [stderr]    |
[INFO] [stderr]    = note: `cargo::unused_dependencies` is set to `warn` by default
[INFO] [stderr] help: consider removing the dependency on `tessera`
[INFO] [stderr] warning: `pensum` (manifest) generated 1 warning
[INFO] [stderr] warning: unused dependency `tessera`
[INFO] [stderr]   --> crates/rationes/Cargo.toml:27:1
[INFO] [stderr]    |
[INFO] [stderr] 27 | tessera = { workspace = true, optional = true }
[INFO] [stderr]    | ^^^^^^^^^^^^^^^^^^^^^^^^^^^^^^^^^^^^^^^^^^^^^^^
[INFO] [stderr]    |
[INFO] [stderr]    = note: `cargo::unused_dependencies` is set to `warn` by default
[INFO] [stderr] help: consider removing the dependency on `tessera`
[INFO] [stderr] warning: `rationes` (manifest) generated 1 warning
[INFO] [stderr] warning: unused dependency `tessera`
[INFO] [stderr]   --> crates/tabella/Cargo.toml:26:1
[INFO] [stderr]    |
[INFO] [stderr] 26 | tessera = { workspace = true, optional = true }
[INFO] [stderr]    | ^^^^^^^^^^^^^^^^^^^^^^^^^^^^^^^^^^^^^^^^^^^^^^^
[INFO] [stderr]    |
[INFO] [stderr]    = note: `cargo::unused_dependencies` is set to `warn` by default
[INFO] [stderr] help: consider removing the dependency on `tessera`
[INFO] [stderr] warning: `tabella` (manifest) generated 1 warning
[INFO] [stderr] warning: unused dependency `pantheon`
[INFO] [stderr]   --> crates/tessera/Cargo.toml:15:1
[INFO] [stderr]    |
[INFO] [stderr] 15 | pantheon.workspace = true
[INFO] [stderr]    | ^^^^^^^^
[INFO] [stderr]    |
[INFO] [stderr]    = note: `cargo::unused_dependencies` is set to `warn` by default
[INFO] [stderr] help: consider removing the dependency on `pantheon`
[INFO] [stderr] warning: `tessera` (manifest) generated 1 warning
[INFO] [stderr]     Finished `test` profile [unoptimized + debuginfo] target(s) in 0.39s
[INFO] [stderr]      Running unittests src/lib.rs (/opt/rustwide/target/debug/build/album/112907b8e923bede/out/album-112907b8e923bede)
[INFO] [stdout] 
[INFO] [stderr]      Running unittests src/main.rs (/opt/rustwide/target/debug/build/album/01cf580073050044/out/alb-01cf580073050044)
[INFO] [stdout] running 0 tests
[INFO] [stdout] 
[INFO] [stdout] test result: ok. 0 passed; 0 failed; 0 ignored; 0 measured; 0 filtered out; finished in 0.00s
[INFO] [stdout] 
[INFO] [stderr]      Running tests/contract.rs (/opt/rustwide/target/debug/build/album/0846bd6be6992083/out/contract-0846bd6be6992083)
[INFO] [stdout] 
[INFO] [stdout] running 0 tests
[INFO] [stdout] 
[INFO] [stdout] test result: ok. 0 passed; 0 failed; 0 ignored; 0 measured; 0 filtered out; finished in 0.00s
[INFO] [stdout] 
[INFO] [stdout] 
[INFO] [stdout] running 23 tests
[INFO] [stdout] test add_data_ingests_a_whole_record ... ok
[INFO] [stdout] test add_data_refuses_a_field_the_record_has_not ... ok
[INFO] [stdout] test add_data_refuses_a_field_flag_beside_it ... ok
[INFO] [stdout] test the_editor_form_piped_prints_a_path_and_spawns_nothing ... ok
[INFO] [stdout] test list_node_addressing ... ok
[INFO] [stdout] test on_disk_entity_stores_no_location ... ok
[INFO] [stdout] test schema_surface ... ok
[INFO] [stdout] test an_entity_as_node_drops_its_slug_segment ... ok
[INFO] [stdout] test dry_run_emits_a_plan_and_writes_nothing ... ok
[INFO] [stdout] test add_refuses_a_slug_another_kind_holds ... ok
[INFO] [stdout] test the_editor_form_opens_one_field_at_a_time ... ok
[INFO] [stdout] test verb_rename_cascades_refs ... ok
[INFO] [stdout] test verb_rm ... ok
[INFO] [stdout] test verb_rename_refuses_an_occupied_slug ... ok
[INFO] [stdout] test add_warns_softly_on_a_cross_node_duplicate ... ok
[INFO] [stdout] test an_entity_as_node_refuses_both_structural_verbs ... ok
[INFO] [stdout] test verb_move_carries_no_refs_with_it ... ok
[INFO] [stdout] test verb_add_fresh_then_overwrite ... ok
[INFO] [stdout] test verb_edit_and_edit_k_renames_the_file ... ok
[INFO] [stdout] test exit_codes ... ok
[INFO] [stdout] test write_verbs_are_refused_under_a_rule ... ok
[INFO] [stdout] test verbs_read ... ok
[INFO] [stderr]      Running tests/follow.rs (/opt/rustwide/target/debug/build/album/30b935b08edcd7de/out/follow-30b935b08edcd7de)
[INFO] [stdout] test records_resolve_through_pan ... ok
[INFO] [stdout] 
[INFO] [stdout] test result: ok. 23 passed; 0 failed; 0 ignored; 0 measured; 0 filtered out; finished in 0.37s
[INFO] [stdout] 
[INFO] [stdout] 
[INFO] [stdout] running 2 tests
[INFO] [stdout] test f_follows_a_same_core_chip_to_its_record ... ok
[INFO] [stdout] test f_on_a_cross_core_chip_says_where_to_go ... ok
[INFO] [stdout] 
[INFO] [stdout] test result: ok. 2 passed; 0 failed; 0 ignored; 0 measured; 0 filtered out; finished in 0.11s
[INFO] [stdout] 
[INFO] [stderr]      Running tests/screen.rs (/opt/rustwide/target/debug/build/album/0c2733437b7e48d5/out/screen-0c2733437b7e48d5)
[INFO] [stdout] 
[INFO] [stdout] running 4 tests
[INFO] [stdout] test the_lineup_is_legal_and_named ... ok
[INFO] [stdout] test an_empty_node_says_so_calmly ... ok
[INFO] [stdout] test the_screen_draws_the_nodes_records ... ok
[INFO] [stdout] test x_on_a_row_removes_the_record_from_disk ... ok
[INFO] [stdout] 
[INFO] [stdout] test result: ok. 4 passed; 0 failed; 0 ignored; 0 measured; 0 filtered out; finished in 0.08s
[INFO] [stdout] 
[INFO] [stderr]      Running unittests src/lib.rs (/opt/rustwide/target/debug/build/annales/0ff1168e1d076e99/out/annales-0ff1168e1d076e99)
[INFO] [stdout] 
[INFO] [stdout] running 0 tests
[INFO] [stdout] 
[INFO] [stdout] test result: ok. 0 passed; 0 failed; 0 ignored; 0 measured; 0 filtered out; finished in 0.00s
[INFO] [stdout] 
[INFO] [stderr]      Running unittests src/main.rs (/opt/rustwide/target/debug/build/annales/ea121d669d884a30/out/ann-ea121d669d884a30)
[INFO] [stdout] 
[INFO] [stdout] running 0 tests
[INFO] [stdout] 
[INFO] [stdout] test result: ok. 0 passed; 0 failed; 0 ignored; 0 measured; 0 filtered out; finished in 0.00s
[INFO] [stdout] 
[INFO] [stderr]      Running tests/contract.rs (/opt/rustwide/target/debug/build/annales/fddf27fa0cd3f689/out/contract-fddf27fa0cd3f689)
[INFO] [stdout] 
[INFO] [stdout] running 12 tests
[INFO] [stdout] test the_editor_form_piped_prints_a_path_and_spawns_nothing ... ok
[INFO] [stdout] test on_disk_envelope_stores_no_location ... ok
[INFO] [stdout] test verb_move_rehomes_without_touching_refs ... ok
[INFO] [stdout] test schema_surface ... ok
[INFO] [stdout] test verb_rm ... ok
[INFO] [stdout] test verb_edit_keeps_the_key ... ok
[INFO] [stdout] test verb_rename_cascades_refs ... ok
[INFO] [stdout] test dry_run_emits_a_plan_and_writes_nothing ... ok
[INFO] [stdout] test write_verbs_are_refused_under_a_rule ... ok
[INFO] [stdout] test exit_codes ... ok
[INFO] [stdout] test verb_add_fresh_then_overwrite ... ok
[INFO] [stdout] test verbs_list_get_series ... ok
[INFO] [stdout] 
[INFO] [stdout] test result: ok. 12 passed; 0 failed; 0 ignored; 0 measured; 0 filtered out; finished in 0.30s
[INFO] [stdout] 
[INFO] [stderr]      Running tests/screen.rs (/opt/rustwide/target/debug/build/annales/8131edfd220bbb71/out/screen-8131edfd220bbb71)
[INFO] [stdout] 
[INFO] [stdout] running 4 tests
[INFO] [stdout] test an_empty_node_says_so_calmly ... ok
[INFO] [stdout] test the_lineup_is_legal_and_named ... ok
[INFO] [stdout] test the_screen_draws_the_nodes_records ... ok
[INFO] [stdout] test x_on_a_row_removes_the_record_from_disk ... ok
[INFO] [stdout] 
[INFO] [stdout] test result: ok. 4 passed; 0 failed; 0 ignored; 0 measured; 0 filtered out; finished in 0.09s
[INFO] [stdout] 
[INFO] [stderr]      Running unittests src/lib.rs (/opt/rustwide/target/debug/build/atrium/34907b096c2030cf/out/atrium-34907b096c2030cf)
[INFO] [stdout] 
[INFO] [stdout] running 1 test
[INFO] [stdout] test screen::tests::d_relays_a_write_through_pensum ... FAILED
[INFO] [stdout] 
[INFO] [stdout] failures:
[INFO] [stdout] 
[INFO] [stdout] ---- screen::tests::d_relays_a_write_through_pensum stdout ----
[INFO] [stdout] 
[INFO] [stdout] thread 'screen::tests::d_relays_a_write_through_pensum' (4155) panicked at crates/atrium/src/screen.rs:299:37:
[INFO] [stdout] running pan: No such file or directory (os error 2)
[INFO] [stdout] stack backtrace:
[INFO] [stdout]    0:     0x5efeba045c31 - std[617be2ca0a6fd877]::backtrace_rs::backtrace::libunwind::trace
[INFO] [stdout]                                at /rustc/e3feeb59cd1bdd011a2bfcc0747b55125d9b8527/library/std/src/../../backtrace/src/backtrace/libunwind.rs:117:9
[INFO] [stdout]    1:     0x5efeba045c31 - std[617be2ca0a6fd877]::backtrace_rs::backtrace::trace_unsynchronized::<std[617be2ca0a6fd877]::sys::backtrace::_print_fmt::{closure#1}>
[INFO] [stdout]                                at /rustc/e3feeb59cd1bdd011a2bfcc0747b55125d9b8527/library/std/src/../../backtrace/src/backtrace/mod.rs:66:14
[INFO] [stdout]    2:     0x5efeba045c31 - std[617be2ca0a6fd877]::sys::backtrace::_print_fmt
[INFO] [stdout]                                at /rustc/e3feeb59cd1bdd011a2bfcc0747b55125d9b8527/library/std/src/sys/backtrace.rs:74:9
[INFO] [stdout]    3:     0x5efeba045c31 - <<std[617be2ca0a6fd877]::sys::backtrace::BacktraceLock>::print::DisplayBacktrace as core[a373ad73a504971]::fmt::Display>::fmt
[INFO] [stdout]                                at /rustc/e3feeb59cd1bdd011a2bfcc0747b55125d9b8527/library/std/src/sys/backtrace.rs:44:26
[INFO] [stdout]    4:     0x5efeba05c9ba - <core[a373ad73a504971]::fmt::rt::Argument>::fmt
[INFO] [stdout]                                at /rustc/e3feeb59cd1bdd011a2bfcc0747b55125d9b8527/library/core/src/fmt/rt.rs:152:76
[INFO] [stdout]    5:     0x5efeba05c9ba - core[a373ad73a504971]::fmt::write
[INFO] [stdout]    6:     0x5efeba04a83c - core[a373ad73a504971]::io::write::default_write_fmt::<alloc[2e1b2a31b91974c5]::vec::Vec<u8>>
[INFO] [stdout]                                at /rustc/e3feeb59cd1bdd011a2bfcc0747b55125d9b8527/library/core/src/io/write.rs:402:11
[INFO] [stdout]    7:     0x5efeba04a83c - <alloc[2e1b2a31b91974c5]::vec::Vec<u8> as core[a373ad73a504971]::io::write::Write>::write_fmt
[INFO] [stdout]                                at /rustc/e3feeb59cd1bdd011a2bfcc0747b55125d9b8527/library/core/src/io/write.rs:335:13
[INFO] [stdout]    8:     0x5efeba01f946 - <std[617be2ca0a6fd877]::sys::backtrace::BacktraceLock>::print
[INFO] [stdout]                                at /rustc/e3feeb59cd1bdd011a2bfcc0747b55125d9b8527/library/std/src/sys/backtrace.rs:47:9
[INFO] [stdout]    9:     0x5efeba01f946 - std[617be2ca0a6fd877]::panicking::default_hook::{closure#0}
[INFO] [stdout]                                at /rustc/e3feeb59cd1bdd011a2bfcc0747b55125d9b8527/library/std/src/panicking.rs:289:27
[INFO] [stdout]   10:     0x5efeba03d149 - std[617be2ca0a6fd877]::panicking::default_hook
[INFO] [stdout]                                at /rustc/e3feeb59cd1bdd011a2bfcc0747b55125d9b8527/library/std/src/panicking.rs:313:9
[INFO] [stdout]   11:     0x5efeb9e39030 - <alloc[2e1b2a31b91974c5]::boxed::Box<dyn for<'a, 'b> core[a373ad73a504971]::ops::function::Fn<(&'a std[617be2ca0a6fd877]::panic::PanicHookInfo<'b>,), Output = ()> + core[a373ad73a504971]::marker::Sync + core[a373ad73a504971]::marker::Send> as core[a373ad73a504971]::ops::function::Fn<(&std[617be2ca0a6fd877]::panic::PanicHookInfo,)>>::call
[INFO] [stdout]                                at /rustc/e3feeb59cd1bdd011a2bfcc0747b55125d9b8527/library/alloc/src/boxed.rs:2328:9
[INFO] [stdout]   12:     0x5efeb9e39030 - test[aada8e7e76ba119b]::test_main_inner::{closure#0}
[INFO] [stdout]                                at /rustc/e3feeb59cd1bdd011a2bfcc0747b55125d9b8527/library/test/src/lib.rs:137:21
[INFO] [stdout]   13:     0x5efeba03d302 - <alloc[2e1b2a31b91974c5]::boxed::Box<dyn for<'a, 'b> core[a373ad73a504971]::ops::function::Fn<(&'a std[617be2ca0a6fd877]::panic::PanicHookInfo<'b>,), Output = ()> + core[a373ad73a504971]::marker::Sync + core[a373ad73a504971]::marker::Send> as core[a373ad73a504971]::ops::function::Fn<(&std[617be2ca0a6fd877]::panic::PanicHookInfo,)>>::call
[INFO] [stdout]                                at /rustc/e3feeb59cd1bdd011a2bfcc0747b55125d9b8527/library/alloc/src/boxed.rs:2328:9
[INFO] [stdout]   14:     0x5efeba03d302 - std[617be2ca0a6fd877]::panicking::panic_with_hook
[INFO] [stdout]                                at /rustc/e3feeb59cd1bdd011a2bfcc0747b55125d9b8527/library/std/src/panicking.rs:819:13
[INFO] [stdout]   15:     0x5efeba01f9f2 - std[617be2ca0a6fd877]::panicking::panic_handler::{closure#0}
[INFO] [stdout]                                at /rustc/e3feeb59cd1bdd011a2bfcc0747b55125d9b8527/library/std/src/panicking.rs:685:13
[INFO] [stdout]   16:     0x5efeba017c99 - std[617be2ca0a6fd877]::sys::backtrace::__rust_end_short_backtrace::<std[617be2ca0a6fd877]::panicking::panic_handler::{closure#0}, !>
[INFO] [stdout]                                at /rustc/e3feeb59cd1bdd011a2bfcc0747b55125d9b8527/library/std/src/sys/backtrace.rs:182:18
[INFO] [stdout]   17:     0x5efeba0207ad - __rustc[ea4f61d10b84890b]::rust_begin_unwind
[INFO] [stdout]                                at /rustc/e3feeb59cd1bdd011a2bfcc0747b55125d9b8527/library/std/src/panicking.rs:676:5
[INFO] [stdout]   18:     0x5efeba05d1ac - core[a373ad73a504971]::panicking::panic_fmt
[INFO] [stdout]                                at /rustc/e3feeb59cd1bdd011a2bfcc0747b55125d9b8527/library/core/src/panicking.rs:80:14
[INFO] [stdout]   19:     0x5efeb9e1b7ca - atrium[eb2b20012704701]::screen::tests::fresh_root::{closure#0}::{closure#0}
[INFO] [stdout]                                at /opt/rustwide/workdir/crates/atrium/src/screen.rs:299:37
[INFO] [stdout]   20:     0x5efeb9e08831 - <core[a373ad73a504971]::result::Result<std[617be2ca0a6fd877]::process::Output, core[a373ad73a504971]::io::error::Error>>::unwrap_or_else::<atrium[eb2b20012704701]::screen::tests::fresh_root::{closure#0}::{closure#0}>
[INFO] [stdout]                                at /rustc/e3feeb59cd1bdd011a2bfcc0747b55125d9b8527/library/core/src/result.rs:1619:23
[INFO] [stdout]   21:     0x5efeb9e1b981 - atrium[eb2b20012704701]::screen::tests::fresh_root::{closure#0}
[INFO] [stdout]                                at /opt/rustwide/workdir/crates/atrium/src/screen.rs:299:18
[INFO] [stdout]   22:     0x5efeb9e1c61e - atrium[eb2b20012704701]::screen::tests::fresh_root
[INFO] [stdout]                                at /opt/rustwide/workdir/crates/atrium/src/screen.rs:306:9
[INFO] [stdout]   23:     0x5efeb9e1cc70 - atrium[eb2b20012704701]::screen::tests::d_relays_a_write_through_pensum
[INFO] [stdout]                                at /opt/rustwide/workdir/crates/atrium/src/screen.rs:333:20
[INFO] [stdout]   24:     0x5efeb9e1bbe7 - atrium[eb2b20012704701]::screen::tests::d_relays_a_write_through_pensum::{closure#0}
[INFO] [stdout]                                at /opt/rustwide/workdir/crates/atrium/src/screen.rs:332:41
[INFO] [stdout]   25:     0x5efeb9e17e56 - <atrium[eb2b20012704701]::screen::tests::d_relays_a_write_through_pensum::{closure#0} as core[a373ad73a504971]::ops::function::FnOnce<()>>::call_once
[INFO] [stdout]                                at /rustc/e3feeb59cd1bdd011a2bfcc0747b55125d9b8527/library/core/src/ops/function.rs:250:5
[INFO] [stdout]   26:     0x5efeb9e2c47b - <fn() -> core[a373ad73a504971]::result::Result<(), alloc[2e1b2a31b91974c5]::string::String> as core[a373ad73a504971]::ops::function::FnOnce<()>>::call_once
[INFO] [stdout]                                at /rustc/e3feeb59cd1bdd011a2bfcc0747b55125d9b8527/library/core/src/ops/function.rs:250:5
[INFO] [stdout]   27:     0x5efeb9e2c47b - test[aada8e7e76ba119b]::__rust_begin_short_backtrace::<core[a373ad73a504971]::result::Result<(), alloc[2e1b2a31b91974c5]::string::String>, fn() -> core[a373ad73a504971]::result::Result<(), alloc[2e1b2a31b91974c5]::string::String>>
[INFO] [stdout]                                at /rustc/e3feeb59cd1bdd011a2bfcc0747b55125d9b8527/library/test/src/lib.rs:701:18
[INFO] [stdout]   28:     0x5efeb9e39655 - test[aada8e7e76ba119b]::run_test_in_process::{closure#0}
[INFO] [stdout]                                at /rustc/e3feeb59cd1bdd011a2bfcc0747b55125d9b8527/library/test/src/lib.rs:724:74
[INFO] [stdout]   29:     0x5efeb9e39655 - <core[a373ad73a504971]::panic::unwind_safe::AssertUnwindSafe<test[aada8e7e76ba119b]::run_test_in_process::{closure#0}> as core[a373ad73a504971]::ops::function::FnOnce<()>>::call_once
[INFO] [stdout]                                at /rustc/e3feeb59cd1bdd011a2bfcc0747b55125d9b8527/library/core/src/panic/unwind_safe.rs:275:9
[INFO] [stdout]   30:     0x5efeb9e39655 - std[617be2ca0a6fd877]::panicking::catch_unwind::do_call::<core[a373ad73a504971]::panic::unwind_safe::AssertUnwindSafe<test[aada8e7e76ba119b]::run_test_in_process::{closure#0}>, core[a373ad73a504971]::result::Result<(), alloc[2e1b2a31b91974c5]::string::String>>
[INFO] [stdout]                                at /rustc/e3feeb59cd1bdd011a2bfcc0747b55125d9b8527/library/std/src/panicking.rs:573:43
[INFO] [stdout]   31:     0x5efeb9e39655 - std[617be2ca0a6fd877]::panicking::catch_unwind::<core[a373ad73a504971]::result::Result<(), alloc[2e1b2a31b91974c5]::string::String>, core[a373ad73a504971]::panic::unwind_safe::AssertUnwindSafe<test[aada8e7e76ba119b]::run_test_in_process::{closure#0}>>
[INFO] [stdout]                                at /rustc/e3feeb59cd1bdd011a2bfcc0747b55125d9b8527/library/std/src/panicking.rs:541:19
[INFO] [stdout]   32:     0x5efeb9e39655 - std[617be2ca0a6fd877]::panic::catch_unwind::<core[a373ad73a504971]::panic::unwind_safe::AssertUnwindSafe<test[aada8e7e76ba119b]::run_test_in_process::{closure#0}>, core[a373ad73a504971]::result::Result<(), alloc[2e1b2a31b91974c5]::string::String>>
[INFO] [stdout]                                at /rustc/e3feeb59cd1bdd011a2bfcc0747b55125d9b8527/library/std/src/panic.rs:359:14
[INFO] [stdout]   33:     0x5efeb9e39655 - test[aada8e7e76ba119b]::run_test_in_process
[INFO] [stdout]                                at /rustc/e3feeb59cd1bdd011a2bfcc0747b55125d9b8527/library/test/src/lib.rs:724:27
[INFO] [stdout]   34:     0x5efeb9e39655 - test[aada8e7e76ba119b]::run_test::{closure#0}
[INFO] [stdout]                                at /rustc/e3feeb59cd1bdd011a2bfcc0747b55125d9b8527/library/test/src/lib.rs:645:43
[INFO] [stdout]   35:     0x5efeb9e32f44 - test[aada8e7e76ba119b]::run_test::{closure#1}
[INFO] [stdout]                                at /rustc/e3feeb59cd1bdd011a2bfcc0747b55125d9b8527/library/test/src/lib.rs:675:41
[INFO] [stdout]   36:     0x5efeb9e32f44 - std[617be2ca0a6fd877]::sys::backtrace::__rust_begin_short_backtrace::<test[aada8e7e76ba119b]::run_test::{closure#1}, ()>
[INFO] [stdout]                                at /rustc/e3feeb59cd1bdd011a2bfcc0747b55125d9b8527/library/std/src/sys/backtrace.rs:166:18
[INFO] [stdout]   37:     0x5efeb9e3c6e2 - std[617be2ca0a6fd877]::thread::lifecycle::spawn_unchecked::<test[aada8e7e76ba119b]::run_test::{closure#1}, ()>::{closure#1}::{closure#0}
[INFO] [stdout]                                at /rustc/e3feeb59cd1bdd011a2bfcc0747b55125d9b8527/library/std/src/thread/lifecycle.rs:70:13
[INFO] [stdout]   38:     0x5efeb9e3c6e2 - <core[a373ad73a504971]::panic::unwind_safe::AssertUnwindSafe<std[617be2ca0a6fd877]::thread::lifecycle::spawn_unchecked<test[aada8e7e76ba119b]::run_test::{closure#1}, ()>::{closure#1}::{closure#0}> as core[a373ad73a504971]::ops::function::FnOnce<()>>::call_once
[INFO] [stdout]                                at /rustc/e3feeb59cd1bdd011a2bfcc0747b55125d9b8527/library/core/src/panic/unwind_safe.rs:275:9
[INFO] [stdout]   39:     0x5efeb9e3c6e2 - std[617be2ca0a6fd877]::panicking::catch_unwind::do_call::<core[a373ad73a504971]::panic::unwind_safe::AssertUnwindSafe<std[617be2ca0a6fd877]::thread::lifecycle::spawn_unchecked<test[aada8e7e76ba119b]::run_test::{closure#1}, ()>::{closure#1}::{closure#0}>, ()>
[INFO] [stdout]                                at /rustc/e3feeb59cd1bdd011a2bfcc0747b55125d9b8527/library/std/src/panicking.rs:573:43
[INFO] [stdout]   40:     0x5efeb9e3c6e2 - std[617be2ca0a6fd877]::panicking::catch_unwind::<(), core[a373ad73a504971]::panic::unwind_safe::AssertUnwindSafe<std[617be2ca0a6fd877]::thread::lifecycle::spawn_unchecked<test[aada8e7e76ba119b]::run_test::{closure#1}, ()>::{closure#1}::{closure#0}>>
[INFO] [stdout]                                at /rustc/e3feeb59cd1bdd011a2bfcc0747b55125d9b8527/library/std/src/panicking.rs:541:19
[INFO] [stdout]   41:     0x5efeb9e3c6e2 - std[617be2ca0a6fd877]::panic::catch_unwind::<core[a373ad73a504971]::panic::unwind_safe::AssertUnwindSafe<std[617be2ca0a6fd877]::thread::lifecycle::spawn_unchecked<test[aada8e7e76ba119b]::run_test::{closure#1}, ()>::{closure#1}::{closure#0}>, ()>
[INFO] [stdout]                                at /rustc/e3feeb59cd1bdd011a2bfcc0747b55125d9b8527/library/std/src/panic.rs:359:14
[INFO] [stdout]   42:     0x5efeb9e3c6e2 - std[617be2ca0a6fd877]::thread::lifecycle::spawn_unchecked::<test[aada8e7e76ba119b]::run_test::{closure#1}, ()>::{closure#1}
[INFO] [stdout]                                at /rustc/e3feeb59cd1bdd011a2bfcc0747b55125d9b8527/library/std/src/thread/lifecycle.rs:68:26
[INFO] [stdout]   43:     0x5efeb9e3c6e2 - <std[617be2ca0a6fd877]::thread::lifecycle::spawn_unchecked<test[aada8e7e76ba119b]::run_test::{closure#1}, ()>::{closure#1} as core[a373ad73a504971]::ops::function::FnOnce<()>>::call_once::{shim:vtable#0}
[INFO] [stdout]                                at /rustc/e3feeb59cd1bdd011a2bfcc0747b55125d9b8527/library/core/src/ops/function.rs:250:5
[INFO] [stdout]   44:     0x5efeba044d2f - <alloc[2e1b2a31b91974c5]::boxed::Box<dyn core[a373ad73a504971]::ops::function::FnOnce<(), Output = ()> + core[a373ad73a504971]::marker::Send> as core[a373ad73a504971]::ops::function::FnOnce<()>>::call_once
[INFO] [stdout]                                at /rustc/e3feeb59cd1bdd011a2bfcc0747b55125d9b8527/library/alloc/src/boxed.rs:2314:9
[INFO] [stdout]   45:     0x5efeba044d2f - <std[617be2ca0a6fd877]::sys::thread::unix::Thread>::new::thread_start
[INFO] [stdout]                                at /rustc/e3feeb59cd1bdd011a2bfcc0747b55125d9b8527/library/std/src/sys/thread/unix.rs:127:17
[INFO] [stdout]   46:     0x74a217c5adfa - <unknown>
[INFO] [stdout]   47:     0x74a217cee3d4 - clone
[INFO] [stdout]   48:                0x0 - <unknown>
[INFO] [stdout] 
[INFO] [stdout] 
[INFO] [stdout] failures:
[INFO] [stdout]     screen::tests::d_relays_a_write_through_pensum
[INFO] [stdout] 
[INFO] [stdout] test result: FAILED. 0 passed; 1 failed; 0 ignored; 0 measured; 0 filtered out; finished in 0.19s
[INFO] [stdout] 
[INFO] [stderr] error: test failed, to rerun pass `-p atrium --lib`
[INFO] running `Command { std: "docker" "inspect" "5081a8e544ceed0edaa3d9c9860a7cae6e5db8ed52750df5920b117a1687a116", kill_on_drop: false }`
[INFO] running `Command { std: "docker" "rm" "-f" "5081a8e544ceed0edaa3d9c9860a7cae6e5db8ed52750df5920b117a1687a116", kill_on_drop: false }`
[INFO] [stdout] 5081a8e544ceed0edaa3d9c9860a7cae6e5db8ed52750df5920b117a1687a116
