[INFO] cloning repository https://github.com/JoseRFJuniorLLMs/CarolinaDB
[INFO] running `Command { std: "git" "-c" "credential.helper=" "-c" "credential.helper=/workspace/cargo-home/bin/git-credential-null" "clone" "--bare" "https://github.com/JoseRFJuniorLLMs/CarolinaDB" "/workspace/cache/git-repos/https%3A%2F%2Fgithub.com%2FJoseRFJuniorLLMs%2FCarolinaDB", kill_on_drop: false }`
[INFO] [stderr] Cloning into bare repository '/workspace/cache/git-repos/https%3A%2F%2Fgithub.com%2FJoseRFJuniorLLMs%2FCarolinaDB'...
[INFO] running `Command { std: "git" "rev-parse" "HEAD", kill_on_drop: false }`
[INFO] [stdout] 6c766c9c9d09376769a6d1b536382ea683059493
[INFO] testing JoseRFJuniorLLMs/CarolinaDB against 1.100.0-beta.1 for beta-1.100-2
[INFO] running `Command { std: "git" "clone" "/workspace/cache/git-repos/https%3A%2F%2Fgithub.com%2FJoseRFJuniorLLMs%2FCarolinaDB" "/workspace/builds/worker-6-tc2/source", kill_on_drop: false }`
[INFO] [stderr] Cloning into '/workspace/builds/worker-6-tc2/source'...
[INFO] [stderr] done.
[INFO] removed /workspace/builds/worker-6-tc2/source/rust-toolchain.toml
[INFO] started tweaking git repo https://github.com/JoseRFJuniorLLMs/CarolinaDB
[INFO] finished tweaking git repo https://github.com/JoseRFJuniorLLMs/CarolinaDB
[INFO] tweaked toml for git repo https://github.com/JoseRFJuniorLLMs/CarolinaDB written to /workspace/builds/worker-6-tc2/source/Cargo.toml
[INFO] validating manifest of git repo https://github.com/JoseRFJuniorLLMs/CarolinaDB on toolchain 1.100.0-beta.1
[INFO] running `Command { std: CARGO_HOME="/workspace/cargo-home" RUSTUP_HOME="/workspace/rustup-home" "/workspace/cargo-home/bin/cargo" "+1.100.0-beta.1" "metadata" "--manifest-path" "Cargo.toml" "--no-deps", kill_on_drop: false }`
[INFO] crate git repo https://github.com/JoseRFJuniorLLMs/CarolinaDB already has a lockfile, it will not be regenerated
[INFO] running `Command { std: CARGO_HOME="/workspace/cargo-home" RUSTUP_HOME="/workspace/rustup-home" "/workspace/cargo-home/bin/cargo" "+1.100.0-beta.1" "fetch" "--manifest-path" "Cargo.toml", kill_on_drop: false }`
[INFO] [stderr]     Blocking waiting for file lock on package cache
[INFO] [stderr]     Blocking waiting for file lock on package cache
[INFO] running `Command { std: "docker" "create" "-v" "/var/lib/crater-agent-workspace/builds/worker-6-tc2/source:/opt/rustwide/workdir:ro,Z" "-v" "/var/lib/crater-agent-workspace/builds/worker-6-tc2/target:/opt/rustwide/target:rw,Z" "-v" "/var/lib/crater-agent-workspace/cargo-home:/opt/rustwide/cargo-home:ro,Z" "-v" "/var/lib/crater-agent-workspace/rustup-home:/opt/rustwide/rustup-home:ro,Z" "-m" "1610612736" "--network" "none" "ghcr.io/rust-lang/crates-build-env/linux@sha256:3111399a4047eeb3a02b7a90e478d715f38a8c6669b5c4b49d30a17385265909" "sleep" "infinity", kill_on_drop: false }`
[INFO] [stdout] bd3c487edef37862cffed139a1d9e787a223843d8cfe5b5e53731b50dec1d50a
[INFO] running `Command { std: "docker" "start" "bd3c487edef37862cffed139a1d9e787a223843d8cfe5b5e53731b50dec1d50a", kill_on_drop: false }`
[INFO] running `Command { std: "docker" "inspect" "bd3c487edef37862cffed139a1d9e787a223843d8cfe5b5e53731b50dec1d50a", kill_on_drop: false }`
[INFO] running `Command { std: "docker" "exec" "-e" "SOURCE_DIR=/opt/rustwide/workdir" "-e" "CARGO_HOME=/opt/rustwide/cargo-home" "-e" "RUSTUP_HOME=/opt/rustwide/rustup-home" "-e" "CARGO_TARGET_DIR=/opt/rustwide/target" "-w" "/opt/rustwide/workdir" "--user" "0:0" "bd3c487edef37862cffed139a1d9e787a223843d8cfe5b5e53731b50dec1d50a" "/opt/rustwide/cargo-home/bin/cargo" "+1.100.0-beta.1" "metadata" "--no-deps" "--format-version=1", kill_on_drop: false }`
[INFO] running `Command { std: "docker" "inspect" "bd3c487edef37862cffed139a1d9e787a223843d8cfe5b5e53731b50dec1d50a", kill_on_drop: false }`
[INFO] running `Command { std: "docker" "exec" "-e" "SOURCE_DIR=/opt/rustwide/workdir" "-e" "CARGO_HOME=/opt/rustwide/cargo-home" "-e" "RUSTUP_HOME=/opt/rustwide/rustup-home" "-e" "CARGO_TARGET_DIR=/opt/rustwide/target" "-e" "CARGO_INCREMENTAL=0" "-e" "RUST_BACKTRACE=full" "-e" "RUSTFLAGS=--cap-lints=warn" "-e" "RUSTDOCFLAGS=--cap-lints=warn" "-w" "/opt/rustwide/workdir" "--user" "0:0" "bd3c487edef37862cffed139a1d9e787a223843d8cfe5b5e53731b50dec1d50a" "/opt/rustwide/cargo-home/bin/cargo" "+1.100.0-beta.1" "build" "--frozen" "--message-format=json", kill_on_drop: false }`
[INFO] [stderr]    Compiling typenum v1.20.1
[INFO] [stderr]    Compiling carolina-qualify v0.1.0 (/opt/rustwide/workdir/crates/carolina-qualify)
[INFO] [stderr]    Compiling carolina-models v0.1.0 (/opt/rustwide/workdir/crates/carolina-models)
[INFO] [stderr]    Compiling crc32c v0.6.8
[INFO] [stderr]    Compiling generic-array v0.14.7
[INFO] [stderr]    Compiling crypto-common v0.1.7
[INFO] [stderr]    Compiling block-buffer v0.10.4
[INFO] [stderr]    Compiling digest v0.10.7
[INFO] [stderr]    Compiling sha2 v0.10.9
[INFO] [stderr]    Compiling carolina-core v0.1.0 (/opt/rustwide/workdir/crates/carolina-core)
[INFO] [stderr]    Compiling carolina-lang v0.1.0 (/opt/rustwide/workdir/crates/carolina-lang)
[INFO] [stderr]    Compiling carolina-wire v0.1.0 (/opt/rustwide/workdir/crates/carolina-wire)
[INFO] [stderr]    Compiling carolina-consensus v0.1.0 (/opt/rustwide/workdir/crates/carolina-consensus)
[INFO] [stderr]    Compiling carolina-catalog v0.1.0 (/opt/rustwide/workdir/crates/carolina-catalog)
[INFO] [stderr]    Compiling carolina-storage v0.1.0 (/opt/rustwide/workdir/crates/carolina-storage)
[INFO] [stderr]    Compiling carolina-compiler v0.1.0 (/opt/rustwide/workdir/crates/carolina-compiler)
[INFO] [stderr]    Compiling carolina-runtime v0.1.0 (/opt/rustwide/workdir/crates/carolina-runtime)
[INFO] [stderr]    Compiling carolina-node v0.1.0 (/opt/rustwide/workdir/crates/carolina-node)
[INFO] [stderr]    Compiling carolina-cli v0.1.0 (/opt/rustwide/workdir/crates/carolina-cli)
[INFO] [stderr] warning: unused dependency `carolina-consensus`
[INFO] [stderr]   --> crates/carolina-catalog/Cargo.toml:13:1
[INFO] [stderr]    |
[INFO] [stderr] 13 | carolina-consensus.workspace = true
[INFO] [stderr]    | ^^^^^^^^^^^^^^^^^^
[INFO] [stderr]    |
[INFO] [stderr]    = note: `cargo::unused_dependencies` is set to `warn` by default
[INFO] [stderr] help: consider removing the dependency on `carolina-consensus`
[INFO] [stderr] warning: `carolina-catalog` (manifest) generated 1 warning
[INFO] [stderr]     Finished `dev` profile [unoptimized + debuginfo] target(s) in 14.13s
[INFO] running `Command { std: "docker" "inspect" "bd3c487edef37862cffed139a1d9e787a223843d8cfe5b5e53731b50dec1d50a", kill_on_drop: false }`
[INFO] running `Command { std: "docker" "exec" "-e" "SOURCE_DIR=/opt/rustwide/workdir" "-e" "CARGO_HOME=/opt/rustwide/cargo-home" "-e" "RUSTUP_HOME=/opt/rustwide/rustup-home" "-e" "CARGO_TARGET_DIR=/opt/rustwide/target" "-e" "CARGO_INCREMENTAL=0" "-e" "RUST_BACKTRACE=full" "-e" "RUSTFLAGS=--cap-lints=warn" "-e" "RUSTDOCFLAGS=--cap-lints=warn" "-w" "/opt/rustwide/workdir" "--user" "0:0" "bd3c487edef37862cffed139a1d9e787a223843d8cfe5b5e53731b50dec1d50a" "/opt/rustwide/cargo-home/bin/cargo" "+1.100.0-beta.1" "test" "--frozen" "--no-run" "--message-format=json", kill_on_drop: false }`
[INFO] [stderr]    Compiling carolina-models v0.1.0 (/opt/rustwide/workdir/crates/carolina-models)
[INFO] [stderr]    Compiling carolina-core v0.1.0 (/opt/rustwide/workdir/crates/carolina-core)
[INFO] [stderr]    Compiling carolina-wire v0.1.0 (/opt/rustwide/workdir/crates/carolina-wire)
[INFO] [stderr]    Compiling carolina-lang v0.1.0 (/opt/rustwide/workdir/crates/carolina-lang)
[INFO] [stderr]    Compiling carolina-compiler v0.1.0 (/opt/rustwide/workdir/crates/carolina-compiler)
[INFO] [stderr]    Compiling carolina-storage v0.1.0 (/opt/rustwide/workdir/crates/carolina-storage)
[INFO] [stderr]    Compiling carolina-consensus v0.1.0 (/opt/rustwide/workdir/crates/carolina-consensus)
[INFO] [stderr]    Compiling carolina-runtime v0.1.0 (/opt/rustwide/workdir/crates/carolina-runtime)
[INFO] [stderr]    Compiling carolina-catalog v0.1.0 (/opt/rustwide/workdir/crates/carolina-catalog)
[INFO] [stderr]    Compiling carolina-node v0.1.0 (/opt/rustwide/workdir/crates/carolina-node)
[INFO] [stderr]    Compiling carolina-cli v0.1.0 (/opt/rustwide/workdir/crates/carolina-cli)
[INFO] [stderr]    Compiling carolina-qualify v0.1.0 (/opt/rustwide/workdir/crates/carolina-qualify)
[INFO] [stderr] warning: unused dependency `carolina-consensus`
[INFO] [stderr]   --> crates/carolina-catalog/Cargo.toml:13:1
[INFO] [stderr]    |
[INFO] [stderr] 13 | carolina-consensus.workspace = true
[INFO] [stderr]    | ^^^^^^^^^^^^^^^^^^
[INFO] [stderr]    |
[INFO] [stderr]    = note: `cargo::unused_dependencies` is set to `warn` by default
[INFO] [stderr] help: consider removing the dependency on `carolina-consensus`
[INFO] [stderr] warning: `carolina-catalog` (manifest) generated 1 warning
[INFO] [stderr]     Finished `test` profile [unoptimized + debuginfo] target(s) in 8.80s
[INFO] running `Command { std: "docker" "inspect" "bd3c487edef37862cffed139a1d9e787a223843d8cfe5b5e53731b50dec1d50a", kill_on_drop: false }`
[INFO] running `Command { std: "docker" "exec" "-e" "SOURCE_DIR=/opt/rustwide/workdir" "-e" "CARGO_HOME=/opt/rustwide/cargo-home" "-e" "RUSTUP_HOME=/opt/rustwide/rustup-home" "-e" "CARGO_TARGET_DIR=/opt/rustwide/target" "-e" "CARGO_INCREMENTAL=0" "-e" "RUST_BACKTRACE=full" "-e" "RUSTFLAGS=--cap-lints=warn" "-e" "RUSTDOCFLAGS=--cap-lints=warn" "-w" "/opt/rustwide/workdir" "--user" "0:0" "bd3c487edef37862cffed139a1d9e787a223843d8cfe5b5e53731b50dec1d50a" "/opt/rustwide/cargo-home/bin/cargo" "+1.100.0-beta.1" "test" "--frozen", kill_on_drop: false }`
[INFO] [stderr] warning: unused dependency `carolina-consensus`
[INFO] [stderr]   --> crates/carolina-catalog/Cargo.toml:13:1
[INFO] [stderr]    |
[INFO] [stderr] 13 | carolina-consensus.workspace = true
[INFO] [stderr]    | ^^^^^^^^^^^^^^^^^^
[INFO] [stderr]    |
[INFO] [stderr]    = note: `cargo::unused_dependencies` is set to `warn` by default
[INFO] [stderr] help: consider removing the dependency on `carolina-consensus`
[INFO] [stderr] warning: `carolina-catalog` (manifest) generated 1 warning
[INFO] [stderr]     Finished `test` profile [unoptimized + debuginfo] target(s) in 0.04s
[INFO] [stderr]      Running unittests src/lib.rs (/opt/rustwide/target/debug/build/carolina-catalog/64f63bfcb3b15e30/out/carolina_catalog-64f63bfcb3b15e30)
[INFO] [stdout] 
[INFO] [stdout] running 4 tests
[INFO] [stdout] test tests::authorization_campaign_passes ... ok
[INFO] [stdout] test tests::genesis_then_cas_generation_and_idempotence ... ok
[INFO] [stdout] test tests::acceptance_campaign_passes ... ok
[INFO] [stdout] test tests::grant_lifecycle_routes_and_tombstones ... ok
[INFO] [stdout] 
[INFO] [stdout] test result: ok. 4 passed; 0 failed; 0 ignored; 0 measured; 0 filtered out; finished in 0.01s
[INFO] [stdout] 
[INFO] [stderr]      Running unittests src/main.rs (/opt/rustwide/target/debug/build/carolina-cli/02b07cb863e39139/out/carolina-02b07cb863e39139)
[INFO] [stdout] 
[INFO] [stdout] running 2 tests
[INFO] [stdout] test tests::compile_out_then_check_roundtrips_and_detects_tampering ... ok
[INFO] [stdout] test tests::plan_and_graph_commands_are_artifact_operations ... ok
[INFO] [stdout] 
[INFO] [stdout] test result: ok. 2 passed; 0 failed; 0 ignored; 0 measured; 0 filtered out; finished in 2.38s
[INFO] [stdout] 
[INFO] [stderr]      Running tests/qualification_cli.rs (/opt/rustwide/target/debug/build/carolina-cli/49b5937d0c2cc0c8/out/qualification_cli-49b5937d0c2cc0c8)
[INFO] [stdout] 
[INFO] [stdout] running 6 tests
[INFO] [stdout] test qualification_refuses_clearly_when_the_repository_data_is_absent ... ok
[INFO] [stdout] test node_status_accepts_its_subcommand_and_still_rejects_bad_options ... ok
[INFO] [stdout] test qualification_rejects_malformed_options_and_empty_budgets ... ok
[INFO] [stdout] test workload_then_verify_round_trip ... ok
[INFO] [stdout] test bundles_verify_manifest_and_history_binding_and_replay_determinism ... ok
[INFO] [stdout] test replay_and_minimize_do_not_report_inconclusive_as_success ... ok
[INFO] [stdout] 
[INFO] [stdout] test result: ok. 6 passed; 0 failed; 0 ignored; 0 measured; 0 filtered out; finished in 11.43s
[INFO] [stdout] 
[INFO] [stderr]      Running unittests src/lib.rs (/opt/rustwide/target/debug/build/carolina-compiler/3a3f9755cf78392e/out/carolina_compiler-3a3f9755cf78392e)
[INFO] [stdout] 
[INFO] [stdout] running 16 tests
[INFO] [stdout] test tests::increment_result_obligations_differ ... ok
[INFO] [stdout] test tests::composite_session_scope_is_refused_as_unsupported ... ok
[INFO] [stdout] test tests::unique_username_global_component ... ok
[INFO] [stdout] test tests::causal_dependencies_are_directed ... ok
[INFO] [stdout] test tests::no_safe_plan_when_no_ordered_authority_covers_the_scope ... ok
[INFO] [stdout] test tests::explain_mentions_candidates_and_evidence ... ok
[INFO] [stdout] test tests::budget_exhaustion_yields_unknown_never_proven ... ok
[INFO] [stdout] test tests::inventory_sell_rejects_c1_c2_with_counterexample ... ok
[INFO] [stdout] test tests::checker_rejects_tampering ... ok
[INFO] [stdout] test tests::unqualified_c3_and_c4_templates_are_rejected_as_missing_runtime_capability ... ok
[INFO] [stdout] test tests::policy_force_serial_keeps_c5_but_cannot_override_failed_obligations ... ok
[INFO] [stdout] test tests::checker_rejects_forged_or_missing_counterexample_evidence ... ok
[INFO] [stdout] test tests::topology_governs_authority_and_durability ... ok
[INFO] [stdout] test tests::account_transfer_closure_and_atomicity ... ok
[INFO] [stdout] test tests::compilation_is_deterministic ... ok
[INFO] [stdout] test tests::reserve_release_compiles ... ok
[INFO] [stdout] 
[INFO] [stdout] test result: ok. 16 passed; 0 failed; 0 ignored; 0 measured; 0 filtered out; finished in 2.58s
[INFO] [stdout] 
[INFO] [stderr]      Running tests/footprint_a05.rs (/opt/rustwide/target/debug/build/carolina-compiler/480b762946710e28/out/footprint_a05-480b762946710e28)
[INFO] [stdout] 
[INFO] [stdout] running 6 tests
[INFO] [stdout] test aliasing_writes_are_two_selectors_in_one_atomic_group ... ok
[INFO] [stdout] test unique_absence_is_a_namespace_not_a_row ... ok
[INFO] [stdout] test phantom_insertion_is_inside_the_aggregate_scope ... ok
[INFO] [stdout] test group_movement_keeps_both_groups_in_scope ... ok
[INFO] [stdout] test aggregate_bound_source_shares_the_closure ... ok
[INFO] [stdout] test reference_deletion_is_an_interacting_write ... ok
[INFO] [stdout] 
[INFO] [stdout] test result: ok. 6 passed; 0 failed; 0 ignored; 0 measured; 0 filtered out; finished in 15.72s
[INFO] [stdout] 
[INFO] [stderr]      Running unittests src/lib.rs (/opt/rustwide/target/debug/build/carolina-consensus/8c30ff6864d39dad/out/carolina_consensus-8c30ff6864d39dad)
[INFO] [stdout] 
[INFO] [stdout] running 10 tests
[INFO] [stdout] test tests::message_roundtrip ... ok
[INFO] [stdout] test sim::tests::read_barrier_completes_only_with_a_quorum ... ok
[INFO] [stdout] test sim::tests::minority_leader_cannot_commit_and_loses_to_the_majority ... ok
[INFO] [stdout] test sim::tests::a_voter_behind_the_snapshot_is_refused_not_silently_broken ... ok
[INFO] [stdout] test sim::tests::same_seed_reproduces_the_same_history ... ok
[INFO] [stdout] test storage::tests::file_storage_roundtrip_and_torn_tail ... ok
[INFO] [stdout] test sim::tests::crashes_and_restarts_keep_committed_entries ... ok
[INFO] [stdout] test sim::tests::compaction_drops_the_applied_prefix_and_survives_restart ... ok
[INFO] [stdout] test sim::tests::campaign_runs ... ok
[INFO] [stdout] test sim::tests::elects_and_replicates_under_loss_and_duplication ... ok
[INFO] [stdout] 
[INFO] [stdout] test result: ok. 10 passed; 0 failed; 0 ignored; 0 measured; 0 filtered out; finished in 0.13s
[INFO] [stdout] 
[INFO] [stderr]      Running unittests src/lib.rs (/opt/rustwide/target/debug/build/carolina-core/eb2da4657f17d851/out/carolina_core-eb2da4657f17d851)
[INFO] [stdout] 
[INFO] [stdout] running 25 tests
[INFO] [stdout] test canon::tests::encodes_sorted_and_compact ... ok
[INFO] [stdout] test canon::tests::invalid_utf8_rejected ... ok
[INFO] [stdout] test canon::tests::sets_sort_by_bytes_and_reject_dupes ... ok
[INFO] [stdout] test canon::tests::roundtrip_and_reject_noncanonical ... ok
[INFO] [stdout] test canon::tests::canonical_ints ... ok
[INFO] [stdout] test canon::tests::limits_enforced ... ok
[INFO] [stdout] test canon::tests::unknown_fields_rejected ... ok
[INFO] [stdout] test decimal::tests::canonical_roundtrip ... ok
[INFO] [stdout] test decimal::tests::scale_mismatch_is_type_error ... ok
[INFO] [stdout] test ids::tests::epochs_are_not_interchangeable_and_do_not_wrap ... ok
[INFO] [stdout] test decimal::tests::exact_arithmetic ... ok
[INFO] [stdout] test decimal::tests::overflow_and_inexact_rejected ... ok
[INFO] [stdout] test ids::tests::txn_id_layout_is_big_endian_concatenation ... ok
[INFO] [stdout] test ids::tests::id128_hex_strict ... ok
[INFO] [stdout] test hash::tests::known_vector ... ok
[INFO] [stdout] test hash::tests::domain_separation_changes_digest ... ok
[INFO] [stdout] test keycodec::tests::bytes_with_zero_order_and_roundtrip ... ok
[INFO] [stdout] test hash::tests::hex_roundtrip_and_rejects_uppercase ... ok
[INFO] [stdout] test keycodec::tests::malformed_rejected ... ok
[INFO] [stdout] test keycodec::tests::upper_bound ... ok
[INFO] [stdout] test rng::tests::deterministic ... ok
[INFO] [stdout] test rng::tests::below_in_range ... ok
[INFO] [stdout] test keycodec::tests::i64_order_preserved ... ok
[INFO] [stdout] test ids::tests::composite_canonical_roundtrip ... ok
[INFO] [stdout] test keycodec::tests::decimal_order_preserved_random ... ok
[INFO] [stdout] 
[INFO] [stdout] test result: ok. 25 passed; 0 failed; 0 ignored; 0 measured; 0 filtered out; finished in 0.00s
[INFO] [stdout] 
[INFO] [stderr]      Running unittests src/lib.rs (/opt/rustwide/target/debug/build/carolina-lang/202a6f27bcd462dd/out/carolina_lang-202a6f27bcd462dd)
[INFO] [stdout] 
[INFO] [stdout] running 27 tests
[INFO] [stdout] test lexer::tests::lexes_basic ... ok
[INFO] [stdout] test fixtures::tests::causal_ship_semantics ... ok
[INFO] [stdout] test fixtures::tests::inventory_sell_semantics ... ok
[INFO] [stdout] test fixtures::tests::account_transfer_semantics ... ok
[INFO] [stdout] test parser::tests::rejects_missing_sections ... ok
[INFO] [stdout] test parser::tests::parses_minimal_module ... ok
[INFO] [stdout] test fixtures::tests::normalized_invocation_is_deterministic ... ok
[INFO] [stdout] test fixtures::tests::refund_extension_counterexample ... ok
[INFO] [stdout] test fixtures::tests::unique_username_semantics ... ok
[INFO] [stdout] test spec003_tests::grouped_aggregate_bound_parses_and_evaluates_per_group ... ok
[INFO] [stdout] test lower::tests::rejects_type_errors_and_implicit_contracts ... ok
[INFO] [stdout] test fixtures::tests::reserve_release_semantics ... ok
[INFO] [stdout] test fixtures::tests::sell_sell_stock_one_counterexample ... ok
[INFO] [stdout] test fixtures::tests::increment_result_contracts_differ ... ok
[INFO] [stdout] test types::tests::key_bytes_order ... ok
[INFO] [stdout] test types::tests::type_check_lengths ... ok
[INFO] [stdout] test spec003_tests::optional_reads_and_set_effects_execute ... ok
[INFO] [stdout] test types::tests::value_canonical_roundtrip ... ok
[INFO] [stdout] test spec003_tests::partial_release_and_same_endpoint_transfer_are_rejected_at_the_effect ... ok
[INFO] [stdout] test spec003_tests::declaration_order_with_preserved_ids_is_byte_identical ... ok
[INFO] [stdout] test lower::tests::lowers_and_roundtrips_canonically ... ok
[INFO] [stdout] test lower::tests::formatting_does_not_change_hashes_but_semantics_do ... ok
[INFO] [stdout] test spec003_tests::malformed_module_ir_is_refused_with_typed_errors ... ok
[INFO] [stdout] test spec003_tests::lowering_rejects_structural_errors_with_typed_codes ... ok
[INFO] [stdout] test spec003_tests::semantic_changes_alter_the_right_digests ... ok
[INFO] [stdout] test fixtures::tests::all_fixtures_lower_and_match_golden ... ok
[INFO] [stdout] test spec003_tests::decoder_and_frontend_mutation_fuzz_never_panics ... ok
[INFO] [stdout] 
[INFO] [stdout] test result: ok. 27 passed; 0 failed; 0 ignored; 0 measured; 0 filtered out; finished in 0.60s
[INFO] [stdout] 
[INFO] [stderr]      Running tests/semantic_validation.rs (/opt/rustwide/target/debug/build/carolina-lang/3915a450d8af8fc3/out/semantic_validation-3915a450d8af8fc3)
[INFO] [stdout] 
[INFO] [stdout] running 5 tests
[INFO] [stdout] test keys_and_set_elements_require_comparable_nested_types ... ok
[INFO] [stdout] test reference_evaluation_still_checks_disconnected_invariants ... ok
[INFO] [stdout] test malformed_invariant_ir_remains_an_internal_error ... ok
[INFO] [stdout] test return_wrappers_cannot_hide_rows_or_sets ... ok
[INFO] [stdout] test invariant_expression_failures_reject_without_mutating_the_input ... ok
[INFO] [stdout] 
[INFO] [stdout] test result: ok. 5 passed; 0 failed; 0 ignored; 0 measured; 0 filtered out; finished in 0.01s
[INFO] [stdout] 
[INFO] [stderr]      Running unittests src/lib.rs (/opt/rustwide/target/debug/build/carolina-models/7a0771fcaadb91a0/out/carolina_models-7a0771fcaadb91a0)
[INFO] [stdout] 
[INFO] [stdout] running 4 tests
[INFO] [stdout] test fm1::tests::late_prepare_control_needs_the_tombstone ... ok
[INFO] [stdout] test fm2::tests::positive_model_holds_and_controls_fail ... ok
[INFO] [stdout] test fm1::tests::positive_model_holds_and_controls_fail ... ok
[INFO] [stdout] test fm3::tests::positive_model_holds_and_controls_fail ... ok
[INFO] [stdout] 
[INFO] [stdout] test result: ok. 4 passed; 0 failed; 0 ignored; 0 measured; 0 filtered out; finished in 0.07s
[INFO] [stdout] 
[INFO] [stderr]      Running unittests src/lib.rs (/opt/rustwide/target/debug/build/carolina-node/cc8eba2035a6bac9/out/carolina_node-cc8eba2035a6bac9)
[INFO] [stdout] 
[INFO] [stdout] running 13 tests
[INFO] [stdout] test transport::tests::frame_kinds_are_bound_to_the_endpoint_role ... ok
[INFO] [stdout] test transport::tests::require_loopback_refuses_public_addresses ... ok
[INFO] [stdout] test transport::tests::poisoned_connection_registry_does_not_crash_the_node ... ok
[INFO] [stdout] test core::tests::concurrent_changed_content_is_refused_and_exact_retries_share_one_decision ... ok
[INFO] [stdout] test core::tests::seed_retries_share_only_identical_content_and_conflicts_do_not_fail_the_node ... ok
[INFO] [stdout] test core::tests::log_admission_checks_node_and_generation_but_allows_unrelated_catalog_progress ... ok
[INFO] [stdout] test core::tests::concurrent_admin_retries_match_command_bytes_before_sharing_the_result ... ok
[INFO] [stdout] test core::tests::node_status_publishes_operational_counters ... ok
[INFO] [stdout] test core::tests::applied_state_is_snapshotted_and_the_leader_compacts_the_prefix ... ok
[INFO] [stdout] test core::tests::leadership_loss_retains_the_request_hash_in_unknown_reply ... ok
[INFO] [stdout] test core::tests::preceding_grant_closure_refuses_queued_admission_and_preserves_final_retries ... ok
[INFO] [stdout] test core::tests::restarted_successor_finishes_inherited_admission_before_resolve_publishes ... ok
[INFO] [stdout] test core::tests::a_cold_restart_of_every_voter_does_not_bootstrap_twice ... ok
[INFO] [stdout] 
[INFO] [stdout] test result: ok. 13 passed; 0 failed; 0 ignored; 0 measured; 0 filtered out; finished in 16.85s
[INFO] [stdout] 
[INFO] [stderr]      Running unittests src/bin/carolina-node.rs (/opt/rustwide/target/debug/build/carolina-node/99bc319aa22b7c9a/out/carolina_node-99bc319aa22b7c9a)
[INFO] [stdout] 
[INFO] [stdout] running 0 tests
[INFO] [stdout] 
[INFO] [stdout] test result: ok. 0 passed; 0 failed; 0 ignored; 0 measured; 0 filtered out; finished in 0.00s
[INFO] [stdout] 
[INFO] [stderr]      Running tests/config_validation.rs (/opt/rustwide/target/debug/build/carolina-node/f3fde7390b052941/out/config_validation-f3fde7390b052941)
[INFO] [stdout] 
[INFO] [stdout] running 7 tests
[INFO] [stdout] test client_rejects_remote_address_before_connecting ... ok
[INFO] [stdout] test decoding_rejects_invalid_configuration ... ok
[INFO] [stdout] test rejects_wrong_profiles_voters_and_zero_tick ... ok
[INFO] [stdout] test invalid_startup_does_not_bind_or_create_data ... ok
[INFO] [stdout] test rejects_missing_duplicate_unknown_and_self_peers ... ok
[INFO] [stdout] test rejects_non_loopback_invalid_zero_and_reused_addresses ... ok
[INFO] [stdout] test accepts_exact_three_voters_on_ipv4_and_ipv6_loopback ... ok
[INFO] [stdout] 
[INFO] [stdout] test result: ok. 7 passed; 0 failed; 0 ignored; 0 measured; 0 filtered out; finished in 0.01s
[INFO] [stdout] 
[INFO] [stderr]      Running tests/three_nodes.rs (/opt/rustwide/target/debug/build/carolina-node/91fa23fb565bb16d/out/three_nodes-91fa23fb565bb16d)
[INFO] [stdout] 
[INFO] [stdout] running 1 test
[INFO] [stdout] test three_processes_single_idc_c5_survives_leader_kill ... ok
[INFO] [stdout] 
[INFO] [stdout] test result: ok. 1 passed; 0 failed; 0 ignored; 0 measured; 0 filtered out; finished in 19.97s
[INFO] [stdout] 
[INFO] [stderr]      Running unittests src/lib.rs (/opt/rustwide/target/debug/build/carolina-qualify/cd6391d910bdc03d/out/carolina_qualify-cd6391d910bdc03d)
[INFO] [stdout] 
[INFO] [stdout] running 4 tests
[INFO] [stdout] test minimize::tests::shrinks_to_the_culprit ... ok
[INFO] [stdout] test verdict::tests::gate_rules ... ok
[INFO] [stdout] test w1::tests::oracle_semantics ... ok
[INFO] [stdout] test codec_corpus::tests::codec_corpus_is_frozen ... ok
[INFO] [stdout] 
[INFO] [stdout] test result: ok. 4 passed; 0 failed; 0 ignored; 0 measured; 0 filtered out; finished in 2.53s
[INFO] [stdout] 
[INFO] [stderr]      Running tests/acceptance.rs (/opt/rustwide/target/debug/build/carolina-qualify/9f133e5c9d6e6914/out/acceptance-9f133e5c9d6e6914)
[INFO] [stdout] 
[INFO] [stdout] running 8 tests
[INFO] [stdout] test empty_campaigns_and_zero_exercise_budgets_are_rejected_before_io ... ok
[INFO] [stdout] test qa07_and_qa10_reject_invalid_configuration_before_running ... ok
[INFO] [stdout] test qa03_unknown_request_that_committed_is_accepted_only_with_its_durable_commit ... ok
[INFO] [stdout] test qa04_checker_budget_exhaustion_is_inconclusive ... ok
[INFO] [stdout] test qa02_negative_controls_are_detected ... ok
[INFO] [stdout] test minimizer_shrinks_a_failing_schedule_and_the_oracle_rechecks_it ... ok
[INFO] [stdout] test qa01_identical_seed_and_schedule_reproduce_the_trace_digest ... ok
[INFO] [stdout] test quick_campaign_passes_q0_q1_q2_and_reports_the_rest_not_run ... FAILED
[INFO] [stdout] 
[INFO] [stdout] failures:
[INFO] [stdout] 
[INFO] [stdout] ---- quick_campaign_passes_q0_q1_q2_and_reports_the_rest_not_run stdout ----
[INFO] [stdout] campaign local-quick run run-b09b1622b4d242f5
[INFO] [stdout] manifest 7a5787666976cff4693794992eb473efc6cdfd9f8e1edfc20d7092580b70c72d
[INFO] [stdout] trace 2647cb17ef07f52cdbf048dd789ea1f972a48d32b854a711ccc9c4306ffe0e1d
[INFO] [stdout] overall PASS
[INFO] [stdout] 
[INFO] [stdout] gates:
[INFO] [stdout]   Q0   PASS           (claimed) all required checks PASS
[INFO] [stdout]   Q1   PASS           (claimed) all required checks PASS
[INFO] [stdout]   Q2   PASS           (claimed) all required checks PASS
[INFO] [stdout]   QI   NOT_RUN        (not claimed) QI-SECURITY: NOT_RUN
[INFO] [stdout]   FM   PASS           (claimed) all required checks PASS
[INFO] [stdout]   Q3-C5 NOT_RUN        (claimed) Q3-C5-PROCESS: NOT_RUN
[INFO] [stdout]   Q3   NOT_RUN        (not claimed) Q3-PROTOCOLS: NOT_RUN
[INFO] [stdout]   Q4   NOT_RUN        (not claimed) Q4-COMPOSITION: NOT_RUN
[INFO] [stdout]   Q5   NOT_RUN        (not claimed) Q5-EVOLUTION: NOT_RUN
[INFO] [stdout]   Q6   NOT_RUN        (not claimed) Q6-CERTIFICATION: NOT_RUN
[INFO] [stdout]   Q7   NOT_RUN        (not claimed) Q7-EVALUATION: NOT_RUN
[INFO] [stdout] checks:
[INFO] [stdout]   Q0-IR-GOLDEN           PASS           7 fixtures match fixtures/golden (bytes + hashes)  [scope: fixtures/golden]
[INFO] [stdout]   Q0-DETERMINISM         PASS           7 fixtures, 18 plans deterministic; 7 tampered plans refused  [scope: all fixtures, local topology]
[INFO] [stdout]   Q0-REFERENCE-EVALUATOR PASS           last-unit race found and replayed; negative control quiet; 44 compiler counterexamples canonical  [scope: inventory_reserve_release last-unit race]
[INFO] [stdout]   Q1-P7-BTREE            PASS           4800 tree ops, 99 splits, reference scans agree (P7/P4)  [scope: seeds 1..3, 1600 ops each, pools 16/64/128, hot key 3000 versions]
[INFO] [stdout]   Q1-CRASH-MATRIX        PASS           P1/P2/P3/P6/P9 held in 7 crashing cases of 13 scheduled: {"AfterDecisionBeforeInstall": 1, "AfterFsyncBeforePublish": 1, "AfterPrepareBeforeDecision": 1, "BeforeJournalAppend": 1, "DuringCheckpoint": 1, "DuringPrepare": 1, "MidJournalWrite": 1, "_during_create": 5, "_not_reached": 1}  [scope: 13 fault points × nth 1..=1; process-kill/short-write model]
[INFO] [stdout]   Q1-CORRUPTION          PASS           torn tail discarded; corrupted committed frame fails closed; I/O error never acknowledged  [scope: torn tail, mid-log corruption, injected I/O error]
[INFO] [stdout]   Q1-P8-CHECKPOINT       PASS           1 crashes during checkpoint/manifest stages recovered to the durable journal state; pages are written only after the journal barrier  [scope: checkpoint-stage crashes inside the matrix]
[INFO] [stdout]   Q2-P9-PREPARED         PASS           prepared data invisible until a durable decision; duplicates refused; IN_DOUBT reported  [scope: prepare/commit_prepared/abort_prepared with checkpoint + reopen]
[INFO] [stdout]   Q2-P10-EPOCH           PASS           old-epoch snapshot refused with StaleEpoch; epoch change durable  [scope: storage epoch advance; old snapshots refused (narrow: no restored-backup authority test)]
[INFO] [stdout]   Q2-KERNEL-DIFFERENTIAL PASS           Store and MemKernel agree over 300 batches (P3/P6 atomic metadata)  [scope: seed 11, 300 batches, business rows + txn statuses]
[INFO] [stdout]   Q2-ADMISSION           PASS           stale plan and schema refused before persistence  [scope: stale plan/schema]
[INFO] [stdout]   Q2-W1-LOCAL            PASS           14 schedules, 111 of 280 invocations committed: Q-C01/02/03/04/05/13/14 held against the independent W1 oracle; every receipt resolved identically after recovery  [scope: seeds [1], 16 ops/schedule, 13 fault points × nth 1..=1, checker budget 200000]
[INFO] [stdout]   Q2-DETERMINISM         PASS           identical trace digest ea18d665bf3451889dbe28d637126b447711704e7f93ad6bb3c31bdbfbabc33d over 92 events  [scope: seed 1, fault AfterFsyncBeforePublish#2]
[INFO] [stdout]   QI-CODEC-CORPUS        PASS           54 vectors frozen (25 registered kinds), 216 negative vectors refused; registered kinds without an implemented codec (disabled features): migration_record, close_certificate, semantic_commit, causal_context, session_token, holder_state, transfer_terms, transfer_decision, txn_begin, prepare_vote, decision_certificate, installed, publication_certificate, publish_seen, completion_certificate  [scope: fixtures/codec: frozen canonical bytes + digests for every codec used by the enabled slices, decode/encode fixed point, negative vectors]
[INFO] [stdout]   QI-SECURITY            NOT_RUN        SPEC-013 mTLS, credential authentication and cryptographic profiles not implemented; authorization is reported separately by QI-AUTHZ; DEV_LOCAL profile only
[INFO] [stdout]   QI-AUTHZ               PASS           3 authorization schedules held: SEC-02 tenant/namespace isolation | SEC-09 current authorization on resolve | SEC-14 privileged mutation authorization  [scope: catalog principal enforcement, exact tenant/namespace/operation-version grants, current authorization on resolve and atomic denial of privileged mutations]
[INFO] [stdout]   QI-CATALOG             PASS           7 scenarios held: CAT-12, CAT-01, CAT-02, CAT-05, CAT-15, CAT-16, closed-never-reopens  [scope: SPEC-011 §11 subset CAT-01/02/05/12/15/16 + closed-never-reopens on the catalog state machine]
[INFO] [stdout]   Q3-CONSENSUS-SIM       PASS           election safety, log matching, state-machine safety and leader completeness held; {"compacted_index": 22, "compactions": 1, "delivered": 425, "dropped": 86, "duplicated": 28, "isolation_cases": 1, "seeds": 1, "ticks": 255}  [scope: seeds [1], 20 proposals each, loss/dup/delay, crash+restart of every voter, isolated leader, replay determinism]
[INFO] [stdout]   Q3-C5-PROCESS          NOT_RUN        carolina-node binary not found next to the runner (build with `cargo build -p carolina-node` or set CAROLINA_NODE_BIN)
[INFO] [stdout]   Q3-PROTOCOLS           NOT_RUN        C1/C2/C3 slices not implemented (MVP-5/6); only the single-IDC C5 slice exists (gate Q3-C5)
[INFO] [stdout]   Q4-COMPOSITION         NOT_RUN        multi-IDC publication not implemented (MVP-4)
[INFO] [stdout]   Q5-EVOLUTION           NOT_RUN        SPEC-009 evolution not implemented (MVP-7)
[INFO] [stdout]   Q6-CERTIFICATION       NOT_RUN        C4 disabled and not implemented (MVP-8)
[INFO] [stdout]   Q7-EVALUATION          NOT_RUN        E1-E5 need pinned baselines and the distributed slices
[INFO] [stdout]   FM-1                   PASS           model invariants hold within bounds; 3268 states, 9122 transitions, depth 18; 5 negative controls each produced a counterexample [T=3, transfers=[1, 2], duplicating/reordering network, donor close + stale replica]  [scope: explicit-state BFS (carolina-models 0.1.0), bounds: T=3, transfers=[1, 2], duplicating/reordering network, donor close + stale replica; TLA+ source is checked separately by tools/run_tlc.py]
[INFO] [stdout]   FM-2                   PASS           model invariants hold within bounds; 486 states, 1388 transitions, depth 20; 6 negative controls each produced a counterexample [participants=2, leader epochs 1..2 with lingering stale leader, duplicating/reordering network]  [scope: explicit-state BFS (carolina-models 0.1.0), bounds: participants=2, leader epochs 1..2 with lingering stale leader, duplicating/reordering network; TLA+ source is checked separately by tools/run_tlc.py]
[INFO] [stdout]   FM-3                   PASS           model invariants hold within bounds; 3392 states, 15652 transitions, depth 19; 5 negative controls each produced a counterexample [sources=2, 2 workers, catalog revisions <=3, <=1 pending admission per source, <=2 old-generation admissions, offline/online sources]  [scope: explicit-state BFS (carolina-models 0.1.0), bounds: sources=2, 2 workers, catalog revisions <=3, <=1 pending admission per source, <=2 old-generation admissions, offline/online sources; TLA+ source is checked separately by tools/run_tlc.py]
[INFO] [stdout] metrics:
[INFO] [stdout]   FM-1.states = 3268
[INFO] [stdout]   FM-2.states = 486
[INFO] [stdout]   FM-3.states = 3392
[INFO] [stdout]   storage.crash_cases_exercised = 7
[INFO] [stdout]   w1.attempts = 280
[INFO] [stdout]   w1.committed = 111
[INFO] [stdout]   w1.crashes = 10
[INFO] [stdout]   w1.expired = 14
[INFO] [stdout]   w1.refused = 14
[INFO] [stdout]   w1.rejected = 135
[INFO] [stdout]   w1.resolved = 202
[INFO] [stdout]   w1.restarts = 38
[INFO] [stdout]   w1.runs = 14
[INFO] [stdout]   w1.unknown = 6
[INFO] [stdout] 
[INFO] [stdout] 
[INFO] [stdout] thread 'quick_campaign_passes_q0_q1_q2_and_reports_the_rest_not_run' (1646) panicked at crates/carolina-qualify/tests/acceptance.rs:431:17:
[INFO] [stdout] assertion `left == right` failed: Q3-C5: Q3-C5-PROCESS: NOT_RUN
[INFO] [stdout]   left: NotRun
[INFO] [stdout]  right: Pass
[INFO] [stdout] stack backtrace:
[INFO] [stdout]    0:     0x5631e3230421 - std[617be2ca0a6fd877]::backtrace_rs::backtrace::libunwind::trace
[INFO] [stdout]                                at /rustc/e3feeb59cd1bdd011a2bfcc0747b55125d9b8527/library/std/src/../../backtrace/src/backtrace/libunwind.rs:117:9
[INFO] [stdout]    1:     0x5631e3230421 - std[617be2ca0a6fd877]::backtrace_rs::backtrace::trace_unsynchronized::<std[617be2ca0a6fd877]::sys::backtrace::_print_fmt::{closure#1}>
[INFO] [stdout]                                at /rustc/e3feeb59cd1bdd011a2bfcc0747b55125d9b8527/library/std/src/../../backtrace/src/backtrace/mod.rs:66:14
[INFO] [stdout]    2:     0x5631e3230421 - std[617be2ca0a6fd877]::sys::backtrace::_print_fmt
[INFO] [stdout]                                at /rustc/e3feeb59cd1bdd011a2bfcc0747b55125d9b8527/library/std/src/sys/backtrace.rs:74:9
[INFO] [stdout]    3:     0x5631e3230421 - <<std[617be2ca0a6fd877]::sys::backtrace::BacktraceLock>::print::DisplayBacktrace as core[a373ad73a504971]::fmt::Display>::fmt
[INFO] [stdout]                                at /rustc/e3feeb59cd1bdd011a2bfcc0747b55125d9b8527/library/std/src/sys/backtrace.rs:44:26
[INFO] [stdout]    4:     0x5631e324835a - <core[a373ad73a504971]::fmt::rt::Argument>::fmt
[INFO] [stdout]                                at /rustc/e3feeb59cd1bdd011a2bfcc0747b55125d9b8527/library/core/src/fmt/rt.rs:152:76
[INFO] [stdout]    5:     0x5631e324835a - core[a373ad73a504971]::fmt::write
[INFO] [stdout]    6:     0x5631e3234cbc - core[a373ad73a504971]::io::write::default_write_fmt::<alloc[2e1b2a31b91974c5]::vec::Vec<u8>>
[INFO] [stdout]                                at /rustc/e3feeb59cd1bdd011a2bfcc0747b55125d9b8527/library/core/src/io/write.rs:402:11
[INFO] [stdout]    7:     0x5631e3234cbc - <alloc[2e1b2a31b91974c5]::vec::Vec<u8> as core[a373ad73a504971]::io::write::Write>::write_fmt
[INFO] [stdout]                                at /rustc/e3feeb59cd1bdd011a2bfcc0747b55125d9b8527/library/core/src/io/write.rs:335:13
[INFO] [stdout]    8:     0x5631e3208766 - <std[617be2ca0a6fd877]::sys::backtrace::BacktraceLock>::print
[INFO] [stdout]                                at /rustc/e3feeb59cd1bdd011a2bfcc0747b55125d9b8527/library/std/src/sys/backtrace.rs:47:9
[INFO] [stdout]    9:     0x5631e3208766 - std[617be2ca0a6fd877]::panicking::default_hook::{closure#0}
[INFO] [stdout]                                at /rustc/e3feeb59cd1bdd011a2bfcc0747b55125d9b8527/library/std/src/panicking.rs:289:27
[INFO] [stdout]   10:     0x5631e3227099 - std[617be2ca0a6fd877]::panicking::default_hook
[INFO] [stdout]                                at /rustc/e3feeb59cd1bdd011a2bfcc0747b55125d9b8527/library/std/src/panicking.rs:313:9
[INFO] [stdout]   11:     0x5631e29f52d0 - <alloc[2e1b2a31b91974c5]::boxed::Box<dyn for<'a, 'b> core[a373ad73a504971]::ops::function::Fn<(&'a std[617be2ca0a6fd877]::panic::PanicHookInfo<'b>,), Output = ()> + core[a373ad73a504971]::marker::Sync + core[a373ad73a504971]::marker::Send> as core[a373ad73a504971]::ops::function::Fn<(&std[617be2ca0a6fd877]::panic::PanicHookInfo,)>>::call
[INFO] [stdout]                                at /rustc/e3feeb59cd1bdd011a2bfcc0747b55125d9b8527/library/alloc/src/boxed.rs:2328:9
[INFO] [stdout]   12:     0x5631e29f52d0 - test[aada8e7e76ba119b]::test_main_inner::{closure#0}
[INFO] [stdout]                                at /rustc/e3feeb59cd1bdd011a2bfcc0747b55125d9b8527/library/test/src/lib.rs:137:21
[INFO] [stdout]   13:     0x5631e3227252 - <alloc[2e1b2a31b91974c5]::boxed::Box<dyn for<'a, 'b> core[a373ad73a504971]::ops::function::Fn<(&'a std[617be2ca0a6fd877]::panic::PanicHookInfo<'b>,), Output = ()> + core[a373ad73a504971]::marker::Sync + core[a373ad73a504971]::marker::Send> as core[a373ad73a504971]::ops::function::Fn<(&std[617be2ca0a6fd877]::panic::PanicHookInfo,)>>::call
[INFO] [stdout]                                at /rustc/e3feeb59cd1bdd011a2bfcc0747b55125d9b8527/library/alloc/src/boxed.rs:2328:9
[INFO] [stdout]   14:     0x5631e3227252 - std[617be2ca0a6fd877]::panicking::panic_with_hook
[INFO] [stdout]                                at /rustc/e3feeb59cd1bdd011a2bfcc0747b55125d9b8527/library/std/src/panicking.rs:819:13
[INFO] [stdout]   15:     0x5631e3208812 - std[617be2ca0a6fd877]::panicking::panic_handler::{closure#0}
[INFO] [stdout]                                at /rustc/e3feeb59cd1bdd011a2bfcc0747b55125d9b8527/library/std/src/panicking.rs:685:13
[INFO] [stdout]   16:     0x5631e3201129 - std[617be2ca0a6fd877]::sys::backtrace::__rust_end_short_backtrace::<std[617be2ca0a6fd877]::panicking::panic_handler::{closure#0}, !>
[INFO] [stdout]                                at /rustc/e3feeb59cd1bdd011a2bfcc0747b55125d9b8527/library/std/src/sys/backtrace.rs:182:18
[INFO] [stdout]   17:     0x5631e320960d - __rustc[ea4f61d10b84890b]::rust_begin_unwind
[INFO] [stdout]                                at /rustc/e3feeb59cd1bdd011a2bfcc0747b55125d9b8527/library/std/src/panicking.rs:676:5
[INFO] [stdout]   18:     0x5631e3248b4c - core[a373ad73a504971]::panicking::panic_fmt
[INFO] [stdout]                                at /rustc/e3feeb59cd1bdd011a2bfcc0747b55125d9b8527/library/core/src/panicking.rs:80:14
[INFO] [stdout]   19:     0x5631e3248a43 - core[a373ad73a504971]::panicking::assert_failed_inner
[INFO] [stdout]                                at /rustc/e3feeb59cd1bdd011a2bfcc0747b55125d9b8527/library/core/src/panicking.rs:447:23
[INFO] [stdout]   20:     0x5631e29d3522 - core[a373ad73a504971]::panicking::assert_failed::<carolina_qualify[2720fd4f2465f43f]::verdict::Status, carolina_qualify[2720fd4f2465f43f]::verdict::Status>
[INFO] [stdout]                                at /rustc/e3feeb59cd1bdd011a2bfcc0747b55125d9b8527/library/core/src/panicking.rs:407:5
[INFO] [stdout]   21:     0x5631e29e3e5a - acceptance[998ed2a74d5adb9e]::quick_campaign_passes_q0_q1_q2_and_reports_the_rest_not_run
[INFO] [stdout]                                at /opt/rustwide/workdir/crates/carolina-qualify/tests/acceptance.rs:431:17
[INFO] [stdout]   22:     0x5631e29de977 - acceptance[998ed2a74d5adb9e]::quick_campaign_passes_q0_q1_q2_and_reports_the_rest_not_run::{closure#0}
[INFO] [stdout]                                at /opt/rustwide/workdir/crates/carolina-qualify/tests/acceptance.rs:415:65
[INFO] [stdout]   23:     0x5631e29dbac6 - <acceptance[998ed2a74d5adb9e]::quick_campaign_passes_q0_q1_q2_and_reports_the_rest_not_run::{closure#0} as core[a373ad73a504971]::ops::function::FnOnce<()>>::call_once
[INFO] [stdout]                                at /rustc/e3feeb59cd1bdd011a2bfcc0747b55125d9b8527/library/core/src/ops/function.rs:250:5
[INFO] [stdout]   24:     0x5631e29e871b - <fn() -> core[a373ad73a504971]::result::Result<(), alloc[2e1b2a31b91974c5]::string::String> as core[a373ad73a504971]::ops::function::FnOnce<()>>::call_once
[INFO] [stdout]                                at /rustc/e3feeb59cd1bdd011a2bfcc0747b55125d9b8527/library/core/src/ops/function.rs:250:5
[INFO] [stdout]   25:     0x5631e29e871b - test[aada8e7e76ba119b]::__rust_begin_short_backtrace::<core[a373ad73a504971]::result::Result<(), alloc[2e1b2a31b91974c5]::string::String>, fn() -> core[a373ad73a504971]::result::Result<(), alloc[2e1b2a31b91974c5]::string::String>>
[INFO] [stdout]                                at /rustc/e3feeb59cd1bdd011a2bfcc0747b55125d9b8527/library/test/src/lib.rs:701:18
[INFO] [stdout]   26:     0x5631e29f58f5 - test[aada8e7e76ba119b]::run_test_in_process::{closure#0}
[INFO] [stdout]                                at /rustc/e3feeb59cd1bdd011a2bfcc0747b55125d9b8527/library/test/src/lib.rs:724:74
[INFO] [stdout]   27:     0x5631e29f58f5 - <core[a373ad73a504971]::panic::unwind_safe::AssertUnwindSafe<test[aada8e7e76ba119b]::run_test_in_process::{closure#0}> as core[a373ad73a504971]::ops::function::FnOnce<()>>::call_once
[INFO] [stdout]                                at /rustc/e3feeb59cd1bdd011a2bfcc0747b55125d9b8527/library/core/src/panic/unwind_safe.rs:275:9
[INFO] [stdout]   28:     0x5631e29f58f5 - std[617be2ca0a6fd877]::panicking::catch_unwind::do_call::<core[a373ad73a504971]::panic::unwind_safe::AssertUnwindSafe<test[aada8e7e76ba119b]::run_test_in_process::{closure#0}>, core[a373ad73a504971]::result::Result<(), alloc[2e1b2a31b91974c5]::string::String>>
[INFO] [stdout]                                at /rustc/e3feeb59cd1bdd011a2bfcc0747b55125d9b8527/library/std/src/panicking.rs:573:43
[INFO] [stdout]   29:     0x5631e29f58f5 - std[617be2ca0a6fd877]::panicking::catch_unwind::<core[a373ad73a504971]::result::Result<(), alloc[2e1b2a31b91974c5]::string::String>, core[a373ad73a504971]::panic::unwind_safe::AssertUnwindSafe<test[aada8e7e76ba119b]::run_test_in_process::{closure#0}>>
[INFO] [stdout]                                at /rustc/e3feeb59cd1bdd011a2bfcc0747b55125d9b8527/library/std/src/panicking.rs:541:19
[INFO] [stdout]   30:     0x5631e29f58f5 - std[617be2ca0a6fd877]::panic::catch_unwind::<core[a373ad73a504971]::panic::unwind_safe::AssertUnwindSafe<test[aada8e7e76ba119b]::run_test_in_process::{closure#0}>, core[a373ad73a504971]::result::Result<(), alloc[2e1b2a31b91974c5]::string::String>>
[INFO] [stdout]                                at /rustc/e3feeb59cd1bdd011a2bfcc0747b55125d9b8527/library/std/src/panic.rs:359:14
[INFO] [stdout]   31:     0x5631e29f58f5 - test[aada8e7e76ba119b]::run_test_in_process
[INFO] [stdout]                                at /rustc/e3feeb59cd1bdd011a2bfcc0747b55125d9b8527/library/test/src/lib.rs:724:27
[INFO] [stdout]   32:     0x5631e29f58f5 - test[aada8e7e76ba119b]::run_test::{closure#0}
[INFO] [stdout]                                at /rustc/e3feeb59cd1bdd011a2bfcc0747b55125d9b8527/library/test/src/lib.rs:645:43
[INFO] [stdout]   33:     0x5631e29ef1e4 - test[aada8e7e76ba119b]::run_test::{closure#1}
[INFO] [stdout]                                at /rustc/e3feeb59cd1bdd011a2bfcc0747b55125d9b8527/library/test/src/lib.rs:675:41
[INFO] [stdout]   34:     0x5631e29ef1e4 - std[617be2ca0a6fd877]::sys::backtrace::__rust_begin_short_backtrace::<test[aada8e7e76ba119b]::run_test::{closure#1}, ()>
[INFO] [stdout]                                at /rustc/e3feeb59cd1bdd011a2bfcc0747b55125d9b8527/library/std/src/sys/backtrace.rs:166:18
[INFO] [stdout]   35:     0x5631e29f8982 - std[617be2ca0a6fd877]::thread::lifecycle::spawn_unchecked::<test[aada8e7e76ba119b]::run_test::{closure#1}, ()>::{closure#1}::{closure#0}
[INFO] [stdout]                                at /rustc/e3feeb59cd1bdd011a2bfcc0747b55125d9b8527/library/std/src/thread/lifecycle.rs:70:13
[INFO] [stdout]   36:     0x5631e29f8982 - <core[a373ad73a504971]::panic::unwind_safe::AssertUnwindSafe<std[617be2ca0a6fd877]::thread::lifecycle::spawn_unchecked<test[aada8e7e76ba119b]::run_test::{closure#1}, ()>::{closure#1}::{closure#0}> as core[a373ad73a504971]::ops::function::FnOnce<()>>::call_once
[INFO] [stdout]                                at /rustc/e3feeb59cd1bdd011a2bfcc0747b55125d9b8527/library/core/src/panic/unwind_safe.rs:275:9
[INFO] [stdout]   37:     0x5631e29f8982 - std[617be2ca0a6fd877]::panicking::catch_unwind::do_call::<core[a373ad73a504971]::panic::unwind_safe::AssertUnwindSafe<std[617be2ca0a6fd877]::thread::lifecycle::spawn_unchecked<test[aada8e7e76ba119b]::run_test::{closure#1}, ()>::{closure#1}::{closure#0}>, ()>
[INFO] [stdout]                                at /rustc/e3feeb59cd1bdd011a2bfcc0747b55125d9b8527/library/std/src/panicking.rs:573:43
[INFO] [stdout]   38:     0x5631e29f8982 - std[617be2ca0a6fd877]::panicking::catch_unwind::<(), core[a373ad73a504971]::panic::unwind_safe::AssertUnwindSafe<std[617be2ca0a6fd877]::thread::lifecycle::spawn_unchecked<test[aada8e7e76ba119b]::run_test::{closure#1}, ()>::{closure#1}::{closure#0}>>
[INFO] [stdout]                                at /rustc/e3feeb59cd1bdd011a2bfcc0747b55125d9b8527/library/std/src/panicking.rs:541:19
[INFO] [stdout]   39:     0x5631e29f8982 - std[617be2ca0a6fd877]::panic::catch_unwind::<core[a373ad73a504971]::panic::unwind_safe::AssertUnwindSafe<std[617be2ca0a6fd877]::thread::lifecycle::spawn_unchecked<test[aada8e7e76ba119b]::run_test::{closure#1}, ()>::{closure#1}::{closure#0}>, ()>
[INFO] [stdout]                                at /rustc/e3feeb59cd1bdd011a2bfcc0747b55125d9b8527/library/std/src/panic.rs:359:14
[INFO] [stdout]   40:     0x5631e29f8982 - std[617be2ca0a6fd877]::thread::lifecycle::spawn_unchecked::<test[aada8e7e76ba119b]::run_test::{closure#1}, ()>::{closure#1}
[INFO] [stdout]                                at /rustc/e3feeb59cd1bdd011a2bfcc0747b55125d9b8527/library/std/src/thread/lifecycle.rs:68:26
[INFO] [stdout]   41:     0x5631e29f8982 - <std[617be2ca0a6fd877]::thread::lifecycle::spawn_unchecked<test[aada8e7e76ba119b]::run_test::{closure#1}, ()>::{closure#1} as core[a373ad73a504971]::ops::function::FnOnce<()>>::call_once::{shim:vtable#0}
[INFO] [stdout]                                at /rustc/e3feeb59cd1bdd011a2bfcc0747b55125d9b8527/library/core/src/ops/function.rs:250:5
[INFO] [stdout]   42:     0x5631e322ed8f - <alloc[2e1b2a31b91974c5]::boxed::Box<dyn core[a373ad73a504971]::ops::function::FnOnce<(), Output = ()> + core[a373ad73a504971]::marker::Send> as core[a373ad73a504971]::ops::function::FnOnce<()>>::call_once
[INFO] [stdout]                                at /rustc/e3feeb59cd1bdd011a2bfcc0747b55125d9b8527/library/alloc/src/boxed.rs:2314:9
[INFO] [stdout]   43:     0x5631e322ed8f - <std[617be2ca0a6fd877]::sys::thread::unix::Thread>::new::thread_start
[INFO] [stdout]                                at /rustc/e3feeb59cd1bdd011a2bfcc0747b55125d9b8527/library/std/src/sys/thread/unix.rs:127:17
[INFO] [stdout]   44:     0x732fc0502dfa - <unknown>
[INFO] [stdout]   45:     0x732fc05963d4 - clone
[INFO] [stdout]   46:                0x0 - <unknown>
[INFO] [stdout] 
[INFO] [stdout] 
[INFO] [stdout] failures:
[INFO] [stdout]     quick_campaign_passes_q0_q1_q2_and_reports_the_rest_not_run
[INFO] [stdout] 
[INFO] [stdout] test result: FAILED. 7 passed; 1 failed; 0 ignored; 0 measured; 0 filtered out; finished in 23.17s
[INFO] [stdout] 
[INFO] [stderr] error: test failed, to rerun pass `-p carolina-qualify --test acceptance`
[INFO] running `Command { std: "docker" "inspect" "bd3c487edef37862cffed139a1d9e787a223843d8cfe5b5e53731b50dec1d50a", kill_on_drop: false }`
[INFO] running `Command { std: "docker" "rm" "-f" "bd3c487edef37862cffed139a1d9e787a223843d8cfe5b5e53731b50dec1d50a", kill_on_drop: false }`
[INFO] [stdout] bd3c487edef37862cffed139a1d9e787a223843d8cfe5b5e53731b50dec1d50a
