[INFO] cloning repository https://github.com/525bigword/shuttle
[INFO] running `Command { std: "git" "-c" "credential.helper=" "-c" "credential.helper=/workspace/cargo-home/bin/git-credential-null" "clone" "--bare" "https://github.com/525bigword/shuttle" "/workspace/cache/git-repos/https%3A%2F%2Fgithub.com%2F525bigword%2Fshuttle", kill_on_drop: false }`
[INFO] [stderr] Cloning into bare repository '/workspace/cache/git-repos/https%3A%2F%2Fgithub.com%2F525bigword%2Fshuttle'...
[INFO] running `Command { std: "git" "rev-parse" "HEAD", kill_on_drop: false }`
[INFO] [stdout] e4220d19b965e423b76ff24581433b355e9e6418
[INFO] testing 525bigword/shuttle against 1.100.0-beta.1 for beta-1.100-2
[INFO] running `Command { std: "git" "clone" "/workspace/cache/git-repos/https%3A%2F%2Fgithub.com%2F525bigword%2Fshuttle" "/workspace/builds/worker-3-tc2/source", kill_on_drop: false }`
[INFO] [stderr] Cloning into '/workspace/builds/worker-3-tc2/source'...
[INFO] [stderr] done.
[INFO] started tweaking git repo https://github.com/525bigword/shuttle
[INFO] finished tweaking git repo https://github.com/525bigword/shuttle
[INFO] tweaked toml for git repo https://github.com/525bigword/shuttle written to /workspace/builds/worker-3-tc2/source/Cargo.toml
[INFO] validating manifest of git repo https://github.com/525bigword/shuttle on toolchain 1.100.0-beta.1
[INFO] running `Command { std: CARGO_HOME="/workspace/cargo-home" RUSTUP_HOME="/workspace/rustup-home" "/workspace/cargo-home/bin/cargo" "+1.100.0-beta.1" "metadata" "--manifest-path" "Cargo.toml" "--no-deps", kill_on_drop: false }`
[INFO] crate git repo https://github.com/525bigword/shuttle already has a lockfile, it will not be regenerated
[INFO] running `Command { std: CARGO_HOME="/workspace/cargo-home" RUSTUP_HOME="/workspace/rustup-home" "/workspace/cargo-home/bin/cargo" "+1.100.0-beta.1" "fetch" "--manifest-path" "Cargo.toml", kill_on_drop: false }`
[INFO] running `Command { std: "docker" "create" "-v" "/var/lib/crater-agent-workspace/builds/worker-3-tc2/source:/opt/rustwide/workdir:ro,Z" "-v" "/var/lib/crater-agent-workspace/builds/worker-3-tc2/target:/opt/rustwide/target:rw,Z" "-v" "/var/lib/crater-agent-workspace/cargo-home:/opt/rustwide/cargo-home:ro,Z" "-v" "/var/lib/crater-agent-workspace/rustup-home:/opt/rustwide/rustup-home:ro,Z" "-m" "1610612736" "--network" "none" "ghcr.io/rust-lang/crates-build-env/linux@sha256:3111399a4047eeb3a02b7a90e478d715f38a8c6669b5c4b49d30a17385265909" "sleep" "infinity", kill_on_drop: false }`
[INFO] [stdout] d458bbec6df122e423e41ab27ebaab63f941d7c833bc8a3e9fd970b578ac1f0e
[INFO] running `Command { std: "docker" "start" "d458bbec6df122e423e41ab27ebaab63f941d7c833bc8a3e9fd970b578ac1f0e", kill_on_drop: false }`
[INFO] running `Command { std: "docker" "inspect" "d458bbec6df122e423e41ab27ebaab63f941d7c833bc8a3e9fd970b578ac1f0e", kill_on_drop: false }`
[INFO] running `Command { std: "docker" "exec" "-e" "SOURCE_DIR=/opt/rustwide/workdir" "-e" "CARGO_HOME=/opt/rustwide/cargo-home" "-e" "RUSTUP_HOME=/opt/rustwide/rustup-home" "-e" "CARGO_TARGET_DIR=/opt/rustwide/target" "-w" "/opt/rustwide/workdir" "--user" "0:0" "d458bbec6df122e423e41ab27ebaab63f941d7c833bc8a3e9fd970b578ac1f0e" "/opt/rustwide/cargo-home/bin/cargo" "+1.100.0-beta.1" "metadata" "--no-deps" "--format-version=1", kill_on_drop: false }`
[INFO] running `Command { std: "docker" "inspect" "d458bbec6df122e423e41ab27ebaab63f941d7c833bc8a3e9fd970b578ac1f0e", kill_on_drop: false }`
[INFO] running `Command { std: "docker" "exec" "-e" "SOURCE_DIR=/opt/rustwide/workdir" "-e" "CARGO_HOME=/opt/rustwide/cargo-home" "-e" "RUSTUP_HOME=/opt/rustwide/rustup-home" "-e" "CARGO_TARGET_DIR=/opt/rustwide/target" "-e" "CARGO_INCREMENTAL=0" "-e" "RUST_BACKTRACE=full" "-e" "RUSTFLAGS=--cap-lints=warn" "-e" "RUSTDOCFLAGS=--cap-lints=warn" "-w" "/opt/rustwide/workdir" "--user" "0:0" "d458bbec6df122e423e41ab27ebaab63f941d7c833bc8a3e9fd970b578ac1f0e" "/opt/rustwide/cargo-home/bin/cargo" "+1.100.0-beta.1" "build" "--frozen" "--message-format=json", kill_on_drop: false }`
[INFO] [stderr]    Compiling libc v0.2.139
[INFO] [stderr]    Compiling proc-macro2 v1.0.51
[INFO] [stderr]    Compiling unicode-ident v1.0.6
[INFO] [stderr]    Compiling quote v1.0.23
[INFO] [stderr]    Compiling syn v1.0.107
[INFO] [stderr]    Compiling autocfg v1.1.0
[INFO] [stderr]    Compiling cfg-if v1.0.0
[INFO] [stderr]    Compiling pkg-config v0.3.26
[INFO] [stderr]    Compiling memchr v2.5.0
[INFO] [stderr]    Compiling futures-core v0.3.26
[INFO] [stderr]    Compiling log v0.4.17
[INFO] [stderr]    Compiling pin-project-lite v0.2.9
[INFO] [stderr]    Compiling futures-channel v0.3.26
[INFO] [stderr]    Compiling futures-task v0.3.26
[INFO] [stderr]    Compiling futures-util v0.3.26
[INFO] [stderr]    Compiling futures-sink v0.3.26
[INFO] [stderr]    Compiling slab v0.4.7
[INFO] [stderr]    Compiling lock_api v0.4.9
[INFO] [stderr]    Compiling parking_lot_core v0.9.7
[INFO] [stderr]    Compiling pin-utils v0.1.0
[INFO] [stderr]    Compiling futures-io v0.3.26
[INFO] [stderr]    Compiling serde_derive v1.0.152
[INFO] [stderr]    Compiling scopeguard v1.1.0
[INFO] [stderr]    Compiling libdbus-sys v0.2.4
[INFO] [stderr]    Compiling serde v1.0.152
[INFO] [stderr]    Compiling smallvec v1.10.0
[INFO] [stderr]    Compiling typenum v1.16.0
[INFO] [stderr]    Compiling tokio v1.25.0
[INFO] [stderr]    Compiling serde_json v1.0.93
[INFO] [stderr]    Compiling rustversion v1.0.11
[INFO] [stderr]    Compiling getrandom v0.1.16
[INFO] [stderr]    Compiling once_cell v1.17.0
[INFO] [stderr]    Compiling bytes v1.4.0
[INFO] [stderr]    Compiling ryu v1.0.12
[INFO] [stderr]    Compiling unicode-xid v0.2.4
[INFO] [stderr]    Compiling itoa v1.0.5
[INFO] [stderr]    Compiling tinyvec_macros v0.1.1
[INFO] [stderr]    Compiling tinyvec v1.6.0
[INFO] [stderr]    Compiling num-traits v0.2.15
[INFO] [stderr]    Compiling heck v0.4.1
[INFO] [stderr]    Compiling uuid v1.3.0
[INFO] [stderr]    Compiling byte-tools v0.3.1
[INFO] [stderr]    Compiling byteorder v1.4.3
[INFO] [stderr]    Compiling socket2 v0.4.7
[INFO] [stderr]    Compiling num_cpus v1.15.0
[INFO] [stderr]    Compiling signal-hook-registry v1.4.1
[INFO] [stderr]    Compiling mio v0.8.6
[INFO] [stderr]    Compiling parking_lot v0.12.1
[INFO] [stderr]    Compiling generic-array v0.12.4
[INFO] [stderr]    Compiling iovec v0.1.4
[INFO] [stderr]    Compiling cfg-if v0.1.10
[INFO] [stderr]    Compiling unicode-normalization v0.1.22
[INFO] [stderr]    Compiling net2 v0.2.38
[INFO] [stderr]    Compiling rand_core v0.5.1
[INFO] [stderr]    Compiling getrandom v0.2.8
[INFO] [stderr]    Compiling block-padding v0.1.5
[INFO] [stderr]    Compiling x11-dl v2.21.0
[INFO] [stderr]    Compiling static_assertions v1.1.0
[INFO] [stderr]    Compiling httparse v1.8.0
[INFO] [stderr]    Compiling bitflags v1.3.2
[INFO] [stderr]    Compiling ppv-lite86 v0.2.17
[INFO] [stderr]    Compiling async-trait v0.1.64
[INFO] [stderr]    Compiling unicode-bidi v0.3.10
[INFO] [stderr]    Compiling percent-encoding v2.2.0
[INFO] [stderr]    Compiling form_urlencoded v1.1.0
[INFO] [stderr]    Compiling nix v0.26.2
[INFO] [stderr]    Compiling mio v0.6.23
[INFO] [stderr]    Compiling idna v0.3.0
[INFO] [stderr]    Compiling rand_chacha v0.2.2
[INFO] [stderr]    Compiling block-buffer v0.7.3
[INFO] [stderr]    Compiling digest v0.8.1
[INFO] [stderr]    Compiling tracing-core v0.1.30
[INFO] [stderr]    Compiling aho-corasick v0.7.20
[INFO] [stderr]    Compiling x11 v2.21.0
[INFO] [stderr]    Compiling lazy_static v1.4.0
[INFO] [stderr]    Compiling opaque-debug v0.2.3
[INFO] [stderr]    Compiling macaddr v1.0.1
[INFO] [stderr]    Compiling regex-syntax v0.6.28
[INFO] [stderr]    Compiling hex v0.4.3
[INFO] [stderr]    Compiling fake-simd v0.1.2
[INFO] [stderr]    Compiling lazycell v1.3.0
[INFO] [stderr]    Compiling mio-extras v2.0.6
[INFO] [stderr]    Compiling sha-1 v0.8.2
[INFO] [stderr]    Compiling url v2.3.1
[INFO] [stderr]    Compiling rand v0.7.3
[INFO] [stderr]    Compiling bytes v0.4.12
[INFO] [stderr]    Compiling atty v0.2.14
[INFO] [stderr]    Compiling termcolor v1.2.0
[INFO] [stderr]    Compiling humantime v2.1.0
[INFO] [stderr]    Compiling regex v1.7.1
[INFO] [stderr]    Compiling ws v0.9.2
[INFO] [stderr]    Compiling env_logger v0.9.3
[INFO] [stderr]    Compiling synstructure v0.12.6
[INFO] [stderr]    Compiling futures-macro v0.3.26
[INFO] [stderr]    Compiling tokio-macros v1.8.2
[INFO] [stderr]    Compiling strum_macros v0.24.3
[INFO] [stderr]    Compiling pin-project-internal v1.0.12
[INFO] [stderr]    Compiling custom_debug_derive v0.5.0
[INFO] [stderr]    Compiling displaydoc v0.2.3
[INFO] [stderr]    Compiling custom_debug v0.5.0
[INFO] [stderr]    Compiling num-derive v0.3.3
[INFO] [stderr]    Compiling tracing-attributes v0.1.23
[INFO] [stderr]    Compiling pin-project v1.0.12
[INFO] [stderr]    Compiling mouse_position v0.1.3
[INFO] [stderr]    Compiling strum v0.24.1
[INFO] [stderr]    Compiling tracing v0.1.37
[INFO] [stderr]    Compiling dbus v0.9.7
[INFO] [stderr]    Compiling futures-executor v0.3.26
[INFO] [stderr]    Compiling futures v0.3.26
[INFO] [stderr]    Compiling tokio-stream v0.1.11
[INFO] [stderr]    Compiling dbus-crossroads v0.5.2
[INFO] [stderr]    Compiling dbus-tokio v0.7.5
[INFO] [stderr]    Compiling bluer v0.15.7
[INFO] [stdout] error[E0277]: the trait bound `!: ReadAll` is not satisfied
[INFO] [stdout]    --> /opt/rustwide/cargo-home/registry/src/index.crates.io-1949cf8c6b5b557f/bluer-0.15.7/src/adapter.rs:208:26
[INFO] [stdout]     |
[INFO] [stdout] 208 |                     self.call_method("SetDiscoveryFilter", (filter.into_dict(),)).await?;
[INFO] [stdout]     |                          ^^^^^^^^^^^ the trait `ReadAll` is not implemented for `!`
[INFO] [stdout]     |
[INFO] [stdout]    ::: /opt/rustwide/cargo-home/registry/src/index.crates.io-1949cf8c6b5b557f/bluer-0.15.7/src/lib.rs:187
[INFO] [stdout]     |
[INFO] [stdout] 187 | macro_rules! dbus_default_interface {
[INFO] [stdout]     |
[INFO] [stdout]     = help: the following other types implement trait `ReadAll`:
[INFO] [stdout]               ()
[INFO] [stdout]               (A,)
[INFO] [stdout]               (A, B)
[INFO] [stdout]               (A, B, C)
[INFO] [stdout]               (A, B, C, D)
[INFO] [stdout]               (A, B, C, D, E)
[INFO] [stdout]               (A, B, C, D, E, F)
[INFO] [stdout]               (A, B, C, D, E, F, G)
[INFO] [stdout]             and 33 others
[INFO] [stdout]     = note: this error might have been caused by changes to Rust's type-inference algorithm (see issue #148922 <https://github.com/rust-lang/rust/issues/148922> for more information)
[INFO] [stdout]     = help: you might have intended to use the type `()` here instead
[INFO] [stdout] note: required by a bound in `adapter::Adapter::call_method`
[INFO] [stdout]    --> /opt/rustwide/cargo-home/registry/src/index.crates.io-1949cf8c6b5b557f/bluer-0.15.7/src/lib.rs:217:16
[INFO] [stdout]     |
[INFO] [stdout] 214 |         async fn call_method<A, R>(&self, name: &str, args: A) -> crate::Result<R>
[INFO] [stdout] ...
[INFO] [stdout] 217 |             R: dbus::arg::ReadAll + std::fmt::Debug + 'static,
[INFO] [stdout]     |                ^^^^^^^^^^^^^^^^^^ required by this bound in `Adapter::call_method`
[INFO] [stdout]     |
[INFO] [stdout]    ::: /opt/rustwide/cargo-home/registry/src/index.crates.io-1949cf8c6b5b557f/bluer-0.15.7/src/adapter.rs:54
[INFO] [stdout]     |
[INFO] [stdout]  54 | impl Adapter {
[INFO] [stdout] ...
[INFO] [stdout] 224 |     dbus_default_interface!(INTERFACE);
[INFO] [stdout]     |     ---------------------------------- in this macro invocation
[INFO] [stdout] 
[INFO] [stdout] 
[INFO] [stdout] error[E0277]: the trait bound `!: ReadAll` is not satisfied
[INFO] [stdout]    --> /opt/rustwide/cargo-home/registry/src/index.crates.io-1949cf8c6b5b557f/bluer-0.15.7/src/adapter.rs:209:26
[INFO] [stdout]     |
[INFO] [stdout] 209 |                     self.call_method("StartDiscovery", ()).await?;
[INFO] [stdout]     |                          ^^^^^^^^^^^ the trait `ReadAll` is not implemented for `!`
[INFO] [stdout]     |
[INFO] [stdout]    ::: /opt/rustwide/cargo-home/registry/src/index.crates.io-1949cf8c6b5b557f/bluer-0.15.7/src/lib.rs:187
[INFO] [stdout]     |
[INFO] [stdout] 187 | macro_rules! dbus_default_interface {
[INFO] [stdout]     |
[INFO] [stdout]     = help: the following other types implement trait `ReadAll`:
[INFO] [stdout]               ()
[INFO] [stdout]               (A,)
[INFO] [stdout]               (A, B)
[INFO] [stdout]               (A, B, C)
[INFO] [stdout]               (A, B, C, D)
[INFO] [stdout]               (A, B, C, D, E)
[INFO] [stdout]               (A, B, C, D, E, F)
[INFO] [stdout]               (A, B, C, D, E, F, G)
[INFO] [stdout]             and 33 others
[INFO] [stdout]     = note: this error might have been caused by changes to Rust's type-inference algorithm (see issue #148922 <https://github.com/rust-lang/rust/issues/148922> for more information)
[INFO] [stdout]     = help: you might have intended to use the type `()` here instead
[INFO] [stdout] note: required by a bound in `adapter::Adapter::call_method`
[INFO] [stdout]    --> /opt/rustwide/cargo-home/registry/src/index.crates.io-1949cf8c6b5b557f/bluer-0.15.7/src/lib.rs:217:16
[INFO] [stdout]     |
[INFO] [stdout] 214 |         async fn call_method<A, R>(&self, name: &str, args: A) -> crate::Result<R>
[INFO] [stdout] ...
[INFO] [stdout] 217 |             R: dbus::arg::ReadAll + std::fmt::Debug + 'static,
[INFO] [stdout]     |                ^^^^^^^^^^^^^^^^^^ required by this bound in `Adapter::call_method`
[INFO] [stdout]     |
[INFO] [stdout]    ::: /opt/rustwide/cargo-home/registry/src/index.crates.io-1949cf8c6b5b557f/bluer-0.15.7/src/adapter.rs:54
[INFO] [stdout]     |
[INFO] [stdout]  54 | impl Adapter {
[INFO] [stdout] ...
[INFO] [stdout] 224 |     dbus_default_interface!(INTERFACE);
[INFO] [stdout]     |     ---------------------------------- in this macro invocation
[INFO] [stdout] 
[INFO] [stdout] 
[INFO] [stdout] error[E0277]: the trait bound `!: ReadAll` is not satisfied
[INFO] [stdout]    --> /opt/rustwide/cargo-home/registry/src/index.crates.io-1949cf8c6b5b557f/bluer-0.15.7/src/adapter.rs:312:14
[INFO] [stdout]     |
[INFO] [stdout] 312 |         self.call_method("RemoveDevice", ((path),)).await?;
[INFO] [stdout]     |              ^^^^^^^^^^^ the trait `ReadAll` is not implemented for `!`
[INFO] [stdout]     |
[INFO] [stdout]    ::: /opt/rustwide/cargo-home/registry/src/index.crates.io-1949cf8c6b5b557f/bluer-0.15.7/src/lib.rs:187
[INFO] [stdout]     |
[INFO] [stdout] 187 | macro_rules! dbus_default_interface {
[INFO] [stdout]     |
[INFO] [stdout]     = help: the following other types implement trait `ReadAll`:
[INFO] [stdout]               ()
[INFO] [stdout]               (A,)
[INFO] [stdout]               (A, B)
[INFO] [stdout]               (A, B, C)
[INFO] [stdout]               (A, B, C, D)
[INFO] [stdout]               (A, B, C, D, E)
[INFO] [stdout]               (A, B, C, D, E, F)
[INFO] [stdout]               (A, B, C, D, E, F, G)
[INFO] [stdout]             and 33 others
[INFO] [stdout]     = note: this error might have been caused by changes to Rust's type-inference algorithm (see issue #148922 <https://github.com/rust-lang/rust/issues/148922> for more information)
[INFO] [stdout]     = help: you might have intended to use the type `()` here instead
[INFO] [stdout] note: required by a bound in `adapter::Adapter::call_method`
[INFO] [stdout]    --> /opt/rustwide/cargo-home/registry/src/index.crates.io-1949cf8c6b5b557f/bluer-0.15.7/src/lib.rs:217:16
[INFO] [stdout]     |
[INFO] [stdout] 214 |         async fn call_method<A, R>(&self, name: &str, args: A) -> crate::Result<R>
[INFO] [stdout] ...
[INFO] [stdout] 217 |             R: dbus::arg::ReadAll + std::fmt::Debug + 'static,
[INFO] [stdout]     |                ^^^^^^^^^^^^^^^^^^ required by this bound in `Adapter::call_method`
[INFO] [stdout]     |
[INFO] [stdout]    ::: /opt/rustwide/cargo-home/registry/src/index.crates.io-1949cf8c6b5b557f/bluer-0.15.7/src/adapter.rs:54
[INFO] [stdout]     |
[INFO] [stdout]  54 | impl Adapter {
[INFO] [stdout] ...
[INFO] [stdout] 224 |     dbus_default_interface!(INTERFACE);
[INFO] [stdout]     |     ---------------------------------- in this macro invocation
[INFO] [stdout] 
[INFO] [stdout] 
[INFO] [stdout] error[E0277]: the trait bound `!: ReadAll` is not satisfied
[INFO] [stdout]    --> /opt/rustwide/cargo-home/registry/src/index.crates.io-1949cf8c6b5b557f/bluer-0.15.7/src/adv.rs:309:15
[INFO] [stdout]     |
[INFO] [stdout] 309 |         proxy.method_call(MANAGER_INTERFACE, "RegisterAdvertisement", (name.clone(), PropMap::new())).await?;
[INFO] [stdout]     |               ^^^^^^^^^^^ the trait `ReadAll` is not implemented for `!`
[INFO] [stdout]     |
[INFO] [stdout]     = help: the following other types implement trait `ReadAll`:
[INFO] [stdout]               ()
[INFO] [stdout]               (A,)
[INFO] [stdout]               (A, B)
[INFO] [stdout]               (A, B, C)
[INFO] [stdout]               (A, B, C, D)
[INFO] [stdout]               (A, B, C, D, E)
[INFO] [stdout]               (A, B, C, D, E, F)
[INFO] [stdout]               (A, B, C, D, E, F, G)
[INFO] [stdout]             and 33 others
[INFO] [stdout]     = note: this error might have been caused by changes to Rust's type-inference algorithm (see issue #148922 <https://github.com/rust-lang/rust/issues/148922> for more information)
[INFO] [stdout]     = help: you might have intended to use the type `()` here instead
[INFO] [stdout] note: required by a bound in `dbus::nonblock::Proxy::<'a, C>::method_call`
[INFO] [stdout]    --> /opt/rustwide/cargo-home/registry/src/index.crates.io-1949cf8c6b5b557f/dbus-0.9.7/src/nonblock.rs:537:35
[INFO] [stdout]     |
[INFO] [stdout] 515 | impl<'a, T, C> Proxy<'a, C>
[INFO] [stdout] ...
[INFO] [stdout] 537 |     pub fn method_call<'i, 'm, R: ReadAll + 'static, A: AppendAll, I: Into<Interface<'i>>, M: Into<Member<'m>>>(&self, i: I, m: M, ...
[INFO] [stdout]     |                                   ^^^^^^^ required by this bound in `Proxy::<'a, C>::method_call`
[INFO] [stdout] 
[INFO] [stdout] 
[INFO] [stdout] error[E0277]: the trait bound `!: ReadAll` is not satisfied
[INFO] [stdout]    --> /opt/rustwide/cargo-home/registry/src/index.crates.io-1949cf8c6b5b557f/bluer-0.15.7/src/agent.rs:469:15
[INFO] [stdout]     |
[INFO] [stdout] 469 |         proxy.method_call(MANAGER_INTERFACE, "RegisterAgent", (name.clone(), capability)).await?;
[INFO] [stdout]     |               ^^^^^^^^^^^ the trait `ReadAll` is not implemented for `!`
[INFO] [stdout]     |
[INFO] [stdout]     = help: the following other types implement trait `ReadAll`:
[INFO] [stdout]               ()
[INFO] [stdout]               (A,)
[INFO] [stdout]               (A, B)
[INFO] [stdout]               (A, B, C)
[INFO] [stdout]               (A, B, C, D)
[INFO] [stdout]               (A, B, C, D, E)
[INFO] [stdout]               (A, B, C, D, E, F)
[INFO] [stdout]               (A, B, C, D, E, F, G)
[INFO] [stdout]             and 33 others
[INFO] [stdout]     = note: this error might have been caused by changes to Rust's type-inference algorithm (see issue #148922 <https://github.com/rust-lang/rust/issues/148922> for more information)
[INFO] [stdout]     = help: you might have intended to use the type `()` here instead
[INFO] [stdout] note: required by a bound in `dbus::nonblock::Proxy::<'a, C>::method_call`
[INFO] [stdout]    --> /opt/rustwide/cargo-home/registry/src/index.crates.io-1949cf8c6b5b557f/dbus-0.9.7/src/nonblock.rs:537:35
[INFO] [stdout]     |
[INFO] [stdout] 515 | impl<'a, T, C> Proxy<'a, C>
[INFO] [stdout] ...
[INFO] [stdout] 537 |     pub fn method_call<'i, 'm, R: ReadAll + 'static, A: AppendAll, I: Into<Interface<'i>>, M: Into<Member<'m>>>(&self, i: I, m: M, ...
[INFO] [stdout]     |                                   ^^^^^^^ required by this bound in `Proxy::<'a, C>::method_call`
[INFO] [stdout] 
[INFO] [stdout] 
[INFO] [stdout] error[E0277]: the trait bound `!: ReadAll` is not satisfied
[INFO] [stdout]    --> /opt/rustwide/cargo-home/registry/src/index.crates.io-1949cf8c6b5b557f/bluer-0.15.7/src/agent.rs:489:19
[INFO] [stdout]     |
[INFO] [stdout] 489 |             proxy.method_call(MANAGER_INTERFACE, "RequestDefaultAgent", (name.clone(),)).await?;
[INFO] [stdout]     |                   ^^^^^^^^^^^ the trait `ReadAll` is not implemented for `!`
[INFO] [stdout]     |
[INFO] [stdout]     = help: the following other types implement trait `ReadAll`:
[INFO] [stdout]               ()
[INFO] [stdout]               (A,)
[INFO] [stdout]               (A, B)
[INFO] [stdout]               (A, B, C)
[INFO] [stdout]               (A, B, C, D)
[INFO] [stdout]               (A, B, C, D, E)
[INFO] [stdout]               (A, B, C, D, E, F)
[INFO] [stdout]               (A, B, C, D, E, F, G)
[INFO] [stdout]             and 33 others
[INFO] [stdout]     = note: this error might have been caused by changes to Rust's type-inference algorithm (see issue #148922 <https://github.com/rust-lang/rust/issues/148922> for more information)
[INFO] [stdout]     = help: you might have intended to use the type `()` here instead
[INFO] [stdout] note: required by a bound in `dbus::nonblock::Proxy::<'a, C>::method_call`
[INFO] [stdout]    --> /opt/rustwide/cargo-home/registry/src/index.crates.io-1949cf8c6b5b557f/dbus-0.9.7/src/nonblock.rs:537:35
[INFO] [stdout]     |
[INFO] [stdout] 515 | impl<'a, T, C> Proxy<'a, C>
[INFO] [stdout] ...
[INFO] [stdout] 537 |     pub fn method_call<'i, 'm, R: ReadAll + 'static, A: AppendAll, I: Into<Interface<'i>>, M: Into<Member<'m>>>(&self, i: I, m: M, ...
[INFO] [stdout]     |                                   ^^^^^^^ required by this bound in `Proxy::<'a, C>::method_call`
[INFO] [stdout] 
[INFO] [stdout] 
[INFO] [stdout] error[E0277]: the trait bound `!: ReadAll` is not satisfied
[INFO] [stdout]     --> /opt/rustwide/cargo-home/registry/src/index.crates.io-1949cf8c6b5b557f/bluer-0.15.7/src/gatt/local.rs:1354:15
[INFO] [stdout]      |
[INFO] [stdout] 1354 |         proxy.method_call(MANAGER_INTERFACE, "RegisterApplication", (app_path.clone(), PropMap::new())).await?;
[INFO] [stdout]      |               ^^^^^^^^^^^ the trait `ReadAll` is not implemented for `!`
[INFO] [stdout]      |
[INFO] [stdout]      = help: the following other types implement trait `ReadAll`:
[INFO] [stdout]                ()
[INFO] [stdout]                (A,)
[INFO] [stdout]                (A, B)
[INFO] [stdout]                (A, B, C)
[INFO] [stdout]                (A, B, C, D)
[INFO] [stdout]                (A, B, C, D, E)
[INFO] [stdout]                (A, B, C, D, E, F)
[INFO] [stdout]                (A, B, C, D, E, F, G)
[INFO] [stdout]              and 33 others
[INFO] [stdout]      = note: this error might have been caused by changes to Rust's type-inference algorithm (see issue #148922 <https://github.com/rust-lang/rust/issues/148922> for more information)
[INFO] [stdout]      = help: you might have intended to use the type `()` here instead
[INFO] [stdout] note: required by a bound in `dbus::nonblock::Proxy::<'a, C>::method_call`
[INFO] [stdout]     --> /opt/rustwide/cargo-home/registry/src/index.crates.io-1949cf8c6b5b557f/dbus-0.9.7/src/nonblock.rs:537:35
[INFO] [stdout]      |
[INFO] [stdout]  515 | impl<'a, T, C> Proxy<'a, C>
[INFO] [stdout] ...
[INFO] [stdout]  537 |     pub fn method_call<'i, 'm, R: ReadAll + 'static, A: AppendAll, I: Into<Interface<'i>>, M: Into<Member<'m>>>(&self, i: I, m: M,...
[INFO] [stdout]      |                                   ^^^^^^^ required by this bound in `Proxy::<'a, C>::method_call`
[INFO] [stdout] 
[INFO] [stdout] 
[INFO] [stdout] error[E0277]: the trait bound `!: ReadAll` is not satisfied
[INFO] [stdout]     --> /opt/rustwide/cargo-home/registry/src/index.crates.io-1949cf8c6b5b557f/bluer-0.15.7/src/gatt/local.rs:1442:14
[INFO] [stdout]      |
[INFO] [stdout] 1442 |             .method_call(MANAGER_INTERFACE, "RegisterApplication", (profile_path.clone(), PropMap::new()))
[INFO] [stdout]      |              ^^^^^^^^^^^ the trait `ReadAll` is not implemented for `!`
[INFO] [stdout]      |
[INFO] [stdout]      = help: the following other types implement trait `ReadAll`:
[INFO] [stdout]                ()
[INFO] [stdout]                (A,)
[INFO] [stdout]                (A, B)
[INFO] [stdout]                (A, B, C)
[INFO] [stdout]                (A, B, C, D)
[INFO] [stdout]                (A, B, C, D, E)
[INFO] [stdout]                (A, B, C, D, E, F)
[INFO] [stdout]                (A, B, C, D, E, F, G)
[INFO] [stdout]              and 33 others
[INFO] [stdout]      = note: this error might have been caused by changes to Rust's type-inference algorithm (see issue #148922 <https://github.com/rust-lang/rust/issues/148922> for more information)
[INFO] [stdout]      = help: you might have intended to use the type `()` here instead
[INFO] [stdout] note: required by a bound in `dbus::nonblock::Proxy::<'a, C>::method_call`
[INFO] [stdout]     --> /opt/rustwide/cargo-home/registry/src/index.crates.io-1949cf8c6b5b557f/dbus-0.9.7/src/nonblock.rs:537:35
[INFO] [stdout]      |
[INFO] [stdout]  515 | impl<'a, T, C> Proxy<'a, C>
[INFO] [stdout] ...
[INFO] [stdout]  537 |     pub fn method_call<'i, 'm, R: ReadAll + 'static, A: AppendAll, I: Into<Interface<'i>>, M: Into<Member<'m>>>(&self, i: I, m: M,...
[INFO] [stdout]      |                                   ^^^^^^^ required by this bound in `Proxy::<'a, C>::method_call`
[INFO] [stdout] 
[INFO] [stdout] 
[INFO] [stdout] error[E0277]: the trait bound `!: ReadAll` is not satisfied
[INFO] [stdout]    --> /opt/rustwide/cargo-home/registry/src/index.crates.io-1949cf8c6b5b557f/bluer-0.15.7/src/gatt/remote.rs:333:14
[INFO] [stdout]     |
[INFO] [stdout] 333 |         self.call_method("WriteValue", (value, req.to_dict())).await?;
[INFO] [stdout]     |              ^^^^^^^^^^^ the trait `ReadAll` is not implemented for `!`
[INFO] [stdout]     |
[INFO] [stdout]    ::: /opt/rustwide/cargo-home/registry/src/index.crates.io-1949cf8c6b5b557f/bluer-0.15.7/src/lib.rs:187
[INFO] [stdout]     |
[INFO] [stdout] 187 | macro_rules! dbus_default_interface {
[INFO] [stdout]     |
[INFO] [stdout]     = help: the following other types implement trait `ReadAll`:
[INFO] [stdout]               ()
[INFO] [stdout]               (A,)
[INFO] [stdout]               (A, B)
[INFO] [stdout]               (A, B, C)
[INFO] [stdout]               (A, B, C, D)
[INFO] [stdout]               (A, B, C, D, E)
[INFO] [stdout]               (A, B, C, D, E, F)
[INFO] [stdout]               (A, B, C, D, E, F, G)
[INFO] [stdout]             and 33 others
[INFO] [stdout]     = note: this error might have been caused by changes to Rust's type-inference algorithm (see issue #148922 <https://github.com/rust-lang/rust/issues/148922> for more information)
[INFO] [stdout]     = help: you might have intended to use the type `()` here instead
[INFO] [stdout] note: required by a bound in `remote::Characteristic::call_method`
[INFO] [stdout]    --> /opt/rustwide/cargo-home/registry/src/index.crates.io-1949cf8c6b5b557f/bluer-0.15.7/src/lib.rs:217:16
[INFO] [stdout]     |
[INFO] [stdout] 214 |         async fn call_method<A, R>(&self, name: &str, args: A) -> crate::Result<R>
[INFO] [stdout] ...
[INFO] [stdout] 217 |             R: dbus::arg::ReadAll + std::fmt::Debug + 'static,
[INFO] [stdout]     |                ^^^^^^^^^^^^^^^^^^ required by this bound in `Characteristic::call_method`
[INFO] [stdout]     |
[INFO] [stdout]    ::: /opt/rustwide/cargo-home/registry/src/index.crates.io-1949cf8c6b5b557f/bluer-0.15.7/src/gatt/remote.rs:204
[INFO] [stdout]     |
[INFO] [stdout] 204 | impl Characteristic {
[INFO] [stdout] ...
[INFO] [stdout] 448 |     dbus_default_interface!(CHARACTERISTIC_INTERFACE);
[INFO] [stdout]     |     ------------------------------------------------- in this macro invocation
[INFO] [stdout] 
[INFO] [stdout] 
[INFO] [stdout] error[E0277]: the trait bound `!: ReadAll` is not satisfied
[INFO] [stdout]    --> /opt/rustwide/cargo-home/registry/src/index.crates.io-1949cf8c6b5b557f/bluer-0.15.7/src/gatt/remote.rs:397:26
[INFO] [stdout]     |
[INFO] [stdout] 397 |                     self.call_method("StartNotify", ()).await?;
[INFO] [stdout]     |                          ^^^^^^^^^^^ the trait `ReadAll` is not implemented for `!`
[INFO] [stdout]     |
[INFO] [stdout]    ::: /opt/rustwide/cargo-home/registry/src/index.crates.io-1949cf8c6b5b557f/bluer-0.15.7/src/lib.rs:187
[INFO] [stdout]     |
[INFO] [stdout] 187 | macro_rules! dbus_default_interface {
[INFO] [stdout]     |
[INFO] [stdout]     = help: the following other types implement trait `ReadAll`:
[INFO] [stdout]               ()
[INFO] [stdout]               (A,)
[INFO] [stdout]               (A, B)
[INFO] [stdout]               (A, B, C)
[INFO] [stdout]               (A, B, C, D)
[INFO] [stdout]               (A, B, C, D, E)
[INFO] [stdout]               (A, B, C, D, E, F)
[INFO] [stdout]               (A, B, C, D, E, F, G)
[INFO] [stdout]             and 33 others
[INFO] [stdout]     = note: this error might have been caused by changes to Rust's type-inference algorithm (see issue #148922 <https://github.com/rust-lang/rust/issues/148922> for more information)
[INFO] [stdout]     = help: you might have intended to use the type `()` here instead
[INFO] [stdout] note: required by a bound in `remote::Characteristic::call_method`
[INFO] [stdout]    --> /opt/rustwide/cargo-home/registry/src/index.crates.io-1949cf8c6b5b557f/bluer-0.15.7/src/lib.rs:217:16
[INFO] [stdout]     |
[INFO] [stdout] 214 |         async fn call_method<A, R>(&self, name: &str, args: A) -> crate::Result<R>
[INFO] [stdout] ...
[INFO] [stdout] 217 |             R: dbus::arg::ReadAll + std::fmt::Debug + 'static,
[INFO] [stdout]     |                ^^^^^^^^^^^^^^^^^^ required by this bound in `Characteristic::call_method`
[INFO] [stdout]     |
[INFO] [stdout]    ::: /opt/rustwide/cargo-home/registry/src/index.crates.io-1949cf8c6b5b557f/bluer-0.15.7/src/gatt/remote.rs:204
[INFO] [stdout]     |
[INFO] [stdout] 204 | impl Characteristic {
[INFO] [stdout] ...
[INFO] [stdout] 448 |     dbus_default_interface!(CHARACTERISTIC_INTERFACE);
[INFO] [stdout]     |     ------------------------------------------------- in this macro invocation
[INFO] [stdout] 
[INFO] [stdout] 
[INFO] [stdout] error[E0277]: the trait bound `!: ReadAll` is not satisfied
[INFO] [stdout]    --> /opt/rustwide/cargo-home/registry/src/index.crates.io-1949cf8c6b5b557f/bluer-0.15.7/src/gatt/remote.rs:667:14
[INFO] [stdout]     |
[INFO] [stdout] 667 |         self.call_method("WriteValue", (value, req.to_dict())).await?;
[INFO] [stdout]     |              ^^^^^^^^^^^ the trait `ReadAll` is not implemented for `!`
[INFO] [stdout]     |
[INFO] [stdout]    ::: /opt/rustwide/cargo-home/registry/src/index.crates.io-1949cf8c6b5b557f/bluer-0.15.7/src/lib.rs:187
[INFO] [stdout]     |
[INFO] [stdout] 187 | macro_rules! dbus_default_interface {
[INFO] [stdout]     |
[INFO] [stdout]     = help: the following other types implement trait `ReadAll`:
[INFO] [stdout]               ()
[INFO] [stdout]               (A,)
[INFO] [stdout]               (A, B)
[INFO] [stdout]               (A, B, C)
[INFO] [stdout]               (A, B, C, D)
[INFO] [stdout]               (A, B, C, D, E)
[INFO] [stdout]               (A, B, C, D, E, F)
[INFO] [stdout]               (A, B, C, D, E, F, G)
[INFO] [stdout]             and 33 others
[INFO] [stdout]     = note: this error might have been caused by changes to Rust's type-inference algorithm (see issue #148922 <https://github.com/rust-lang/rust/issues/148922> for more information)
[INFO] [stdout]     = help: you might have intended to use the type `()` here instead
[INFO] [stdout] note: required by a bound in `remote::Descriptor::call_method`
[INFO] [stdout]    --> /opt/rustwide/cargo-home/registry/src/index.crates.io-1949cf8c6b5b557f/bluer-0.15.7/src/lib.rs:217:16
[INFO] [stdout]     |
[INFO] [stdout] 214 |         async fn call_method<A, R>(&self, name: &str, args: A) -> crate::Result<R>
[INFO] [stdout] ...
[INFO] [stdout] 217 |             R: dbus::arg::ReadAll + std::fmt::Debug + 'static,
[INFO] [stdout]     |                ^^^^^^^^^^^^^^^^^^ required by this bound in `Descriptor::call_method`
[INFO] [stdout]     |
[INFO] [stdout]    ::: /opt/rustwide/cargo-home/registry/src/index.crates.io-1949cf8c6b5b557f/bluer-0.15.7/src/gatt/remote.rs:558
[INFO] [stdout]     |
[INFO] [stdout] 558 | impl Descriptor {
[INFO] [stdout] ...
[INFO] [stdout] 639 |     dbus_default_interface!(DESCRIPTOR_INTERFACE);
[INFO] [stdout]     |     --------------------------------------------- in this macro invocation
[INFO] [stdout] 
[INFO] [stdout] 
[INFO] [stdout] For more information about this error, try `rustc --explain E0277`.
[INFO] [stdout] 
[INFO] [stderr] error: could not compile `bluer` (lib) due to 11 previous errors
[INFO] running `Command { std: "docker" "inspect" "d458bbec6df122e423e41ab27ebaab63f941d7c833bc8a3e9fd970b578ac1f0e", kill_on_drop: false }`
[INFO] running `Command { std: "docker" "rm" "-f" "d458bbec6df122e423e41ab27ebaab63f941d7c833bc8a3e9fd970b578ac1f0e", kill_on_drop: false }`
[INFO] [stdout] d458bbec6df122e423e41ab27ebaab63f941d7c833bc8a3e9fd970b578ac1f0e
