[INFO] cloning repository https://github.com/23prime/anime-scraper
[INFO] running `Command { std: "git" "-c" "credential.helper=" "-c" "credential.helper=/workspace/cargo-home/bin/git-credential-null" "clone" "--bare" "https://github.com/23prime/anime-scraper" "/workspace/cache/git-repos/https%3A%2F%2Fgithub.com%2F23prime%2Fanime-scraper", kill_on_drop: false }`
[INFO] [stderr] Cloning into bare repository '/workspace/cache/git-repos/https%3A%2F%2Fgithub.com%2F23prime%2Fanime-scraper'...
[INFO] running `Command { std: "git" "rev-parse" "HEAD", kill_on_drop: false }`
[INFO] [stdout] 5cbd16fc3cad7f2e6c6a9a12b5abb459d05efd02
[INFO] testing 23prime/anime-scraper against 1.99.0-beta.8 for beta-1.100-2
[INFO] running `Command { std: "git" "clone" "/workspace/cache/git-repos/https%3A%2F%2Fgithub.com%2F23prime%2Fanime-scraper" "/workspace/builds/worker-2-tc1/source", kill_on_drop: false }`
[INFO] [stderr] Cloning into '/workspace/builds/worker-2-tc1/source'...
[INFO] [stderr] done.
[INFO] started tweaking git repo https://github.com/23prime/anime-scraper
[INFO] finished tweaking git repo https://github.com/23prime/anime-scraper
[INFO] tweaked toml for git repo https://github.com/23prime/anime-scraper written to /workspace/builds/worker-2-tc1/source/Cargo.toml
[INFO] validating manifest of git repo https://github.com/23prime/anime-scraper on toolchain 1.99.0-beta.8
[INFO] running `Command { std: CARGO_HOME="/workspace/cargo-home" RUSTUP_HOME="/workspace/rustup-home" "/workspace/cargo-home/bin/cargo" "+1.99.0-beta.8" "metadata" "--manifest-path" "Cargo.toml" "--no-deps", kill_on_drop: false }`
[INFO] crate git repo https://github.com/23prime/anime-scraper already has a lockfile, it will not be regenerated
[INFO] running `Command { std: CARGO_HOME="/workspace/cargo-home" RUSTUP_HOME="/workspace/rustup-home" "/workspace/cargo-home/bin/cargo" "+1.99.0-beta.8" "fetch" "--manifest-path" "Cargo.toml", kill_on_drop: false }`
[INFO] [stderr]     Blocking waiting for file lock on package cache
[INFO] [stderr]     Updating crates.io index
[INFO] [stderr]     Blocking waiting for file lock on package cache
[INFO] [stderr]  Downloading crates ...
[INFO] [stderr]   Downloaded cpufeatures v0.2.2
[INFO] [stderr]   Downloaded digest v0.10.3
[INFO] [stderr]   Downloaded crypto-common v0.1.3
[INFO] [stderr]   Downloaded sha2 v0.10.2
[INFO] [stderr]   Downloaded block-buffer v0.10.2
[INFO] [stderr]   Downloaded sqlx-rt v0.6.1
[INFO] [stderr]   Downloaded getrandom v0.2.6
[INFO] [stderr]   Downloaded ctor v0.1.26
[INFO] [stderr]   Downloaded wasi v0.10.2+wasi-snapshot-preview1
[INFO] [stderr]   Downloaded once_cell v1.14.0
[INFO] [stderr]   Downloaded tracing-attributes v0.1.21
[INFO] [stderr]   Downloaded value-bag v1.0.0-alpha.9
[INFO] [stderr]   Downloaded time-macros v0.2.4
[INFO] [stderr]   Downloaded sqlx-macros v0.6.1
[INFO] [stderr]   Downloaded jobserver v0.1.24
[INFO] [stderr]   Downloaded whoami v1.2.1
[INFO] [stderr]   Downloaded sha-1 v0.10.0
[INFO] [stderr]   Downloaded unicode-ident v1.0.6
[INFO] [stderr]   Downloaded quote v1.0.23
[INFO] [stderr]   Downloaded proc-macro2 v1.0.50
[INFO] [stderr]   Downloaded uuid v1.1.2
[INFO] [stderr]   Downloaded stringprep v0.1.2
[INFO] [stderr]   Downloaded md-5 v0.10.1
[INFO] [stderr]   Downloaded serde_derive v1.0.137
[INFO] [stderr]   Downloaded tracing-core v0.1.26
[INFO] [stderr]   Downloaded time v0.3.9
[INFO] [stderr]   Downloaded parking_lot v0.12.0
[INFO] [stderr]   Downloaded hashlink v0.8.0
[INFO] [stderr]   Downloaded tracing v0.1.34
[INFO] [stderr]   Downloaded bumpalo v3.9.1
[INFO] [stderr]   Downloaded mio v0.8.2
[INFO] [stderr]   Downloaded tokio-stream v0.1.8
[INFO] [stderr]   Downloaded indexmap v1.8.1
[INFO] [stderr]   Downloaded crc-catalog v2.1.0
[INFO] [stderr]   Downloaded sea-strum v0.23.0
[INFO] [stderr]   Downloaded sea-query-driver v0.2.2
[INFO] [stderr]   Downloaded sea-query-derive v0.2.0
[INFO] [stderr]   Downloaded sea-orm-macros v0.9.2
[INFO] [stderr]   Downloaded bae v0.1.7
[INFO] [stderr]   Downloaded servo_arc v0.1.1
[INFO] [stderr]   Downloaded ego-tree v0.6.2
[INFO] [stderr]   Downloaded http-body v0.4.4
[INFO] [stderr]   Downloaded serde_json v1.0.81
[INFO] [stderr]   Downloaded syn v1.0.107
[INFO] [stderr]   Downloaded sqlx v0.6.1
[INFO] [stderr]   Downloaded nom v7.1.1
[INFO] [stderr]   Downloaded rust_decimal v1.23.1
[INFO] [stderr]   Downloaded futures-intrusive v0.4.0
[INFO] [stderr]   Downloaded parking_lot_core v0.8.5
[INFO] [stderr]   Downloaded event-listener v2.5.2
[INFO] [stderr]   Downloaded dotenvy v0.15.3
[INFO] [stderr]   Downloaded crossbeam-queue v0.3.5
[INFO] [stderr]   Downloaded crossbeam-utils v0.8.8
[INFO] [stderr]   Downloaded crc v3.0.0
[INFO] [stderr]   Downloaded sea-strum_macros v0.23.0
[INFO] [stderr]   Downloaded rustversion v1.0.6
[INFO] [stderr]   Downloaded postgres-types v0.2.4
[INFO] [stderr]   Downloaded postgres-protocol v0.6.4
[INFO] [stderr]   Downloaded ouroboros v0.15.0
[INFO] [stderr]   Downloaded ouroboros_macro v0.15.0
[INFO] [stderr]   Downloaded async-trait v0.1.53
[INFO] [stderr]   Downloaded async-stream v0.3.3
[INFO] [stderr]   Downloaded async-stream-impl v0.3.3
[INFO] [stderr]   Downloaded scraper v0.13.0
[INFO] [stderr]   Downloaded selectors v0.22.0
[INFO] [stderr]   Downloaded thin-slice v0.1.1
[INFO] [stderr]   Downloaded nodrop v0.1.14
[INFO] [stderr]   Downloaded phf_shared v0.8.0
[INFO] [stderr]   Downloaded phf_generator v0.8.0
[INFO] [stderr]   Downloaded rand_pcg v0.2.1
[INFO] [stderr]   Downloaded phf v0.8.0
[INFO] [stderr]   Downloaded proc-macro-hack v0.5.19
[INFO] [stderr]   Downloaded phf_macros v0.8.0
[INFO] [stderr]   Downloaded cssparser v0.27.2
[INFO] [stderr]   Downloaded dtoa-short v0.3.3
[INFO] [stderr]   Downloaded cssparser-macros v0.6.0
[INFO] [stderr]   Downloaded string_cache v0.8.4
[INFO] [stderr]   Downloaded rstest v0.16.0
[INFO] [stderr]   Downloaded futures-timer v3.0.2
[INFO] [stderr]   Downloaded wasm-bindgen-futures v0.4.30
[INFO] [stderr]   Downloaded schannel v0.1.19
[INFO] [stderr]   Downloaded tower-service v0.3.1
[INFO] [stderr]   Downloaded scheduled-thread-pool v0.2.5
[INFO] [stderr]   Downloaded sea-orm-migration v0.9.2
[INFO] [stderr]   Downloaded concurrent-queue v1.2.4
[INFO] [stderr]   Downloaded askama_escape v0.10.3
[INFO] [stderr]   Downloaded rustls v0.20.4
[INFO] [stderr]   Downloaded sqlx-core v0.6.1
[INFO] [stderr]   Downloaded webpki-roots v0.22.3
[INFO] [stderr]   Downloaded phf_codegen v0.8.0
[INFO] [stderr]   Downloaded semver v1.0.9
[INFO] [stderr]   Downloaded rstest_macros v0.16.0
[INFO] [stderr]   Downloaded native-tls v0.2.10
[INFO] [stderr]   Downloaded security-framework v2.6.1
[INFO] [stderr]   Downloaded openssl-sys v0.9.73
[INFO] [stderr]   Downloaded httparse v1.7.1
[INFO] [stderr]   Downloaded tokio-util v0.7.1
[INFO] [stderr]   Downloaded r2d2 v0.8.9
[INFO] [stderr]   Downloaded sea-orm v0.9.2
[INFO] [stderr]   Downloaded reqwest v0.11.10
[INFO] [stderr]   Downloaded hyper v0.14.18
[INFO] [stderr]   Downloaded http v0.2.7
[INFO] [stderr]   Downloaded h2 v0.3.13
[INFO] [stderr]   Downloaded tracing-subscriber v0.3.11
[INFO] [stderr]   Downloaded thread_local v1.1.4
[INFO] [stderr]   Downloaded sea-schema-derive v0.1.0
[INFO] [stderr]   Downloaded clap v3.2.20
[INFO] [stderr]   Downloaded kv-log-macro v1.0.7
[INFO] [stderr]   Downloaded gloo-timers v0.2.4
[INFO] [stderr]   Downloaded waker-fn v1.1.0
[INFO] [stderr]   Downloaded parking v2.0.0
[INFO] [stderr]   Downloaded async-lock v2.5.0
[INFO] [stderr]   Downloaded polling v2.3.0
[INFO] [stderr]   Downloaded wepoll-ffi v0.1.2
[INFO] [stderr]   Downloaded actix-cors v0.6.1
[INFO] [stderr]   Downloaded tokio v1.18.1
[INFO] [stderr]   Downloaded openssl v0.10.40
[INFO] [stderr]   Downloaded async-std v1.12.0
[INFO] [stderr]   Downloaded futures-lite v1.12.0
[INFO] [stderr]   Downloaded async-io v1.9.0
[INFO] [stderr]   Downloaded cache-padded v1.2.0
[INFO] [stderr]   Downloaded web-sys v0.3.57
[INFO] [stderr]   Downloaded regex v1.5.5
[INFO] [stderr]   Downloaded regex-syntax v0.6.25
[INFO] [stderr]   Downloaded pem v1.0.2
[INFO] [stderr]   Downloaded http-range v0.1.5
[INFO] [stderr]   Downloaded anyhow v1.0.57
[INFO] [stderr]   Downloaded cookie v0.16.0
[INFO] [stderr]   Downloaded actix-files v0.6.0
[INFO] [stderr]   Downloaded sea-schema v0.9.3
[INFO] [stderr]   Downloaded awc v3.0.0
[INFO] [stderr]   Downloaded aes-gcm v0.9.4
[INFO] [stderr]   Downloaded zstd-safe v4.1.4+zstd.1.5.2
[INFO] [stderr]   Downloaded local-channel v0.1.3
[INFO] [stderr]   Downloaded flate2 v1.0.23
[INFO] [stderr]   Downloaded miniz_oxide v0.5.1
[INFO] [stderr]   Downloaded bytestring v1.0.0
[INFO] [stderr]   Downloaded alcoholic_jwt v1.0.1
[INFO] [stderr]   Downloaded zstd-sys v1.6.3+zstd.1.5.2
[INFO] [stderr]   Downloaded actix-web-httpauth v0.6.0
[INFO] [stderr]   Downloaded actix-web-codegen v4.0.0
[INFO] [stderr]   Downloaded zstd v0.10.0+zstd.1.5.2
[INFO] [stderr]   Downloaded base64 v0.10.1
[INFO] [stderr]   Downloaded actix-web v4.0.1
[INFO] [stderr]   Downloaded actix-router v0.5.0
[INFO] [stderr]   Downloaded firestorm v0.5.0
[INFO] [stderr]   Downloaded actix-server v2.1.1
[INFO] [stderr]   Downloaded async-global-executor v2.3.0
[INFO] [stderr]   Downloaded blocking v1.2.0
[INFO] [stderr]   Downloaded atomic-waker v1.0.0
[INFO] [stderr]   Downloaded async-task v4.3.0
[INFO] [stderr]   Downloaded async-channel v1.7.1
[INFO] [stderr]   Downloaded async-executor v1.4.1
[INFO] [stderr]   Downloaded async-attributes v1.1.2
[INFO] [stderr]   Downloaded jsonwebtoken v8.1.0
[INFO] [stderr]   Downloaded ghash v0.4.4
[INFO] [stderr]   Downloaded actix-utils v3.0.0
[INFO] [stderr]   Downloaded local-waker v0.1.3
[INFO] [stderr]   Downloaded actix-tls v3.0.3
[INFO] [stderr]   Downloaded actix-rt v2.7.0
[INFO] [stderr]   Downloaded actix-codec v0.5.0
[INFO] [stderr]   Downloaded actix-http v3.0.4
[INFO] [stderr]   Downloaded simple_asn1 v0.6.1
[INFO] [stderr]   Downloaded sea-query v0.26.3
[INFO] [stderr]   Downloaded mime_guess v2.0.4
[INFO] [stderr]   Downloaded actix-session v0.6.2
[INFO] [stderr]   Downloaded sea-orm-cli v0.9.2
[INFO] running `Command { std: "docker" "create" "-v" "/var/lib/crater-agent-workspace/builds/worker-2-tc1/source:/opt/rustwide/workdir:ro,Z" "-v" "/var/lib/crater-agent-workspace/builds/worker-2-tc1/target:/opt/rustwide/target:rw,Z" "-v" "/var/lib/crater-agent-workspace/cargo-home:/opt/rustwide/cargo-home:ro,Z" "-v" "/var/lib/crater-agent-workspace/rustup-home:/opt/rustwide/rustup-home:ro,Z" "-m" "1610612736" "--network" "none" "ghcr.io/rust-lang/crates-build-env/linux@sha256:3111399a4047eeb3a02b7a90e478d715f38a8c6669b5c4b49d30a17385265909" "sleep" "infinity", kill_on_drop: false }`
[INFO] [stdout] f02e27c513069f0d9a8eda250b8828cd503620b0c6f0d0f6f84ac1e248658331
[INFO] running `Command { std: "docker" "start" "f02e27c513069f0d9a8eda250b8828cd503620b0c6f0d0f6f84ac1e248658331", kill_on_drop: false }`
[INFO] running `Command { std: "docker" "inspect" "f02e27c513069f0d9a8eda250b8828cd503620b0c6f0d0f6f84ac1e248658331", kill_on_drop: false }`
[INFO] running `Command { std: "docker" "exec" "-e" "SOURCE_DIR=/opt/rustwide/workdir" "-e" "CARGO_HOME=/opt/rustwide/cargo-home" "-e" "RUSTUP_HOME=/opt/rustwide/rustup-home" "-e" "CARGO_TARGET_DIR=/opt/rustwide/target" "-w" "/opt/rustwide/workdir" "--user" "0:0" "f02e27c513069f0d9a8eda250b8828cd503620b0c6f0d0f6f84ac1e248658331" "/opt/rustwide/cargo-home/bin/cargo" "+1.99.0-beta.8" "metadata" "--no-deps" "--format-version=1", kill_on_drop: false }`
[INFO] running `Command { std: "docker" "inspect" "f02e27c513069f0d9a8eda250b8828cd503620b0c6f0d0f6f84ac1e248658331", kill_on_drop: false }`
[INFO] running `Command { std: "docker" "exec" "-e" "SOURCE_DIR=/opt/rustwide/workdir" "-e" "CARGO_HOME=/opt/rustwide/cargo-home" "-e" "RUSTUP_HOME=/opt/rustwide/rustup-home" "-e" "CARGO_TARGET_DIR=/opt/rustwide/target" "-e" "CARGO_INCREMENTAL=0" "-e" "RUST_BACKTRACE=full" "-e" "RUSTFLAGS=--cap-lints=warn" "-e" "RUSTDOCFLAGS=--cap-lints=warn" "-w" "/opt/rustwide/workdir" "--user" "0:0" "f02e27c513069f0d9a8eda250b8828cd503620b0c6f0d0f6f84ac1e248658331" "/opt/rustwide/cargo-home/bin/cargo" "+1.99.0-beta.8" "build" "--frozen" "--message-format=json", kill_on_drop: false }`
[INFO] [stderr]    Compiling libc v0.2.132
[INFO] [stderr]    Compiling cfg-if v1.0.0
[INFO] [stderr]    Compiling proc-macro2 v1.0.50
[INFO] [stderr]    Compiling quote v1.0.23
[INFO] [stderr]    Compiling unicode-ident v1.0.6
[INFO] [stderr]    Compiling syn v1.0.107
[INFO] [stderr]    Compiling version_check v0.9.4
[INFO] [stderr]    Compiling autocfg v1.1.0
[INFO] [stderr]    Compiling once_cell v1.14.0
[INFO] [stderr]    Compiling memchr v2.5.0
[INFO] [stderr]    Compiling pin-project-lite v0.2.9
[INFO] [stderr]    Compiling log v0.4.17
[INFO] [stderr]    Compiling futures-core v0.3.21
[INFO] [stderr]    Compiling smallvec v1.8.0
[INFO] [stderr]    Compiling lock_api v0.4.7
[INFO] [stderr]    Compiling value-bag v1.0.0-alpha.9
[INFO] [stderr]    Compiling ppv-lite86 v0.2.16
[INFO] [stderr]    Compiling bytes v1.1.0
[INFO] [stderr]    Compiling scopeguard v1.1.0
[INFO] [stderr]    Compiling typenum v1.15.0
[INFO] [stderr]    Compiling generic-array v0.14.5
[INFO] [stderr]    Compiling parking_lot_core v0.9.3
[INFO] [stderr]    Compiling jobserver v0.1.24
[INFO] [stderr]    Compiling getrandom v0.2.6
[INFO] [stderr]    Compiling cc v1.0.73
[INFO] [stderr]    Compiling socket2 v0.4.4
[INFO] [stderr]    Compiling num_cpus v1.13.1
[INFO] [stderr]    Compiling itoa v1.0.1
[INFO] [stderr]    Compiling serde_derive v1.0.137
[INFO] [stderr]    Compiling lazy_static v1.4.0
[INFO] [stderr]    Compiling serde v1.0.137
[INFO] [stderr]    Compiling rand_core v0.6.3
[INFO] [stderr]    Compiling untrusted v0.7.1
[INFO] [stderr]    Compiling spin v0.5.2
[INFO] [stderr]    Compiling parking_lot v0.12.0
[INFO] [stderr]    Compiling rand_chacha v0.3.1
[INFO] [stderr]    Compiling signal-hook-registry v1.4.0
[INFO] [stderr]    Compiling futures-io v0.3.21
[INFO] [stderr]    Compiling futures-sink v0.3.21
[INFO] [stderr]    Compiling slab v0.4.6
[INFO] [stderr]    Compiling pin-utils v0.1.0
[INFO] [stderr]    Compiling rand v0.8.5
[INFO] [stderr]    Compiling futures-task v0.3.21
[INFO] [stderr]    Compiling futures-channel v0.3.21
[INFO] [stderr]    Compiling bitflags v1.3.2
[INFO] [stderr]    Compiling futures-util v0.3.21
[INFO] [stderr]    Compiling cpufeatures v0.2.2
[INFO] [stderr]    Compiling subtle v2.4.1
[INFO] [stderr]    Compiling rustls v0.20.4
[INFO] [stderr]    Compiling tracing-core v0.1.26
[INFO] [stderr]    Compiling matches v0.1.9
[INFO] [stderr]    Compiling hashbrown v0.11.2
[INFO] [stderr]    Compiling ring v0.16.20
[INFO] [stderr]    Compiling ryu v1.0.9
[INFO] [stderr]    Compiling time-macros v0.2.4
[INFO] [stderr]    Compiling num_threads v0.1.6
[INFO] [stderr]    Compiling indexmap v1.8.1
[INFO] [stderr]    Compiling num-traits v0.2.15
[INFO] [stderr]    Compiling percent-encoding v2.1.0
[INFO] [stderr]    Compiling serde_json v1.0.81
[INFO] [stderr]    Compiling tinyvec_macros v0.1.0
[INFO] [stderr]    Compiling base64 v0.13.0
[INFO] [stderr]    Compiling siphasher v0.3.10
[INFO] [stderr]    Compiling crypto-common v0.1.3
[INFO] [stderr]    Compiling block-buffer v0.10.2
[INFO] [stderr]    Compiling digest v0.10.3
[INFO] [stderr]    Compiling tinyvec v1.6.0
[INFO] [stderr]    Compiling quickcheck v1.0.3
[INFO] [stderr]    Compiling ahash v0.7.6
[INFO] [stderr]    Compiling unicode-segmentation v1.9.0
[INFO] [stderr]    Compiling form_urlencoded v1.0.1
[INFO] [stderr]    Compiling num-integer v0.1.45
[INFO] [stderr]    Compiling unicode-bidi v0.3.8
[INFO] [stderr]    Compiling paste v1.0.7
[INFO] [stderr]    Compiling unicode-normalization v0.1.19
[INFO] [stderr]    Compiling time v0.3.9
[INFO] [stderr]    Compiling fnv v1.0.7
[INFO] [stderr]    Compiling http v0.2.7
[INFO] [stderr]    Compiling regex-syntax v0.6.25
[INFO] [stderr]    Compiling idna v0.2.3
[INFO] [stderr]    Compiling getrandom v0.1.16
[INFO] [stderr]    Compiling hmac v0.12.1
[INFO] [stderr]    Compiling aho-corasick v0.7.18
[INFO] [stderr]    Compiling url v2.2.2
[INFO] [stderr]    Compiling proc-macro-error-attr v1.0.4
[INFO] [stderr]    Compiling event-listener v2.5.2
[INFO] [stderr]    Compiling parking_lot_core v0.8.5
[INFO] [stderr]    Compiling hkdf v0.12.3
[INFO] [stderr]    Compiling webpki v0.22.0
[INFO] [stderr]    Compiling sct v0.7.0
[INFO] [stderr]    Compiling webpki-roots v0.22.3
[INFO] [stderr]    Compiling heck v0.3.3
[INFO] [stderr]    Compiling sha2 v0.10.2
[INFO] [stderr]    Compiling sha-1 v0.10.0
[INFO] [stderr]    Compiling proc-macro-error v1.0.4
[INFO] [stderr]    Compiling regex v1.5.5
[INFO] [stderr]    Compiling instant v0.1.12
[INFO] [stderr]    Compiling rust_decimal v1.23.1
[INFO] [stderr]    Compiling iana-time-zone v0.1.47
[INFO] [stderr]    Compiling rand_core v0.5.1
[INFO] [stderr]    Compiling zstd-sys v1.6.3+zstd.1.5.2
[INFO] [stderr]    Compiling num-bigint v0.4.3
[INFO] [stderr]    Compiling arrayvec v0.7.2
[INFO] [stderr]    Compiling httparse v1.7.1
[INFO] [stderr]    Compiling parking_lot v0.11.2
[INFO] [stderr]    Compiling mio v0.8.2
[INFO] [stderr]    Compiling crossbeam-queue v0.3.5
[INFO] [stderr]    Compiling pkg-config v0.3.25
[INFO] [stderr]    Compiling local-waker v0.1.3
[INFO] [stderr]    Compiling byteorder v1.4.3
[INFO] [stderr]    Compiling crossbeam-utils v0.8.8
[INFO] [stderr]    Compiling opaque-debug v0.3.0
[INFO] [stderr]    Compiling tokio v1.18.1
[INFO] [stderr]    Compiling openssl-sys v0.9.73
[INFO] [stderr]    Compiling rand_pcg v0.2.1
[INFO] [stderr]    Compiling rand_chacha v0.2.2
[INFO] [stderr]    Compiling phf_shared v0.10.0
[INFO] [stderr]    Compiling universal-hash v0.4.1
[INFO] [stderr]    Compiling cipher v0.3.0
[INFO] [stderr]    Compiling bytestring v1.0.0
[INFO] [stderr]    Compiling time v0.1.43
[INFO] [stderr]    Compiling dirs-sys v0.3.7
[INFO] [stderr]    Compiling encoding_rs v0.8.31
[INFO] [stderr]    Compiling httpdate v1.0.2
[INFO] [stderr]    Compiling ctor v0.1.26
[INFO] [stderr]    Compiling futures-macro v0.3.21
[INFO] [stderr]    Compiling tracing-attributes v0.1.21
[INFO] [stderr]    Compiling thiserror-impl v1.0.31
[INFO] [stderr]    Compiling actix-macros v0.2.3
[INFO] [stderr]    Compiling thiserror v1.0.31
[INFO] [stderr]    Compiling minimal-lexical v0.2.1
[INFO] [stderr]    Compiling tracing v0.1.34
[INFO] [stderr]    Compiling cache-padded v1.2.0
[INFO] [stderr]    Compiling convert_case v0.4.0
[INFO] [stderr]    Compiling crc32fast v1.3.2
[INFO] [stderr]    Compiling either v1.6.1
[INFO] [stderr]    Compiling zstd-safe v4.1.4+zstd.1.5.2
[INFO] [stderr]    Compiling alloc-no-stdlib v2.0.3
[INFO] [stderr]    Compiling alloc-stdlib v0.2.1
[INFO] [stderr]    Compiling itertools v0.10.3
[INFO] [stderr]    Compiling concurrent-queue v1.2.4
[INFO] [stderr]    Compiling derive_more v0.99.17
[INFO] [stderr]    Compiling nom v7.1.1
[INFO] [stderr]    Compiling dirs v4.0.0
[INFO] [stderr]    Compiling polyval v0.5.3
[INFO] [stderr]    Compiling rand v0.7.3
[INFO] [stderr]    Compiling actix-utils v3.0.0
[INFO] [stderr]    Compiling actix-service v2.0.2
[INFO] [stderr]    Compiling hashbrown v0.12.3
[INFO] [stderr]    Compiling heck v0.4.0
[INFO] [stderr]    Compiling phf_shared v0.8.0
[INFO] [stderr]    Compiling adler v1.0.2
[INFO] [stderr]    Compiling unicode_categories v0.1.1
[INFO] [stderr]    Compiling parking v2.0.0
[INFO] [stderr]    Compiling mime v0.3.16
[INFO] [stderr]    Compiling waker-fn v1.1.0
[INFO] [stderr]    Compiling fastrand v1.7.0
[INFO] [stderr]    Compiling crc-catalog v2.1.0
[INFO] [stderr]    Compiling crc v3.0.0
[INFO] [stderr]    Compiling futures-lite v1.12.0
[INFO] [stderr]    Compiling sqlformat v0.1.8
[INFO] [stderr]    Compiling hashlink v0.8.0
[INFO] [stderr]    Compiling phf_generator v0.8.0
[INFO] [stderr]    Compiling miniz_oxide v0.5.1
[INFO] [stderr]    Compiling ghash v0.4.4
[INFO] [stderr]    Compiling dotenvy v0.15.3
[INFO] [stderr]    Compiling tokio-rustls v0.23.4
[INFO] [stderr]    Compiling tokio-util v0.7.1
[INFO] [stderr]    Compiling actix-rt v2.7.0
[INFO] [stderr]    Compiling h2 v0.3.13
[INFO] [stderr]    Compiling actix-codec v0.5.0
[INFO] [stderr]    Compiling uuid v1.1.2
[INFO] [stderr]    Compiling chrono v0.4.22
[INFO] [stderr]    Compiling brotli-decompressor v2.3.2
[INFO] [stderr]    Compiling aes v0.7.5
[INFO] [stderr]    Compiling ctr v0.8.0
[INFO] [stderr]    Compiling futures-intrusive v0.4.0
[INFO] [stderr]    Compiling stringprep v0.1.2
[INFO] [stderr]    Compiling atoi v1.0.0
[INFO] [stderr]    Compiling rustls-pemfile v1.0.1
[INFO] [stderr]    Compiling aead v0.4.3
[INFO] [stderr]    Compiling cookie v0.16.0
[INFO] [stderr]    Compiling polling v2.3.0
[INFO] [stderr]    Compiling whoami v1.2.1
[INFO] [stderr]    Compiling hex v0.4.3
[INFO] [stderr]    Compiling rustversion v1.0.6
[INFO] [stderr]    Compiling firestorm v0.5.0
[INFO] [stderr]    Compiling stable_deref_trait v1.2.0
[INFO] [stderr]    Compiling aes-gcm v0.9.4
[INFO] [stderr]    Compiling brotli v3.3.4
[INFO] [stderr]    Compiling actix-tls v3.0.3
[INFO] [stderr]    Compiling serde_urlencoded v0.7.1
[INFO] [stderr]    Compiling sqlx-rt v0.6.1
[INFO] [stderr]    Compiling flate2 v1.0.23
[INFO] [stderr]    Compiling futures-executor v0.3.21
[INFO] [stderr]    Compiling local-channel v0.1.3
[INFO] [stderr]    Compiling tokio-stream v0.1.8
[INFO] [stderr]    Compiling sea-query-derive v0.2.0
[INFO] [stderr]    Compiling sea-query-driver v0.2.2
[INFO] [stderr]    Compiling phf_generator v0.10.0
[INFO] [stderr]    Compiling md-5 v0.10.1
[INFO] [stderr]    Compiling async-io v1.9.0
[INFO] [stderr]    Compiling foreign-types-shared v0.1.1
[INFO] [stderr]    Compiling proc-macro-hack v0.5.19
[INFO] [stderr]    Compiling async-task v4.3.0
[INFO] [stderr]    Compiling language-tags v0.3.2
[INFO] [stderr]    Compiling async-trait v0.1.53
[INFO] [stderr]    Compiling openssl v0.10.40
[INFO] [stderr]    Compiling foreign-types v0.3.2
[INFO] [stderr]    Compiling sea-query v0.26.3
[INFO] [stderr]    Compiling futures v0.3.21
[INFO] [stderr]    Compiling actix-router v0.5.0
[INFO] [stderr]    Compiling sqlx-core v0.6.1
[INFO] [stderr]    Compiling async-channel v1.7.1
[INFO] [stderr]    Compiling openssl-macros v0.1.0
[INFO] [stderr]    Compiling unicase v2.6.0
[INFO] [stderr]    Compiling new_debug_unreachable v1.0.4
[INFO] [stderr]    Compiling atomic-waker v1.0.0
[INFO] [stderr]    Compiling Inflector v0.11.4
[INFO] [stderr]    Compiling blocking v1.2.0
[INFO] [stderr]    Compiling ouroboros_macro v0.15.0
[INFO] [stderr]    Compiling actix-web-codegen v4.0.0
[INFO] [stderr]    Compiling sea-strum_macros v0.23.0
[INFO] [stderr]    Compiling async-executor v1.4.1
[INFO] [stderr]    Compiling string_cache_codegen v0.5.2
[INFO] [stderr]    Compiling phf_codegen v0.10.0
[INFO] [stderr]    Compiling actix-server v2.1.1
[INFO] [stderr]    Compiling async-stream-impl v0.3.3
[INFO] [stderr]    Compiling bae v0.1.7
[INFO] [stderr]    Compiling regex-automata v0.1.10
[INFO] [stderr]    Compiling async-lock v2.5.0
[INFO] [stderr]    Compiling atty v0.2.14
[INFO] [stderr]    Compiling aliasable v0.1.3
[INFO] [stderr]    Compiling mac v0.1.1
[INFO] [stderr]    Compiling native-tls v0.2.10
[INFO] [stderr]    Compiling termcolor v1.1.3
[INFO] [stderr]    Compiling os_str_bytes v6.3.0
[INFO] [stderr]    Compiling precomputed-hash v0.1.1
[INFO] [stderr]    Compiling clap_lex v0.2.4
[INFO] [stderr]    Compiling matchers v0.1.0
[INFO] [stderr]    Compiling futf v0.1.5
[INFO] [stderr]    Compiling ouroboros v0.15.0
[INFO] [stderr]    Compiling async-global-executor v2.3.0
[INFO] [stderr]    Compiling async-stream v0.3.3
[INFO] [stderr]    Compiling sea-orm-macros v0.9.2
[INFO] [stderr]    Compiling markup5ever v0.11.0
[INFO] [stderr]    Compiling phf_macros v0.8.0
[INFO] [stderr]    Compiling sea-strum v0.23.0
[INFO] [stderr]    Compiling phf_codegen v0.8.0
[INFO] [stderr]    Compiling clap_derive v3.2.18
[INFO] [stderr]    Compiling kv-log-macro v1.0.7
[INFO] [stderr]    Compiling tracing-log v0.1.3
[INFO] [stderr]    Compiling async-attributes v1.1.2
[INFO] [stderr]    Compiling cssparser v0.27.2
[INFO] [stderr]    Compiling sea-schema-derive v0.1.0
[INFO] [stderr]    Compiling sharded-slab v0.1.4
[INFO] [stderr]    Compiling thread_local v1.1.4
[INFO] [stderr]    Compiling ansi_term v0.12.1
[INFO] [stderr]    Compiling dtoa v0.4.8
[INFO] [stderr]    Compiling strsim v0.10.0
[INFO] [stderr]    Compiling try-lock v0.2.3
[INFO] [stderr]    Compiling utf-8 v0.7.6
[INFO] [stderr]    Compiling textwrap v0.15.0
[INFO] [stderr]    Compiling openssl-probe v0.1.5
[INFO] [stderr]    Compiling tracing-subscriber v0.3.11
[INFO] [stderr]    Compiling tendril v0.4.3
[INFO] [stderr]    Compiling want v0.3.0
[INFO] [stderr]    Compiling dtoa-short v0.3.3
[INFO] [stderr]    Compiling sea-schema v0.9.3
[INFO] [stderr]    Compiling async-std v1.12.0
[INFO] [stderr]    Compiling phf v0.8.0
[INFO] [stderr]    Compiling mime_guess v2.0.4
[INFO] [stderr]    Compiling selectors v0.22.0
[INFO] [stderr]    Compiling clap v3.2.20
[INFO] [stderr]    Compiling string_cache v0.8.4
[INFO] [stderr]    Compiling cssparser-macros v0.6.0
[INFO] [stderr]    Compiling html5ever v0.26.0
[INFO] [stderr]    Compiling phf v0.10.1
[INFO] [stderr]    Compiling http-body v0.4.4
[INFO] [stderr]    Compiling dotenv v0.15.0
[INFO] [stderr]    Compiling itoa v0.4.8
[INFO] [stderr]    Compiling anyhow v1.0.57
[INFO] [stderr]    Compiling tower-service v0.3.1
[INFO] [stderr]    Compiling nodrop v0.1.14
[INFO] [stderr]    Compiling servo_arc v0.1.1
[INFO] [stderr]    Compiling hyper v0.14.18
[INFO] [stderr]    Compiling tokio-native-tls v0.3.0
[INFO] [stderr]    Compiling fxhash v0.2.1
[INFO] [stderr]    Compiling sqlx-macros v0.6.1
[INFO] [stderr]    Compiling thin-slice v0.1.1
[INFO] [stderr]    Compiling unicode-width v0.1.9
[INFO] [stderr]    Compiling getopts v0.2.21
[INFO] [stderr]    Compiling sea-orm-cli v0.9.2
[INFO] [stderr]    Compiling simple_asn1 v0.6.1
[INFO] [stderr]    Compiling base64 v0.10.1
[INFO] [stderr]    Compiling scheduled-thread-pool v0.2.5
[INFO] [stderr]    Compiling pem v1.0.2
[INFO] [stderr]    Compiling ipnet v2.5.0
[INFO] [stderr]    Compiling humantime v2.1.0
[INFO] [stderr]    Compiling askama_escape v0.10.3
[INFO] [stderr]    Compiling http-range v0.1.5
[INFO] [stderr]    Compiling ego-tree v0.6.2
[INFO] [stderr]    Compiling env_logger v0.9.0
[INFO] [stderr]    Compiling jsonwebtoken v8.1.0
[INFO] [stderr]    Compiling sqlx v0.6.1
[INFO] [stderr]    Compiling scraper v0.13.0
[INFO] [stderr]    Compiling sea-orm v0.9.2
[INFO] [stderr]    Compiling r2d2 v0.8.9
[INFO] [stderr]    Compiling alcoholic_jwt v1.0.1
[INFO] [stderr]    Compiling hyper-tls v0.5.0
[INFO] [stderr]    Compiling reqwest v0.11.10
[INFO] [stderr]    Compiling sea-orm-migration v0.9.2
[INFO] [stderr]    Compiling entity v0.1.0 (/opt/rustwide/workdir/entity)
[INFO] [stderr]    Compiling migration v0.1.0 (/opt/rustwide/workdir/migration)
[INFO] [stderr]    Compiling zstd v0.10.0+zstd.1.5.2
[INFO] [stderr]    Compiling actix-http v3.0.4
[INFO] [stderr]    Compiling actix-web v4.0.1
[INFO] [stderr]    Compiling awc v3.0.0
[INFO] [stderr]    Compiling actix-web-httpauth v0.6.0
[INFO] [stderr]    Compiling actix-cors v0.6.1
[INFO] [stderr]    Compiling actix-files v0.6.0
[INFO] [stderr]    Compiling actix-session v0.6.2
[INFO] [stderr]    Compiling okkey-api v0.1.0 (/opt/rustwide/workdir)
[INFO] [stderr]     Finished `dev` profile [unoptimized + debuginfo] target(s) in 5m 50s
[INFO] [stderr] warning: the following packages contain code that will be rejected by a future version of Rust: openssl v0.10.40, sqlx-core v0.6.1
[INFO] [stderr] note: to see what the problems were, use the option `--future-incompat-report`, or run `cargo report future-incompatibilities --id 1`
[INFO] running `Command { std: "docker" "inspect" "f02e27c513069f0d9a8eda250b8828cd503620b0c6f0d0f6f84ac1e248658331", kill_on_drop: false }`
[INFO] running `Command { std: "docker" "exec" "-e" "SOURCE_DIR=/opt/rustwide/workdir" "-e" "CARGO_HOME=/opt/rustwide/cargo-home" "-e" "RUSTUP_HOME=/opt/rustwide/rustup-home" "-e" "CARGO_TARGET_DIR=/opt/rustwide/target" "-e" "CARGO_INCREMENTAL=0" "-e" "RUST_BACKTRACE=full" "-e" "RUSTFLAGS=--cap-lints=warn" "-e" "RUSTDOCFLAGS=--cap-lints=warn" "-w" "/opt/rustwide/workdir" "--user" "0:0" "f02e27c513069f0d9a8eda250b8828cd503620b0c6f0d0f6f84ac1e248658331" "/opt/rustwide/cargo-home/bin/cargo" "+1.99.0-beta.8" "test" "--frozen" "--no-run" "--message-format=json", kill_on_drop: false }`
[INFO] [stderr]    Compiling semver v1.0.9
[INFO] [stderr]    Compiling futures-timer v3.0.2
[INFO] [stderr]    Compiling rustc_version v0.4.0
[INFO] [stderr]    Compiling rstest_macros v0.16.0
[INFO] [stderr]    Compiling rstest v0.16.0
[INFO] [stderr]    Compiling okkey-api v0.1.0 (/opt/rustwide/workdir)
[INFO] [stderr]     Finished `test` profile [unoptimized + debuginfo] target(s) in 14.27s
[INFO] [stderr] warning: the following packages contain code that will be rejected by a future version of Rust: openssl v0.10.40, sqlx-core v0.6.1
[INFO] [stderr] note: to see what the problems were, use the option `--future-incompat-report`, or run `cargo report future-incompatibilities --id 1`
[INFO] running `Command { std: "docker" "inspect" "f02e27c513069f0d9a8eda250b8828cd503620b0c6f0d0f6f84ac1e248658331", kill_on_drop: false }`
[INFO] running `Command { std: "docker" "exec" "-e" "SOURCE_DIR=/opt/rustwide/workdir" "-e" "CARGO_HOME=/opt/rustwide/cargo-home" "-e" "RUSTUP_HOME=/opt/rustwide/rustup-home" "-e" "CARGO_TARGET_DIR=/opt/rustwide/target" "-e" "CARGO_INCREMENTAL=0" "-e" "RUST_BACKTRACE=full" "-e" "RUSTFLAGS=--cap-lints=warn" "-e" "RUSTDOCFLAGS=--cap-lints=warn" "-w" "/opt/rustwide/workdir" "--user" "0:0" "f02e27c513069f0d9a8eda250b8828cd503620b0c6f0d0f6f84ac1e248658331" "/opt/rustwide/cargo-home/bin/cargo" "+1.99.0-beta.8" "test" "--frozen", kill_on_drop: false }`
[INFO] [stderr]     Finished `test` profile [unoptimized + debuginfo] target(s) in 0.81s
[INFO] [stderr] warning: the following packages contain code that will be rejected by a future version of Rust: openssl v0.10.40, sqlx-core v0.6.1
[INFO] [stderr] note: to see what the problems were, use the option `--future-incompat-report`, or run `cargo report future-incompatibilities --id 1`
[INFO] [stderr]      Running unittests src/lib.rs (/opt/rustwide/target/debug/deps/okkey_api-660e4418ea958189)
[INFO] [stdout] 
[INFO] [stdout] running 0 tests
[INFO] [stdout] 
[INFO] [stdout] test result: ok. 0 passed; 0 failed; 0 ignored; 0 measured; 0 filtered out; finished in 0.00s
[INFO] [stdout] 
[INFO] [stdout] 
[INFO] [stderr]      Running unittests src/main.rs (/opt/rustwide/target/debug/deps/okkey_api-057ea0906f5b61dd)
[INFO] [stdout] running 0 tests
[INFO] [stderr]      Running tests/lib.rs (/opt/rustwide/target/debug/deps/lib-709346d73adf6536)
[INFO] [stdout] 
[INFO] [stdout] test result: ok. 0 passed; 0 failed; 0 ignored; 0 measured; 0 filtered out; finished in 0.00s
[INFO] [stdout] 
[INFO] [stdout] 
[INFO] [stdout] running 7 tests
[INFO] [stderr] 2026-10-06 14:09:03 [INFO] - params = Query(Params { foo: "bar" })
[INFO] [stderr] 2026-10-06 14:09:03 [INFO] - params = Json(Params { foo: "bar" })
[INFO] [stderr] 2026-10-06 14:09:03 [INFO] - Logout URL generated => https://example.com/v2/logout?client_id=XXXX&returnTo=https://example.com
[INFO] [stdout] test controllers::health_check::index::test_get ... ok
[INFO] [stdout] test controllers::api::index::test_get ... ok
[INFO] [stdout] test controllers::api::echo::test_get ... ok
[INFO] [stdout] test controllers::api::echo::test_post ... ok
[INFO] [stdout] test controllers::auth::logout::test_get ... ok
[INFO] [stdout] test controllers::api::animes::index::test_get_empty ... FAILED
[INFO] [stdout] test controllers::api::animes::index::test_get ... FAILED
[INFO] [stdout] 
[INFO] [stdout] failures:
[INFO] [stdout] 
[INFO] [stdout] ---- controllers::api::animes::index::test_get_empty stdout ----
[INFO] [stdout] 
[INFO] [stdout] thread 'controllers::api::animes::index::test_get_empty' (5643) panicked at src/db.rs:7:43:
[INFO] [stdout] DATABASE_URL must be set: NotPresent
[INFO] [stdout] stack backtrace:
[INFO] [stdout]    0:     0x6175257a0d61 - std[70759c8f55707aa4]::backtrace_rs::backtrace::libunwind::trace
[INFO] [stdout]                                at /rustc/dfb0accb7f508ae8be965d8629557221c889dd98/library/std/src/../../backtrace/src/backtrace/libunwind.rs:117:9
[INFO] [stdout]    1:     0x6175257a0d61 - std[70759c8f55707aa4]::backtrace_rs::backtrace::trace_unsynchronized::<std[70759c8f55707aa4]::sys::backtrace::_print_fmt::{closure#1}>
[INFO] [stdout]                                at /rustc/dfb0accb7f508ae8be965d8629557221c889dd98/library/std/src/../../backtrace/src/backtrace/mod.rs:66:14
[INFO] [stdout]    2:     0x6175257a0d61 - std[70759c8f55707aa4]::sys::backtrace::_print_fmt
[INFO] [stdout]                                at /rustc/dfb0accb7f508ae8be965d8629557221c889dd98/library/std/src/sys/backtrace.rs:74:9
[INFO] [stdout]    3:     0x6175257a0d61 - <<std[70759c8f55707aa4]::sys::backtrace::BacktraceLock>::print::DisplayBacktrace as core[df12db4294e9bfd3]::fmt::Display>::fmt
[INFO] [stdout]                                at /rustc/dfb0accb7f508ae8be965d8629557221c889dd98/library/std/src/sys/backtrace.rs:44:26
[INFO] [stdout]    4:     0x6175257b9f1a - <core[df12db4294e9bfd3]::fmt::rt::Argument>::fmt
[INFO] [stdout]                                at /rustc/dfb0accb7f508ae8be965d8629557221c889dd98/library/core/src/fmt/rt.rs:152:76
[INFO] [stdout]    5:     0x6175257b9f1a - core[df12db4294e9bfd3]::fmt::write
[INFO] [stdout]    6:     0x6175257a5abc - core[df12db4294e9bfd3]::io::write::default_write_fmt::<alloc[2182bb758b4b3781]::vec::Vec<u8>>
[INFO] [stdout]                                at /rustc/dfb0accb7f508ae8be965d8629557221c889dd98/library/core/src/io/write.rs:402:11
[INFO] [stdout]    7:     0x6175257a5abc - <alloc[2182bb758b4b3781]::vec::Vec<u8> as core[df12db4294e9bfd3]::io::write::Write>::write_fmt
[INFO] [stdout]                                at /rustc/dfb0accb7f508ae8be965d8629557221c889dd98/library/core/src/io/write.rs:335:13
[INFO] [stdout]    8:     0x61752577b926 - <std[70759c8f55707aa4]::sys::backtrace::BacktraceLock>::print
[INFO] [stdout]                                at /rustc/dfb0accb7f508ae8be965d8629557221c889dd98/library/std/src/sys/backtrace.rs:47:9
[INFO] [stdout]    9:     0x61752577b926 - std[70759c8f55707aa4]::panicking::default_hook::{closure#0}
[INFO] [stdout]                                at /rustc/dfb0accb7f508ae8be965d8629557221c889dd98/library/std/src/panicking.rs:292:27
[INFO] [stdout]   10:     0x6175257983e9 - std[70759c8f55707aa4]::panicking::default_hook
[INFO] [stdout]                                at /rustc/dfb0accb7f508ae8be965d8629557221c889dd98/library/std/src/panicking.rs:316:9
[INFO] [stdout]   11:     0x617524f75ec0 - <alloc[2182bb758b4b3781]::boxed::Box<dyn for<'a, 'b> core[df12db4294e9bfd3]::ops::function::Fn<(&'a std[70759c8f55707aa4]::panic::PanicHookInfo<'b>,), Output = ()> + core[df12db4294e9bfd3]::marker::Send + core[df12db4294e9bfd3]::marker::Sync> as core[df12db4294e9bfd3]::ops::function::Fn<(&std[70759c8f55707aa4]::panic::PanicHookInfo,)>>::call
[INFO] [stdout]                                at /rustc/dfb0accb7f508ae8be965d8629557221c889dd98/library/alloc/src/boxed.rs:2334:9
[INFO] [stdout]   12:     0x617524f75ec0 - test[9d35eded1c95d3be]::test_main_inner::<test[9d35eded1c95d3be]::test_main_static::{closure#0}>::{closure#0}
[INFO] [stdout]                                at /rustc/dfb0accb7f508ae8be965d8629557221c889dd98/library/test/src/lib.rs:155:21
[INFO] [stdout]   13:     0x617525798712 - <alloc[2182bb758b4b3781]::boxed::Box<dyn for<'a, 'b> core[df12db4294e9bfd3]::ops::function::Fn<(&'a std[70759c8f55707aa4]::panic::PanicHookInfo<'b>,), Output = ()> + core[df12db4294e9bfd3]::marker::Send + core[df12db4294e9bfd3]::marker::Sync> as core[df12db4294e9bfd3]::ops::function::Fn<(&std[70759c8f55707aa4]::panic::PanicHookInfo,)>>::call
[INFO] [stdout]                                at /rustc/dfb0accb7f508ae8be965d8629557221c889dd98/library/alloc/src/boxed.rs:2334:9
[INFO] [stdout]   14:     0x617525798712 - std[70759c8f55707aa4]::panicking::panic_with_hook
[INFO] [stdout]                                at /rustc/dfb0accb7f508ae8be965d8629557221c889dd98/library/std/src/panicking.rs:823:13
[INFO] [stdout]   15:     0x61752577b9d2 - std[70759c8f55707aa4]::panicking::panic_handler::{closure#0}
[INFO] [stdout]                                at /rustc/dfb0accb7f508ae8be965d8629557221c889dd98/library/std/src/panicking.rs:688:13
[INFO] [stdout]   16:     0x6175257742a9 - std[70759c8f55707aa4]::sys::backtrace::__rust_end_short_backtrace::<std[70759c8f55707aa4]::panicking::panic_handler::{closure#0}, !>
[INFO] [stdout]                                at /rustc/dfb0accb7f508ae8be965d8629557221c889dd98/library/std/src/sys/backtrace.rs:182:18
[INFO] [stdout]   17:     0x61752577c85d - __rustc[8fa7c3cbc660c2b3]::rust_begin_unwind
[INFO] [stdout]                                at /rustc/dfb0accb7f508ae8be965d8629557221c889dd98/library/std/src/panicking.rs:679:5
[INFO] [stdout]   18:     0x6175257ba76c - core[df12db4294e9bfd3]::panicking::panic_fmt
[INFO] [stdout]                                at /rustc/dfb0accb7f508ae8be965d8629557221c889dd98/library/core/src/panicking.rs:80:14
[INFO] [stdout]   19:     0x6175257ba492 - core[df12db4294e9bfd3]::result::unwrap_failed
[INFO] [stdout]                                at /rustc/dfb0accb7f508ae8be965d8629557221c889dd98/library/core/src/result.rs:1871:5
[INFO] [stdout]   20:     0x617524fbb8ee - <core[df12db4294e9bfd3]::result::Result<alloc[2182bb758b4b3781]::string::String, std[70759c8f55707aa4]::env::VarError>>::expect
[INFO] [stdout]                                at /rustc/dfb0accb7f508ae8be965d8629557221c889dd98/library/core/src/result.rs:1184:23
[INFO] [stdout]   21:     0x617524fc36ac - okkey_api[dfbd844222ee79ab]::db::get_db::{closure#0}
[INFO] [stdout]                                at /opt/rustwide/workdir/src/db.rs:7:43
[INFO] [stdout]   22:     0x617524f61e42 - <okkey_api[dfbd844222ee79ab]::app_state::AppState>::init::{closure#0}
[INFO] [stdout]                                at /opt/rustwide/workdir/src/app_state.rs:14:30
[INFO] [stdout]   23:     0x617524f3bcc6 - lib[48beec35bb7e4ed6]::controllers::api::animes::index::test_get_empty::{closure#0}::test_get_empty::{closure#0}
[INFO] [stdout]                                at /opt/rustwide/workdir/tests/controllers/api/animes/index.rs:67:38
[INFO] [stdout]   24:     0x617524f3e63f - lib[48beec35bb7e4ed6]::controllers::api::animes::index::test_get_empty::{closure#0}
[INFO] [stdout]                                at /opt/rustwide/workdir/tests/controllers/api/animes/index.rs:64:1
[INFO] [stdout]   25:     0x617524f3b2e6 - <tokio[40440fc26beeed18]::task::local::RunUntil<lib[48beec35bb7e4ed6]::controllers::api::animes::index::test_get_empty::{closure#0}> as core[df12db4294e9bfd3]::future::future::Future>::poll::{closure#0}::{closure#0}
[INFO] [stdout]                                at /opt/rustwide/cargo-home/registry/src/index.crates.io-1949cf8c6b5b557f/tokio-1.18.1/src/task/local.rs:649:67
[INFO] [stdout]   26:     0x617524f61272 - tokio[40440fc26beeed18]::coop::with_budget::<core[df12db4294e9bfd3]::task::poll::Poll<()>, <tokio[40440fc26beeed18]::task::local::RunUntil<lib[48beec35bb7e4ed6]::controllers::api::animes::index::test_get_empty::{closure#0}> as core[df12db4294e9bfd3]::future::future::Future>::poll::{closure#0}::{closure#0}>::{closure#0}
[INFO] [stdout]                                at /opt/rustwide/cargo-home/registry/src/index.crates.io-1949cf8c6b5b557f/tokio-1.18.1/src/coop.rs:102:9
[INFO] [stdout]   27:     0x617524f679b7 - <std[70759c8f55707aa4]::thread::local::LocalKey<core[df12db4294e9bfd3]::cell::Cell<tokio[40440fc26beeed18]::coop::Budget>>>::try_with::<tokio[40440fc26beeed18]::coop::with_budget<core[df12db4294e9bfd3]::task::poll::Poll<()>, <tokio[40440fc26beeed18]::task::local::RunUntil<lib[48beec35bb7e4ed6]::controllers::api::animes::index::test_get_empty::{closure#0}> as core[df12db4294e9bfd3]::future::future::Future>::poll::{closure#0}::{closure#0}>::{closure#0}, core[df12db4294e9bfd3]::task::poll::Poll<()>>
[INFO] [stdout]                                at /rustc/dfb0accb7f508ae8be965d8629557221c889dd98/library/std/src/thread/local.rs:463:12
[INFO] [stdout]   28:     0x617524f661ae - <std[70759c8f55707aa4]::thread::local::LocalKey<core[df12db4294e9bfd3]::cell::Cell<tokio[40440fc26beeed18]::coop::Budget>>>::with::<tokio[40440fc26beeed18]::coop::with_budget<core[df12db4294e9bfd3]::task::poll::Poll<()>, <tokio[40440fc26beeed18]::task::local::RunUntil<lib[48beec35bb7e4ed6]::controllers::api::animes::index::test_get_empty::{closure#0}> as core[df12db4294e9bfd3]::future::future::Future>::poll::{closure#0}::{closure#0}>::{closure#0}, core[df12db4294e9bfd3]::task::poll::Poll<()>>
[INFO] [stdout]                                at /rustc/dfb0accb7f508ae8be965d8629557221c889dd98/library/std/src/thread/local.rs:427:20
[INFO] [stdout]   29:     0x617524f3f2a5 - tokio[40440fc26beeed18]::coop::with_budget::<core[df12db4294e9bfd3]::task::poll::Poll<()>, <tokio[40440fc26beeed18]::task::local::RunUntil<lib[48beec35bb7e4ed6]::controllers::api::animes::index::test_get_empty::{closure#0}> as core[df12db4294e9bfd3]::future::future::Future>::poll::{closure#0}::{closure#0}>
[INFO] [stdout]                                at /opt/rustwide/cargo-home/registry/src/index.crates.io-1949cf8c6b5b557f/tokio-1.18.1/src/coop.rs:95:13
[INFO] [stdout]   30:     0x617524f3f2a5 - tokio[40440fc26beeed18]::coop::budget::<core[df12db4294e9bfd3]::task::poll::Poll<()>, <tokio[40440fc26beeed18]::task::local::RunUntil<lib[48beec35bb7e4ed6]::controllers::api::animes::index::test_get_empty::{closure#0}> as core[df12db4294e9bfd3]::future::future::Future>::poll::{closure#0}::{closure#0}>
[INFO] [stdout]                                at /opt/rustwide/cargo-home/registry/src/index.crates.io-1949cf8c6b5b557f/tokio-1.18.1/src/coop.rs:72:5
[INFO] [stdout]   31:     0x617524f3f2a5 - <tokio[40440fc26beeed18]::task::local::RunUntil<lib[48beec35bb7e4ed6]::controllers::api::animes::index::test_get_empty::{closure#0}> as core[df12db4294e9bfd3]::future::future::Future>::poll::{closure#0}
[INFO] [stdout]                                at /opt/rustwide/cargo-home/registry/src/index.crates.io-1949cf8c6b5b557f/tokio-1.18.1/src/task/local.rs:649:42
[INFO] [stdout]   32:     0x617524f5e618 - <tokio[40440fc26beeed18]::macros::scoped_tls::ScopedKey<tokio[40440fc26beeed18]::task::local::Context>>::set::<<tokio[40440fc26beeed18]::task::local::RunUntil<lib[48beec35bb7e4ed6]::controllers::api::animes::index::test_get_empty::{closure#0}> as core[df12db4294e9bfd3]::future::future::Future>::poll::{closure#0}, core[df12db4294e9bfd3]::task::poll::Poll<()>>
[INFO] [stdout]                                at /opt/rustwide/cargo-home/registry/src/index.crates.io-1949cf8c6b5b557f/tokio-1.18.1/src/macros/scoped_tls.rs:61:9
[INFO] [stdout]   33:     0x617524f3885a - <tokio[40440fc26beeed18]::task::local::LocalSet>::with::<core[df12db4294e9bfd3]::task::poll::Poll<()>, <tokio[40440fc26beeed18]::task::local::RunUntil<lib[48beec35bb7e4ed6]::controllers::api::animes::index::test_get_empty::{closure#0}> as core[df12db4294e9bfd3]::future::future::Future>::poll::{closure#0}>
[INFO] [stdout]                                at /opt/rustwide/cargo-home/registry/src/index.crates.io-1949cf8c6b5b557f/tokio-1.18.1/src/task/local.rs:566:17
[INFO] [stdout]   34:     0x617524f40a6b - <tokio[40440fc26beeed18]::task::local::RunUntil<lib[48beec35bb7e4ed6]::controllers::api::animes::index::test_get_empty::{closure#0}> as core[df12db4294e9bfd3]::future::future::Future>::poll
[INFO] [stdout]                                at /opt/rustwide/cargo-home/registry/src/index.crates.io-1949cf8c6b5b557f/tokio-1.18.1/src/task/local.rs:639:22
[INFO] [stdout]   35:     0x617524f3a792 - <tokio[40440fc26beeed18]::task::local::LocalSet>::run_until::<lib[48beec35bb7e4ed6]::controllers::api::animes::index::test_get_empty::{closure#0}>::{closure#0}
[INFO] [stdout]                                at /opt/rustwide/cargo-home/registry/src/index.crates.io-1949cf8c6b5b557f/tokio-1.18.1/src/task/local.rs:512:19
[INFO] [stdout]   36:     0x617524f654cd - <core[df12db4294e9bfd3]::pin::Pin<&mut <tokio[40440fc26beeed18]::task::local::LocalSet>::run_until<lib[48beec35bb7e4ed6]::controllers::api::animes::index::test_get_empty::{closure#0}>::{closure#0}> as core[df12db4294e9bfd3]::future::future::Future>::poll
[INFO] [stdout]                                at /rustc/dfb0accb7f508ae8be965d8629557221c889dd98/library/core/src/future/future.rs:133:9
[INFO] [stdout]   37:     0x617524f3170d - <tokio[40440fc26beeed18]::runtime::basic_scheduler::CoreGuard>::block_on::<core[df12db4294e9bfd3]::pin::Pin<&mut <tokio[40440fc26beeed18]::task::local::LocalSet>::run_until<lib[48beec35bb7e4ed6]::controllers::api::animes::index::test_get_empty::{closure#0}>::{closure#0}>>::{closure#0}::{closure#0}::{closure#0}
[INFO] [stdout]                                at /opt/rustwide/cargo-home/registry/src/index.crates.io-1949cf8c6b5b557f/tokio-1.18.1/src/runtime/basic_scheduler.rs:507:64
[INFO] [stdout]   38:     0x617524f60be2 - tokio[40440fc26beeed18]::coop::with_budget::<core[df12db4294e9bfd3]::task::poll::Poll<()>, <tokio[40440fc26beeed18]::runtime::basic_scheduler::CoreGuard>::block_on<core[df12db4294e9bfd3]::pin::Pin<&mut <tokio[40440fc26beeed18]::task::local::LocalSet>::run_until<lib[48beec35bb7e4ed6]::controllers::api::animes::index::test_get_empty::{closure#0}>::{closure#0}>>::{closure#0}::{closure#0}::{closure#0}>::{closure#0}
[INFO] [stdout]                                at /opt/rustwide/cargo-home/registry/src/index.crates.io-1949cf8c6b5b557f/tokio-1.18.1/src/coop.rs:102:9
[INFO] [stdout]   39:     0x617524f67407 - <std[70759c8f55707aa4]::thread::local::LocalKey<core[df12db4294e9bfd3]::cell::Cell<tokio[40440fc26beeed18]::coop::Budget>>>::try_with::<tokio[40440fc26beeed18]::coop::with_budget<core[df12db4294e9bfd3]::task::poll::Poll<()>, <tokio[40440fc26beeed18]::runtime::basic_scheduler::CoreGuard>::block_on<core[df12db4294e9bfd3]::pin::Pin<&mut <tokio[40440fc26beeed18]::task::local::LocalSet>::run_until<lib[48beec35bb7e4ed6]::controllers::api::animes::index::test_get_empty::{closure#0}>::{closure#0}>>::{closure#0}::{closure#0}::{closure#0}>::{closure#0}, core[df12db4294e9bfd3]::task::poll::Poll<()>>
[INFO] [stdout]                                at /rustc/dfb0accb7f508ae8be965d8629557221c889dd98/library/std/src/thread/local.rs:463:12
[INFO] [stdout]   40:     0x617524f65f7e - <std[70759c8f55707aa4]::thread::local::LocalKey<core[df12db4294e9bfd3]::cell::Cell<tokio[40440fc26beeed18]::coop::Budget>>>::with::<tokio[40440fc26beeed18]::coop::with_budget<core[df12db4294e9bfd3]::task::poll::Poll<()>, <tokio[40440fc26beeed18]::runtime::basic_scheduler::CoreGuard>::block_on<core[df12db4294e9bfd3]::pin::Pin<&mut <tokio[40440fc26beeed18]::task::local::LocalSet>::run_until<lib[48beec35bb7e4ed6]::controllers::api::animes::index::test_get_empty::{closure#0}>::{closure#0}>>::{closure#0}::{closure#0}::{closure#0}>::{closure#0}, core[df12db4294e9bfd3]::task::poll::Poll<()>>
[INFO] [stdout]                                at /rustc/dfb0accb7f508ae8be965d8629557221c889dd98/library/std/src/thread/local.rs:427:20
[INFO] [stdout]   41:     0x617524f3131b - tokio[40440fc26beeed18]::coop::with_budget::<core[df12db4294e9bfd3]::task::poll::Poll<()>, <tokio[40440fc26beeed18]::runtime::basic_scheduler::CoreGuard>::block_on<core[df12db4294e9bfd3]::pin::Pin<&mut <tokio[40440fc26beeed18]::task::local::LocalSet>::run_until<lib[48beec35bb7e4ed6]::controllers::api::animes::index::test_get_empty::{closure#0}>::{closure#0}>>::{closure#0}::{closure#0}::{closure#0}>
[INFO] [stdout]                                at /opt/rustwide/cargo-home/registry/src/index.crates.io-1949cf8c6b5b557f/tokio-1.18.1/src/coop.rs:95:13
[INFO] [stdout]   42:     0x617524f3131b - tokio[40440fc26beeed18]::coop::budget::<core[df12db4294e9bfd3]::task::poll::Poll<()>, <tokio[40440fc26beeed18]::runtime::basic_scheduler::CoreGuard>::block_on<core[df12db4294e9bfd3]::pin::Pin<&mut <tokio[40440fc26beeed18]::task::local::LocalSet>::run_until<lib[48beec35bb7e4ed6]::controllers::api::animes::index::test_get_empty::{closure#0}>::{closure#0}>>::{closure#0}::{closure#0}::{closure#0}>
[INFO] [stdout]                                at /opt/rustwide/cargo-home/registry/src/index.crates.io-1949cf8c6b5b557f/tokio-1.18.1/src/coop.rs:72:5
[INFO] [stdout]   43:     0x617524f3131b - <tokio[40440fc26beeed18]::runtime::basic_scheduler::CoreGuard>::block_on::<core[df12db4294e9bfd3]::pin::Pin<&mut <tokio[40440fc26beeed18]::task::local::LocalSet>::run_until<lib[48beec35bb7e4ed6]::controllers::api::animes::index::test_get_empty::{closure#0}>::{closure#0}>>::{closure#0}::{closure#0}
[INFO] [stdout]                                at /opt/rustwide/cargo-home/registry/src/index.crates.io-1949cf8c6b5b557f/tokio-1.18.1/src/runtime/basic_scheduler.rs:507:25
[INFO] [stdout]   44:     0x617524f28b42 - <tokio[40440fc26beeed18]::runtime::basic_scheduler::Context>::enter::<core[df12db4294e9bfd3]::task::poll::Poll<()>, <tokio[40440fc26beeed18]::runtime::basic_scheduler::CoreGuard>::block_on<core[df12db4294e9bfd3]::pin::Pin<&mut <tokio[40440fc26beeed18]::task::local::LocalSet>::run_until<lib[48beec35bb7e4ed6]::controllers::api::animes::index::test_get_empty::{closure#0}>::{closure#0}>>::{closure#0}::{closure#0}>
[INFO] [stdout]                                at /opt/rustwide/cargo-home/registry/src/index.crates.io-1949cf8c6b5b557f/tokio-1.18.1/src/runtime/basic_scheduler.rs:361:19
[INFO] [stdout]   45:     0x617524f2fd2c - <tokio[40440fc26beeed18]::runtime::basic_scheduler::CoreGuard>::block_on::<core[df12db4294e9bfd3]::pin::Pin<&mut <tokio[40440fc26beeed18]::task::local::LocalSet>::run_until<lib[48beec35bb7e4ed6]::controllers::api::animes::index::test_get_empty::{closure#0}>::{closure#0}>>::{closure#0}
[INFO] [stdout]                                at /opt/rustwide/cargo-home/registry/src/index.crates.io-1949cf8c6b5b557f/tokio-1.18.1/src/runtime/basic_scheduler.rs:506:44
[INFO] [stdout]   46:     0x617524f2d1a4 - <tokio[40440fc26beeed18]::runtime::basic_scheduler::CoreGuard>::enter::<<tokio[40440fc26beeed18]::runtime::basic_scheduler::CoreGuard>::block_on<core[df12db4294e9bfd3]::pin::Pin<&mut <tokio[40440fc26beeed18]::task::local::LocalSet>::run_until<lib[48beec35bb7e4ed6]::controllers::api::animes::index::test_get_empty::{closure#0}>::{closure#0}>>::{closure#0}, ()>::{closure#0}
[INFO] [stdout]                                at /opt/rustwide/cargo-home/registry/src/index.crates.io-1949cf8c6b5b557f/tokio-1.18.1/src/runtime/basic_scheduler.rs:564:57
[INFO] [stdout]   47:     0x617524f5ecfd - <tokio[40440fc26beeed18]::macros::scoped_tls::ScopedKey<tokio[40440fc26beeed18]::runtime::basic_scheduler::Context>>::set::<<tokio[40440fc26beeed18]::runtime::basic_scheduler::CoreGuard>::enter<<tokio[40440fc26beeed18]::runtime::basic_scheduler::CoreGuard>::block_on<core[df12db4294e9bfd3]::pin::Pin<&mut <tokio[40440fc26beeed18]::task::local::LocalSet>::run_until<lib[48beec35bb7e4ed6]::controllers::api::animes::index::test_get_empty::{closure#0}>::{closure#0}>>::{closure#0}, ()>::{closure#0}, (alloc[2182bb758b4b3781]::boxed::Box<tokio[40440fc26beeed18]::runtime::basic_scheduler::Core>, ())>
[INFO] [stdout]                                at /opt/rustwide/cargo-home/registry/src/index.crates.io-1949cf8c6b5b557f/tokio-1.18.1/src/macros/scoped_tls.rs:61:9
[INFO] [stdout]   48:     0x617524f2bfbc - <tokio[40440fc26beeed18]::runtime::basic_scheduler::CoreGuard>::enter::<<tokio[40440fc26beeed18]::runtime::basic_scheduler::CoreGuard>::block_on<core[df12db4294e9bfd3]::pin::Pin<&mut <tokio[40440fc26beeed18]::task::local::LocalSet>::run_until<lib[48beec35bb7e4ed6]::controllers::api::animes::index::test_get_empty::{closure#0}>::{closure#0}>>::{closure#0}, ()>
[INFO] [stdout]                                at /opt/rustwide/cargo-home/registry/src/index.crates.io-1949cf8c6b5b557f/tokio-1.18.1/src/runtime/basic_scheduler.rs:564:35
[INFO] [stdout]   49:     0x617524f2c705 - <tokio[40440fc26beeed18]::runtime::basic_scheduler::CoreGuard>::block_on::<core[df12db4294e9bfd3]::pin::Pin<&mut <tokio[40440fc26beeed18]::task::local::LocalSet>::run_until<lib[48beec35bb7e4ed6]::controllers::api::animes::index::test_get_empty::{closure#0}>::{closure#0}>>
[INFO] [stdout]                                at /opt/rustwide/cargo-home/registry/src/index.crates.io-1949cf8c6b5b557f/tokio-1.18.1/src/runtime/basic_scheduler.rs:497:14
[INFO] [stdout]   50:     0x617524f27701 - <tokio[40440fc26beeed18]::runtime::basic_scheduler::BasicScheduler>::block_on::<<tokio[40440fc26beeed18]::task::local::LocalSet>::run_until<lib[48beec35bb7e4ed6]::controllers::api::animes::index::test_get_empty::{closure#0}>::{closure#0}>
[INFO] [stdout]                                at /opt/rustwide/cargo-home/registry/src/index.crates.io-1949cf8c6b5b557f/tokio-1.18.1/src/runtime/basic_scheduler.rs:173:29
[INFO] [stdout]   51:     0x617524f47e2b - <tokio[40440fc26beeed18]::runtime::Runtime>::block_on::<<tokio[40440fc26beeed18]::task::local::LocalSet>::run_until<lib[48beec35bb7e4ed6]::controllers::api::animes::index::test_get_empty::{closure#0}>::{closure#0}>
[INFO] [stdout]                                at /opt/rustwide/cargo-home/registry/src/index.crates.io-1949cf8c6b5b557f/tokio-1.18.1/src/runtime/mod.rs:475:51
[INFO] [stdout]   52:     0x617524f38c06 - <tokio[40440fc26beeed18]::task::local::LocalSet>::block_on::<lib[48beec35bb7e4ed6]::controllers::api::animes::index::test_get_empty::{closure#0}>
[INFO] [stdout]                                at /opt/rustwide/cargo-home/registry/src/index.crates.io-1949cf8c6b5b557f/tokio-1.18.1/src/task/local.rs:473:12
[INFO] [stdout]   53:     0x617524f384fa - <actix_rt[5d62f13bbc3369aa]::runtime::Runtime>::block_on::<lib[48beec35bb7e4ed6]::controllers::api::animes::index::test_get_empty::{closure#0}>
[INFO] [stdout]                                at /opt/rustwide/cargo-home/registry/src/index.crates.io-1949cf8c6b5b557f/actix-rt-2.7.0/src/runtime.rs:80:20
[INFO] [stdout]   54:     0x617524f5564c - <actix_rt[5d62f13bbc3369aa]::system::SystemRunner>::block_on::<lib[48beec35bb7e4ed6]::controllers::api::animes::index::test_get_empty::{closure#0}>
[INFO] [stdout]                                at /opt/rustwide/cargo-home/registry/src/index.crates.io-1949cf8c6b5b557f/actix-rt-2.7.0/src/system.rs:209:17
[INFO] [stdout]   55:     0x617524f3ff5b - lib[48beec35bb7e4ed6]::controllers::api::animes::index::test_get_empty
[INFO] [stdout]                                at /opt/rustwide/workdir/tests/controllers/api/animes/index.rs:65:1
[INFO] [stdout]   56:     0x617524f3e477 - lib[48beec35bb7e4ed6]::controllers::api::animes::index::test_get_empty::{closure#0}
[INFO] [stdout]                                at /opt/rustwide/workdir/tests/controllers/api/animes/index.rs:64:10
[INFO] [stdout]   57:     0x617524f381d6 - <lib[48beec35bb7e4ed6]::controllers::api::animes::index::test_get_empty::{closure#0} as core[df12db4294e9bfd3]::ops::function::FnOnce<()>>::call_once
[INFO] [stdout]                                at /rustc/dfb0accb7f508ae8be965d8629557221c889dd98/library/core/src/ops/function.rs:250:5
[INFO] [stdout]   58:     0x617524f691ab - <fn() -> core[df12db4294e9bfd3]::result::Result<(), alloc[2182bb758b4b3781]::string::String> as core[df12db4294e9bfd3]::ops::function::FnOnce<()>>::call_once
[INFO] [stdout]                                at /rustc/dfb0accb7f508ae8be965d8629557221c889dd98/library/core/src/ops/function.rs:250:5
[INFO] [stdout]   59:     0x617524f691ab - test[9d35eded1c95d3be]::__rust_begin_short_backtrace::<core[df12db4294e9bfd3]::result::Result<(), alloc[2182bb758b4b3781]::string::String>, fn() -> core[df12db4294e9bfd3]::result::Result<(), alloc[2182bb758b4b3781]::string::String>>
[INFO] [stdout]                                at /rustc/dfb0accb7f508ae8be965d8629557221c889dd98/library/test/src/lib.rs:733:18
[INFO] [stdout]   60:     0x617524f76815 - test[9d35eded1c95d3be]::run_test_in_process::{closure#0}
[INFO] [stdout]                                at /rustc/dfb0accb7f508ae8be965d8629557221c889dd98/library/test/src/lib.rs:756:74
[INFO] [stdout]   61:     0x617524f76815 - <core[df12db4294e9bfd3]::panic::unwind_safe::AssertUnwindSafe<test[9d35eded1c95d3be]::run_test_in_process::{closure#0}> as core[df12db4294e9bfd3]::ops::function::FnOnce<()>>::call_once
[INFO] [stdout]                                at /rustc/dfb0accb7f508ae8be965d8629557221c889dd98/library/core/src/panic/unwind_safe.rs:275:9
[INFO] [stdout]   62:     0x617524f76815 - std[70759c8f55707aa4]::panicking::catch_unwind::do_call::<core[df12db4294e9bfd3]::panic::unwind_safe::AssertUnwindSafe<test[9d35eded1c95d3be]::run_test_in_process::{closure#0}>, core[df12db4294e9bfd3]::result::Result<(), alloc[2182bb758b4b3781]::string::String>>
[INFO] [stdout]                                at /rustc/dfb0accb7f508ae8be965d8629557221c889dd98/library/std/src/panicking.rs:576:43
[INFO] [stdout]   63:     0x617524f76815 - std[70759c8f55707aa4]::panicking::catch_unwind::<core[df12db4294e9bfd3]::result::Result<(), alloc[2182bb758b4b3781]::string::String>, core[df12db4294e9bfd3]::panic::unwind_safe::AssertUnwindSafe<test[9d35eded1c95d3be]::run_test_in_process::{closure#0}>>
[INFO] [stdout]                                at /rustc/dfb0accb7f508ae8be965d8629557221c889dd98/library/std/src/panicking.rs:544:19
[INFO] [stdout]   64:     0x617524f76815 - std[70759c8f55707aa4]::panic::catch_unwind::<core[df12db4294e9bfd3]::panic::unwind_safe::AssertUnwindSafe<test[9d35eded1c95d3be]::run_test_in_process::{closure#0}>, core[df12db4294e9bfd3]::result::Result<(), alloc[2182bb758b4b3781]::string::String>>
[INFO] [stdout]                                at /rustc/dfb0accb7f508ae8be965d8629557221c889dd98/library/std/src/panic.rs:359:14
[INFO] [stdout]   65:     0x617524f76815 - test[9d35eded1c95d3be]::run_test_in_process
[INFO] [stdout]                                at /rustc/dfb0accb7f508ae8be965d8629557221c889dd98/library/test/src/lib.rs:756:27
[INFO] [stdout]   66:     0x617524f76815 - test[9d35eded1c95d3be]::run_test::{closure#0}
[INFO] [stdout]                                at /rustc/dfb0accb7f508ae8be965d8629557221c889dd98/library/test/src/lib.rs:677:43
[INFO] [stdout]   67:     0x617524f700d4 - test[9d35eded1c95d3be]::run_test::{closure#1}
[INFO] [stdout]                                at /rustc/dfb0accb7f508ae8be965d8629557221c889dd98/library/test/src/lib.rs:707:41
[INFO] [stdout]   68:     0x617524f700d4 - std[70759c8f55707aa4]::sys::backtrace::__rust_begin_short_backtrace::<test[9d35eded1c95d3be]::run_test::{closure#1}, ()>
[INFO] [stdout]                                at /rustc/dfb0accb7f508ae8be965d8629557221c889dd98/library/std/src/sys/backtrace.rs:166:18
[INFO] [stdout]   69:     0x617524f79972 - std[70759c8f55707aa4]::thread::lifecycle::spawn_unchecked::<test[9d35eded1c95d3be]::run_test::{closure#1}, ()>::{closure#1}::{closure#0}
[INFO] [stdout]                                at /rustc/dfb0accb7f508ae8be965d8629557221c889dd98/library/std/src/thread/lifecycle.rs:70:13
[INFO] [stdout]   70:     0x617524f79972 - <core[df12db4294e9bfd3]::panic::unwind_safe::AssertUnwindSafe<std[70759c8f55707aa4]::thread::lifecycle::spawn_unchecked<test[9d35eded1c95d3be]::run_test::{closure#1}, ()>::{closure#1}::{closure#0}> as core[df12db4294e9bfd3]::ops::function::FnOnce<()>>::call_once
[INFO] [stdout]                                at /rustc/dfb0accb7f508ae8be965d8629557221c889dd98/library/core/src/panic/unwind_safe.rs:275:9
[INFO] [stdout]   71:     0x617524f79972 - std[70759c8f55707aa4]::panicking::catch_unwind::do_call::<core[df12db4294e9bfd3]::panic::unwind_safe::AssertUnwindSafe<std[70759c8f55707aa4]::thread::lifecycle::spawn_unchecked<test[9d35eded1c95d3be]::run_test::{closure#1}, ()>::{closure#1}::{closure#0}>, ()>
[INFO] [stdout]                                at /rustc/dfb0accb7f508ae8be965d8629557221c889dd98/library/std/src/panicking.rs:576:43
[INFO] [stdout]   72:     0x617524f79972 - std[70759c8f55707aa4]::panicking::catch_unwind::<(), core[df12db4294e9bfd3]::panic::unwind_safe::AssertUnwindSafe<std[70759c8f55707aa4]::thread::lifecycle::spawn_unchecked<test[9d35eded1c95d3be]::run_test::{closure#1}, ()>::{closure#1}::{closure#0}>>
[INFO] [stdout]                                at /rustc/dfb0accb7f508ae8be965d8629557221c889dd98/library/std/src/panicking.rs:544:19
[INFO] [stdout]   73:     0x617524f79972 - std[70759c8f55707aa4]::panic::catch_unwind::<core[df12db4294e9bfd3]::panic::unwind_safe::AssertUnwindSafe<std[70759c8f55707aa4]::thread::lifecycle::spawn_unchecked<test[9d35eded1c95d3be]::run_test::{closure#1}, ()>::{closure#1}::{closure#0}>, ()>
[INFO] [stdout]                                at /rustc/dfb0accb7f508ae8be965d8629557221c889dd98/library/std/src/panic.rs:359:14
[INFO] [stdout]   74:     0x617524f79972 - std[70759c8f55707aa4]::thread::lifecycle::spawn_unchecked::<test[9d35eded1c95d3be]::run_test::{closure#1}, ()>::{closure#1}
[INFO] [stdout]                                at /rustc/dfb0accb7f508ae8be965d8629557221c889dd98/library/std/src/thread/lifecycle.rs:68:26
[INFO] [stdout]   75:     0x617524f79972 - <std[70759c8f55707aa4]::thread::lifecycle::spawn_unchecked<test[9d35eded1c95d3be]::run_test::{closure#1}, ()>::{closure#1} as core[df12db4294e9bfd3]::ops::function::FnOnce<()>>::call_once::{shim:vtable#0}
[INFO] [stdout]                                at /rustc/dfb0accb7f508ae8be965d8629557221c889dd98/library/core/src/ops/function.rs:250:5
[INFO] [stdout]   76:     0x61752579fbf9 - <alloc[2182bb758b4b3781]::boxed::Box<dyn core[df12db4294e9bfd3]::ops::function::FnOnce<(), Output = ()> + core[df12db4294e9bfd3]::marker::Send> as core[df12db4294e9bfd3]::ops::function::FnOnce<()>>::call_once
[INFO] [stdout]                                at /rustc/dfb0accb7f508ae8be965d8629557221c889dd98/library/alloc/src/boxed.rs:2320:9
[INFO] [stdout]   77:     0x61752579fbf9 - <std[70759c8f55707aa4]::sys::thread::unix::Thread>::new::thread_start
[INFO] [stdout]                                at /rustc/dfb0accb7f508ae8be965d8629557221c889dd98/library/std/src/sys/thread/unix.rs:123:17
[INFO] [stdout]   78:     0x7a177f674dfa - <unknown>
[INFO] [stdout]   79:     0x7a177f7083d4 - clone
[INFO] [stdout]   80:                0x0 - <unknown>
[INFO] [stdout] 
[INFO] [stdout] ---- controllers::api::animes::index::test_get stdout ----
[INFO] [stdout] 
[INFO] [stdout] thread 'controllers::api::animes::index::test_get' (5642) panicked at src/db.rs:7:43:
[INFO] [stdout] DATABASE_URL must be set: NotPresent
[INFO] [stdout] stack backtrace:
[INFO] [stdout]    0:     0x6175257a0d61 - std[70759c8f55707aa4]::backtrace_rs::backtrace::libunwind::trace
[INFO] [stdout]                                at /rustc/dfb0accb7f508ae8be965d8629557221c889dd98/library/std/src/../../backtrace/src/backtrace/libunwind.rs:117:9
[INFO] [stdout]    1:     0x6175257a0d61 - std[70759c8f55707aa4]::backtrace_rs::backtrace::trace_unsynchronized::<std[70759c8f55707aa4]::sys::backtrace::_print_fmt::{closure#1}>
[INFO] [stdout]                                at /rustc/dfb0accb7f508ae8be965d8629557221c889dd98/library/std/src/../../backtrace/src/backtrace/mod.rs:66:14
[INFO] [stdout]    2:     0x6175257a0d61 - std[70759c8f55707aa4]::sys::backtrace::_print_fmt
[INFO] [stdout]                                at /rustc/dfb0accb7f508ae8be965d8629557221c889dd98/library/std/src/sys/backtrace.rs:74:9
[INFO] [stdout]    3:     0x6175257a0d61 - <<std[70759c8f55707aa4]::sys::backtrace::BacktraceLock>::print::DisplayBacktrace as core[df12db4294e9bfd3]::fmt::Display>::fmt
[INFO] [stdout]                                at /rustc/dfb0accb7f508ae8be965d8629557221c889dd98/library/std/src/sys/backtrace.rs:44:26
[INFO] [stdout]    4:     0x6175257b9f1a - <core[df12db4294e9bfd3]::fmt::rt::Argument>::fmt
[INFO] [stdout]                                at /rustc/dfb0accb7f508ae8be965d8629557221c889dd98/library/core/src/fmt/rt.rs:152:76
[INFO] [stdout]    5:     0x6175257b9f1a - core[df12db4294e9bfd3]::fmt::write
[INFO] [stdout]    6:     0x6175257a5abc - core[df12db4294e9bfd3]::io::write::default_write_fmt::<alloc[2182bb758b4b3781]::vec::Vec<u8>>
[INFO] [stdout]                                at /rustc/dfb0accb7f508ae8be965d8629557221c889dd98/library/core/src/io/write.rs:402:11
[INFO] [stdout]    7:     0x6175257a5abc - <alloc[2182bb758b4b3781]::vec::Vec<u8> as core[df12db4294e9bfd3]::io::write::Write>::write_fmt
[INFO] [stdout]                                at /rustc/dfb0accb7f508ae8be965d8629557221c889dd98/library/core/src/io/write.rs:335:13
[INFO] [stdout]    8:     0x61752577b926 - <std[70759c8f55707aa4]::sys::backtrace::BacktraceLock>::print
[INFO] [stdout]                                at /rustc/dfb0accb7f508ae8be965d8629557221c889dd98/library/std/src/sys/backtrace.rs:47:9
[INFO] [stdout]    9:     0x61752577b926 - std[70759c8f55707aa4]::panicking::default_hook::{closure#0}
[INFO] [stdout]                                at /rustc/dfb0accb7f508ae8be965d8629557221c889dd98/library/std/src/panicking.rs:292:27
[INFO] [stdout]   10:     0x6175257983e9 - std[70759c8f55707aa4]::panicking::default_hook
[INFO] [stdout]                                at /rustc/dfb0accb7f508ae8be965d8629557221c889dd98/library/std/src/panicking.rs:316:9
[INFO] [stdout]   11:     0x617524f75ec0 - <alloc[2182bb758b4b3781]::boxed::Box<dyn for<'a, 'b> core[df12db4294e9bfd3]::ops::function::Fn<(&'a std[70759c8f55707aa4]::panic::PanicHookInfo<'b>,), Output = ()> + core[df12db4294e9bfd3]::marker::Send + core[df12db4294e9bfd3]::marker::Sync> as core[df12db4294e9bfd3]::ops::function::Fn<(&std[70759c8f55707aa4]::panic::PanicHookInfo,)>>::call
[INFO] [stdout]                                at /rustc/dfb0accb7f508ae8be965d8629557221c889dd98/library/alloc/src/boxed.rs:2334:9
[INFO] [stdout]   12:     0x617524f75ec0 - test[9d35eded1c95d3be]::test_main_inner::<test[9d35eded1c95d3be]::test_main_static::{closure#0}>::{closure#0}
[INFO] [stdout]                                at /rustc/dfb0accb7f508ae8be965d8629557221c889dd98/library/test/src/lib.rs:155:21
[INFO] [stdout]   13:     0x617525798712 - <alloc[2182bb758b4b3781]::boxed::Box<dyn for<'a, 'b> core[df12db4294e9bfd3]::ops::function::Fn<(&'a std[70759c8f55707aa4]::panic::PanicHookInfo<'b>,), Output = ()> + core[df12db4294e9bfd3]::marker::Send + core[df12db4294e9bfd3]::marker::Sync> as core[df12db4294e9bfd3]::ops::function::Fn<(&std[70759c8f55707aa4]::panic::PanicHookInfo,)>>::call
[INFO] [stdout]                                at /rustc/dfb0accb7f508ae8be965d8629557221c889dd98/library/alloc/src/boxed.rs:2334:9
[INFO] [stdout]   14:     0x617525798712 - std[70759c8f55707aa4]::panicking::panic_with_hook
[INFO] [stdout]                                at /rustc/dfb0accb7f508ae8be965d8629557221c889dd98/library/std/src/panicking.rs:823:13
[INFO] [stdout]   15:     0x61752577b9d2 - std[70759c8f55707aa4]::panicking::panic_handler::{closure#0}
[INFO] [stdout]                                at /rustc/dfb0accb7f508ae8be965d8629557221c889dd98/library/std/src/panicking.rs:688:13
[INFO] [stdout]   16:     0x6175257742a9 - std[70759c8f55707aa4]::sys::backtrace::__rust_end_short_backtrace::<std[70759c8f55707aa4]::panicking::panic_handler::{closure#0}, !>
[INFO] [stdout]                                at /rustc/dfb0accb7f508ae8be965d8629557221c889dd98/library/std/src/sys/backtrace.rs:182:18
[INFO] [stdout]   17:     0x61752577c85d - __rustc[8fa7c3cbc660c2b3]::rust_begin_unwind
[INFO] [stdout]                                at /rustc/dfb0accb7f508ae8be965d8629557221c889dd98/library/std/src/panicking.rs:679:5
[INFO] [stdout]   18:     0x6175257ba76c - core[df12db4294e9bfd3]::panicking::panic_fmt
[INFO] [stdout]                                at /rustc/dfb0accb7f508ae8be965d8629557221c889dd98/library/core/src/panicking.rs:80:14
[INFO] [stdout]   19:     0x6175257ba492 - core[df12db4294e9bfd3]::result::unwrap_failed
[INFO] [stdout]                                at /rustc/dfb0accb7f508ae8be965d8629557221c889dd98/library/core/src/result.rs:1871:5
[INFO] [stdout]   20:     0x617524fbb8ee - <core[df12db4294e9bfd3]::result::Result<alloc[2182bb758b4b3781]::string::String, std[70759c8f55707aa4]::env::VarError>>::expect
[INFO] [stdout]                                at /rustc/dfb0accb7f508ae8be965d8629557221c889dd98/library/core/src/result.rs:1184:23
[INFO] [stdout]   21:     0x617524fc36ac - okkey_api[dfbd844222ee79ab]::db::get_db::{closure#0}
[INFO] [stdout]                                at /opt/rustwide/workdir/src/db.rs:7:43
[INFO] [stdout]   22:     0x617524f61e42 - <okkey_api[dfbd844222ee79ab]::app_state::AppState>::init::{closure#0}
[INFO] [stdout]                                at /opt/rustwide/workdir/src/app_state.rs:14:30
[INFO] [stdout]   23:     0x617524f3cb9b - lib[48beec35bb7e4ed6]::controllers::api::animes::index::test_get::{closure#0}::test_get::{closure#0}
[INFO] [stdout]                                at /opt/rustwide/workdir/tests/controllers/api/animes/index.rs:41:38
[INFO] [stdout]   24:     0x617524f3e82f - lib[48beec35bb7e4ed6]::controllers::api::animes::index::test_get::{closure#0}
[INFO] [stdout]                                at /opt/rustwide/workdir/tests/controllers/api/animes/index.rs:38:1
[INFO] [stdout]   25:     0x617524f3b306 - <tokio[40440fc26beeed18]::task::local::RunUntil<lib[48beec35bb7e4ed6]::controllers::api::animes::index::test_get::{closure#0}> as core[df12db4294e9bfd3]::future::future::Future>::poll::{closure#0}::{closure#0}
[INFO] [stdout]                                at /opt/rustwide/cargo-home/registry/src/index.crates.io-1949cf8c6b5b557f/tokio-1.18.1/src/task/local.rs:649:67
[INFO] [stdout]   26:     0x617524f61362 - tokio[40440fc26beeed18]::coop::with_budget::<core[df12db4294e9bfd3]::task::poll::Poll<()>, <tokio[40440fc26beeed18]::task::local::RunUntil<lib[48beec35bb7e4ed6]::controllers::api::animes::index::test_get::{closure#0}> as core[df12db4294e9bfd3]::future::future::Future>::poll::{closure#0}::{closure#0}>::{closure#0}
[INFO] [stdout]                                at /opt/rustwide/cargo-home/registry/src/index.crates.io-1949cf8c6b5b557f/tokio-1.18.1/src/coop.rs:102:9
[INFO] [stdout]   27:     0x617524f67a87 - <std[70759c8f55707aa4]::thread::local::LocalKey<core[df12db4294e9bfd3]::cell::Cell<tokio[40440fc26beeed18]::coop::Budget>>>::try_with::<tokio[40440fc26beeed18]::coop::with_budget<core[df12db4294e9bfd3]::task::poll::Poll<()>, <tokio[40440fc26beeed18]::task::local::RunUntil<lib[48beec35bb7e4ed6]::controllers::api::animes::index::test_get::{closure#0}> as core[df12db4294e9bfd3]::future::future::Future>::poll::{closure#0}::{closure#0}>::{closure#0}, core[df12db4294e9bfd3]::task::poll::Poll<()>>
[INFO] [stdout]                                at /rustc/dfb0accb7f508ae8be965d8629557221c889dd98/library/std/src/thread/local.rs:463:12
[INFO] [stdout]   28:     0x617524f661fe - <std[70759c8f55707aa4]::thread::local::LocalKey<core[df12db4294e9bfd3]::cell::Cell<tokio[40440fc26beeed18]::coop::Budget>>>::with::<tokio[40440fc26beeed18]::coop::with_budget<core[df12db4294e9bfd3]::task::poll::Poll<()>, <tokio[40440fc26beeed18]::task::local::RunUntil<lib[48beec35bb7e4ed6]::controllers::api::animes::index::test_get::{closure#0}> as core[df12db4294e9bfd3]::future::future::Future>::poll::{closure#0}::{closure#0}>::{closure#0}, core[df12db4294e9bfd3]::task::poll::Poll<()>>
[INFO] [stdout]                                at /rustc/dfb0accb7f508ae8be965d8629557221c889dd98/library/std/src/thread/local.rs:427:20
[INFO] [stdout]   29:     0x617524f3f475 - tokio[40440fc26beeed18]::coop::with_budget::<core[df12db4294e9bfd3]::task::poll::Poll<()>, <tokio[40440fc26beeed18]::task::local::RunUntil<lib[48beec35bb7e4ed6]::controllers::api::animes::index::test_get::{closure#0}> as core[df12db4294e9bfd3]::future::future::Future>::poll::{closure#0}::{closure#0}>
[INFO] [stdout]                                at /opt/rustwide/cargo-home/registry/src/index.crates.io-1949cf8c6b5b557f/tokio-1.18.1/src/coop.rs:95:13
[INFO] [stdout]   30:     0x617524f3f475 - tokio[40440fc26beeed18]::coop::budget::<core[df12db4294e9bfd3]::task::poll::Poll<()>, <tokio[40440fc26beeed18]::task::local::RunUntil<lib[48beec35bb7e4ed6]::controllers::api::animes::index::test_get::{closure#0}> as core[df12db4294e9bfd3]::future::future::Future>::poll::{closure#0}::{closure#0}>
[INFO] [stdout]                                at /opt/rustwide/cargo-home/registry/src/index.crates.io-1949cf8c6b5b557f/tokio-1.18.1/src/coop.rs:72:5
[INFO] [stdout]   31:     0x617524f3f475 - <tokio[40440fc26beeed18]::task::local::RunUntil<lib[48beec35bb7e4ed6]::controllers::api::animes::index::test_get::{closure#0}> as core[df12db4294e9bfd3]::future::future::Future>::poll::{closure#0}
[INFO] [stdout]                                at /opt/rustwide/cargo-home/registry/src/index.crates.io-1949cf8c6b5b557f/tokio-1.18.1/src/task/local.rs:649:42
[INFO] [stdout]   32:     0x617524f5e6f8 - <tokio[40440fc26beeed18]::macros::scoped_tls::ScopedKey<tokio[40440fc26beeed18]::task::local::Context>>::set::<<tokio[40440fc26beeed18]::task::local::RunUntil<lib[48beec35bb7e4ed6]::controllers::api::animes::index::test_get::{closure#0}> as core[df12db4294e9bfd3]::future::future::Future>::poll::{closure#0}, core[df12db4294e9bfd3]::task::poll::Poll<()>>
[INFO] [stdout]                                at /opt/rustwide/cargo-home/registry/src/index.crates.io-1949cf8c6b5b557f/tokio-1.18.1/src/macros/scoped_tls.rs:61:9
[INFO] [stdout]   33:     0x617524f388aa - <tokio[40440fc26beeed18]::task::local::LocalSet>::with::<core[df12db4294e9bfd3]::task::poll::Poll<()>, <tokio[40440fc26beeed18]::task::local::RunUntil<lib[48beec35bb7e4ed6]::controllers::api::animes::index::test_get::{closure#0}> as core[df12db4294e9bfd3]::future::future::Future>::poll::{closure#0}>
[INFO] [stdout]                                at /opt/rustwide/cargo-home/registry/src/index.crates.io-1949cf8c6b5b557f/tokio-1.18.1/src/task/local.rs:566:17
[INFO] [stdout]   34:     0x617524f40abb - <tokio[40440fc26beeed18]::task::local::RunUntil<lib[48beec35bb7e4ed6]::controllers::api::animes::index::test_get::{closure#0}> as core[df12db4294e9bfd3]::future::future::Future>::poll
[INFO] [stdout]                                at /opt/rustwide/cargo-home/registry/src/index.crates.io-1949cf8c6b5b557f/tokio-1.18.1/src/task/local.rs:639:22
[INFO] [stdout]   35:     0x617524f3aa52 - <tokio[40440fc26beeed18]::task::local::LocalSet>::run_until::<lib[48beec35bb7e4ed6]::controllers::api::animes::index::test_get::{closure#0}>::{closure#0}
[INFO] [stdout]                                at /opt/rustwide/cargo-home/registry/src/index.crates.io-1949cf8c6b5b557f/tokio-1.18.1/src/task/local.rs:512:19
[INFO] [stdout]   36:     0x617524f6550d - <core[df12db4294e9bfd3]::pin::Pin<&mut <tokio[40440fc26beeed18]::task::local::LocalSet>::run_until<lib[48beec35bb7e4ed6]::controllers::api::animes::index::test_get::{closure#0}>::{closure#0}> as core[df12db4294e9bfd3]::future::future::Future>::poll
[INFO] [stdout]                                at /rustc/dfb0accb7f508ae8be965d8629557221c889dd98/library/core/src/future/future.rs:133:9
[INFO] [stdout]   37:     0x617524f3174d - <tokio[40440fc26beeed18]::runtime::basic_scheduler::CoreGuard>::block_on::<core[df12db4294e9bfd3]::pin::Pin<&mut <tokio[40440fc26beeed18]::task::local::LocalSet>::run_until<lib[48beec35bb7e4ed6]::controllers::api::animes::index::test_get::{closure#0}>::{closure#0}>>::{closure#0}::{closure#0}::{closure#0}
[INFO] [stdout]                                at /opt/rustwide/cargo-home/registry/src/index.crates.io-1949cf8c6b5b557f/tokio-1.18.1/src/runtime/basic_scheduler.rs:507:64
[INFO] [stdout]   38:     0x617524f60cd2 - tokio[40440fc26beeed18]::coop::with_budget::<core[df12db4294e9bfd3]::task::poll::Poll<()>, <tokio[40440fc26beeed18]::runtime::basic_scheduler::CoreGuard>::block_on<core[df12db4294e9bfd3]::pin::Pin<&mut <tokio[40440fc26beeed18]::task::local::LocalSet>::run_until<lib[48beec35bb7e4ed6]::controllers::api::animes::index::test_get::{closure#0}>::{closure#0}>>::{closure#0}::{closure#0}::{closure#0}>::{closure#0}
[INFO] [stdout]                                at /opt/rustwide/cargo-home/registry/src/index.crates.io-1949cf8c6b5b557f/tokio-1.18.1/src/coop.rs:102:9
[INFO] [stdout]   39:     0x617524f674d7 - <std[70759c8f55707aa4]::thread::local::LocalKey<core[df12db4294e9bfd3]::cell::Cell<tokio[40440fc26beeed18]::coop::Budget>>>::try_with::<tokio[40440fc26beeed18]::coop::with_budget<core[df12db4294e9bfd3]::task::poll::Poll<()>, <tokio[40440fc26beeed18]::runtime::basic_scheduler::CoreGuard>::block_on<core[df12db4294e9bfd3]::pin::Pin<&mut <tokio[40440fc26beeed18]::task::local::LocalSet>::run_until<lib[48beec35bb7e4ed6]::controllers::api::animes::index::test_get::{closure#0}>::{closure#0}>>::{closure#0}::{closure#0}::{closure#0}>::{closure#0}, core[df12db4294e9bfd3]::task::poll::Poll<()>>
[INFO] [stdout]                                at /rustc/dfb0accb7f508ae8be965d8629557221c889dd98/library/std/src/thread/local.rs:463:12
[INFO] [stdout]   40:     0x617524f65fce - <std[70759c8f55707aa4]::thread::local::LocalKey<core[df12db4294e9bfd3]::cell::Cell<tokio[40440fc26beeed18]::coop::Budget>>>::with::<tokio[40440fc26beeed18]::coop::with_budget<core[df12db4294e9bfd3]::task::poll::Poll<()>, <tokio[40440fc26beeed18]::runtime::basic_scheduler::CoreGuard>::block_on<core[df12db4294e9bfd3]::pin::Pin<&mut <tokio[40440fc26beeed18]::task::local::LocalSet>::run_until<lib[48beec35bb7e4ed6]::controllers::api::animes::index::test_get::{closure#0}>::{closure#0}>>::{closure#0}::{closure#0}::{closure#0}>::{closure#0}, core[df12db4294e9bfd3]::task::poll::Poll<()>>
[INFO] [stdout]                                at /rustc/dfb0accb7f508ae8be965d8629557221c889dd98/library/std/src/thread/local.rs:427:20
[INFO] [stdout]   41:     0x617524f3149b - tokio[40440fc26beeed18]::coop::with_budget::<core[df12db4294e9bfd3]::task::poll::Poll<()>, <tokio[40440fc26beeed18]::runtime::basic_scheduler::CoreGuard>::block_on<core[df12db4294e9bfd3]::pin::Pin<&mut <tokio[40440fc26beeed18]::task::local::LocalSet>::run_until<lib[48beec35bb7e4ed6]::controllers::api::animes::index::test_get::{closure#0}>::{closure#0}>>::{closure#0}::{closure#0}::{closure#0}>
[INFO] [stdout]                                at /opt/rustwide/cargo-home/registry/src/index.crates.io-1949cf8c6b5b557f/tokio-1.18.1/src/coop.rs:95:13
[INFO] [stdout]   42:     0x617524f3149b - tokio[40440fc26beeed18]::coop::budget::<core[df12db4294e9bfd3]::task::poll::Poll<()>, <tokio[40440fc26beeed18]::runtime::basic_scheduler::CoreGuard>::block_on<core[df12db4294e9bfd3]::pin::Pin<&mut <tokio[40440fc26beeed18]::task::local::LocalSet>::run_until<lib[48beec35bb7e4ed6]::controllers::api::animes::index::test_get::{closure#0}>::{closure#0}>>::{closure#0}::{closure#0}::{closure#0}>
[INFO] [stdout]                                at /opt/rustwide/cargo-home/registry/src/index.crates.io-1949cf8c6b5b557f/tokio-1.18.1/src/coop.rs:72:5
[INFO] [stdout]   43:     0x617524f3149b - <tokio[40440fc26beeed18]::runtime::basic_scheduler::CoreGuard>::block_on::<core[df12db4294e9bfd3]::pin::Pin<&mut <tokio[40440fc26beeed18]::task::local::LocalSet>::run_until<lib[48beec35bb7e4ed6]::controllers::api::animes::index::test_get::{closure#0}>::{closure#0}>>::{closure#0}::{closure#0}
[INFO] [stdout]                                at /opt/rustwide/cargo-home/registry/src/index.crates.io-1949cf8c6b5b557f/tokio-1.18.1/src/runtime/basic_scheduler.rs:507:25
[INFO] [stdout]   44:     0x617524f28e02 - <tokio[40440fc26beeed18]::runtime::basic_scheduler::Context>::enter::<core[df12db4294e9bfd3]::task::poll::Poll<()>, <tokio[40440fc26beeed18]::runtime::basic_scheduler::CoreGuard>::block_on<core[df12db4294e9bfd3]::pin::Pin<&mut <tokio[40440fc26beeed18]::task::local::LocalSet>::run_until<lib[48beec35bb7e4ed6]::controllers::api::animes::index::test_get::{closure#0}>::{closure#0}>>::{closure#0}::{closure#0}>
[INFO] [stdout]                                at /opt/rustwide/cargo-home/registry/src/index.crates.io-1949cf8c6b5b557f/tokio-1.18.1/src/runtime/basic_scheduler.rs:361:19
[INFO] [stdout]   45:     0x617524f3055c - <tokio[40440fc26beeed18]::runtime::basic_scheduler::CoreGuard>::block_on::<core[df12db4294e9bfd3]::pin::Pin<&mut <tokio[40440fc26beeed18]::task::local::LocalSet>::run_until<lib[48beec35bb7e4ed6]::controllers::api::animes::index::test_get::{closure#0}>::{closure#0}>>::{closure#0}
[INFO] [stdout]                                at /opt/rustwide/cargo-home/registry/src/index.crates.io-1949cf8c6b5b557f/tokio-1.18.1/src/runtime/basic_scheduler.rs:506:44
[INFO] [stdout]   46:     0x617524f2d1c4 - <tokio[40440fc26beeed18]::runtime::basic_scheduler::CoreGuard>::enter::<<tokio[40440fc26beeed18]::runtime::basic_scheduler::CoreGuard>::block_on<core[df12db4294e9bfd3]::pin::Pin<&mut <tokio[40440fc26beeed18]::task::local::LocalSet>::run_until<lib[48beec35bb7e4ed6]::controllers::api::animes::index::test_get::{closure#0}>::{closure#0}>>::{closure#0}, ()>::{closure#0}
[INFO] [stdout]                                at /opt/rustwide/cargo-home/registry/src/index.crates.io-1949cf8c6b5b557f/tokio-1.18.1/src/runtime/basic_scheduler.rs:564:57
[INFO] [stdout]   47:     0x617524f5edfd - <tokio[40440fc26beeed18]::macros::scoped_tls::ScopedKey<tokio[40440fc26beeed18]::runtime::basic_scheduler::Context>>::set::<<tokio[40440fc26beeed18]::runtime::basic_scheduler::CoreGuard>::enter<<tokio[40440fc26beeed18]::runtime::basic_scheduler::CoreGuard>::block_on<core[df12db4294e9bfd3]::pin::Pin<&mut <tokio[40440fc26beeed18]::task::local::LocalSet>::run_until<lib[48beec35bb7e4ed6]::controllers::api::animes::index::test_get::{closure#0}>::{closure#0}>>::{closure#0}, ()>::{closure#0}, (alloc[2182bb758b4b3781]::boxed::Box<tokio[40440fc26beeed18]::runtime::basic_scheduler::Core>, ())>
[INFO] [stdout]                                at /opt/rustwide/cargo-home/registry/src/index.crates.io-1949cf8c6b5b557f/tokio-1.18.1/src/macros/scoped_tls.rs:61:9
[INFO] [stdout]   48:     0x617524f2c37c - <tokio[40440fc26beeed18]::runtime::basic_scheduler::CoreGuard>::enter::<<tokio[40440fc26beeed18]::runtime::basic_scheduler::CoreGuard>::block_on<core[df12db4294e9bfd3]::pin::Pin<&mut <tokio[40440fc26beeed18]::task::local::LocalSet>::run_until<lib[48beec35bb7e4ed6]::controllers::api::animes::index::test_get::{closure#0}>::{closure#0}>>::{closure#0}, ()>
[INFO] [stdout]                                at /opt/rustwide/cargo-home/registry/src/index.crates.io-1949cf8c6b5b557f/tokio-1.18.1/src/runtime/basic_scheduler.rs:564:35
[INFO] [stdout]   49:     0x617524f2c745 - <tokio[40440fc26beeed18]::runtime::basic_scheduler::CoreGuard>::block_on::<core[df12db4294e9bfd3]::pin::Pin<&mut <tokio[40440fc26beeed18]::task::local::LocalSet>::run_until<lib[48beec35bb7e4ed6]::controllers::api::animes::index::test_get::{closure#0}>::{closure#0}>>
[INFO] [stdout]                                at /opt/rustwide/cargo-home/registry/src/index.crates.io-1949cf8c6b5b557f/tokio-1.18.1/src/runtime/basic_scheduler.rs:497:14
[INFO] [stdout]   50:     0x617524f27a21 - <tokio[40440fc26beeed18]::runtime::basic_scheduler::BasicScheduler>::block_on::<<tokio[40440fc26beeed18]::task::local::LocalSet>::run_until<lib[48beec35bb7e4ed6]::controllers::api::animes::index::test_get::{closure#0}>::{closure#0}>
[INFO] [stdout]                                at /opt/rustwide/cargo-home/registry/src/index.crates.io-1949cf8c6b5b557f/tokio-1.18.1/src/runtime/basic_scheduler.rs:173:29
[INFO] [stdout]   51:     0x617524f4803b - <tokio[40440fc26beeed18]::runtime::Runtime>::block_on::<<tokio[40440fc26beeed18]::task::local::LocalSet>::run_until<lib[48beec35bb7e4ed6]::controllers::api::animes::index::test_get::{closure#0}>::{closure#0}>
[INFO] [stdout]                                at /opt/rustwide/cargo-home/registry/src/index.crates.io-1949cf8c6b5b557f/tokio-1.18.1/src/runtime/mod.rs:475:51
[INFO] [stdout]   52:     0x617524f38cd6 - <tokio[40440fc26beeed18]::task::local::LocalSet>::block_on::<lib[48beec35bb7e4ed6]::controllers::api::animes::index::test_get::{closure#0}>
[INFO] [stdout]                                at /opt/rustwide/cargo-home/registry/src/index.crates.io-1949cf8c6b5b557f/tokio-1.18.1/src/task/local.rs:473:12
[INFO] [stdout]   53:     0x617524f3855a - <actix_rt[5d62f13bbc3369aa]::runtime::Runtime>::block_on::<lib[48beec35bb7e4ed6]::controllers::api::animes::index::test_get::{closure#0}>
[INFO] [stdout]                                at /opt/rustwide/cargo-home/registry/src/index.crates.io-1949cf8c6b5b557f/actix-rt-2.7.0/src/runtime.rs:80:20
[INFO] [stdout]   54:     0x617524f556ac - <actix_rt[5d62f13bbc3369aa]::system::SystemRunner>::block_on::<lib[48beec35bb7e4ed6]::controllers::api::animes::index::test_get::{closure#0}>
[INFO] [stdout]                                at /opt/rustwide/cargo-home/registry/src/index.crates.io-1949cf8c6b5b557f/actix-rt-2.7.0/src/system.rs:209:17
[INFO] [stdout]   55:     0x617524f3fffb - lib[48beec35bb7e4ed6]::controllers::api::animes::index::test_get
[INFO] [stdout]                                at /opt/rustwide/workdir/tests/controllers/api/animes/index.rs:39:1
[INFO] [stdout]   56:     0x617524f3e4a7 - lib[48beec35bb7e4ed6]::controllers::api::animes::index::test_get::{closure#0}
[INFO] [stdout]                                at /opt/rustwide/workdir/tests/controllers/api/animes/index.rs:38:10
[INFO] [stdout]   57:     0x617524f381f6 - <lib[48beec35bb7e4ed6]::controllers::api::animes::index::test_get::{closure#0} as core[df12db4294e9bfd3]::ops::function::FnOnce<()>>::call_once
[INFO] [stdout]                                at /rustc/dfb0accb7f508ae8be965d8629557221c889dd98/library/core/src/ops/function.rs:250:5
[INFO] [stdout]   58:     0x617524f691ab - <fn() -> core[df12db4294e9bfd3]::result::Result<(), alloc[2182bb758b4b3781]::string::String> as core[df12db4294e9bfd3]::ops::function::FnOnce<()>>::call_once
[INFO] [stdout]                                at /rustc/dfb0accb7f508ae8be965d8629557221c889dd98/library/core/src/ops/function.rs:250:5
[INFO] [stdout]   59:     0x617524f691ab - test[9d35eded1c95d3be]::__rust_begin_short_backtrace::<core[df12db4294e9bfd3]::result::Result<(), alloc[2182bb758b4b3781]::string::String>, fn() -> core[df12db4294e9bfd3]::result::Result<(), alloc[2182bb758b4b3781]::string::String>>
[INFO] [stdout]                                at /rustc/dfb0accb7f508ae8be965d8629557221c889dd98/library/test/src/lib.rs:733:18
[INFO] [stdout]   60:     0x617524f76815 - test[9d35eded1c95d3be]::run_test_in_process::{closure#0}
[INFO] [stdout]                                at /rustc/dfb0accb7f508ae8be965d8629557221c889dd98/library/test/src/lib.rs:756:74
[INFO] [stdout]   61:     0x617524f76815 - <core[df12db4294e9bfd3]::panic::unwind_safe::AssertUnwindSafe<test[9d35eded1c95d3be]::run_test_in_process::{closure#0}> as core[df12db4294e9bfd3]::ops::function::FnOnce<()>>::call_once
[INFO] [stdout]                                at /rustc/dfb0accb7f508ae8be965d8629557221c889dd98/library/core/src/panic/unwind_safe.rs:275:9
[INFO] [stdout]   62:     0x617524f76815 - std[70759c8f55707aa4]::panicking::catch_unwind::do_call::<core[df12db4294e9bfd3]::panic::unwind_safe::AssertUnwindSafe<test[9d35eded1c95d3be]::run_test_in_process::{closure#0}>, core[df12db4294e9bfd3]::result::Result<(), alloc[2182bb758b4b3781]::string::String>>
[INFO] [stdout]                                at /rustc/dfb0accb7f508ae8be965d8629557221c889dd98/library/std/src/panicking.rs:576:43
[INFO] [stdout]   63:     0x617524f76815 - std[70759c8f55707aa4]::panicking::catch_unwind::<core[df12db4294e9bfd3]::result::Result<(), alloc[2182bb758b4b3781]::string::String>, core[df12db4294e9bfd3]::panic::unwind_safe::AssertUnwindSafe<test[9d35eded1c95d3be]::run_test_in_process::{closure#0}>>
[INFO] [stdout]                                at /rustc/dfb0accb7f508ae8be965d8629557221c889dd98/library/std/src/panicking.rs:544:19
[INFO] [stdout]   64:     0x617524f76815 - std[70759c8f55707aa4]::panic::catch_unwind::<core[df12db4294e9bfd3]::panic::unwind_safe::AssertUnwindSafe<test[9d35eded1c95d3be]::run_test_in_process::{closure#0}>, core[df12db4294e9bfd3]::result::Result<(), alloc[2182bb758b4b3781]::string::String>>
[INFO] [stdout]                                at /rustc/dfb0accb7f508ae8be965d8629557221c889dd98/library/std/src/panic.rs:359:14
[INFO] [stdout]   65:     0x617524f76815 - test[9d35eded1c95d3be]::run_test_in_process
[INFO] [stdout]                                at /rustc/dfb0accb7f508ae8be965d8629557221c889dd98/library/test/src/lib.rs:756:27
[INFO] [stdout]   66:     0x617524f76815 - test[9d35eded1c95d3be]::run_test::{closure#0}
[INFO] [stdout]                                at /rustc/dfb0accb7f508ae8be965d8629557221c889dd98/library/test/src/lib.rs:677:43
[INFO] [stdout]   67:     0x617524f700d4 - test[9d35eded1c95d3be]::run_test::{closure#1}
[INFO] [stdout]                                at /rustc/dfb0accb7f508ae8be965d8629557221c889dd98/library/test/src/lib.rs:707:41
[INFO] [stdout]   68:     0x617524f700d4 - std[70759c8f55707aa4]::sys::backtrace::__rust_begin_short_backtrace::<test[9d35eded1c95d3be]::run_test::{closure#1}, ()>
[INFO] [stdout]                                at /rustc/dfb0accb7f508ae8be965d8629557221c889dd98/library/std/src/sys/backtrace.rs:166:18
[INFO] [stdout]   69:     0x617524f79972 - std[70759c8f55707aa4]::thread::lifecycle::spawn_unchecked::<test[9d35eded1c95d3be]::run_test::{closure#1}, ()>::{closure#1}::{closure#0}
[INFO] [stdout]                                at /rustc/dfb0accb7f508ae8be965d8629557221c889dd98/library/std/src/thread/lifecycle.rs:70:13
[INFO] [stdout]   70:     0x617524f79972 - <core[df12db4294e9bfd3]::panic::unwind_safe::AssertUnwindSafe<std[70759c8f55707aa4]::thread::lifecycle::spawn_unchecked<test[9d35eded1c95d3be]::run_test::{closure#1}, ()>::{closure#1}::{closure#0}> as core[df12db4294e9bfd3]::ops::function::FnOnce<()>>::call_once
[INFO] [stdout]                                at /rustc/dfb0accb7f508ae8be965d8629557221c889dd98/library/core/src/panic/unwind_safe.rs:275:9
[INFO] [stdout]   71:     0x617524f79972 - std[70759c8f55707aa4]::panicking::catch_unwind::do_call::<core[df12db4294e9bfd3]::panic::unwind_safe::AssertUnwindSafe<std[70759c8f55707aa4]::thread::lifecycle::spawn_unchecked<test[9d35eded1c95d3be]::run_test::{closure#1}, ()>::{closure#1}::{closure#0}>, ()>
[INFO] [stdout]                                at /rustc/dfb0accb7f508ae8be965d8629557221c889dd98/library/std/src/panicking.rs:576:43
[INFO] [stdout]   72:     0x617524f79972 - std[70759c8f55707aa4]::panicking::catch_unwind::<(), core[df12db4294e9bfd3]::panic::unwind_safe::AssertUnwindSafe<std[70759c8f55707aa4]::thread::lifecycle::spawn_unchecked<test[9d35eded1c95d3be]::run_test::{closure#1}, ()>::{closure#1}::{closure#0}>>
[INFO] [stdout]                                at /rustc/dfb0accb7f508ae8be965d8629557221c889dd98/library/std/src/panicking.rs:544:19
[INFO] [stdout]   73:     0x617524f79972 - std[70759c8f55707aa4]::panic::catch_unwind::<core[df12db4294e9bfd3]::panic::unwind_safe::AssertUnwindSafe<std[70759c8f55707aa4]::thread::lifecycle::spawn_unchecked<test[9d35eded1c95d3be]::run_test::{closure#1}, ()>::{closure#1}::{closure#0}>, ()>
[INFO] [stdout]                                at /rustc/dfb0accb7f508ae8be965d8629557221c889dd98/library/std/src/panic.rs:359:14
[INFO] [stdout]   74:     0x617524f79972 - std[70759c8f55707aa4]::thread::lifecycle::spawn_unchecked::<test[9d35eded1c95d3be]::run_test::{closure#1}, ()>::{closure#1}
[INFO] [stdout]                                at /rustc/dfb0accb7f508ae8be965d8629557221c889dd98/library/std/src/thread/lifecycle.rs:68:26
[INFO] [stdout]   75:     0x617524f79972 - <std[70759c8f55707aa4]::thread::lifecycle::spawn_unchecked<test[9d35eded1c95d3be]::run_test::{closure#1}, ()>::{closure#1} as core[df12db4294e9bfd3]::ops::function::FnOnce<()>>::call_once::{shim:vtable#0}
[INFO] [stdout]                                at /rustc/dfb0accb7f508ae8be965d8629557221c889dd98/library/core/src/ops/function.rs:250:5
[INFO] [stdout]   76:     0x61752579fbf9 - <alloc[2182bb758b4b3781]::boxed::Box<dyn core[df12db4294e9bfd3]::ops::function::FnOnce<(), Output = ()> + core[df12db4294e9bfd3]::marker::Send> as core[df12db4294e9bfd3]::ops::function::FnOnce<()>>::call_once
[INFO] [stdout]                                at /rustc/dfb0accb7f508ae8be965d8629557221c889dd98/library/alloc/src/boxed.rs:2320:9
[INFO] [stdout]   77:     0x61752579fbf9 - <std[70759c8f55707aa4]::sys::thread::unix::Thread>::new::thread_start
[INFO] [stdout]                                at /rustc/dfb0accb7f508ae8be965d8629557221c889dd98/library/std/src/sys/thread/unix.rs:123:17
[INFO] [stdout]   78:     0x7a177f674dfa - <unknown>
[INFO] [stdout]   79:     0x7a177f7083d4 - clone
[INFO] [stdout]   80:                0x0 - <unknown>
[INFO] [stdout] 
[INFO] [stdout] 
[INFO] [stdout] failures:
[INFO] [stdout]     controllers::api::animes::index::test_get
[INFO] [stdout]     controllers::api::animes::index::test_get_empty
[INFO] [stdout] 
[INFO] [stdout] test result: FAILED. 5 passed; 2 failed; 0 ignored; 0 measured; 0 filtered out; finished in 0.15s
[INFO] [stdout] 
[INFO] [stderr] error: test failed, to rerun pass `--test lib`
[INFO] running `Command { std: "docker" "inspect" "f02e27c513069f0d9a8eda250b8828cd503620b0c6f0d0f6f84ac1e248658331", kill_on_drop: false }`
[INFO] running `Command { std: "docker" "rm" "-f" "f02e27c513069f0d9a8eda250b8828cd503620b0c6f0d0f6f84ac1e248658331", kill_on_drop: false }`
[INFO] [stdout] f02e27c513069f0d9a8eda250b8828cd503620b0c6f0d0f6f84ac1e248658331
