[INFO] fetching crate pezcumulus-pezpallet-session-benchmarking 9.0.0...
[INFO] testing pezcumulus-pezpallet-session-benchmarking-9.0.0 against 1.100.0-beta.1 for beta-1.100-2
[INFO] extracting crate pezcumulus-pezpallet-session-benchmarking 9.0.0 into /workspace/builds/worker-0-tc2/source
[INFO] started tweaking crates.io crate pezcumulus-pezpallet-session-benchmarking 9.0.0
[INFO] finished tweaking crates.io crate pezcumulus-pezpallet-session-benchmarking 9.0.0
[INFO] tweaked toml for crates.io crate pezcumulus-pezpallet-session-benchmarking 9.0.0 written to /workspace/builds/worker-0-tc2/source/Cargo.toml
[INFO] validating manifest of crates.io crate pezcumulus-pezpallet-session-benchmarking 9.0.0 on toolchain 1.100.0-beta.1
[INFO] running `Command { std: CARGO_HOME="/workspace/cargo-home" RUSTUP_HOME="/workspace/rustup-home" "/workspace/cargo-home/bin/cargo" "+1.100.0-beta.1" "metadata" "--manifest-path" "Cargo.toml" "--no-deps", kill_on_drop: false }`
[INFO] crate crates.io crate pezcumulus-pezpallet-session-benchmarking 9.0.0 already has a lockfile, it will not be regenerated
[INFO] running `Command { std: CARGO_HOME="/workspace/cargo-home" RUSTUP_HOME="/workspace/rustup-home" "/workspace/cargo-home/bin/cargo" "+1.100.0-beta.1" "fetch" "--manifest-path" "Cargo.toml", kill_on_drop: false }`
[INFO] [stderr] warning: Cargo.toml: `lints.clippy.borrowed-box` is deprecated in favor of `lints.clippy.borrowed_box` and will not work in a future edition
[INFO] [stderr] warning: Cargo.toml: `lints.clippy.extra-unused-type-parameters` is deprecated in favor of `lints.clippy.extra_unused_type_parameters` and will not work in a future edition
[INFO] [stderr] warning: Cargo.toml: `lints.clippy.identity-op` is deprecated in favor of `lints.clippy.identity_op` and will not work in a future edition
[INFO] [stderr] warning: Cargo.toml: `lints.clippy.if-same-then-else` is deprecated in favor of `lints.clippy.if_same_then_else` and will not work in a future edition
[INFO] [stderr] warning: Cargo.toml: `lints.clippy.needless-lifetimes` is deprecated in favor of `lints.clippy.needless_lifetimes` and will not work in a future edition
[INFO] [stderr] warning: Cargo.toml: `lints.clippy.nonminimal-bool` is deprecated in favor of `lints.clippy.nonminimal_bool` and will not work in a future edition
[INFO] [stderr] warning: Cargo.toml: `lints.clippy.option-map-unit-fn` is deprecated in favor of `lints.clippy.option_map_unit_fn` and will not work in a future edition
[INFO] [stderr] warning: Cargo.toml: `lints.clippy.too-many-arguments` is deprecated in favor of `lints.clippy.too_many_arguments` and will not work in a future edition
[INFO] [stderr] warning: Cargo.toml: `lints.clippy.zero-prefixed-literal` is deprecated in favor of `lints.clippy.zero_prefixed_literal` and will not work in a future edition
[INFO] [stderr] warning: `pezcumulus-pezpallet-session-benchmarking` (manifest) generated 9 warnings
[INFO] [stderr]     Blocking waiting for file lock on package cache
[INFO] [stderr]     Blocking waiting for file lock on package cache
[ERROR] error running command: no output for 300 seconds
[INFO] testing pezcumulus-pezpallet-session-benchmarking-9.0.0 against 1.100.0-beta.1 for beta-1.100-2
[INFO] extracting crate pezcumulus-pezpallet-session-benchmarking 9.0.0 into /workspace/builds/worker-0-tc2/source
[INFO] started tweaking crates.io crate pezcumulus-pezpallet-session-benchmarking 9.0.0
[INFO] finished tweaking crates.io crate pezcumulus-pezpallet-session-benchmarking 9.0.0
[INFO] tweaked toml for crates.io crate pezcumulus-pezpallet-session-benchmarking 9.0.0 written to /workspace/builds/worker-0-tc2/source/Cargo.toml
[INFO] validating manifest of crates.io crate pezcumulus-pezpallet-session-benchmarking 9.0.0 on toolchain 1.100.0-beta.1
[INFO] running `Command { std: CARGO_HOME="/workspace/cargo-home" RUSTUP_HOME="/workspace/rustup-home" "/workspace/cargo-home/bin/cargo" "+1.100.0-beta.1" "metadata" "--manifest-path" "Cargo.toml" "--no-deps", kill_on_drop: false }`
[INFO] crate crates.io crate pezcumulus-pezpallet-session-benchmarking 9.0.0 already has a lockfile, it will not be regenerated
[INFO] running `Command { std: CARGO_HOME="/workspace/cargo-home" RUSTUP_HOME="/workspace/rustup-home" "/workspace/cargo-home/bin/cargo" "+1.100.0-beta.1" "fetch" "--manifest-path" "Cargo.toml", kill_on_drop: false }`
[INFO] [stderr] warning: Cargo.toml: `lints.clippy.borrowed-box` is deprecated in favor of `lints.clippy.borrowed_box` and will not work in a future edition
[INFO] [stderr] warning: Cargo.toml: `lints.clippy.extra-unused-type-parameters` is deprecated in favor of `lints.clippy.extra_unused_type_parameters` and will not work in a future edition
[INFO] [stderr] warning: Cargo.toml: `lints.clippy.identity-op` is deprecated in favor of `lints.clippy.identity_op` and will not work in a future edition
[INFO] [stderr] warning: Cargo.toml: `lints.clippy.if-same-then-else` is deprecated in favor of `lints.clippy.if_same_then_else` and will not work in a future edition
[INFO] [stderr] warning: Cargo.toml: `lints.clippy.needless-lifetimes` is deprecated in favor of `lints.clippy.needless_lifetimes` and will not work in a future edition
[INFO] [stderr] warning: Cargo.toml: `lints.clippy.nonminimal-bool` is deprecated in favor of `lints.clippy.nonminimal_bool` and will not work in a future edition
[INFO] [stderr] warning: Cargo.toml: `lints.clippy.option-map-unit-fn` is deprecated in favor of `lints.clippy.option_map_unit_fn` and will not work in a future edition
[INFO] [stderr] warning: Cargo.toml: `lints.clippy.too-many-arguments` is deprecated in favor of `lints.clippy.too_many_arguments` and will not work in a future edition
[INFO] [stderr] warning: Cargo.toml: `lints.clippy.zero-prefixed-literal` is deprecated in favor of `lints.clippy.zero_prefixed_literal` and will not work in a future edition
[INFO] [stderr] warning: `pezcumulus-pezpallet-session-benchmarking` (manifest) generated 9 warnings
[INFO] [stderr]     Blocking waiting for file lock on package cache
[INFO] [stderr]     Blocking waiting for file lock on package cache
[INFO] [stderr]  Downloading crates ...
[INFO] [stderr]   Downloaded simple-mermaid v0.1.1
[INFO] [stderr]   Downloaded tuplex v0.1.2
[INFO] [stderr]   Downloaded ref-cast v1.0.25
[INFO] [stderr]   Downloaded scale-info v2.11.6
[INFO] [stderr]   Downloaded pezsp-storage v19.0.0
[INFO] [stderr]   Downloaded bizinikiwi-bip39 v0.4.7
[INFO] [stderr]   Downloaded wasmtime-internal-versioned-export-macros v37.0.3
[INFO] [stderr]   Downloaded environmental v1.1.4
[INFO] [stderr]   Downloaded hash-db v0.16.0
[INFO] [stderr]   Downloaded pezsp-crypto-hashing v0.1.0
[INFO] [stderr]   Downloaded scale-info-derive v2.11.6
[INFO] [stderr]   Downloaded itoa v1.0.16
[INFO] [stderr]   Downloaded ref-cast-impl v1.0.25
[INFO] [stderr]   Downloaded pezsp-debug-derive v14.0.0
[INFO] [stderr]   Downloaded const_format_proc_macros v0.2.34
[INFO] [stderr]   Downloaded dyn-clone v1.0.20
[INFO] [stderr]   Downloaded array-bytes v6.2.3
[INFO] [stderr]   Downloaded zmij v0.1.7
[INFO] [stderr]   Downloaded integer-sqrt v0.1.5
[INFO] [stderr]   Downloaded docify v0.2.9
[INFO] [stderr]   Downloaded trie-root v0.18.0
[INFO] [stderr]   Downloaded pezsp-externalities v0.25.0
[INFO] [stderr]   Downloaded secrecy v0.8.0
[INFO] [stderr]   Downloaded primitive-types v0.13.1
[INFO] [stderr]   Downloaded impl-codec v0.7.1
[INFO] [stderr]   Downloaded blake2b_simd v1.0.3
[INFO] [stderr]   Downloaded libsecp256k1-gen-genmult v0.3.0
[INFO] [stderr]   Downloaded hash256-std-hasher v0.15.2
[INFO] [stderr]   Downloaded w3f-plonk-common v0.0.2
[INFO] [stderr]   Downloaded ark-ed-on-bls12-381-bandersnatch v0.5.0
[INFO] [stderr]   Downloaded parity-scale-codec-derive v3.7.5
[INFO] [stderr]   Downloaded pulley-macros v37.0.3
[INFO] [stderr]   Downloaded docify_macros v0.2.9
[INFO] [stderr]   Downloaded common-path v1.0.0
[INFO] [stderr]   Downloaded libsecp256k1-gen-ecmult v0.3.0
[INFO] [stderr]   Downloaded ark-transcript v0.0.3
[INFO] [stderr]   Downloaded memory-db v0.34.0
[INFO] [stderr]   Downloaded polkavm-derive-impl-macro v0.26.0
[INFO] [stderr]   Downloaded wasmtime-internal-math v37.0.3
[INFO] [stderr]   Downloaded pezsp-std v14.0.0
[INFO] [stderr]   Downloaded serdect v0.2.0
[INFO] [stderr]   Downloaded polkavm-derive v0.26.0
[INFO] [stderr]   Downloaded pezsp-tracing v16.0.0
[INFO] [stderr]   Downloaded proc-macro-crate v3.4.0
[INFO] [stderr]   Downloaded pezsp-weights v27.0.0
[INFO] [stderr]   Downloaded impl-num-traits v0.2.0
[INFO] [stderr]   Downloaded bounded-collections v0.3.2
[INFO] [stderr]   Downloaded schnellru v0.2.4
[INFO] [stderr]   Downloaded getrandom_or_panic v0.0.3
[INFO] [stderr]   Downloaded file-guard v0.2.0
[INFO] [stderr]   Downloaded toml_datetime v0.7.5+spec-1.1.0
[INFO] [stderr]   Downloaded impl-trait-for-tuples v0.2.3
[INFO] [stderr]   Downloaded derive-syn-parse v0.2.0
[INFO] [stderr]   Downloaded uint v0.10.0
[INFO] [stderr]   Downloaded pezsp-ss58-registry v1.52.0
[INFO] [stderr]   Downloaded libsecp256k1-core v0.3.0
[INFO] [stderr]   Downloaded base64ct v1.8.1
[INFO] [stderr]   Downloaded ed25519-zebra v4.1.0
[INFO] [stderr]   Downloaded password-hash v0.5.0
[INFO] [stderr]   Downloaded hex-conservative v0.2.2
[INFO] [stderr]   Downloaded w3f-ring-proof v0.0.2
[INFO] [stderr]   Downloaded w3f-pcs v0.0.2
[INFO] [stderr]   Downloaded pezsp-io v30.0.0
[INFO] [stderr]   Downloaded polkavm-derive-impl v0.26.0
[INFO] [stderr]   Downloaded toml_parser v1.0.6+spec-1.1.0
[INFO] [stderr]   Downloaded pezsp-arithmetic v23.0.0
[INFO] [stderr]   Downloaded cc v1.2.50
[INFO] [stderr]   Downloaded bitflags v2.10.0
[INFO] [stderr]   Downloaded libsecp256k1 v0.7.2
[INFO] [stderr]   Downloaded bitcoin_hashes v0.14.1
[INFO] [stderr]   Downloaded polkavm-common v0.26.0
[INFO] [stderr]   Downloaded libm v0.2.15
[INFO] [stderr]   Downloaded expander v2.2.1
[INFO] [stderr]   Downloaded pezsp-version-proc-macro v13.0.0
[INFO] [stderr]   Downloaded pezframe-support-procedural-tools-derive v11.0.0
[INFO] [stderr]   Downloaded parity-scale-codec v3.7.5
[INFO] [stderr]   Downloaded schemars v1.1.0
[INFO] [stderr]   Downloaded jam-codec-derive v0.1.1
[INFO] [stderr]   Downloaded pezsp-trie v29.0.0
[INFO] [stderr]   Downloaded impl-serde v0.5.0
[INFO] [stderr]   Downloaded w3f-bls v0.1.9
[INFO] [stderr]   Downloaded time-core v0.1.6
[INFO] [stderr]   Downloaded pezsp-state-machine v0.35.0
[INFO] [stderr]   Downloaded const_format v0.2.35
[INFO] [stderr]   Downloaded bytes v1.11.0
[INFO] [stderr]   Downloaded derive_more-impl v1.0.0
[INFO] [stderr]   Downloaded zerocopy-derive v0.8.31
[INFO] [stderr]   Downloaded jam-codec v0.1.1
[INFO] [stderr]   Downloaded schnorrkel v0.11.5
[INFO] [stderr]   Downloaded wasmtime-internal-jit-icache-coherence v37.0.3
[INFO] [stderr]   Downloaded fs-err v2.11.0
[INFO] [stderr]   Downloaded macro_magic_core v0.5.1
[INFO] [stderr]   Downloaded toml_edit v0.23.10+spec-1.0.0
[INFO] [stderr]   Downloaded trie-db v0.30.0
[INFO] [stderr]   Downloaded pezsp-core v28.0.0
[INFO] [stderr]   Downloaded bip39 v2.2.2
[INFO] [stderr]   Downloaded const-random-macro v0.1.16
[INFO] [stderr]   Downloaded indexmap v2.12.1
[INFO] [stderr]   Downloaded serde_json v1.0.147
[INFO] [stderr]   Downloaded itertools v0.11.0
[INFO] [stderr]   Downloaded time v0.3.44
[INFO] [stderr]   Downloaded regex v1.12.2
[INFO] [stderr]   Downloaded secp256k1 v0.28.2
[INFO] [stderr]   Downloaded winnow v0.7.14
[INFO] [stderr]   Downloaded pezsp-runtime-interface-proc-macro v17.0.0
[INFO] [stderr]   Downloaded macro_magic v0.5.1
[INFO] [stderr]   Downloaded deranged v0.5.5
[INFO] [stderr]   Downloaded pezsp-panic-handler v13.0.0
[INFO] [stderr]   Downloaded pezsp-wasm-interface v20.0.0
[INFO] [stderr]   Downloaded wasmtime-internal-jit-debug v37.0.3
[INFO] [stderr]   Downloaded embedded-io v0.6.1
[INFO] [stderr]   Downloaded cranelift-bitset v0.124.3
[INFO] [stderr]   Downloaded proc-macro-warning v1.84.1
[INFO] [stderr]   Downloaded pezsp-crypto-hashing-proc-macro v0.1.0
[INFO] [stderr]   Downloaded pezsp-genesis-builder v0.8.0
[INFO] [stderr]   Downloaded macro_magic_core_macros v0.5.1
[INFO] [stderr]   Downloaded linregress v0.5.4
[INFO] [stderr]   Downloaded pezsp-keystore v0.34.0
[INFO] [stderr]   Downloaded pezsp-session v27.0.0
[INFO] [stderr]   Downloaded syn v2.0.111
[INFO] [stderr]   Downloaded zerocopy v0.8.31
[INFO] [stderr]   Downloaded cobs v0.3.0
[INFO] [stderr]   Downloaded pezsp-application-crypto v30.0.0
[INFO] [stderr]   Downloaded tt-call v1.0.9
[INFO] [stderr]   Downloaded macro_magic_macros v0.5.1
[INFO] [stderr]   Downloaded wasmtime-internal-asm-macros v37.0.3
[INFO] [stderr]   Downloaded target-lexicon v0.13.4
[INFO] [stderr]   Downloaded thiserror v2.0.17
[INFO] [stderr]   Downloaded thiserror-impl v2.0.17
[INFO] [stderr]   Downloaded cranelift-entity v0.124.3
[INFO] [stderr]   Downloaded pezsp-staking v26.0.0
[INFO] [stderr]   Downloaded pezsp-api v26.0.0
[INFO] [stderr]   Downloaded pezsp-metadata-ir v0.6.0
[INFO] [stderr]   Downloaded pezsp-api-proc-macro v15.0.0
[INFO] [stderr]   Downloaded pezframe-support-procedural-tools v10.0.0
[INFO] [stderr]   Downloaded const-random v0.1.18
[INFO] [stderr]   Downloaded tiny-keccak v2.0.2
[INFO] [stderr]   Downloaded cfg-expr v0.15.8
[INFO] [stderr]   Downloaded regex-syntax v0.8.8
[INFO] [stderr]   Downloaded time-macros v0.2.24
[INFO] [stderr]   Downloaded pezsp-runtime-interface v24.0.0
[INFO] [stderr]   Downloaded wasmtime-internal-fiber v37.0.3
[INFO] [stderr]   Downloaded postcard v1.1.3
[INFO] [stderr]   Downloaded ark-bls12-381 v0.4.0
[INFO] [stderr]   Downloaded pezpallet-session v28.0.0
[INFO] [stderr]   Downloaded pezsp-version v29.0.0
[INFO] [stderr]   Downloaded pezpallet-timestamp v27.0.0
[INFO] [stderr]   Downloaded pezsp-timestamp v26.0.0
[INFO] [stderr]   Downloaded pezsp-inherents v26.0.0
[INFO] [stderr]   Downloaded bytemuck v1.24.0
[INFO] [stderr]   Downloaded pezpallet-balances v28.0.0
[INFO] [stderr]   Downloaded embedded-io v0.4.0
[INFO] [stderr]   Downloaded parity-wasm v0.45.0
[INFO] [stderr]   Downloaded pezframe-benchmarking v28.0.0
[INFO] [stderr]   Downloaded pulley-interpreter v37.0.3
[INFO] [stderr]   Downloaded bumpalo v3.19.1
[INFO] [stderr]   Downloaded ark-bls12-381 v0.5.0
[INFO] [stderr]   Downloaded tracing-subscriber v0.3.22
[INFO] [stderr]   Downloaded pezframe-system v28.0.0
[INFO] [stderr]   Downloaded pez-binary-merkle-tree v14.0.1
[INFO] [stderr]   Downloaded regex-automata v0.4.13
[INFO] [stderr]   Downloaded pezframe-support-procedural v23.0.0
[INFO] [stderr]   Downloaded wasmtime-environ v37.0.3
[INFO] [stderr]   Downloaded wasmparser v0.239.0
[INFO] [stderr]   Downloaded libc v0.2.178
[INFO] [stderr]   Downloaded frame-metadata v23.0.1
[INFO] [stderr]   Downloaded pezframe-support v28.0.0
[INFO] [stderr]   Downloaded ark-vrf v0.1.1
[INFO] [stderr]   Downloaded rustix v1.1.3
[INFO] [stderr]   Downloaded pezsp-runtime v31.0.1
[INFO] [stderr]   Downloaded wasmtime v37.0.3
[INFO] [stderr]   Downloaded derive_more v1.0.0
[INFO] [stderr]   Downloaded secp256k1-sys v0.9.2
[INFO] [stderr]   Downloaded aquamarine v0.5.0
[INFO] running `Command { std: "docker" "create" "-v" "/var/lib/crater-agent-workspace/builds/worker-0-tc2/source:/opt/rustwide/workdir:ro,Z" "-v" "/var/lib/crater-agent-workspace/builds/worker-0-tc2/target:/opt/rustwide/target:rw,Z" "-v" "/var/lib/crater-agent-workspace/cargo-home:/opt/rustwide/cargo-home:ro,Z" "-v" "/var/lib/crater-agent-workspace/rustup-home:/opt/rustwide/rustup-home:ro,Z" "-m" "1610612736" "--network" "none" "ghcr.io/rust-lang/crates-build-env/linux@sha256:3111399a4047eeb3a02b7a90e478d715f38a8c6669b5c4b49d30a17385265909" "sleep" "infinity", kill_on_drop: false }`
[INFO] [stdout] d73a3f25bbb40f166613c5b97b6ed13048fa4dfae9018a92ed87c58dfe4afa13
[INFO] running `Command { std: "docker" "start" "d73a3f25bbb40f166613c5b97b6ed13048fa4dfae9018a92ed87c58dfe4afa13", kill_on_drop: false }`
[INFO] running `Command { std: "docker" "inspect" "d73a3f25bbb40f166613c5b97b6ed13048fa4dfae9018a92ed87c58dfe4afa13", kill_on_drop: false }`
[INFO] running `Command { std: "docker" "exec" "-e" "SOURCE_DIR=/opt/rustwide/workdir" "-e" "CARGO_HOME=/opt/rustwide/cargo-home" "-e" "RUSTUP_HOME=/opt/rustwide/rustup-home" "-e" "CARGO_TARGET_DIR=/opt/rustwide/target" "-w" "/opt/rustwide/workdir" "--user" "0:0" "d73a3f25bbb40f166613c5b97b6ed13048fa4dfae9018a92ed87c58dfe4afa13" "/opt/rustwide/cargo-home/bin/cargo" "+1.100.0-beta.1" "metadata" "--no-deps" "--format-version=1", kill_on_drop: false }`
[INFO] running `Command { std: "docker" "inspect" "d73a3f25bbb40f166613c5b97b6ed13048fa4dfae9018a92ed87c58dfe4afa13", kill_on_drop: false }`
[INFO] running `Command { std: "docker" "exec" "-e" "SOURCE_DIR=/opt/rustwide/workdir" "-e" "CARGO_HOME=/opt/rustwide/cargo-home" "-e" "RUSTUP_HOME=/opt/rustwide/rustup-home" "-e" "CARGO_TARGET_DIR=/opt/rustwide/target" "-e" "CARGO_INCREMENTAL=0" "-e" "RUST_BACKTRACE=full" "-e" "RUSTFLAGS=--cap-lints=warn" "-e" "RUSTDOCFLAGS=--cap-lints=warn" "-w" "/opt/rustwide/workdir" "--user" "0:0" "d73a3f25bbb40f166613c5b97b6ed13048fa4dfae9018a92ed87c58dfe4afa13" "/opt/rustwide/cargo-home/bin/cargo" "+1.100.0-beta.1" "build" "--frozen" "--message-format=json", kill_on_drop: false }`
[INFO] [stderr] warning: Cargo.toml: `lints.clippy.borrowed-box` is deprecated in favor of `lints.clippy.borrowed_box` and will not work in a future edition
[INFO] [stderr] warning: Cargo.toml: `lints.clippy.extra-unused-type-parameters` is deprecated in favor of `lints.clippy.extra_unused_type_parameters` and will not work in a future edition
[INFO] [stderr] warning: Cargo.toml: `lints.clippy.identity-op` is deprecated in favor of `lints.clippy.identity_op` and will not work in a future edition
[INFO] [stderr] warning: Cargo.toml: `lints.clippy.if-same-then-else` is deprecated in favor of `lints.clippy.if_same_then_else` and will not work in a future edition
[INFO] [stderr] warning: Cargo.toml: `lints.clippy.needless-lifetimes` is deprecated in favor of `lints.clippy.needless_lifetimes` and will not work in a future edition
[INFO] [stderr] warning: Cargo.toml: `lints.clippy.nonminimal-bool` is deprecated in favor of `lints.clippy.nonminimal_bool` and will not work in a future edition
[INFO] [stderr] warning: Cargo.toml: `lints.clippy.option-map-unit-fn` is deprecated in favor of `lints.clippy.option_map_unit_fn` and will not work in a future edition
[INFO] [stderr] warning: Cargo.toml: `lints.clippy.too-many-arguments` is deprecated in favor of `lints.clippy.too_many_arguments` and will not work in a future edition
[INFO] [stderr] warning: Cargo.toml: `lints.clippy.zero-prefixed-literal` is deprecated in favor of `lints.clippy.zero_prefixed_literal` and will not work in a future edition
[INFO] [stderr] warning: `pezcumulus-pezpallet-session-benchmarking` (manifest) generated 9 warnings
[INFO] [stderr]    Compiling proc-macro2 v1.0.103
[INFO] [stderr]    Compiling unicode-ident v1.0.22
[INFO] [stderr]    Compiling quote v1.0.42
[INFO] [stderr]    Compiling version_check v0.9.5
[INFO] [stderr]    Compiling typenum v1.19.0
[INFO] [stderr]    Compiling libc v0.2.178
[INFO] [stderr]    Compiling winnow v0.7.14
[INFO] [stderr]    Compiling hashbrown v0.16.1
[INFO] [stderr]    Compiling serde_core v1.0.228
[INFO] [stderr]    Compiling rustversion v1.0.22
[INFO] [stderr]    Compiling generic-array v0.14.7
[INFO] [stderr]    Compiling toml_datetime v0.7.5+spec-1.1.0
[INFO] [stderr]    Compiling subtle v2.6.1
[INFO] [stderr]    Compiling autocfg v1.5.0
[INFO] [stderr]    Compiling serde v1.0.228
[INFO] [stderr]    Compiling syn v2.0.111
[INFO] [stderr]    Compiling indexmap v2.12.1
[INFO] [stderr]    Compiling arrayvec v0.7.6
[INFO] [stderr]    Compiling const-oid v0.9.6
[INFO] [stderr]    Compiling unicode-xid v0.2.6
[INFO] [stderr]    Compiling zerocopy v0.8.31
[INFO] [stderr]    Compiling regex-syntax v0.8.8
[INFO] [stderr]    Compiling const_format_proc_macros v0.2.34
[INFO] [stderr]    Compiling getrandom v0.2.16
[INFO] [stderr]    Compiling once_cell v1.21.3
[INFO] [stderr]    Compiling rand_core v0.6.4
[INFO] [stderr]    Compiling byte-slice-cast v1.2.3
[INFO] [stderr]    Compiling toml_parser v1.0.6+spec-1.1.0
[INFO] [stderr]    Compiling const_format v0.2.35
[INFO] [stderr]    Compiling parity-scale-codec v3.7.5
[INFO] [stderr]    Compiling crunchy v0.2.4
[INFO] [stderr]    Compiling memchr v2.7.6
[INFO] [stderr]    Compiling toml_edit v0.23.10+spec-1.0.0
[INFO] [stderr]    Compiling bytes v1.11.0
[INFO] [stderr]    Compiling aho-corasick v1.1.4
[INFO] [stderr]    Compiling proc-macro-crate v3.4.0
[INFO] [stderr]    Compiling ppv-lite86 v0.2.21
[INFO] [stderr]    Compiling num-traits v0.2.19
[INFO] [stderr]    Compiling rand_chacha v0.3.1
[INFO] [stderr]    Compiling cpufeatures v0.2.17
[INFO] [stderr]    Compiling static_assertions v1.1.0
[INFO] [stderr]    Compiling byteorder v1.5.0
[INFO] [stderr]    Compiling itoa v1.0.16
[INFO] [stderr]    Compiling log v0.4.29
[INFO] [stderr]    Compiling rand v0.8.5
[INFO] [stderr]    Compiling keccak v0.1.5
[INFO] [stderr]    Compiling regex-automata v0.4.13
[INFO] [stderr]    Compiling crypto-common v0.1.7
[INFO] [stderr]    Compiling block-buffer v0.10.4
[INFO] [stderr]    Compiling semver v1.0.27
[INFO] [stderr]    Compiling digest v0.10.7
[INFO] [stderr]    Compiling pin-project-lite v0.2.16
[INFO] [stderr]    Compiling smallvec v1.15.1
[INFO] [stderr]    Compiling rustc_version v0.4.1
[INFO] [stderr]    Compiling digest v0.9.0
[INFO] [stderr]    Compiling constant_time_eq v0.3.1
[INFO] [stderr]    Compiling libsecp256k1-core v0.3.0
[INFO] [stderr]    Compiling tracing-core v0.1.36
[INFO] [stderr]    Compiling zmij v0.1.7
[INFO] [stderr]    Compiling shlex v1.3.0
[INFO] [stderr]    Compiling curve25519-dalek v4.1.3
[INFO] [stderr]    Compiling base16ct v0.2.0
[INFO] [stderr]    Compiling paste v1.0.15
[INFO] [stderr]    Compiling serde_json v1.0.147
[INFO] [stderr]    Compiling ref-cast v1.0.25
[INFO] [stderr]    Compiling find-msvc-tools v0.1.5
[INFO] [stderr]    Compiling integer-sqrt v0.1.5
[INFO] [stderr]    Compiling cc v1.2.50
[INFO] [stderr]    Compiling ff v0.13.1
[INFO] [stderr]    Compiling jam-codec v0.1.1
[INFO] [stderr]    Compiling hash-db v0.16.0
[INFO] [stderr]    Compiling futures-core v0.3.31
[INFO] [stderr]    Compiling either v1.15.0
[INFO] [stderr]    Compiling futures-sink v0.3.31
[INFO] [stderr]    Compiling prettyplease v0.2.37
[INFO] [stderr]    Compiling futures-channel v0.3.31
[INFO] [stderr]    Compiling libsecp256k1-gen-ecmult v0.3.0
[INFO] [stderr]    Compiling libsecp256k1-gen-genmult v0.3.0
[INFO] [stderr]    Compiling group v0.13.0
[INFO] [stderr]    Compiling fs-err v2.11.0
[INFO] [stderr]    Compiling futures-io v0.3.31
[INFO] [stderr]    Compiling allocator-api2 v0.2.21
[INFO] [stderr]    Compiling base64ct v1.8.1
[INFO] [stderr]    Compiling futures-task v0.3.31
[INFO] [stderr]    Compiling hex v0.4.3
[INFO] [stderr]    Compiling rustc-hex v2.1.0
[INFO] [stderr]    Compiling foldhash v0.1.5
[INFO] [stderr]    Compiling slab v0.4.11
[INFO] [stderr]    Compiling parking_lot_core v0.9.12
[INFO] [stderr]    Compiling toml_write v0.1.2
[INFO] [stderr]    Compiling uint v0.10.0
[INFO] [stderr]    Compiling serde_derive v1.0.228
[INFO] [stderr]    Compiling zeroize_derive v1.4.2
[INFO] [stderr]    Compiling impl-trait-for-tuples v0.2.3
[INFO] [stderr]    Compiling parity-scale-codec-derive v3.7.5
[INFO] [stderr]    Compiling zeroize v1.8.2
[INFO] [stderr]    Compiling regex v1.12.2
[INFO] [stderr]    Compiling derive_more-impl v1.0.0
[INFO] [stderr]    Compiling Inflector v0.11.4
[INFO] [stderr]    Compiling scale-info-derive v2.11.6
[INFO] [stderr]    Compiling sha2 v0.10.9
[INFO] [stderr]    Compiling der v0.7.10
[INFO] [stderr]    Compiling signature v2.2.0
[INFO] [stderr]    Compiling derive-syn-parse v0.2.0
[INFO] [stderr]    Compiling curve25519-dalek-derive v0.1.1
[INFO] [stderr]    Compiling hmac v0.12.1
[INFO] [stderr]    Compiling ref-cast-impl v1.0.25
[INFO] [stderr]    Compiling derive_more v1.0.0
[INFO] [stderr]    Compiling pezsp-debug-derive v14.0.0
[INFO] [stderr]    Compiling tracing-attributes v0.1.31
[INFO] [stderr]    Compiling crypto-bigint v0.5.5
[INFO] [stderr]    Compiling secp256k1-sys v0.9.2
[INFO] [stderr]    Compiling jam-codec-derive v0.1.1
[INFO] [stderr]    Compiling spki v0.7.3
[INFO] [stderr]    Compiling pkcs8 v0.10.2
[INFO] [stderr]    Compiling futures-macro v0.3.31
[INFO] [stderr]    Compiling tracing v0.1.44
[INFO] [stderr]    Compiling futures-util v0.3.31
[INFO] [stderr]    Compiling rfc6979 v0.4.0
[INFO] [stderr]    Compiling ed25519 v2.2.3
[INFO] [stderr]    Compiling block-buffer v0.9.0
[INFO] [stderr]    Compiling merlin v3.0.0
[INFO] [stderr]    Compiling hashbrown v0.15.5
[INFO] [stderr]    Compiling impl-serde v0.5.0
[INFO] [stderr]    Compiling serdect v0.2.0
[INFO] [stderr]    Compiling sec1 v0.7.3
[INFO] [stderr]    Compiling toml_datetime v0.6.11
[INFO] [stderr]    Compiling serde_spanned v0.6.9
[INFO] [stderr]    Compiling elliptic-curve v0.13.8
[INFO] [stderr]    Compiling toml_edit v0.22.27
[INFO] [stderr]    Compiling pezsp-ss58-registry v1.52.0
[INFO] [stderr]    Compiling scale-info v2.11.6
[INFO] [stderr]    Compiling pezsp-storage v19.0.0
[INFO] [stderr]    Compiling tinyvec v1.10.0
[INFO] [stderr]    Compiling password-hash v0.5.0
[INFO] [stderr]    Compiling libsecp256k1 v0.7.2
[INFO] [stderr]    Compiling getrandom_or_panic v0.0.3
[INFO] [stderr]    Compiling serde_bytes v0.11.19
[INFO] [stderr]    Compiling num_cpus v1.17.0
[INFO] [stderr]    Compiling hex-conservative v0.2.2
[INFO] [stderr]    Compiling expander v2.2.1
[INFO] [stderr]    Compiling environmental v1.1.4
[INFO] [stderr]    Compiling opaque-debug v0.3.1
[INFO] [stderr]    Compiling scopeguard v1.2.0
[INFO] [stderr]    Compiling thiserror v1.0.69
[INFO] [stderr]    Compiling same-file v1.0.6
[INFO] [stderr]    Compiling getrandom v0.3.4
[INFO] [stderr]    Compiling walkdir v2.5.0
[INFO] [stderr]    Compiling bounded-collections v0.3.2
[INFO] [stderr]    Compiling lock_api v0.4.14
[INFO] [stderr]    Compiling sha2 v0.9.9
[INFO] [stderr]    Compiling pezsp-externalities v0.25.0
[INFO] [stderr]    Compiling futures-executor v0.3.31
[INFO] [stderr]    Compiling bitcoin_hashes v0.14.1
[INFO] [stderr]    Compiling schnorrkel v0.11.5
[INFO] [stderr]    Compiling pbkdf2 v0.12.2
[INFO] [stderr]    Compiling unicode-normalization v0.1.25
[INFO] [stderr]    Compiling ecdsa v0.16.9
[INFO] [stderr]    Compiling impl-codec v0.7.1
[INFO] [stderr]    Compiling toml v0.8.23
[INFO] [stderr]    Compiling sha3 v0.10.8
[INFO] [stderr]    Compiling twox-hash v1.6.3
[INFO] [stderr]    Compiling thiserror-impl v1.0.69
[INFO] [stderr]    Compiling impl-num-traits v0.2.0
[INFO] [stderr]    Compiling fixed-hash v0.8.0
[INFO] [stderr]    Compiling itertools v0.11.0
[INFO] [stderr]    Compiling blake2b_simd v1.0.3
[INFO] [stderr]    Compiling blake2 v0.10.6
[INFO] [stderr]    Compiling num-format v0.4.4
[INFO] [stderr]    Compiling file-guard v0.2.0
[INFO] [stderr]    Compiling ahash v0.8.12
[INFO] [stderr]    Compiling termcolor v1.4.1
[INFO] [stderr]    Compiling pezsp-std v14.0.0
[INFO] [stderr]    Compiling common-path v1.0.0
[INFO] [stderr]    Compiling base64 v0.22.1
[INFO] [stderr]    Compiling powerfmt v0.2.0
[INFO] [stderr]    Compiling object v0.37.3
[INFO] [stderr]    Compiling docify_macros v0.2.9
[INFO] [stderr]    Compiling deranged v0.5.5
[INFO] [stderr]    Compiling pezsp-crypto-hashing v0.1.0
[INFO] [stderr]    Compiling primitive-types v0.13.1
[INFO] [stderr]    Compiling bip39 v2.2.2
[INFO] [stderr]    Compiling bizinikiwi-bip39 v0.4.7
[INFO] [stderr]    Compiling k256 v0.13.4
[INFO] [stderr]    Compiling parking_lot v0.12.5
[INFO] [stderr]    Compiling secp256k1 v0.28.2
[INFO] [stderr]    Compiling futures v0.3.31
[INFO] [stderr]    Compiling ed25519-zebra v4.1.0
[INFO] [stderr]    Compiling secrecy v0.8.0
[INFO] [stderr]    Compiling hash256-std-hasher v0.15.2
[INFO] [stderr]    Compiling array-bytes v6.2.3
[INFO] [stderr]    Compiling adler2 v2.0.1
[INFO] [stderr]    Compiling gimli v0.32.3
[INFO] [stderr]    Compiling bs58 v0.5.1
[INFO] [stderr]    Compiling dyn-clone v1.0.20
[INFO] [stderr]    Compiling time-core v0.1.6
[INFO] [stderr]    Compiling bitflags v1.3.2
[INFO] [stderr]    Compiling num-conv v0.1.0
[INFO] [stderr]    Compiling miniz_oxide v0.8.9
[INFO] [stderr]    Compiling docify v0.2.9
[INFO] [stderr]    Compiling time v0.3.44
[INFO] [stderr]    Compiling matchers v0.2.0
[INFO] [stderr]    Compiling tracing-log v0.2.0
[INFO] [stderr]    Compiling thread_local v1.1.9
[INFO] [stderr]    Compiling rustc-demangle v0.1.26
[INFO] [stderr]    Compiling hashbrown v0.13.2
[INFO] [stderr]    Compiling memory-db v0.34.0
[INFO] [stderr]    Compiling trie-db v0.30.0
[INFO] [stderr]    Compiling trie-root v0.18.0
[INFO] [stderr]    Compiling nohash-hasher v0.2.0
[INFO] [stdout] error[E0277]: a value of type `!` cannot be built from an iterator over elements of type `()`
[INFO] [stdout]    --> /opt/rustwide/cargo-home/registry/src/index.crates.io-1949cf8c6b5b557f/trie-db-0.30.0/src/node.rs:231:18
[INFO] [stdout]     |
[INFO] [stdout] 231 |                         .collect::<Result<_, _, _>>()?;
[INFO] [stdout]     |                          -------   ^^^^^^^^^^^^^^^ value of type `!` cannot be built from `std::iter::Iterator<Item=()>`
[INFO] [stdout]     |                          |
[INFO] [stdout]     |                          required by a bound introduced by this call
[INFO] [stdout]     |
[INFO] [stdout]     = help: the trait `FromIterator<()>` is not implemented for `!`
[INFO] [stdout] help: the trait `FromIterator<std::result::Result<T, E>>` is conditionally implemented for `std::result::Result<V, E>`
[INFO] [stdout]    --> /rustc/e3feeb59cd1bdd011a2bfcc0747b55125d9b8527/library/core/src/result.rs:2114:14
[INFO] [stdout]     |
[INFO] [stdout]     = note: unsatisfied requirement introduced here: `!: FromIterator<()>`
[INFO] [stdout]     = note: this error might have been caused by changes to Rust's type-inference algorithm (see issue #148922 <https://github.com/rust-lang/rust/issues/148922> for more information)
[INFO] [stdout]     = help: you might have intended to use the type `()` here instead
[INFO] [stdout]     = note: required for `Result<!, Box<TrieError<<<L as TrieLayout>::Hash as Hasher>::Out, _>>>` to implement `FromIterator<Result<(), Box<TrieError<<_ as Hasher>::Out, _>>>>`
[INFO] [stdout] note: required by a bound in `collect`
[INFO] [stdout]    --> /rustc/e3feeb59cd1bdd011a2bfcc0747b55125d9b8527/library/core/src/iter/traits/iterator.rs:2087:4
[INFO] [stdout]     = note: the full name for the type has been written to '/opt/rustwide/target/debug/build/trie-db/f526929962f0b5dc/out/trie_db-f526929962f0b5dc.long-type-759513314607881735.txt'
[INFO] [stdout]     = note: consider using `--verbose` to print the full type name to the console
[INFO] [stdout] 
[INFO] [stdout] 
[INFO] [stdout] error[E0277]: a value of type `!` cannot be built from an iterator over elements of type `()`
[INFO] [stdout]    --> /opt/rustwide/cargo-home/registry/src/index.crates.io-1949cf8c6b5b557f/trie-db-0.30.0/src/node.rs:259:18
[INFO] [stdout]     |
[INFO] [stdout] 259 |                         .collect::<Result<_, _, _>>()?;
[INFO] [stdout]     |                          -------   ^^^^^^^^^^^^^^^ value of type `!` cannot be built from `std::iter::Iterator<Item=()>`
[INFO] [stdout]     |                          |
[INFO] [stdout]     |                          required by a bound introduced by this call
[INFO] [stdout]     |
[INFO] [stdout]     = help: the trait `FromIterator<()>` is not implemented for `!`
[INFO] [stdout] help: the trait `FromIterator<std::result::Result<T, E>>` is conditionally implemented for `std::result::Result<V, E>`
[INFO] [stdout]    --> /rustc/e3feeb59cd1bdd011a2bfcc0747b55125d9b8527/library/core/src/result.rs:2114:14
[INFO] [stdout]     |
[INFO] [stdout]     = note: unsatisfied requirement introduced here: `!: FromIterator<()>`
[INFO] [stdout]     = note: this error might have been caused by changes to Rust's type-inference algorithm (see issue #148922 <https://github.com/rust-lang/rust/issues/148922> for more information)
[INFO] [stdout]     = help: you might have intended to use the type `()` here instead
[INFO] [stdout]     = note: required for `Result<!, Box<TrieError<<<L as TrieLayout>::Hash as Hasher>::Out, _>>>` to implement `FromIterator<Result<(), Box<TrieError<<_ as Hasher>::Out, _>>>>`
[INFO] [stdout] note: required by a bound in `collect`
[INFO] [stdout]    --> /rustc/e3feeb59cd1bdd011a2bfcc0747b55125d9b8527/library/core/src/iter/traits/iterator.rs:2087:4
[INFO] [stdout]     = note: the full name for the type has been written to '/opt/rustwide/target/debug/build/trie-db/f526929962f0b5dc/out/trie_db-f526929962f0b5dc.long-type-759513314607881735.txt'
[INFO] [stdout]     = note: consider using `--verbose` to print the full type name to the console
[INFO] [stdout] 
[INFO] [stdout] 
[INFO] [stderr]    Compiling pezsp-runtime-interface-proc-macro v17.0.0
[INFO] [stderr]    Compiling schnellru v0.2.4
[INFO] [stderr]    Compiling tracing-subscriber v0.3.22
[INFO] [stderr]    Compiling pezsp-wasm-interface v20.0.0
[INFO] [stderr]    Compiling pezsp-io v30.0.0
[INFO] [stderr]    Compiling ed25519-dalek v2.2.0
[INFO] [stderr]    Compiling pezsp-arithmetic v23.0.0
[INFO] [stderr]    Compiling tiny-keccak v2.0.2
[INFO] [stdout] For more information about this error, try `rustc --explain E0277`.
[INFO] [stdout] 
[INFO] [stderr]    Compiling pez-binary-merkle-tree v14.0.1
[INFO] [stderr] error: could not compile `trie-db` (lib) due to 2 previous errors
[INFO] [stderr] warning: build failed, waiting for other jobs to finish...
[INFO] running `Command { std: "docker" "inspect" "d73a3f25bbb40f166613c5b97b6ed13048fa4dfae9018a92ed87c58dfe4afa13", kill_on_drop: false }`
[INFO] running `Command { std: "docker" "rm" "-f" "d73a3f25bbb40f166613c5b97b6ed13048fa4dfae9018a92ed87c58dfe4afa13", kill_on_drop: false }`
[INFO] [stdout] d73a3f25bbb40f166613c5b97b6ed13048fa4dfae9018a92ed87c58dfe4afa13
