[INFO] fetching crate drasi-source-kubernetes 0.1.10...
[INFO] testing drasi-source-kubernetes-0.1.10 against 1.100.0-beta.1 for beta-1.100-2
[INFO] extracting crate drasi-source-kubernetes 0.1.10 into /workspace/builds/worker-7-tc2/source
[INFO] started tweaking crates.io crate drasi-source-kubernetes 0.1.10
[INFO] removed 0 missing tests
[INFO] finished tweaking crates.io crate drasi-source-kubernetes 0.1.10
[INFO] tweaked toml for crates.io crate drasi-source-kubernetes 0.1.10 written to /workspace/builds/worker-7-tc2/source/Cargo.toml
[INFO] validating manifest of crates.io crate drasi-source-kubernetes 0.1.10 on toolchain 1.100.0-beta.1
[INFO] running `Command { std: CARGO_HOME="/workspace/cargo-home" RUSTUP_HOME="/workspace/rustup-home" "/workspace/cargo-home/bin/cargo" "+1.100.0-beta.1" "metadata" "--manifest-path" "Cargo.toml" "--no-deps", kill_on_drop: false }`
[INFO] crate crates.io crate drasi-source-kubernetes 0.1.10 already has a lockfile, it will not be regenerated
[INFO] running `Command { std: CARGO_HOME="/workspace/cargo-home" RUSTUP_HOME="/workspace/rustup-home" "/workspace/cargo-home/bin/cargo" "+1.100.0-beta.1" "fetch" "--manifest-path" "Cargo.toml", kill_on_drop: false }`
[INFO] [stderr]     Blocking waiting for file lock on package cache
[INFO] [stderr]     Blocking waiting for file lock on package cache
[ERROR] error running command: no output for 300 seconds
[INFO] testing drasi-source-kubernetes-0.1.10 against 1.100.0-beta.1 for beta-1.100-2
[INFO] extracting crate drasi-source-kubernetes 0.1.10 into /workspace/builds/worker-7-tc2/source
[INFO] started tweaking crates.io crate drasi-source-kubernetes 0.1.10
[INFO] removed 0 missing tests
[INFO] finished tweaking crates.io crate drasi-source-kubernetes 0.1.10
[INFO] tweaked toml for crates.io crate drasi-source-kubernetes 0.1.10 written to /workspace/builds/worker-7-tc2/source/Cargo.toml
[INFO] validating manifest of crates.io crate drasi-source-kubernetes 0.1.10 on toolchain 1.100.0-beta.1
[INFO] running `Command { std: CARGO_HOME="/workspace/cargo-home" RUSTUP_HOME="/workspace/rustup-home" "/workspace/cargo-home/bin/cargo" "+1.100.0-beta.1" "metadata" "--manifest-path" "Cargo.toml" "--no-deps", kill_on_drop: false }`
[INFO] crate crates.io crate drasi-source-kubernetes 0.1.10 already has a lockfile, it will not be regenerated
[INFO] running `Command { std: CARGO_HOME="/workspace/cargo-home" RUSTUP_HOME="/workspace/rustup-home" "/workspace/cargo-home/bin/cargo" "+1.100.0-beta.1" "fetch" "--manifest-path" "Cargo.toml", kill_on_drop: false }`
[INFO] [stderr]     Blocking waiting for file lock on package cache
[INFO] [stderr]     Blocking waiting for file lock on package cache
[ERROR] error running command: no output for 300 seconds
[INFO] testing drasi-source-kubernetes-0.1.10 against 1.100.0-beta.1 for beta-1.100-2
[INFO] extracting crate drasi-source-kubernetes 0.1.10 into /workspace/builds/worker-7-tc2/source
[INFO] started tweaking crates.io crate drasi-source-kubernetes 0.1.10
[INFO] removed 0 missing tests
[INFO] finished tweaking crates.io crate drasi-source-kubernetes 0.1.10
[INFO] tweaked toml for crates.io crate drasi-source-kubernetes 0.1.10 written to /workspace/builds/worker-7-tc2/source/Cargo.toml
[INFO] validating manifest of crates.io crate drasi-source-kubernetes 0.1.10 on toolchain 1.100.0-beta.1
[INFO] running `Command { std: CARGO_HOME="/workspace/cargo-home" RUSTUP_HOME="/workspace/rustup-home" "/workspace/cargo-home/bin/cargo" "+1.100.0-beta.1" "metadata" "--manifest-path" "Cargo.toml" "--no-deps", kill_on_drop: false }`
[INFO] crate crates.io crate drasi-source-kubernetes 0.1.10 already has a lockfile, it will not be regenerated
[INFO] running `Command { std: CARGO_HOME="/workspace/cargo-home" RUSTUP_HOME="/workspace/rustup-home" "/workspace/cargo-home/bin/cargo" "+1.100.0-beta.1" "fetch" "--manifest-path" "Cargo.toml", kill_on_drop: false }`
[INFO] [stderr]     Blocking waiting for file lock on package cache
[INFO] [stderr]     Blocking waiting for file lock on package cache
[ERROR] error running command: no output for 300 seconds
[INFO] testing drasi-source-kubernetes-0.1.10 against 1.100.0-beta.1 for beta-1.100-2
[INFO] extracting crate drasi-source-kubernetes 0.1.10 into /workspace/builds/worker-7-tc2/source
[INFO] started tweaking crates.io crate drasi-source-kubernetes 0.1.10
[INFO] removed 0 missing tests
[INFO] finished tweaking crates.io crate drasi-source-kubernetes 0.1.10
[INFO] tweaked toml for crates.io crate drasi-source-kubernetes 0.1.10 written to /workspace/builds/worker-7-tc2/source/Cargo.toml
[INFO] validating manifest of crates.io crate drasi-source-kubernetes 0.1.10 on toolchain 1.100.0-beta.1
[INFO] running `Command { std: CARGO_HOME="/workspace/cargo-home" RUSTUP_HOME="/workspace/rustup-home" "/workspace/cargo-home/bin/cargo" "+1.100.0-beta.1" "metadata" "--manifest-path" "Cargo.toml" "--no-deps", kill_on_drop: false }`
[INFO] crate crates.io crate drasi-source-kubernetes 0.1.10 already has a lockfile, it will not be regenerated
[INFO] running `Command { std: CARGO_HOME="/workspace/cargo-home" RUSTUP_HOME="/workspace/rustup-home" "/workspace/cargo-home/bin/cargo" "+1.100.0-beta.1" "fetch" "--manifest-path" "Cargo.toml", kill_on_drop: false }`
[INFO] [stderr]     Blocking waiting for file lock on package cache
[INFO] [stderr]     Blocking waiting for file lock on package cache
[ERROR] error running command: no output for 300 seconds
[INFO] testing drasi-source-kubernetes-0.1.10 against 1.100.0-beta.1 for beta-1.100-2
[INFO] extracting crate drasi-source-kubernetes 0.1.10 into /workspace/builds/worker-7-tc2/source
[INFO] started tweaking crates.io crate drasi-source-kubernetes 0.1.10
[INFO] removed 0 missing tests
[INFO] finished tweaking crates.io crate drasi-source-kubernetes 0.1.10
[INFO] tweaked toml for crates.io crate drasi-source-kubernetes 0.1.10 written to /workspace/builds/worker-7-tc2/source/Cargo.toml
[INFO] validating manifest of crates.io crate drasi-source-kubernetes 0.1.10 on toolchain 1.100.0-beta.1
[INFO] running `Command { std: CARGO_HOME="/workspace/cargo-home" RUSTUP_HOME="/workspace/rustup-home" "/workspace/cargo-home/bin/cargo" "+1.100.0-beta.1" "metadata" "--manifest-path" "Cargo.toml" "--no-deps", kill_on_drop: false }`
[INFO] crate crates.io crate drasi-source-kubernetes 0.1.10 already has a lockfile, it will not be regenerated
[INFO] running `Command { std: CARGO_HOME="/workspace/cargo-home" RUSTUP_HOME="/workspace/rustup-home" "/workspace/cargo-home/bin/cargo" "+1.100.0-beta.1" "fetch" "--manifest-path" "Cargo.toml", kill_on_drop: false }`
[INFO] [stderr]     Blocking waiting for file lock on package cache
[INFO] [stderr]     Blocking waiting for file lock on package cache
[INFO] [stderr]  Downloading crates ...
[INFO] [stderr]   Downloaded utoipa-gen v4.3.1
[INFO] [stderr]   Downloaded tokio-test v0.4.6
[INFO] [stderr]   Downloaded darling_macro v0.24.1
[INFO] [stderr]   Downloaded ref-cast v1.0.27
[INFO] [stderr]   Downloaded ref-cast-impl v1.0.27
[INFO] [stderr]   Downloaded jiff-tzdb-platform v0.1.3
[INFO] [stderr]   Downloaded jiff-static v0.2.37
[INFO] [stderr]   Downloaded defmt-parser v1.0.0
[INFO] [stderr]   Downloaded parse-display v0.9.1
[INFO] [stderr]   Downloaded structmeta v0.3.0
[INFO] [stderr]   Downloaded structmeta-derive v0.3.0
[INFO] [stderr]   Downloaded etcetera v0.11.0
[INFO] [stderr]   Downloaded utoipa v4.2.3
[INFO] [stderr]   Downloaded serde_with_macros v3.23.0
[INFO] [stderr]   Downloaded darling v0.24.1
[INFO] [stderr]   Downloaded schemars v0.9.0
[INFO] [stderr]   Downloaded portable-atomic-util v0.2.8
[INFO] [stderr]   Downloaded jiff-tzdb v0.1.8
[INFO] [stderr]   Downloaded defmt v1.1.1
[INFO] [stderr]   Downloaded defmt-macros v1.1.1
[INFO] [stderr]   Downloaded parse-display-derive v0.9.1
[INFO] [stderr]   Downloaded docker_credential v1.4.0
[INFO] [stderr]   Downloaded hyper-named-pipe v0.1.1
[INFO] [stderr]   Downloaded tonic-prost v0.14.6
[INFO] [stderr]   Downloaded testcontainers v0.27.3
[INFO] [stderr]   Downloaded darling_core v0.24.1
[INFO] [stderr]   Downloaded schemars v1.2.2
[INFO] [stderr]   Downloaded jiff-core v0.1.1
[INFO] [stderr]   Downloaded ferroid v2.0.0
[INFO] [stderr]   Downloaded bollard v0.20.2
[INFO] [stderr]   Downloaded tonic v0.14.6
[INFO] [stderr]   Downloaded num-iter v0.1.46
[INFO] [stderr]   Downloaded tokio-rustls v0.26.5
[INFO] [stderr]   Downloaded serde_repr v0.1.21
[INFO] [stderr]   Downloaded utf8-zero v0.8.1
[INFO] [stderr]   Downloaded ureq-proto v0.6.4
[INFO] [stderr]   Downloaded prost-types v0.14.4
[INFO] [stderr]   Downloaded serial_test v3.5.0
[INFO] [stderr]   Downloaded serial_test_derive v3.5.0
[INFO] [stderr]   Downloaded prost v0.12.6
[INFO] [stderr]   Downloaded prost-derive v0.12.6
[INFO] [stderr]   Downloaded ordered-float v3.9.2
[INFO] [stderr]   Downloaded kube v0.98.0
[INFO] [stderr]   Downloaded testcontainers-modules v0.15.0
[INFO] [stderr]   Downloaded serde_with v3.23.0
[INFO] [stderr]   Downloaded num-bigint v0.4.8
[INFO] [stderr]   Downloaded bollard-stubs v1.52.1-rc.29.1.3
[INFO] [stderr]   Downloaded bollard-buildkit-proto v0.7.0
[INFO] [stderr]   Downloaded ureq v3.4.2
[INFO] [stderr]   Downloaded astral-tokio-tar v0.6.4
[INFO] [stderr]   Downloaded prost-types v0.12.6
[INFO] [stderr]   Downloaded kube-runtime v0.98.0
[INFO] [stderr]   Downloaded kube-client v0.98.0
[INFO] [stderr]   Downloaded kube-core v0.98.0
[INFO] [stderr]   Downloaded schemars v0.8.22
[INFO] [stderr]   Downloaded schemars_derive v0.8.22
[INFO] [stderr]   Downloaded json-patch v3.0.1
[INFO] [stderr]   Downloaded jsonptr v0.6.3
[INFO] [stderr]   Downloaded jsonpath-rust v0.7.5
[INFO] [stderr]   Downloaded pest_derive v2.9.2
[INFO] [stderr]   Downloaded pest_generator v2.9.2
[INFO] [stderr]   Downloaded pest_meta v2.9.2
[INFO] [stderr]   Downloaded hyper-http-proxy v1.2.0
[INFO] [stderr]   Downloaded headers v0.4.2
[INFO] [stderr]   Downloaded sha1 v0.10.7
[INFO] [stderr]   Downloaded jiff v0.2.37
[INFO] [stderr]   Downloaded pest v2.9.2
[INFO] [stderr]   Downloaded headers-core v0.3.0
[INFO] [stderr]   Downloaded enum-ordinalize v4.4.2
[INFO] [stderr]   Downloaded enum-ordinalize-derive v4.4.2
[INFO] [stderr]   Downloaded backoff v0.4.0
[INFO] [stderr]   Downloaded kube-derive v0.98.0
[INFO] [stderr]   Downloaded env_logger v0.10.2
[INFO] [stderr]   Downloaded hermit-abi v0.5.3
[INFO] [stderr]   Downloaded humantime v2.4.0
[INFO] [stderr]   Downloaded drasi-reaction-application v0.3.13
[INFO] [stderr]   Downloaded rmp-serde v1.3.1
[INFO] [stderr]   Downloaded rmp v0.8.15
[INFO] [stderr]   Downloaded drasi-query-gql v0.3.6
[INFO] [stderr]   Downloaded peg v0.8.6
[INFO] [stderr]   Downloaded drasi-plugin-sdk v0.11.3
[INFO] [stderr]   Downloaded drasi-lib v0.9.3
[INFO] [stderr]   Downloaded k8s-openapi v0.24.0
[INFO] [stderr]   Downloaded peg-runtime v0.8.6
[INFO] [stderr]   Downloaded peg-macros v0.8.6
[INFO] [stderr]   Downloaded drasi-query-ast v0.3.5
[INFO] [stderr]   Downloaded drasi-query-cypher v0.3.6
[INFO] [stderr]   Downloaded drasi-functions-gql v0.5.10
[INFO] [stderr]   Downloaded statistical v1.0.0
[INFO] [stderr]   Downloaded rand_core v0.3.2
[INFO] [stderr]   Downloaded rand_core v0.4.3
[INFO] [stderr]   Downloaded num v0.2.1
[INFO] [stderr]   Downloaded num-rational v0.2.4
[INFO] [stderr]   Downloaded iso8601-duration v0.2.0
[INFO] [stderr]   Downloaded drasi-core v0.5.10
[INFO] [stderr]   Downloaded num-complex v0.2.4
[INFO] [stderr]   Downloaded round v0.1.2
[INFO] [stderr]   Downloaded priority-queue v1.4.0
[INFO] [stderr]   Downloaded opentelemetry v0.20.0
[INFO] [stderr]   Downloaded opentelemetry_sdk v0.20.0
[INFO] [stderr]   Downloaded dateparser v0.2.1
[INFO] [stderr]   Downloaded chrono-tz v0.10.4
[INFO] [stderr]   Downloaded phf_shared v0.12.1
[INFO] [stderr]   Downloaded drasi-ffi-primitives v0.11.3
[INFO] [stderr]   Downloaded phf v0.12.1
[INFO] [stderr]   Downloaded siphasher v1.0.4
[INFO] [stderr]   Downloaded bitvec v1.1.1
[INFO] [stderr]   Downloaded drasi-functions-cypher v0.5.10
[INFO] [stderr]   Downloaded opentelemetry_api v0.20.0
[INFO] [stderr]   Downloaded drasi-bootstrap-kubernetes v0.1.10
[INFO] [stderr]   Downloaded caches v0.2.8
[INFO] [stderr]   Downloaded drasi-kubernetes-common v0.1.9
[INFO] running `Command { std: "docker" "create" "-v" "/var/lib/crater-agent-workspace/builds/worker-7-tc2/source:/opt/rustwide/workdir:ro,Z" "-v" "/var/lib/crater-agent-workspace/builds/worker-7-tc2/target:/opt/rustwide/target:rw,Z" "-v" "/var/lib/crater-agent-workspace/cargo-home:/opt/rustwide/cargo-home:ro,Z" "-v" "/var/lib/crater-agent-workspace/rustup-home:/opt/rustwide/rustup-home:ro,Z" "-m" "1610612736" "--network" "none" "ghcr.io/rust-lang/crates-build-env/linux@sha256:3111399a4047eeb3a02b7a90e478d715f38a8c6669b5c4b49d30a17385265909" "sleep" "infinity", kill_on_drop: false }`
[INFO] [stdout] 6da10a5f5ff40be84b520b8de8c9f953f136dc3a9fddc97d0fee391009e2ba0f
[INFO] running `Command { std: "docker" "start" "6da10a5f5ff40be84b520b8de8c9f953f136dc3a9fddc97d0fee391009e2ba0f", kill_on_drop: false }`
[INFO] running `Command { std: "docker" "inspect" "6da10a5f5ff40be84b520b8de8c9f953f136dc3a9fddc97d0fee391009e2ba0f", kill_on_drop: false }`
[INFO] running `Command { std: "docker" "exec" "-e" "SOURCE_DIR=/opt/rustwide/workdir" "-e" "CARGO_HOME=/opt/rustwide/cargo-home" "-e" "RUSTUP_HOME=/opt/rustwide/rustup-home" "-e" "CARGO_TARGET_DIR=/opt/rustwide/target" "-w" "/opt/rustwide/workdir" "--user" "0:0" "6da10a5f5ff40be84b520b8de8c9f953f136dc3a9fddc97d0fee391009e2ba0f" "/opt/rustwide/cargo-home/bin/cargo" "+1.100.0-beta.1" "metadata" "--no-deps" "--format-version=1", kill_on_drop: false }`
[INFO] running `Command { std: "docker" "inspect" "6da10a5f5ff40be84b520b8de8c9f953f136dc3a9fddc97d0fee391009e2ba0f", kill_on_drop: false }`
[INFO] running `Command { std: "docker" "exec" "-e" "SOURCE_DIR=/opt/rustwide/workdir" "-e" "CARGO_HOME=/opt/rustwide/cargo-home" "-e" "RUSTUP_HOME=/opt/rustwide/rustup-home" "-e" "CARGO_TARGET_DIR=/opt/rustwide/target" "-e" "CARGO_INCREMENTAL=0" "-e" "RUST_BACKTRACE=full" "-e" "RUSTFLAGS=--cap-lints=warn" "-e" "RUSTDOCFLAGS=--cap-lints=warn" "-w" "/opt/rustwide/workdir" "--user" "0:0" "6da10a5f5ff40be84b520b8de8c9f953f136dc3a9fddc97d0fee391009e2ba0f" "/opt/rustwide/cargo-home/bin/cargo" "+1.100.0-beta.1" "build" "--frozen" "--message-format=json", kill_on_drop: false }`
[INFO] [stderr]    Compiling unicode-ident v1.0.26
[INFO] [stderr]    Compiling memchr v2.8.3
[INFO] [stderr]    Compiling cfg-if v1.0.5
[INFO] [stderr]    Compiling serde_core v1.0.229
[INFO] [stderr]    Compiling pin-project-lite v0.2.17
[INFO] [stderr]    Compiling num-traits v0.2.19
[INFO] [stderr]    Compiling itoa v1.0.18
[INFO] [stderr]    Compiling serde v1.0.229
[INFO] [stderr]    Compiling futures-core v0.3.34
[INFO] [stderr]    Compiling bytes v1.12.1
[INFO] [stderr]    Compiling proc-macro2 v1.0.107
[INFO] [stderr]    Compiling once_cell v1.21.4
[INFO] [stderr]    Compiling zmij v1.0.23
[INFO] [stderr]    Compiling getrandom v0.2.17
[INFO] [stderr]    Compiling quote v1.0.47
[INFO] [stderr]    Compiling futures-sink v0.3.34
[INFO] [stderr]    Compiling smallvec v1.16.2
[INFO] [stderr]    Compiling parking_lot_core v0.9.12
[INFO] [stderr]    Compiling syn v3.0.6
[INFO] [stderr]    Compiling syn v2.0.119
[INFO] [stderr]    Compiling serde_json v1.0.151
[INFO] [stderr]    Compiling futures-channel v0.3.34
[INFO] [stderr]    Compiling slab v0.4.12
[INFO] [stderr]    Compiling scopeguard v1.2.0
[INFO] [stderr]    Compiling lock_api v0.4.14
[INFO] [stderr]    Compiling errno v0.3.14
[INFO] [stderr]    Compiling futures-io v0.3.34
[INFO] [stderr]    Compiling log v0.4.34
[INFO] [stderr]    Compiling thiserror v1.0.69
[INFO] [stderr]    Compiling futures-task v0.3.34
[INFO] [stderr]    Compiling signal-hook-registry v1.4.8
[INFO] [stderr]    Compiling parking_lot v0.12.5
[INFO] [stderr]    Compiling mio v1.2.3
[INFO] [stderr]    Compiling socket2 v0.6.5
[INFO] [stderr]    Compiling zerocopy v0.8.59
[INFO] [stderr]    Compiling tracing-core v0.1.36
[INFO] [stderr]    Compiling iana-time-zone v0.1.65
[INFO] [stderr]    Compiling rand_core v0.6.4
[INFO] [stderr]    Compiling autocfg v0.1.8
[INFO] [stderr]    Compiling rand_core v0.4.3
[INFO] [stderr]    Compiling aho-corasick v1.1.5
[INFO] [stderr]    Compiling regex-syntax v0.8.11
[INFO] [stderr]    Compiling find-msvc-tools v0.1.14
[INFO] [stderr]    Compiling percent-encoding v2.3.2
[INFO] [stderr]    Compiling cc v1.5.1
[INFO] [stderr]    Compiling rand_core v0.3.2
[INFO] [stderr]    Compiling http v1.5.0
[INFO] [stderr]    Compiling indexmap v1.9.3
[INFO] [stderr]    Compiling anyhow v1.0.104
[INFO] [stderr]    Compiling zeroize v1.9.0
[INFO] [stderr]    Compiling ring v0.17.14
[INFO] [stderr]    Compiling num-integer v0.1.47
[INFO] [stderr]    Compiling regex-automata v0.4.18
[INFO] [stderr]    Compiling num-bigint v0.2.6
[INFO] [stderr]    Compiling equivalent v1.0.2
[INFO] [stderr]    Compiling crossbeam-utils v0.8.23
[INFO] [stderr]    Compiling hashbrown v0.12.3
[INFO] [stderr]    Compiling rustls-pki-types v1.15.1
[INFO] [stderr]    Compiling http-body v1.1.0
[INFO] [stderr]    Compiling rand_pcg v0.1.2
[INFO] [stderr]    Compiling rand_chacha v0.1.1
[INFO] [stderr]    Compiling num-complex v0.2.4
[INFO] [stderr]    Compiling serde_derive v1.0.229
[INFO] [stderr]    Compiling futures-macro v0.3.34
[INFO] [stderr]    Compiling tokio-macros v2.7.2
[INFO] [stderr]    Compiling async-trait v0.1.92
[INFO] [stderr]    Compiling thiserror-impl v1.0.69
[INFO] [stderr]    Compiling tokio v1.53.1
[INFO] [stderr]    Compiling futures-util v0.3.34
[INFO] [stderr]    Compiling tracing-attributes v0.1.31
[INFO] [stderr]    Compiling ppv-lite86 v0.2.21
[INFO] [stderr]    Compiling rand_chacha v0.3.1
[INFO] [stderr]    Compiling rand v0.8.8
[INFO] [stderr]    Compiling num-rational v0.2.4
[INFO] [stderr]    Compiling thiserror v2.0.21
[INFO] [stderr]    Compiling peg-runtime v0.8.6
[INFO] [stderr]    Compiling hashbrown v0.17.1
[INFO] [stderr]    Compiling httparse v1.10.1
[INFO] [stderr]    Compiling radium v0.7.0
[INFO] [stderr]    Compiling regex v1.13.1
[INFO] [stderr]    Compiling tracing v0.1.44
[INFO] [stderr]    Compiling peg-macros v0.8.6
[INFO] [stderr]    Compiling indexmap v2.14.2
[INFO] [stderr]    Compiling async-stream-impl v0.3.6
[INFO] [stderr]    Compiling thiserror-impl v2.0.21
[INFO] [stderr]    Compiling rand v0.6.5
[INFO] [stderr]    Compiling futures-executor v0.3.34
[INFO] [stderr]    Compiling urlencoding v2.1.3
[INFO] [stderr]    Compiling futures v0.3.34
[INFO] [stderr]    Compiling lazy_static v1.5.0
[INFO] [stderr]    Compiling siphasher v1.0.4
[INFO] [stderr]    Compiling try-lock v0.2.5
[INFO] [stderr]    Compiling ucd-trie v0.1.7
[INFO] [stderr]    Compiling tower-service v0.3.3
[INFO] [stderr]    Compiling untrusted v0.9.0
[INFO] [stderr]    Compiling tap v1.0.1
[INFO] [stderr]    Compiling wyz v0.5.1
[INFO] [stderr]    Compiling pest v2.9.2
[INFO] [stderr]    Compiling peg v0.8.6
[INFO] [stderr]    Compiling phf_shared v0.12.1
[INFO] [stderr]    Compiling want v0.3.1
[INFO] [stderr]    Compiling opentelemetry_api v0.20.0
[INFO] [stderr]    Compiling chrono v0.4.45
[INFO] [stderr]    Compiling drasi-query-ast v0.3.5
[INFO] [stderr]    Compiling ordered-float v3.9.2
[INFO] [stderr]    Compiling crossbeam-channel v0.5.17
[INFO] [stderr]    Compiling async-stream v0.3.6
[INFO] [stderr]    Compiling num-iter v0.1.46
[INFO] [stderr]    Compiling rand_isaac v0.1.1
[INFO] [stderr]    Compiling rand_xorshift v0.1.1
[INFO] [stderr]    Compiling rand_hc v0.1.0
[INFO] [stderr]    Compiling rand_os v0.1.3
[INFO] [stderr]    Compiling rand_jitter v0.1.4
[INFO] [stderr]    Compiling priority-queue v1.4.0
[INFO] [stderr]    Compiling base64 v0.22.1
[INFO] [stderr]    Compiling time-core v0.1.9
[INFO] [stderr]    Compiling num-conv v0.2.2
[INFO] [stderr]    Compiling fnv v1.0.7
[INFO] [stderr]    Compiling atomic-waker v1.1.2
[INFO] [stderr]    Compiling byteorder v1.5.0
[INFO] [stderr]    Compiling chrono-tz v0.10.4
[INFO] [stderr]    Compiling minimal-lexical v0.2.1
[INFO] [stderr]    Compiling rustls v0.23.45
[INFO] [stderr]    Compiling funty v2.0.0
[INFO] [stderr]    Compiling time-macros v0.2.32
[INFO] [stderr]    Compiling fxhash v0.2.1
[INFO] [stderr]    Compiling nom v7.1.3
[INFO] [stderr]    Compiling hyper v1.11.1
[INFO] [stderr]    Compiling bitvec v1.1.1
[INFO] [stderr]    Compiling num v0.2.1
[INFO] [stderr]    Compiling rustls-webpki v0.103.15
[INFO] [stderr]    Compiling pest_meta v2.9.2
[INFO] [stderr]    Compiling opentelemetry_sdk v0.20.0
[INFO] [stderr]    Compiling getrandom v0.4.3
[INFO] [stderr]    Compiling phf v0.12.1
[INFO] [stderr]    Compiling serde_derive_internals v0.29.1
[INFO] [stderr]    Compiling deranged v0.5.8
[INFO] [stderr]    Compiling ordered-float v2.10.1
[INFO] [stderr]    Compiling unsafe-libyaml v0.2.11
[INFO] [stderr]    Compiling powerfmt v0.2.0
[INFO] [stderr]    Compiling ryu v1.0.23
[INFO] [stderr]    Compiling k8s-openapi v0.24.0
[INFO] [stderr]    Compiling schemars v0.8.22
[INFO] [stderr]    Compiling serde-value v0.7.0
[INFO] [stderr]    Compiling caches v0.2.8
[INFO] [stderr]    Compiling schemars_derive v0.8.22
[INFO] [stderr]    Compiling serde_yaml v0.9.34+deprecated
[INFO] [stderr]    Compiling opentelemetry v0.20.0
[INFO] [stderr]    Compiling iso8601-duration v0.2.0
[INFO] [stderr]    Compiling time v0.3.55
[INFO] [stderr]    Compiling uuid v1.26.1
[INFO] [stderr]    Compiling pest_generator v2.9.2
[INFO] [stderr]    Compiling hyper-util v0.1.21
[INFO] [stderr]    Compiling statistical v1.0.0
[INFO] [stderr]    Compiling hashers v1.0.1
[INFO] [stderr]    Compiling tokio-stream v0.1.19
[INFO] [stderr]    Compiling dateparser v0.2.1
[INFO] [stderr]    Compiling drasi-query-cypher v0.3.6
[INFO] [stderr]    Compiling jsonptr v0.6.3
[INFO] [stderr]    Compiling async-recursion v1.1.1
[INFO] [stderr]    Compiling proc-macro-error-attr v1.0.4
[INFO] [stderr]    Compiling approx v0.5.1
[INFO] [stderr]    Compiling syn v1.0.109
[INFO] [stderr]    Compiling dyn-clone v1.0.20
[INFO] [stderr]    Compiling openssl-probe v0.2.1
[INFO] [stderr]    Compiling round v0.1.2
[INFO] [stderr]    Compiling tower-layer v0.3.3
[INFO] [stderr]    Compiling parking v2.2.1
[INFO] [stderr]    Compiling strsim v0.11.1
[INFO] [stderr]    Compiling ident_case v1.0.1
[INFO] [stderr]    Compiling getrandom v0.3.4
[INFO] [stderr]    Compiling darling_core v0.20.11
[INFO] [stderr]    Compiling event-listener v5.4.2
[INFO] [stderr]    Compiling rustls-native-certs v0.8.4
[INFO] [stderr]    Compiling json-patch v3.0.1
[INFO] [stderr]    Compiling pest_derive v2.9.2
[INFO] [stderr]    Compiling tokio-util v0.7.19
[INFO] [stderr]    Compiling enum-ordinalize-derive v4.4.2
[INFO] [stderr]    Compiling form_urlencoded v1.2.2
[INFO] [stderr]    Compiling ahash v0.8.12
[INFO] [stderr]    Compiling proc-macro-error v1.0.4
[INFO] [stderr]    Compiling bitflags v2.13.2
[INFO] [stderr]    Compiling tokio-rustls v0.26.5
[INFO] [stderr]    Compiling sync_wrapper v1.0.2
[INFO] [stderr]    Compiling mime v0.3.17
[INFO] [stderr]    Compiling bitmaps v2.1.0
[INFO] [stderr]    Compiling tower-http v0.6.11
[INFO] [stderr]    Compiling tower v0.5.3
[INFO] [stderr]    Compiling hyper-rustls v0.27.10
[INFO] [stderr]    Compiling enum-ordinalize v4.4.2
[INFO] [stderr]    Compiling jsonpath-rust v0.7.5
[INFO] [stderr]    Compiling event-listener-strategy v0.5.4
[INFO] [stderr]    Compiling hyper-timeout v0.5.2
[INFO] [stderr]    Compiling darling_macro v0.20.11
[INFO] [stderr]    Compiling pem v3.0.6
[INFO] [stderr]    Compiling pin-project-internal v1.1.13
[INFO] [stderr]    Compiling http-body-util v0.1.5
[INFO] [stderr]    Compiling rustls-pemfile v2.2.0
[INFO] [stderr]    Compiling secrecy v0.10.3
[INFO] [stderr]    Compiling im v15.1.0
[INFO] [stderr]    Compiling instant v0.1.13
[INFO] [stderr]    Compiling either v1.18.0
[INFO] [stderr]    Compiling allocator-api2 v0.2.21
[INFO] [stderr]    Compiling foldhash v0.1.5
[INFO] [stderr]    Compiling home v0.5.12
[INFO] [stderr]    Compiling hashbrown v0.15.5
[INFO] [stderr]    Compiling itertools v0.12.1
[INFO] [stderr]    Compiling pin-project v1.1.13
[INFO] [stderr]    Compiling backoff v0.4.0
[INFO] [stderr]    Compiling darling v0.20.11
[INFO] [stderr]    Compiling drasi-core v0.5.10
[INFO] [stderr]    Compiling async-broadcast v0.7.2
[INFO] [stderr]    Compiling educe v0.6.0
[INFO] [stderr]    Compiling sized-chunks v0.6.5
[INFO] [stderr]    Compiling sharded-slab v0.1.7
[INFO] [stderr]    Compiling matchers v0.2.0
[INFO] [stderr]    Compiling rand_xoshiro v0.6.0
[INFO] [stderr]    Compiling tracing-log v0.2.0
[INFO] [stderr]    Compiling rmp v0.8.15
[INFO] [stderr]    Compiling thread_local v1.1.10
[INFO] [stderr]    Compiling hostname v0.4.2
[INFO] [stderr]    Compiling nu-ansi-term v0.50.3
[INFO] [stderr]    Compiling fixedbitset v0.4.2
[INFO] [stderr]    Compiling drasi-plugin-sdk v0.11.3
[INFO] [stderr]    Compiling petgraph v0.6.5
[INFO] [stderr]    Compiling rmp-serde v1.3.1
[INFO] [stderr]    Compiling tracing-subscriber v0.3.23
[INFO] [stderr]    Compiling prost-derive v0.12.6
[INFO] [stderr]    Compiling kube-derive v0.98.0
[INFO] [stderr]    Compiling utoipa-gen v4.3.1
[INFO] [stderr]    Compiling drasi-query-gql v0.3.6
[INFO] [stderr]    Compiling bincode v1.3.3
[INFO] [stderr]    Compiling prost v0.12.6
[INFO] [stderr]    Compiling drasi-ffi-primitives v0.11.3
[INFO] [stderr]    Compiling prost-types v0.12.6
[INFO] [stderr]    Compiling utoipa v4.2.3
[INFO] [stderr]    Compiling drasi-functions-cypher v0.5.10
[INFO] [stderr]    Compiling drasi-functions-gql v0.5.10
[INFO] [stderr]    Compiling drasi-lib v0.9.3
[INFO] [stderr]    Compiling kube-core v0.98.0
[INFO] [stderr]    Compiling kube-client v0.98.0
[INFO] [stderr]    Compiling kube-runtime v0.98.0
[INFO] [stderr]    Compiling kube v0.98.0
[INFO] [stderr]    Compiling drasi-kubernetes-common v0.1.9
[INFO] [stderr]    Compiling drasi-source-kubernetes v0.1.10 (/opt/rustwide/workdir)
[INFO] [stderr] warning: unused dependency `prost-types`
[INFO] [stderr]   --> Cargo.toml:40:15
[INFO] [stderr]    |
[INFO] [stderr] 40 | [dependencies.prost-types]
[INFO] [stderr]    |               ^^^^^^^^^^^^
[INFO] [stderr]    |
[INFO] [stderr]    = note: `cargo::unused_dependencies` is set to `warn` by default
[INFO] [stderr] help: consider removing the dependency on `prost-types`
[INFO] [stderr] warning: `drasi-source-kubernetes` (manifest) generated 1 warning
[INFO] [stderr]     Finished `dev` profile [unoptimized + debuginfo] target(s) in 4m 23s
[INFO] running `Command { std: "docker" "inspect" "6da10a5f5ff40be84b520b8de8c9f953f136dc3a9fddc97d0fee391009e2ba0f", kill_on_drop: false }`
[INFO] running `Command { std: "docker" "exec" "-e" "SOURCE_DIR=/opt/rustwide/workdir" "-e" "CARGO_HOME=/opt/rustwide/cargo-home" "-e" "RUSTUP_HOME=/opt/rustwide/rustup-home" "-e" "CARGO_TARGET_DIR=/opt/rustwide/target" "-e" "CARGO_INCREMENTAL=0" "-e" "RUST_BACKTRACE=full" "-e" "RUSTFLAGS=--cap-lints=warn" "-e" "RUSTDOCFLAGS=--cap-lints=warn" "-w" "/opt/rustwide/workdir" "--user" "0:0" "6da10a5f5ff40be84b520b8de8c9f953f136dc3a9fddc97d0fee391009e2ba0f" "/opt/rustwide/cargo-home/bin/cargo" "+1.100.0-beta.1" "test" "--frozen" "--no-run" "--message-format=json", kill_on_drop: false }`
[INFO] [stderr]    Compiling serde_core v1.0.229
[INFO] [stderr]    Compiling syn v3.0.6
[INFO] [stderr]    Compiling syn v2.0.119
[INFO] [stderr]    Compiling httpdate v1.0.3
[INFO] [stderr]    Compiling rand_core v0.10.1
[INFO] [stderr]    Compiling getrandom v0.4.3
[INFO] [stderr]    Compiling either v1.18.0
[INFO] [stderr]    Compiling stable_deref_trait v1.2.1
[INFO] [stderr]    Compiling num-iter v0.1.46
[INFO] [stderr]    Compiling time-macros v0.2.32
[INFO] [stderr]    Compiling bitflags v2.13.2
[INFO] [stderr]    Compiling getrandom v0.3.4
[INFO] [stderr]    Compiling num v0.2.1
[INFO] [stderr]    Compiling litemap v0.8.3
[INFO] [stderr]    Compiling writeable v0.6.4
[INFO] [stderr]    Compiling statistical v1.0.0
[INFO] [stderr]    Compiling itertools v0.14.0
[INFO] [stderr]    Compiling utf8_iter v1.0.4
[INFO] [stderr]    Compiling icu_properties_data v2.3.0
[INFO] [stderr]    Compiling icu_normalizer_data v2.3.0
[INFO] [stderr]    Compiling axum-core v0.5.6
[INFO] [stderr]    Compiling matchit v0.8.4
[INFO] [stderr]    Compiling base64 v0.23.1
[INFO] [stderr]    Compiling rustix v1.1.5
[INFO] [stderr]    Compiling ureq-proto v0.6.4
[INFO] [stderr]    Compiling utf8-zero v0.8.1
[INFO] [stderr]    Compiling portable-atomic v1.15.0
[INFO] [stderr]    Compiling bollard-buildkit-proto v0.7.0
[INFO] [stderr]    Compiling ureq v3.4.2
[INFO] [stderr]    Compiling ahash v0.8.12
[INFO] [stderr]    Compiling rand_core v0.9.5
[INFO] [stderr]    Compiling itertools v0.12.1
[INFO] [stderr]    Compiling num-bigint v0.4.8
[INFO] [stderr]    Compiling regex-automata v0.4.18
[INFO] [stderr]    Compiling serde_json v1.0.151
[INFO] [stderr]    Compiling indexmap v2.14.2
[INFO] [stderr]    Compiling deranged v0.5.8
[INFO] [stderr]    Compiling synstructure v0.14.0
[INFO] [stderr]    Compiling serde_derive_internals v0.29.1
[INFO] [stderr]    Compiling uuid v1.26.1
[INFO] [stderr]    Compiling pest_generator v2.9.2
[INFO] [stderr]    Compiling darling_core v0.20.11
[INFO] [stderr]    Compiling darling_core v0.24.1
[INFO] [stderr]    Compiling petgraph v0.6.5
[INFO] [stderr]    Compiling tracing-attributes v0.1.31
[INFO] [stderr]    Compiling thiserror-impl v1.0.69
[INFO] [stderr]    Compiling async-stream-impl v0.3.6
[INFO] [stderr]    Compiling serde_derive v1.0.229
[INFO] [stderr]    Compiling tokio-macros v2.7.2
[INFO] [stderr]    Compiling futures-macro v0.3.34
[INFO] [stderr]    Compiling tokio v1.53.1
[INFO] [stderr]    Compiling tracing v0.1.44
[INFO] [stderr]    Compiling async-trait v0.1.92
[INFO] [stderr]    Compiling futures-util v0.3.34
[INFO] [stderr]    Compiling thiserror v1.0.69
[INFO] [stderr]    Compiling zerofrom-derive v0.1.8
[INFO] [stderr]    Compiling yoke-derive v0.8.3
[INFO] [stderr]    Compiling thiserror-impl v2.0.21
[INFO] [stderr]    Compiling async-stream v0.3.6
[INFO] [stderr]    Compiling zerovec-derive v0.11.6
[INFO] [stderr]    Compiling displaydoc v0.2.7
[INFO] [stderr]    Compiling zerofrom v0.1.8
[INFO] [stderr]    Compiling yoke v0.8.3
[INFO] [stderr]    Compiling time v0.3.55
[INFO] [stderr]    Compiling pin-project-internal v1.1.13
[INFO] [stderr]    Compiling zerovec v0.11.8
[INFO] [stderr]    Compiling zerotrie v0.2.5
[INFO] [stderr]    Compiling thiserror v2.0.21
[INFO] [stderr]    Compiling async-recursion v1.1.1
[INFO] [stderr]    Compiling tinystr v0.8.4
[INFO] [stderr]    Compiling potential_utf v0.1.6
[INFO] [stderr]    Compiling icu_collections v2.3.0
[INFO] [stderr]    Compiling serde v1.0.229
[INFO] [stderr]    Compiling icu_locale_core v2.3.0
[INFO] [stderr]    Compiling schemars_derive v0.8.22
[INFO] [stderr]    Compiling pin-project v1.1.13
[INFO] [stderr]    Compiling futures-executor v0.3.34
[INFO] [stderr]    Compiling futures v0.3.34
[INFO] [stderr]    Compiling chrono v0.4.45
[INFO] [stderr]    Compiling ordered-float v3.9.2
[INFO] [stderr]    Compiling drasi-query-ast v0.3.5
[INFO] [stderr]    Compiling opentelemetry_api v0.20.0
[INFO] [stderr]    Compiling drasi-query-cypher v0.3.6
[INFO] [stderr]    Compiling opentelemetry_sdk v0.20.0
[INFO] [stderr]    Compiling serde_yaml v0.9.34+deprecated
[INFO] [stderr]    Compiling icu_provider v2.3.1
[INFO] [stderr]    Compiling serde-value v0.7.0
[INFO] [stderr]    Compiling jsonptr v0.6.3
[INFO] [stderr]    Compiling chrono-tz v0.10.4
[INFO] [stderr]    Compiling dateparser v0.2.1
[INFO] [stderr]    Compiling opentelemetry v0.20.0
[INFO] [stderr]    Compiling prost-derive v0.14.4
[INFO] [stderr]    Compiling k8s-openapi v0.24.0
[INFO] [stderr]    Compiling tokio-util v0.7.19
[INFO] [stderr]    Compiling tokio-stream v0.1.19
[INFO] [stderr]    Compiling tokio-rustls v0.26.5
[INFO] [stderr]    Compiling json-patch v3.0.1
[INFO] [stderr]    Compiling schemars v0.8.22
[INFO] [stderr]    Compiling h2 v0.4.19
[INFO] [stderr]    Compiling tower v0.5.3
[INFO] [stderr]    Compiling prost v0.14.4
[INFO] [stderr]    Compiling enum-ordinalize-derive v4.4.2
[INFO] [stderr]    Compiling pest_derive v2.9.2
[INFO] [stderr]    Compiling enum-ordinalize v4.4.2
[INFO] [stderr]    Compiling icu_properties v2.3.0
[INFO] [stderr]    Compiling jsonpath-rust v0.7.5
[INFO] [stderr]    Compiling axum v0.8.9
[INFO] [stderr]    Compiling icu_normalizer v2.3.0
[INFO] [stderr]    Compiling darling_macro v0.20.11
[INFO] [stderr]    Compiling tower-http v0.6.11
[INFO] [stderr]    Compiling idna_adapter v1.2.2
[INFO] [stderr]    Compiling darling v0.20.11
[INFO] [stderr]    Compiling educe v0.6.0
[INFO] [stderr]    Compiling prost-types v0.14.4
[INFO] [stderr]    Compiling drasi-query-gql v0.3.6
[INFO] [stderr]    Compiling rmp-serde v1.3.1
[INFO] [stderr]    Compiling bincode v1.3.3
[INFO] [stderr]    Compiling darling_macro v0.24.1
[INFO] [stderr]    Compiling tracing-subscriber v0.3.23
[INFO] [stderr]    Compiling utoipa-gen v4.3.1
[INFO] [stderr]    Compiling structmeta-derive v0.3.0
[INFO] [stderr]    Compiling hyper v1.11.1
[INFO] [stderr]    Compiling drasi-core v0.5.10
[INFO] [stderr]    Compiling cpufeatures v0.3.1
[INFO] [stderr]    Compiling chacha20 v0.10.2
[INFO] [stderr]    Compiling structmeta v0.3.0
[INFO] [stderr]    Compiling darling v0.24.1
[INFO] [stderr]    Compiling kube-derive v0.98.0
[INFO] [stderr]    Compiling idna v1.1.0
[INFO] [stderr]    Compiling serde_repr v0.1.21
[INFO] [stderr]    Compiling hyper-util v0.1.21
[INFO] [stderr]    Compiling prost-derive v0.12.6
[INFO] [stderr]    Compiling regex v1.13.1
[INFO] [stderr]    Compiling num-rational v0.4.2
[INFO] [stderr]    Compiling rand_chacha v0.9.0
[INFO] [stderr]    Compiling num-complex v0.4.6
[INFO] [stderr]    Compiling hex v0.4.3
[INFO] [stderr]    Compiling rand v0.9.5
[INFO] [stderr]    Compiling prost v0.12.6
[INFO] [stderr]    Compiling parse-display-derive v0.9.1
[INFO] [stderr]    Compiling num v0.4.3
[INFO] [stderr]    Compiling url v2.5.8
[INFO] [stderr]    Compiling hyper-timeout v0.5.2
[INFO] [stderr]    Compiling hyper-rustls v0.27.10
[INFO] [stderr]    Compiling tonic v0.14.6
[INFO] [stderr]    Compiling hyperlocal v0.9.1
[INFO] [stderr]    Compiling serde_with_macros v3.23.0
[INFO] [stderr]    Compiling rand v0.10.3
[INFO] [stderr]    Compiling utoipa v4.2.3
[INFO] [stderr]    Compiling serde_urlencoded v0.7.1
[INFO] [stderr]    Compiling xattr v1.6.1
[INFO] [stderr]    Compiling rustc-hash v2.1.3
[INFO] [stderr]    Compiling ferroid v2.0.0
[INFO] [stderr]    Compiling serde_with v3.23.0
[INFO] [stderr]    Compiling astral-tokio-tar v0.6.4
[INFO] [stderr]    Compiling parse-display v0.9.1
[INFO] [stderr]    Compiling prost-types v0.12.6
[INFO] [stderr]    Compiling docker_credential v1.4.0
[INFO] [stderr]    Compiling tonic-prost v0.14.6
[INFO] [stderr]    Compiling kube-core v0.98.0
[INFO] [stderr]    Compiling etcetera v0.11.0
[INFO] [stderr]    Compiling serial_test_derive v3.5.0
[INFO] [stderr]    Compiling is-terminal v0.4.17
[INFO] [stderr]    Compiling termcolor v1.4.1
[INFO] [stderr]    Compiling fastrand v2.5.0
[INFO] [stderr]    Compiling humantime v2.4.0
[INFO] [stderr]    Compiling env_logger v0.10.2
[INFO] [stderr]    Compiling tempfile v3.27.0
[INFO] [stderr]    Compiling kube-client v0.98.0
[INFO] [stderr]    Compiling drasi-functions-gql v0.5.10
[INFO] [stderr]    Compiling drasi-functions-cypher v0.5.10
[INFO] [stderr]    Compiling drasi-lib v0.9.3
[INFO] [stderr]    Compiling serial_test v3.5.0
[INFO] [stderr]    Compiling tokio-test v0.4.6
[INFO] [stderr]    Compiling bollard-stubs v1.52.1-rc.29.1.3
[INFO] [stderr]    Compiling kube-runtime v0.98.0
[INFO] [stderr]    Compiling kube v0.98.0
[INFO] [stderr]    Compiling drasi-kubernetes-common v0.1.9
[INFO] [stderr]    Compiling drasi-plugin-sdk v0.11.3
[INFO] [stderr]    Compiling drasi-reaction-application v0.3.13
[INFO] [stderr]    Compiling bollard v0.20.2
[INFO] [stderr]    Compiling drasi-bootstrap-kubernetes v0.1.10
[INFO] [stderr]    Compiling drasi-source-kubernetes v0.1.10 (/opt/rustwide/workdir)
[INFO] [stderr]    Compiling testcontainers v0.27.3
[INFO] [stderr]    Compiling testcontainers-modules v0.15.0
[INFO] [stderr] warning: unused dependency `prost-types`
[INFO] [stderr]   --> Cargo.toml:40:15
[INFO] [stderr]    |
[INFO] [stderr] 40 | [dependencies.prost-types]
[INFO] [stderr]    |               ^^^^^^^^^^^^
[INFO] [stderr]    |
[INFO] [stderr]    = note: `cargo::unused_dependencies` is set to `warn` by default
[INFO] [stderr] help: consider removing the dependency on `prost-types`
[INFO] [stderr] warning: `drasi-source-kubernetes` (manifest) generated 1 warning
[INFO] [stderr]     Finished `test` profile [unoptimized + debuginfo] target(s) in 4m 23s
[INFO] running `Command { std: "docker" "inspect" "6da10a5f5ff40be84b520b8de8c9f953f136dc3a9fddc97d0fee391009e2ba0f", kill_on_drop: false }`
[INFO] running `Command { std: "docker" "exec" "-e" "SOURCE_DIR=/opt/rustwide/workdir" "-e" "CARGO_HOME=/opt/rustwide/cargo-home" "-e" "RUSTUP_HOME=/opt/rustwide/rustup-home" "-e" "CARGO_TARGET_DIR=/opt/rustwide/target" "-e" "CARGO_INCREMENTAL=0" "-e" "RUST_BACKTRACE=full" "-e" "RUSTFLAGS=--cap-lints=warn" "-e" "RUSTDOCFLAGS=--cap-lints=warn" "-w" "/opt/rustwide/workdir" "--user" "0:0" "6da10a5f5ff40be84b520b8de8c9f953f136dc3a9fddc97d0fee391009e2ba0f" "/opt/rustwide/cargo-home/bin/cargo" "+1.100.0-beta.1" "test" "--frozen", kill_on_drop: false }`
[INFO] [stderr] warning: unused dependency `prost-types`
[INFO] [stderr]   --> Cargo.toml:40:15
[INFO] [stderr]    |
[INFO] [stderr] 40 | [dependencies.prost-types]
[INFO] [stderr]    |               ^^^^^^^^^^^^
[INFO] [stderr]    |
[INFO] [stderr]    = note: `cargo::unused_dependencies` is set to `warn` by default
[INFO] [stderr] help: consider removing the dependency on `prost-types`
[INFO] [stderr] warning: `drasi-source-kubernetes` (manifest) generated 1 warning
[INFO] [stderr]     Finished `test` profile [unoptimized + debuginfo] target(s) in 1.03s
[INFO] [stderr]      Running unittests src/lib.rs (/opt/rustwide/target/debug/build/drasi-source-kubernetes/b1d582038920f7c2/out/drasi_source_kubernetes-b1d582038920f7c2)
[INFO] [stdout] 
[INFO] [stdout] running 19 tests
[INFO] [stdout] test tests::test_deployment_replica_counts ... ok
[INFO] [stdout] test tests::test_delete_change_contains_delete_metadata ... ok
[INFO] [stdout] test tests::test_configmap_datakeys_as_list ... ok
[INFO] [stdout] test tests::test_configmap_data_as_object ... ok
[INFO] [stdout] test tests::test_config_validation_requires_resources ... ok
[INFO] [stdout] test tests::test_annotation_filtering ... ok
[INFO] [stdout] test tests::test_insert_change_contains_node_element ... ok
[INFO] [stdout] test tests::test_owner_relation_construction ... ok
[INFO] [stdout] test tests::test_owner_relation_skipped_when_owner_kind_not_configured ... ok
[INFO] [stdout] test tests::test_pod_container_images_denormalized ... ok
[INFO] [stdout] test tests::test_element_id_format ... ok
[INFO] [stdout] test tests::test_pod_container_statuses ... ok
[INFO] [stdout] test tests::test_pod_containers_as_list_of_objects ... ok
[INFO] [stdout] test tests::test_pod_labels_as_object ... ok
[INFO] [stdout] test tests::test_supported_kind_validation ... ok
[INFO] [stdout] test tests::test_crd_fallback_to_json_strings_for_unknown_kind ... ok
[INFO] [stdout] test tests::test_update_change_contains_node_element ... ok
[INFO] [stdout] test tests::test_service_ports_as_list ... ok
[INFO] [stderr]      Running tests/integration_tests.rs (/opt/rustwide/target/debug/build/drasi-source-kubernetes/db343bf3141d4553/out/integration_tests-db343bf3141d4553)
[INFO] [stdout] test tests::test_dispatch_changes_stamps_monotonic_sequence ... ok
[INFO] [stdout] 
[INFO] [stdout] test result: ok. 19 passed; 0 failed; 0 ignored; 0 measured; 0 filtered out; finished in 0.01s
[INFO] [stdout] 
[INFO] [stdout] 
[INFO] [stdout] running 2 tests
[INFO] [stdout] test test_kubernetes_bootstrap_paginates_existing_configmaps ... ignored
[INFO] [stdout] test test_kubernetes_source_configmap_crud_cycle ... ignored
[INFO] [stdout] 
[INFO] [stdout] test result: ok. 0 passed; 0 failed; 2 ignored; 0 measured; 0 filtered out; finished in 0.00s
[INFO] [stdout] 
[INFO] [stderr]      Running tests/k3s_helpers.rs (/opt/rustwide/target/debug/build/drasi-source-kubernetes/7a213bdc648be2d5/out/k3s_helpers-7a213bdc648be2d5)
[INFO] [stdout] 
[INFO] [stdout] running 0 tests
[INFO] [stdout] 
[INFO] [stdout] test result: ok. 0 passed; 0 failed; 0 ignored; 0 measured; 0 filtered out; finished in 0.00s
[INFO] [stdout] 
[INFO] [stderr]    Doc-tests drasi_source_kubernetes
[INFO] [stdout] 
[INFO] [stdout] running 0 tests
[INFO] [stdout] 
[INFO] [stdout] test result: ok. 0 passed; 0 failed; 0 ignored; 0 measured; 0 filtered out; finished in 0.00s
[INFO] [stdout] 
[INFO] running `Command { std: "docker" "inspect" "6da10a5f5ff40be84b520b8de8c9f953f136dc3a9fddc97d0fee391009e2ba0f", kill_on_drop: false }`
[INFO] running `Command { std: "docker" "rm" "-f" "6da10a5f5ff40be84b520b8de8c9f953f136dc3a9fddc97d0fee391009e2ba0f", kill_on_drop: false }`
[INFO] [stdout] 6da10a5f5ff40be84b520b8de8c9f953f136dc3a9fddc97d0fee391009e2ba0f
