[INFO] cloning repository https://github.com/emirhuseynrmx/proofframe
[INFO] running `Command { std: "git" "-c" "credential.helper=" "-c" "credential.helper=/workspace/cargo-home/bin/git-credential-null" "clone" "--bare" "https://github.com/emirhuseynrmx/proofframe" "/workspace/cache/git-repos/https%3A%2F%2Fgithub.com%2Femirhuseynrmx%2Fproofframe", kill_on_drop: false }`
[INFO] [stderr] Cloning into bare repository '/workspace/cache/git-repos/https%3A%2F%2Fgithub.com%2Femirhuseynrmx%2Fproofframe'...
[INFO] running `Command { std: "git" "rev-parse" "HEAD", kill_on_drop: false }`
[INFO] [stdout] 6a48de49753e831cdfe0eaff7411af1817cc2670
[INFO] testing emirhuseynrmx/proofframe/6a48de49753e831cdfe0eaff7411af1817cc2670 against 1.99.0-beta.8 for beta-1.100-2
[INFO] running `Command { std: "git" "clone" "/workspace/cache/git-repos/https%3A%2F%2Fgithub.com%2Femirhuseynrmx%2Fproofframe" "/workspace/builds/worker-6-tc1/source", kill_on_drop: false }`
[INFO] [stderr] Cloning into '/workspace/builds/worker-6-tc1/source'...
[INFO] [stderr] done.
[INFO] started tweaking git repo https://github.com/emirhuseynrmx/proofframe
[INFO] finished tweaking git repo https://github.com/emirhuseynrmx/proofframe
[INFO] tweaked toml for git repo https://github.com/emirhuseynrmx/proofframe written to /workspace/builds/worker-6-tc1/source/Cargo.toml
[INFO] validating manifest of git repo https://github.com/emirhuseynrmx/proofframe on toolchain 1.99.0-beta.8
[INFO] running `Command { std: CARGO_HOME="/workspace/cargo-home" RUSTUP_HOME="/workspace/rustup-home" "/workspace/cargo-home/bin/cargo" "+1.99.0-beta.8" "metadata" "--manifest-path" "Cargo.toml" "--no-deps", kill_on_drop: false }`
[INFO] crate git repo https://github.com/emirhuseynrmx/proofframe already has a lockfile, it will not be regenerated
[INFO] running `Command { std: CARGO_HOME="/workspace/cargo-home" RUSTUP_HOME="/workspace/rustup-home" "/workspace/cargo-home/bin/cargo" "+1.99.0-beta.8" "fetch" "--manifest-path" "Cargo.toml", kill_on_drop: false }`
[INFO] [stderr]     Updating crates.io index
[INFO] [stderr]  Downloading crates ...
[INFO] [stderr]   Downloaded pyo3-macros-backend v0.29.0
[INFO] [stderr]   Downloaded pyo3-macros v0.29.0
[INFO] [stderr]   Downloaded serde_json_canonicalizer v0.3.2
[INFO] [stderr]   Downloaded arrow-pyarrow v59.1.0
[INFO] [stderr]   Downloaded pyo3-build-config v0.29.0
[INFO] [stderr]   Downloaded pyo3-ffi v0.29.0
[INFO] [stderr]   Downloaded pyo3 v0.29.0
[INFO] running `Command { std: "docker" "create" "-v" "/var/lib/crater-agent-workspace/builds/worker-6-tc1/source:/opt/rustwide/workdir:ro,Z" "-v" "/var/lib/crater-agent-workspace/builds/worker-6-tc1/target:/opt/rustwide/target:rw,Z" "-v" "/var/lib/crater-agent-workspace/cargo-home:/opt/rustwide/cargo-home:ro,Z" "-v" "/var/lib/crater-agent-workspace/rustup-home:/opt/rustwide/rustup-home:ro,Z" "-m" "1610612736" "--network" "none" "ghcr.io/rust-lang/crates-build-env/linux@sha256:3111399a4047eeb3a02b7a90e478d715f38a8c6669b5c4b49d30a17385265909" "sleep" "infinity", kill_on_drop: false }`
[INFO] [stdout] 986276da4f3400e53a37b825665619802d0c81d4e4382ae9094c4d499d405230
[INFO] running `Command { std: "docker" "start" "986276da4f3400e53a37b825665619802d0c81d4e4382ae9094c4d499d405230", kill_on_drop: false }`
[INFO] running `Command { std: "docker" "inspect" "986276da4f3400e53a37b825665619802d0c81d4e4382ae9094c4d499d405230", kill_on_drop: false }`
[INFO] running `Command { std: "docker" "exec" "-e" "SOURCE_DIR=/opt/rustwide/workdir" "-e" "CARGO_HOME=/opt/rustwide/cargo-home" "-e" "RUSTUP_HOME=/opt/rustwide/rustup-home" "-e" "CARGO_TARGET_DIR=/opt/rustwide/target" "-w" "/opt/rustwide/workdir" "--user" "0:0" "986276da4f3400e53a37b825665619802d0c81d4e4382ae9094c4d499d405230" "/opt/rustwide/cargo-home/bin/cargo" "+1.99.0-beta.8" "metadata" "--no-deps" "--format-version=1", kill_on_drop: false }`
[INFO] running `Command { std: "docker" "inspect" "986276da4f3400e53a37b825665619802d0c81d4e4382ae9094c4d499d405230", kill_on_drop: false }`
[INFO] running `Command { std: "docker" "exec" "-e" "SOURCE_DIR=/opt/rustwide/workdir" "-e" "CARGO_HOME=/opt/rustwide/cargo-home" "-e" "RUSTUP_HOME=/opt/rustwide/rustup-home" "-e" "CARGO_TARGET_DIR=/opt/rustwide/target" "-e" "CARGO_INCREMENTAL=0" "-e" "RUST_BACKTRACE=full" "-e" "RUSTFLAGS=--cap-lints=warn" "-e" "RUSTDOCFLAGS=--cap-lints=warn" "-w" "/opt/rustwide/workdir" "--user" "0:0" "986276da4f3400e53a37b825665619802d0c81d4e4382ae9094c4d499d405230" "/opt/rustwide/cargo-home/bin/cargo" "+1.99.0-beta.8" "build" "--frozen" "--message-format=json", kill_on_drop: false }`
[INFO] [stderr]    Compiling quote v1.0.46
[INFO] [stderr]    Compiling proc-macro2 v1.0.106
[INFO] [stderr]    Compiling libm v0.2.16
[INFO] [stderr]    Compiling zerocopy v0.8.54
[INFO] [stderr]    Compiling libc v0.2.186
[INFO] [stderr]    Compiling once_cell v1.21.4
[INFO] [stderr]    Compiling bytes v1.12.1
[INFO] [stderr]    Compiling semver v1.0.28
[INFO] [stderr]    Compiling arrow-schema v59.1.0
[INFO] [stderr]    Compiling typenum v1.20.1
[INFO] [stderr]    Compiling num-traits v0.2.19
[INFO] [stderr]    Compiling lexical-util v1.0.7
[INFO] [stderr]    Compiling memchr v2.8.3
[INFO] [stderr]    Compiling bitflags v2.13.0
[INFO] [stderr]    Compiling regex-syntax v0.8.11
[INFO] [stderr]    Compiling zmij v1.0.23
[INFO] [stderr]    Compiling cc v1.2.67
[INFO] [stderr]    Compiling getrandom v0.4.3
[INFO] [stderr]    Compiling rustix v1.1.4
[INFO] [stderr]    Compiling serde_json v1.0.150
[INFO] [stderr]    Compiling rustc_version v0.4.1
[INFO] [stderr]    Compiling zeroize v1.9.0
[INFO] [stderr]    Compiling subtle v2.6.1
[INFO] [stderr]    Compiling ryu v1.0.23
[INFO] [stderr]    Compiling linux-raw-sys v0.12.1
[INFO] [stderr]    Compiling lexical-write-integer v1.0.6
[INFO] [stderr]    Compiling flatbuffers v25.12.19
[INFO] [stderr]    Compiling lexical-parse-integer v1.0.6
[INFO] [stderr]    Compiling curve25519-dalek v5.0.0
[INFO] [stderr]    Compiling syn v2.0.118
[INFO] [stderr]    Compiling aho-corasick v1.1.4
[INFO] [stderr]    Compiling base64 v0.22.1
[INFO] [stderr]    Compiling signature v3.0.0
[INFO] [stderr]    Compiling ed25519 v3.0.0
[INFO] [stderr]    Compiling lexical-parse-float v1.0.6
[INFO] [stderr]    Compiling ryu-js v1.0.3
[INFO] [stderr]    Compiling lexical-write-float v1.0.6
[INFO] [stderr]    Compiling hybrid-array v0.4.13
[INFO] [stderr]    Compiling fastrand v2.4.1
[INFO] [stderr]    Compiling lexical-core v1.0.6
[INFO] [stderr]    Compiling blake3 v1.8.5
[INFO] [stderr]    Compiling block-buffer v0.12.1
[INFO] [stderr]    Compiling crypto-common v0.2.2
[INFO] [stderr]    Compiling getrandom v0.3.4
[INFO] [stderr]    Compiling num-integer v0.1.46
[INFO] [stderr]    Compiling num-complex v0.4.6
[INFO] [stderr]    Compiling chrono v0.4.42
[INFO] [stderr]    Compiling atoi v2.0.0
[INFO] [stderr]    Compiling regex-automata v0.4.15
[INFO] [stderr]    Compiling digest v0.11.3
[INFO] [stderr]    Compiling num-bigint v0.4.8
[INFO] [stderr]    Compiling sha2 v0.11.0
[INFO] [stderr]    Compiling tempfile v3.27.0
[INFO] [stderr]    Compiling zerocopy-derive v0.8.54
[INFO] [stderr]    Compiling curve25519-dalek-derive v0.1.1
[INFO] [stderr]    Compiling serde_derive v1.0.228
[INFO] [stderr]    Compiling thiserror-impl v2.0.18
[INFO] [stderr]    Compiling regex v1.13.0
[INFO] [stderr]    Compiling thiserror v2.0.18
[INFO] [stderr]    Compiling ed25519-dalek v3.0.0
[INFO] [stderr]    Compiling serde v1.0.228
[INFO] [stderr]    Compiling serde_json_canonicalizer v0.3.2
[INFO] [stderr]    Compiling half v2.7.1
[INFO] [stderr]    Compiling ahash v0.8.12
[INFO] [stderr]    Compiling arrow-buffer v59.1.0
[INFO] [stderr]    Compiling arrow-data v59.1.0
[INFO] [stderr]    Compiling arrow-array v59.1.0
[INFO] [stderr]    Compiling arrow-select v59.1.0
[INFO] [stderr]    Compiling arrow-arith v59.1.0
[INFO] [stderr]    Compiling arrow-row v59.1.0
[INFO] [stderr]    Compiling arrow-ord v59.1.0
[INFO] [stderr]    Compiling arrow-ipc v59.1.0
[INFO] [stderr]    Compiling arrow-string v59.1.0
[INFO] [stderr]    Compiling arrow-cast v59.1.0
[INFO] [stderr]    Compiling arrow v59.1.0
[INFO] [stderr]    Compiling proofframe v0.7.2 (/opt/rustwide/workdir)
[INFO] [stderr]     Finished `dev` profile [unoptimized + debuginfo] target(s) in 1m 23s
[INFO] running `Command { std: "docker" "inspect" "986276da4f3400e53a37b825665619802d0c81d4e4382ae9094c4d499d405230", kill_on_drop: false }`
[INFO] running `Command { std: "docker" "exec" "-e" "SOURCE_DIR=/opt/rustwide/workdir" "-e" "CARGO_HOME=/opt/rustwide/cargo-home" "-e" "RUSTUP_HOME=/opt/rustwide/rustup-home" "-e" "CARGO_TARGET_DIR=/opt/rustwide/target" "-e" "CARGO_INCREMENTAL=0" "-e" "RUST_BACKTRACE=full" "-e" "RUSTFLAGS=--cap-lints=warn" "-e" "RUSTDOCFLAGS=--cap-lints=warn" "-w" "/opt/rustwide/workdir" "--user" "0:0" "986276da4f3400e53a37b825665619802d0c81d4e4382ae9094c4d499d405230" "/opt/rustwide/cargo-home/bin/cargo" "+1.99.0-beta.8" "test" "--frozen" "--no-run" "--message-format=json", kill_on_drop: false }`
[INFO] [stderr]    Compiling getrandom v0.3.4
[INFO] [stderr]    Compiling getrandom v0.4.3
[INFO] [stderr]    Compiling ppv-lite86 v0.2.21
[INFO] [stderr]    Compiling wait-timeout v0.2.1
[INFO] [stderr]    Compiling bit-vec v0.8.0
[INFO] [stderr]    Compiling unarray v0.1.4
[INFO] [stderr]    Compiling tempfile v3.27.0
[INFO] [stderr]    Compiling ahash v0.8.12
[INFO] [stderr]    Compiling rand_core v0.9.5
[INFO] [stderr]    Compiling bit-set v0.8.0
[INFO] [stderr]    Compiling arrow-array v59.1.0
[INFO] [stderr]    Compiling rand_chacha v0.9.0
[INFO] [stderr]    Compiling rand v0.9.5
[INFO] [stderr]    Compiling rand_xorshift v0.4.0
[INFO] [stderr]    Compiling rusty-fork v0.3.1
[INFO] [stderr]    Compiling proptest v1.11.0
[INFO] [stderr]    Compiling arrow-select v59.1.0
[INFO] [stderr]    Compiling arrow-row v59.1.0
[INFO] [stderr]    Compiling arrow-arith v59.1.0
[INFO] [stderr]    Compiling arrow-ord v59.1.0
[INFO] [stderr]    Compiling arrow-ipc v59.1.0
[INFO] [stderr]    Compiling arrow-string v59.1.0
[INFO] [stderr]    Compiling arrow-cast v59.1.0
[INFO] [stderr]    Compiling arrow v59.1.0
[INFO] [stderr]    Compiling proofframe v0.7.2 (/opt/rustwide/workdir)
[INFO] [stdout] error: linking with `cc` failed: exit status: 1
[INFO] [stdout]   |
[INFO] [stdout]   = note:  "cc" "-m64" "/opt/rustwide/target/debug/deps/rustc08zREt/symbols.o" "<3 object files omitted>" "-Wl,--as-needed" "-Wl,-Bstatic" "<sysroot>/lib/rustlib/x86_64-unknown-linux-gnu/lib/{libtest-*,libgetopts-*,librustc_std_workspace_std-*}.rlib" "/opt/rustwide/target/debug/deps/{libproofframe,libserde_json_canonicalizer-64148274dae8d6cc,libryu_js-79634ff75c26ee8e,libblake3-2dc33ffb153bc368,libconstant_time_eq-1a60f1c89abc6683,libarrayvec-dd42765941c22ca2,libarrayref-81fde35c69841043,libthiserror-daa8972bdd6c4a68,libed25519_dalek-6033060a450a0949,libsha2-71da4c6b0ed27b19,libcurve25519_dalek-3ee455f076259337,libcpufeatures-6c1f78f4142e3013,libzeroize-d2f7f1328b3249ff,libsubtle-f6e5f95380b8ab7d,libdigest-5f08e722d99d6224,libcrypto_common-75984ed5c0f85c3a,libblock_buffer-fe90de4d1af458b0,libhybrid_array-5c0e7ce008d0e7e3,libtypenum-8cba24ab4904c632,libed25519-71aa1d368b9f6182,libsignature-fc2170921e524873,libtempfile-ab8d8c2371015e15,libgetrandom-c13452f45e7d3932,libfastrand-8c711c36072d5b5b,librustix-02d97837cd9bd231,liblinux_raw_sys-0b6cde911e9a3109,libserde_json-8d4886c326850f9d,libzmij-2ca2f302097868c6,libitoa-5de11b3b23bfe572,libserde-6ea3502918b788be,libserde_core-2c928ee17a7447a4,libarrow-4aeb4b3e8bc16f77,libarrow_row-941ae76ba83462c3,libarrow_ipc-e0fb1de3badae115,libflatbuffers-12f88e678c9a147f,libbitflags-4d66d68843710487,libarrow_string-fb163fa5edc20417,libregex-ffa8d11cd10543ee,libregex_automata-602cf2e6b8c782a8,libaho_corasick-66f2297d49343770,libregex_syntax-801391c65a42f645,libmemchr-a932478bde794617,libarrow_cast-0d66a31c83dece41,libatoi-e3bac66abb7b1be4,libryu-1f4f40e4352371e5,libbase64-32787b0325ea6df8,liblexical_core-f05491c3a50edaa0,liblexical_write_float-712757527daa16ab,liblexical_write_integer-2f3589da0b9f210c,liblexical_parse_float-3c29d03419db7c6a,liblexical_parse_integer-4fcfb19c13bfbc18,liblexical_util-801879279684047a,libarrow_arith-90d5f85c94e5029f,libarrow_ord-98b71b62d25cad55,libarrow_select-30a7a0eaf12b90b9,libarrow_array-4da217e73eb3713f,libahash-7f1f230d57db2ef7,libgetrandom-a73f2f085e83d825,liblibc-612664c2206eec43,libonce_cell-9d045526a262399f,libhashbrown-d7214d631586fd51,libnum_complex-4bbc4c7a64408a21,libchrono-1c8b2411b9a398d3,libiana_time_zone-bcd81aefedc374a6,libarrow_data-77f7501cdaab2192,libarrow_schema-f5c86d6bada6fb20,libarrow_buffer-7aaa854b61f3e863,libbytes-5f66263ae3d5daa8,libhalf-e48bf02dcd9a1e30,libcfg_if-83060ec5685761ae,libzerocopy-3ff78cd4bf296469,libnum_bigint-1ac7fe99358b632d,libnum_integer-f316d1b1a9fbd328,libnum_traits-d0c13b3be76c659e}.rlib" "<sysroot>/lib/rustlib/x86_64-unknown-linux-gnu/lib/{libstd-*,libpanic_unwind-*,libobject-*,libmemchr-*,libaddr2line-*,libgimli-*,libcfg_if-*,librustc_demangle-*,libstd_detect-*,libhashbrown-*,librustc_std_workspace_alloc-*,libminiz_oxide-*,libadler2-*,libunwind-*,liblibc-*,librustc_std_workspace_core-*,liballoc-*,libcore-*,libcompiler_builtins-*}.rlib" "-Wl,-Bdynamic" "-lgcc_s" "-lutil" "-lrt" "-lpthread" "-lm" "-ldl" "-lc" "-L" "/opt/rustwide/target/debug/deps/rustc08zREt/raw-dylibs" "-B<sysroot>/lib/rustlib/x86_64-unknown-linux-gnu/bin/gcc-ld" "-fuse-ld=lld" "-Wl,--eh-frame-hdr" "-Wl,-z,noexecstack" "-L" "/opt/rustwide/target/debug/build/blake3-f3f07328c38882ee/out" "-L" "<sysroot>/lib/rustlib/x86_64-unknown-linux-gnu/lib" "-o" "/opt/rustwide/target/debug/deps/column_length_and_dates-35ea8f3f895ef6d5" "-Wl,--gc-sections" "-pie" "-Wl,-z,relro,-z,now" "-nodefaultlibs"
[INFO] [stdout]   = note: some arguments are omitted. use `--verbose` to show all linker arguments
[INFO] [stdout]   = note: collect2: fatal error: ld terminated with signal 9 [Killed]
[INFO] [stdout]           compilation terminated.
[INFO] [stdout]           
[INFO] [stdout] 
[INFO] [stdout] 
[INFO] [stderr] error: could not compile `proofframe` (test "column_length_and_dates") due to 1 previous error
[INFO] [stderr] warning: build failed, waiting for other jobs to finish...
[INFO] [stdout] error: linking with `cc` failed: exit status: 1
[INFO] [stdout]   |
[INFO] [stdout]   = note:  "cc" "-m64" "/opt/rustwide/target/debug/deps/rustcX52quM/symbols.o" "<2 object files omitted>" "-Wl,--as-needed" "-Wl,-Bstatic" "<sysroot>/lib/rustlib/x86_64-unknown-linux-gnu/lib/{libtest-*,libgetopts-*,librustc_std_workspace_std-*}.rlib" "/opt/rustwide/target/debug/deps/{libproofframe,libserde_json_canonicalizer-64148274dae8d6cc,libryu_js-79634ff75c26ee8e,libblake3-2dc33ffb153bc368,libconstant_time_eq-1a60f1c89abc6683,libarrayvec-dd42765941c22ca2,libarrayref-81fde35c69841043,libthiserror-daa8972bdd6c4a68,libed25519_dalek-6033060a450a0949,libsha2-71da4c6b0ed27b19,libcurve25519_dalek-3ee455f076259337,libcpufeatures-6c1f78f4142e3013,libzeroize-d2f7f1328b3249ff,libsubtle-f6e5f95380b8ab7d,libdigest-5f08e722d99d6224,libcrypto_common-75984ed5c0f85c3a,libblock_buffer-fe90de4d1af458b0,libhybrid_array-5c0e7ce008d0e7e3,libtypenum-8cba24ab4904c632,libed25519-71aa1d368b9f6182,libsignature-fc2170921e524873,libtempfile-ab8d8c2371015e15,libgetrandom-c13452f45e7d3932,libfastrand-8c711c36072d5b5b,librustix-02d97837cd9bd231,liblinux_raw_sys-0b6cde911e9a3109,libarrow-4aeb4b3e8bc16f77,libarrow_row-941ae76ba83462c3,libarrow_ipc-e0fb1de3badae115,libflatbuffers-12f88e678c9a147f,libbitflags-4d66d68843710487,libarrow_string-fb163fa5edc20417,libregex-ffa8d11cd10543ee,libregex_automata-602cf2e6b8c782a8,libaho_corasick-66f2297d49343770,libregex_syntax-801391c65a42f645,libarrow_cast-0d66a31c83dece41,libatoi-e3bac66abb7b1be4,libryu-1f4f40e4352371e5,libbase64-32787b0325ea6df8,liblexical_core-f05491c3a50edaa0,liblexical_write_float-712757527daa16ab,liblexical_write_integer-2f3589da0b9f210c,liblexical_parse_float-3c29d03419db7c6a,liblexical_parse_integer-4fcfb19c13bfbc18,liblexical_util-801879279684047a,libarrow_arith-90d5f85c94e5029f,libarrow_ord-98b71b62d25cad55,libarrow_select-30a7a0eaf12b90b9,libarrow_array-4da217e73eb3713f,libahash-7f1f230d57db2ef7,libgetrandom-a73f2f085e83d825,liblibc-612664c2206eec43,libonce_cell-9d045526a262399f,libhashbrown-d7214d631586fd51,libnum_complex-4bbc4c7a64408a21,libchrono-1c8b2411b9a398d3,libiana_time_zone-bcd81aefedc374a6,libarrow_data-77f7501cdaab2192,libarrow_schema-f5c86d6bada6fb20,libarrow_buffer-7aaa854b61f3e863,libbytes-5f66263ae3d5daa8,libhalf-e48bf02dcd9a1e30,libcfg_if-83060ec5685761ae,libzerocopy-3ff78cd4bf296469,libnum_bigint-1ac7fe99358b632d,libnum_integer-f316d1b1a9fbd328,libnum_traits-d0c13b3be76c659e,libserde_json-8d4886c326850f9d,libmemchr-a932478bde794617,libzmij-2ca2f302097868c6,libitoa-5de11b3b23bfe572,libserde-6ea3502918b788be,libserde_core-2c928ee17a7447a4}.rlib" "<sysroot>/lib/rustlib/x86_64-unknown-linux-gnu/lib/{libstd-*,libpanic_unwind-*,libobject-*,libmemchr-*,libaddr2line-*,libgimli-*,libcfg_if-*,librustc_demangle-*,libstd_detect-*,libhashbrown-*,librustc_std_workspace_alloc-*,libminiz_oxide-*,libadler2-*,libunwind-*,liblibc-*,librustc_std_workspace_core-*,liballoc-*,libcore-*,libcompiler_builtins-*}.rlib" "-Wl,-Bdynamic" "-lgcc_s" "-lutil" "-lrt" "-lpthread" "-lm" "-ldl" "-lc" "-L" "/opt/rustwide/target/debug/deps/rustcX52quM/raw-dylibs" "-B<sysroot>/lib/rustlib/x86_64-unknown-linux-gnu/bin/gcc-ld" "-fuse-ld=lld" "-Wl,--eh-frame-hdr" "-Wl,-z,noexecstack" "-L" "/opt/rustwide/target/debug/build/blake3-f3f07328c38882ee/out" "-L" "<sysroot>/lib/rustlib/x86_64-unknown-linux-gnu/lib" "-o" "/opt/rustwide/target/debug/deps/contract_diagnostics-6f1929c33a9088e2" "-Wl,--gc-sections" "-pie" "-Wl,-z,relro,-z,now" "-nodefaultlibs"
[INFO] [stdout]   = note: some arguments are omitted. use `--verbose` to show all linker arguments
[INFO] [stdout]   = note: collect2: fatal error: ld terminated with signal 9 [Killed]
[INFO] [stdout]           compilation terminated.
[INFO] [stdout]           
[INFO] [stdout] 
[INFO] [stdout] 
[INFO] [stderr] error: could not compile `proofframe` (test "contract_diagnostics") due to 1 previous error
[INFO] [stdout] error: linking with `cc` failed: exit status: 1
[INFO] [stdout]   |
[INFO] [stdout]   = note:  "cc" "-m64" "/opt/rustwide/target/debug/deps/rustcfUE5Kf/symbols.o" "<2 object files omitted>" "-Wl,--as-needed" "-Wl,-Bstatic" "<sysroot>/lib/rustlib/x86_64-unknown-linux-gnu/lib/{libtest-*,libgetopts-*,librustc_std_workspace_std-*}.rlib" "/opt/rustwide/target/debug/deps/{libproofframe,libserde_json_canonicalizer-64148274dae8d6cc,libryu_js-79634ff75c26ee8e,libblake3-2dc33ffb153bc368,libconstant_time_eq-1a60f1c89abc6683,libarrayvec-dd42765941c22ca2,libarrayref-81fde35c69841043,libthiserror-daa8972bdd6c4a68,libed25519_dalek-6033060a450a0949,libsha2-71da4c6b0ed27b19,libcurve25519_dalek-3ee455f076259337,libcpufeatures-6c1f78f4142e3013,libzeroize-d2f7f1328b3249ff,libsubtle-f6e5f95380b8ab7d,libdigest-5f08e722d99d6224,libcrypto_common-75984ed5c0f85c3a,libblock_buffer-fe90de4d1af458b0,libhybrid_array-5c0e7ce008d0e7e3,libtypenum-8cba24ab4904c632,libed25519-71aa1d368b9f6182,libsignature-fc2170921e524873,libtempfile-ab8d8c2371015e15,libgetrandom-c13452f45e7d3932,libfastrand-8c711c36072d5b5b,librustix-02d97837cd9bd231,liblinux_raw_sys-0b6cde911e9a3109,libarrow-4aeb4b3e8bc16f77,libarrow_row-941ae76ba83462c3,libarrow_ipc-e0fb1de3badae115,libflatbuffers-12f88e678c9a147f,libbitflags-4d66d68843710487,libarrow_string-fb163fa5edc20417,libregex-ffa8d11cd10543ee,libregex_automata-602cf2e6b8c782a8,libaho_corasick-66f2297d49343770,libregex_syntax-801391c65a42f645,libarrow_cast-0d66a31c83dece41,libatoi-e3bac66abb7b1be4,libryu-1f4f40e4352371e5,libbase64-32787b0325ea6df8,liblexical_core-f05491c3a50edaa0,liblexical_write_float-712757527daa16ab,liblexical_write_integer-2f3589da0b9f210c,liblexical_parse_float-3c29d03419db7c6a,liblexical_parse_integer-4fcfb19c13bfbc18,liblexical_util-801879279684047a,libarrow_arith-90d5f85c94e5029f,libarrow_ord-98b71b62d25cad55,libarrow_select-30a7a0eaf12b90b9,libarrow_array-4da217e73eb3713f,libahash-7f1f230d57db2ef7,libgetrandom-a73f2f085e83d825,liblibc-612664c2206eec43,libonce_cell-9d045526a262399f,libhashbrown-d7214d631586fd51,libnum_complex-4bbc4c7a64408a21,libchrono-1c8b2411b9a398d3,libiana_time_zone-bcd81aefedc374a6,libarrow_data-77f7501cdaab2192,libarrow_schema-f5c86d6bada6fb20,libarrow_buffer-7aaa854b61f3e863,libbytes-5f66263ae3d5daa8,libhalf-e48bf02dcd9a1e30,libcfg_if-83060ec5685761ae,libzerocopy-3ff78cd4bf296469,libnum_bigint-1ac7fe99358b632d,libnum_integer-f316d1b1a9fbd328,libnum_traits-d0c13b3be76c659e,libserde_json-8d4886c326850f9d,libmemchr-a932478bde794617,libzmij-2ca2f302097868c6,libitoa-5de11b3b23bfe572,libserde-6ea3502918b788be,libserde_core-2c928ee17a7447a4}.rlib" "<sysroot>/lib/rustlib/x86_64-unknown-linux-gnu/lib/{libstd-*,libpanic_unwind-*,libobject-*,libmemchr-*,libaddr2line-*,libgimli-*,libcfg_if-*,librustc_demangle-*,libstd_detect-*,libhashbrown-*,librustc_std_workspace_alloc-*,libminiz_oxide-*,libadler2-*,libunwind-*,liblibc-*,librustc_std_workspace_core-*,liballoc-*,libcore-*,libcompiler_builtins-*}.rlib" "-Wl,-Bdynamic" "-lgcc_s" "-lutil" "-lrt" "-lpthread" "-lm" "-ldl" "-lc" "-L" "/opt/rustwide/target/debug/deps/rustcfUE5Kf/raw-dylibs" "-B<sysroot>/lib/rustlib/x86_64-unknown-linux-gnu/bin/gcc-ld" "-fuse-ld=lld" "-Wl,--eh-frame-hdr" "-Wl,-z,noexecstack" "-L" "/opt/rustwide/target/debug/build/blake3-f3f07328c38882ee/out" "-L" "<sysroot>/lib/rustlib/x86_64-unknown-linux-gnu/lib" "-o" "/opt/rustwide/target/debug/deps/review_parity-b49d4f85c3acbb92" "-Wl,--gc-sections" "-pie" "-Wl,-z,relro,-z,now" "-nodefaultlibs"
[INFO] [stdout]   = note: some arguments are omitted. use `--verbose` to show all linker arguments
[INFO] [stdout]   = note: collect2: fatal error: ld terminated with signal 9 [Killed]
[INFO] [stdout]           compilation terminated.
[INFO] [stdout]           
[INFO] [stdout] 
[INFO] [stdout] 
[INFO] [stderr] error: could not compile `proofframe` (test "review_parity") due to 1 previous error
[INFO] [stdout] error: linking with `cc` failed: exit status: 1
[INFO] [stdout]   |
[INFO] [stdout]   = note:  "cc" "-m64" "/opt/rustwide/target/debug/deps/rustchtq6VX/symbols.o" "<2 object files omitted>" "-Wl,--as-needed" "-Wl,-Bstatic" "<sysroot>/lib/rustlib/x86_64-unknown-linux-gnu/lib/{libtest-*,libgetopts-*,librustc_std_workspace_std-*}.rlib" "/opt/rustwide/target/debug/deps/{libproofframe,libserde_json_canonicalizer-64148274dae8d6cc,libryu_js-79634ff75c26ee8e,libblake3-2dc33ffb153bc368,libconstant_time_eq-1a60f1c89abc6683,libarrayvec-dd42765941c22ca2,libarrayref-81fde35c69841043,libthiserror-daa8972bdd6c4a68,libed25519_dalek-6033060a450a0949,libsha2-71da4c6b0ed27b19,libcurve25519_dalek-3ee455f076259337,libcpufeatures-6c1f78f4142e3013,libzeroize-d2f7f1328b3249ff,libsubtle-f6e5f95380b8ab7d,libdigest-5f08e722d99d6224,libcrypto_common-75984ed5c0f85c3a,libblock_buffer-fe90de4d1af458b0,libhybrid_array-5c0e7ce008d0e7e3,libtypenum-8cba24ab4904c632,libed25519-71aa1d368b9f6182,libsignature-fc2170921e524873,libtempfile-ab8d8c2371015e15,libgetrandom-c13452f45e7d3932,libfastrand-8c711c36072d5b5b,librustix-02d97837cd9bd231,liblinux_raw_sys-0b6cde911e9a3109,libserde_json-8d4886c326850f9d,libzmij-2ca2f302097868c6,libitoa-5de11b3b23bfe572,libserde-6ea3502918b788be,libserde_core-2c928ee17a7447a4,libarrow-4aeb4b3e8bc16f77,libarrow_row-941ae76ba83462c3,libarrow_ipc-e0fb1de3badae115,libflatbuffers-12f88e678c9a147f,libbitflags-4d66d68843710487,libarrow_string-fb163fa5edc20417,libregex-ffa8d11cd10543ee,libregex_automata-602cf2e6b8c782a8,libaho_corasick-66f2297d49343770,libregex_syntax-801391c65a42f645,libmemchr-a932478bde794617,libarrow_cast-0d66a31c83dece41,libatoi-e3bac66abb7b1be4,libryu-1f4f40e4352371e5,libbase64-32787b0325ea6df8,liblexical_core-f05491c3a50edaa0,liblexical_write_float-712757527daa16ab,liblexical_write_integer-2f3589da0b9f210c,liblexical_parse_float-3c29d03419db7c6a,liblexical_parse_integer-4fcfb19c13bfbc18,liblexical_util-801879279684047a,libarrow_arith-90d5f85c94e5029f,libarrow_ord-98b71b62d25cad55,libarrow_select-30a7a0eaf12b90b9,libarrow_array-4da217e73eb3713f,libahash-7f1f230d57db2ef7,libgetrandom-a73f2f085e83d825,liblibc-612664c2206eec43,libonce_cell-9d045526a262399f,libhashbrown-d7214d631586fd51,libnum_complex-4bbc4c7a64408a21,libchrono-1c8b2411b9a398d3,libiana_time_zone-bcd81aefedc374a6,libarrow_data-77f7501cdaab2192,libarrow_schema-f5c86d6bada6fb20,libarrow_buffer-7aaa854b61f3e863,libbytes-5f66263ae3d5daa8,libhalf-e48bf02dcd9a1e30,libcfg_if-83060ec5685761ae,libzerocopy-3ff78cd4bf296469,libnum_bigint-1ac7fe99358b632d,libnum_integer-f316d1b1a9fbd328,libnum_traits-d0c13b3be76c659e}.rlib" "<sysroot>/lib/rustlib/x86_64-unknown-linux-gnu/lib/{libstd-*,libpanic_unwind-*,libobject-*,libmemchr-*,libaddr2line-*,libgimli-*,libcfg_if-*,librustc_demangle-*,libstd_detect-*,libhashbrown-*,librustc_std_workspace_alloc-*,libminiz_oxide-*,libadler2-*,libunwind-*,liblibc-*,librustc_std_workspace_core-*,liballoc-*,libcore-*,libcompiler_builtins-*}.rlib" "-Wl,-Bdynamic" "-lgcc_s" "-lutil" "-lrt" "-lpthread" "-lm" "-ldl" "-lc" "-L" "/opt/rustwide/target/debug/deps/rustchtq6VX/raw-dylibs" "-B<sysroot>/lib/rustlib/x86_64-unknown-linux-gnu/bin/gcc-ld" "-fuse-ld=lld" "-Wl,--eh-frame-hdr" "-Wl,-z,noexecstack" "-L" "/opt/rustwide/target/debug/build/blake3-f3f07328c38882ee/out" "-L" "<sysroot>/lib/rustlib/x86_64-unknown-linux-gnu/lib" "-o" "/opt/rustwide/target/debug/deps/leakage_contract-0e1fb0b6dee5ae07" "-Wl,--gc-sections" "-pie" "-Wl,-z,relro,-z,now" "-nodefaultlibs"
[INFO] [stdout]   = note: some arguments are omitted. use `--verbose` to show all linker arguments
[INFO] [stdout]   = note: collect2: fatal error: ld terminated with signal 9 [Killed]
[INFO] [stdout]           compilation terminated.
[INFO] [stdout]           
[INFO] [stdout] 
[INFO] [stdout] 
[INFO] [stderr] error: could not compile `proofframe` (test "leakage_contract") due to 1 previous error
[INFO] [stdout] error: linking with `cc` failed: exit status: 1
[INFO] [stdout]   |
[INFO] [stdout]   = note:  "cc" "-m64" "/opt/rustwide/target/debug/deps/rustc71qoH9/symbols.o" "<3 object files omitted>" "-Wl,--as-needed" "-Wl,-Bstatic" "<sysroot>/lib/rustlib/x86_64-unknown-linux-gnu/lib/{libtest-*,libgetopts-*,librustc_std_workspace_std-*}.rlib" "/opt/rustwide/target/debug/deps/{libproofframe,libserde_json_canonicalizer-64148274dae8d6cc,libryu_js-79634ff75c26ee8e,libblake3-2dc33ffb153bc368,libconstant_time_eq-1a60f1c89abc6683,libarrayvec-dd42765941c22ca2,libarrayref-81fde35c69841043,libthiserror-daa8972bdd6c4a68,libed25519_dalek-6033060a450a0949,libsha2-71da4c6b0ed27b19,libcurve25519_dalek-3ee455f076259337,libcpufeatures-6c1f78f4142e3013,libzeroize-d2f7f1328b3249ff,libsubtle-f6e5f95380b8ab7d,libdigest-5f08e722d99d6224,libcrypto_common-75984ed5c0f85c3a,libblock_buffer-fe90de4d1af458b0,libhybrid_array-5c0e7ce008d0e7e3,libtypenum-8cba24ab4904c632,libed25519-71aa1d368b9f6182,libsignature-fc2170921e524873,libtempfile-ab8d8c2371015e15,libgetrandom-c13452f45e7d3932,libfastrand-8c711c36072d5b5b,librustix-02d97837cd9bd231,liblinux_raw_sys-0b6cde911e9a3109,libserde_json-8d4886c326850f9d,libzmij-2ca2f302097868c6,libitoa-5de11b3b23bfe572,libserde-6ea3502918b788be,libserde_core-2c928ee17a7447a4,libarrow-4aeb4b3e8bc16f77,libarrow_row-941ae76ba83462c3,libarrow_ipc-e0fb1de3badae115,libflatbuffers-12f88e678c9a147f,libbitflags-4d66d68843710487,libarrow_string-fb163fa5edc20417,libregex-ffa8d11cd10543ee,libregex_automata-602cf2e6b8c782a8,libaho_corasick-66f2297d49343770,libregex_syntax-801391c65a42f645,libmemchr-a932478bde794617,libarrow_cast-0d66a31c83dece41,libatoi-e3bac66abb7b1be4,libryu-1f4f40e4352371e5,libbase64-32787b0325ea6df8,liblexical_core-f05491c3a50edaa0,liblexical_write_float-712757527daa16ab,liblexical_write_integer-2f3589da0b9f210c,liblexical_parse_float-3c29d03419db7c6a,liblexical_parse_integer-4fcfb19c13bfbc18,liblexical_util-801879279684047a,libarrow_arith-90d5f85c94e5029f,libarrow_ord-98b71b62d25cad55,libarrow_select-30a7a0eaf12b90b9,libarrow_array-4da217e73eb3713f,libahash-7f1f230d57db2ef7,libgetrandom-a73f2f085e83d825,liblibc-612664c2206eec43,libonce_cell-9d045526a262399f,libhashbrown-d7214d631586fd51,libnum_complex-4bbc4c7a64408a21,libchrono-1c8b2411b9a398d3,libiana_time_zone-bcd81aefedc374a6,libarrow_data-77f7501cdaab2192,libarrow_schema-f5c86d6bada6fb20,libarrow_buffer-7aaa854b61f3e863,libbytes-5f66263ae3d5daa8,libhalf-e48bf02dcd9a1e30,libcfg_if-83060ec5685761ae,libzerocopy-3ff78cd4bf296469,libnum_bigint-1ac7fe99358b632d,libnum_integer-f316d1b1a9fbd328,libnum_traits-d0c13b3be76c659e}.rlib" "<sysroot>/lib/rustlib/x86_64-unknown-linux-gnu/lib/{libstd-*,libpanic_unwind-*,libobject-*,libmemchr-*,libaddr2line-*,libgimli-*,libcfg_if-*,librustc_demangle-*,libstd_detect-*,libhashbrown-*,librustc_std_workspace_alloc-*,libminiz_oxide-*,libadler2-*,libunwind-*,liblibc-*,librustc_std_workspace_core-*,liballoc-*,libcore-*,libcompiler_builtins-*}.rlib" "-Wl,-Bdynamic" "-lgcc_s" "-lutil" "-lrt" "-lpthread" "-lm" "-ldl" "-lc" "-L" "/opt/rustwide/target/debug/deps/rustc71qoH9/raw-dylibs" "-B<sysroot>/lib/rustlib/x86_64-unknown-linux-gnu/bin/gcc-ld" "-fuse-ld=lld" "-Wl,--eh-frame-hdr" "-Wl,-z,noexecstack" "-L" "/opt/rustwide/target/debug/build/blake3-f3f07328c38882ee/out" "-L" "<sysroot>/lib/rustlib/x86_64-unknown-linux-gnu/lib" "-o" "/opt/rustwide/target/debug/deps/fingerprint_versions-ecd458f3c1cc742c" "-Wl,--gc-sections" "-pie" "-Wl,-z,relro,-z,now" "-nodefaultlibs"
[INFO] [stdout]   = note: some arguments are omitted. use `--verbose` to show all linker arguments
[INFO] [stdout]   = note: collect2: fatal error: ld terminated with signal 9 [Killed]
[INFO] [stdout]           compilation terminated.
[INFO] [stdout]           
[INFO] [stdout] 
[INFO] [stdout] 
[INFO] [stderr] error: could not compile `proofframe` (test "fingerprint_versions") due to 1 previous error
[INFO] [stdout] error: linking with `cc` failed: exit status: 1
[INFO] [stdout]   |
[INFO] [stdout]   = note:  "cc" "-m64" "/opt/rustwide/target/debug/deps/rustc4XGZxg/symbols.o" "<3 object files omitted>" "-Wl,--as-needed" "-Wl,-Bstatic" "<sysroot>/lib/rustlib/x86_64-unknown-linux-gnu/lib/{libtest-*,libgetopts-*,librustc_std_workspace_std-*}.rlib" "/opt/rustwide/target/debug/deps/{libproofframe,libserde_json_canonicalizer-64148274dae8d6cc,libryu_js-79634ff75c26ee8e,libblake3-2dc33ffb153bc368,libconstant_time_eq-1a60f1c89abc6683,libarrayvec-dd42765941c22ca2,libarrayref-81fde35c69841043,libthiserror-daa8972bdd6c4a68,libed25519_dalek-6033060a450a0949,libsha2-71da4c6b0ed27b19,libcurve25519_dalek-3ee455f076259337,libcpufeatures-6c1f78f4142e3013,libzeroize-d2f7f1328b3249ff,libsubtle-f6e5f95380b8ab7d,libdigest-5f08e722d99d6224,libcrypto_common-75984ed5c0f85c3a,libblock_buffer-fe90de4d1af458b0,libhybrid_array-5c0e7ce008d0e7e3,libtypenum-8cba24ab4904c632,libed25519-71aa1d368b9f6182,libsignature-fc2170921e524873,libtempfile-ab8d8c2371015e15,libgetrandom-c13452f45e7d3932,libfastrand-8c711c36072d5b5b,librustix-02d97837cd9bd231,liblinux_raw_sys-0b6cde911e9a3109,libserde_json-8d4886c326850f9d,libzmij-2ca2f302097868c6,libitoa-5de11b3b23bfe572,libserde-6ea3502918b788be,libserde_core-2c928ee17a7447a4,libarrow-4aeb4b3e8bc16f77,libarrow_row-941ae76ba83462c3,libarrow_ipc-e0fb1de3badae115,libflatbuffers-12f88e678c9a147f,libbitflags-4d66d68843710487,libarrow_string-fb163fa5edc20417,libregex-ffa8d11cd10543ee,libregex_automata-602cf2e6b8c782a8,libaho_corasick-66f2297d49343770,libregex_syntax-801391c65a42f645,libmemchr-a932478bde794617,libarrow_cast-0d66a31c83dece41,libatoi-e3bac66abb7b1be4,libryu-1f4f40e4352371e5,libbase64-32787b0325ea6df8,liblexical_core-f05491c3a50edaa0,liblexical_write_float-712757527daa16ab,liblexical_write_integer-2f3589da0b9f210c,liblexical_parse_float-3c29d03419db7c6a,liblexical_parse_integer-4fcfb19c13bfbc18,liblexical_util-801879279684047a,libarrow_arith-90d5f85c94e5029f,libarrow_ord-98b71b62d25cad55,libarrow_select-30a7a0eaf12b90b9,libarrow_array-4da217e73eb3713f,libahash-7f1f230d57db2ef7,libgetrandom-a73f2f085e83d825,liblibc-612664c2206eec43,libonce_cell-9d045526a262399f,libhashbrown-d7214d631586fd51,libnum_complex-4bbc4c7a64408a21,libchrono-1c8b2411b9a398d3,libiana_time_zone-bcd81aefedc374a6,libarrow_data-77f7501cdaab2192,libarrow_schema-f5c86d6bada6fb20,libarrow_buffer-7aaa854b61f3e863,libbytes-5f66263ae3d5daa8,libhalf-e48bf02dcd9a1e30,libcfg_if-83060ec5685761ae,libzerocopy-3ff78cd4bf296469,libnum_bigint-1ac7fe99358b632d,libnum_integer-f316d1b1a9fbd328,libnum_traits-d0c13b3be76c659e}.rlib" "<sysroot>/lib/rustlib/x86_64-unknown-linux-gnu/lib/{libstd-*,libpanic_unwind-*,libobject-*,libmemchr-*,libaddr2line-*,libgimli-*,libcfg_if-*,librustc_demangle-*,libstd_detect-*,libhashbrown-*,librustc_std_workspace_alloc-*,libminiz_oxide-*,libadler2-*,libunwind-*,liblibc-*,librustc_std_workspace_core-*,liballoc-*,libcore-*,libcompiler_builtins-*}.rlib" "-Wl,-Bdynamic" "-lgcc_s" "-lutil" "-lrt" "-lpthread" "-lm" "-ldl" "-lc" "-L" "/opt/rustwide/target/debug/deps/rustc4XGZxg/raw-dylibs" "-B<sysroot>/lib/rustlib/x86_64-unknown-linux-gnu/bin/gcc-ld" "-fuse-ld=lld" "-Wl,--eh-frame-hdr" "-Wl,-z,noexecstack" "-L" "/opt/rustwide/target/debug/build/blake3-f3f07328c38882ee/out" "-L" "<sysroot>/lib/rustlib/x86_64-unknown-linux-gnu/lib" "-o" "/opt/rustwide/target/debug/deps/row_count_delta-c6b41b7f2cb34004" "-Wl,--gc-sections" "-pie" "-Wl,-z,relro,-z,now" "-nodefaultlibs"
[INFO] [stdout]   = note: some arguments are omitted. use `--verbose` to show all linker arguments
[INFO] [stdout]   = note: collect2: fatal error: ld terminated with signal 9 [Killed]
[INFO] [stdout]           compilation terminated.
[INFO] [stdout]           
[INFO] [stdout] 
[INFO] [stdout] 
[INFO] [stderr] error: could not compile `proofframe` (test "row_count_delta") due to 1 previous error
[INFO] [stdout] error: linking with `cc` failed: exit status: 1
[INFO] [stdout]   |
[INFO] [stdout]   = note:  "cc" "-m64" "/opt/rustwide/target/debug/deps/rustcJwvmi7/symbols.o" "<2 object files omitted>" "-Wl,--as-needed" "-Wl,-Bstatic" "<sysroot>/lib/rustlib/x86_64-unknown-linux-gnu/lib/{libtest-*,libgetopts-*,librustc_std_workspace_std-*}.rlib" "/opt/rustwide/target/debug/deps/{libproofframe,libserde_json_canonicalizer-64148274dae8d6cc,libryu_js-79634ff75c26ee8e,libblake3-2dc33ffb153bc368,libconstant_time_eq-1a60f1c89abc6683,libarrayvec-dd42765941c22ca2,libarrayref-81fde35c69841043,libthiserror-daa8972bdd6c4a68,libed25519_dalek-6033060a450a0949,libsha2-71da4c6b0ed27b19,libcurve25519_dalek-3ee455f076259337,libcpufeatures-6c1f78f4142e3013,libzeroize-d2f7f1328b3249ff,libsubtle-f6e5f95380b8ab7d,libdigest-5f08e722d99d6224,libcrypto_common-75984ed5c0f85c3a,libblock_buffer-fe90de4d1af458b0,libhybrid_array-5c0e7ce008d0e7e3,libtypenum-8cba24ab4904c632,libed25519-71aa1d368b9f6182,libsignature-fc2170921e524873,libtempfile-ab8d8c2371015e15,libgetrandom-c13452f45e7d3932,libfastrand-8c711c36072d5b5b,librustix-02d97837cd9bd231,liblinux_raw_sys-0b6cde911e9a3109,libserde_json-8d4886c326850f9d,libzmij-2ca2f302097868c6,libitoa-5de11b3b23bfe572,libserde-6ea3502918b788be,libserde_core-2c928ee17a7447a4,libarrow-4aeb4b3e8bc16f77,libarrow_row-941ae76ba83462c3,libarrow_ipc-e0fb1de3badae115,libflatbuffers-12f88e678c9a147f,libbitflags-4d66d68843710487,libarrow_string-fb163fa5edc20417,libregex-ffa8d11cd10543ee,libregex_automata-602cf2e6b8c782a8,libaho_corasick-66f2297d49343770,libregex_syntax-801391c65a42f645,libmemchr-a932478bde794617,libarrow_cast-0d66a31c83dece41,libatoi-e3bac66abb7b1be4,libryu-1f4f40e4352371e5,libbase64-32787b0325ea6df8,liblexical_core-f05491c3a50edaa0,liblexical_write_float-712757527daa16ab,liblexical_write_integer-2f3589da0b9f210c,liblexical_parse_float-3c29d03419db7c6a,liblexical_parse_integer-4fcfb19c13bfbc18,liblexical_util-801879279684047a,libarrow_arith-90d5f85c94e5029f,libarrow_ord-98b71b62d25cad55,libarrow_select-30a7a0eaf12b90b9,libarrow_array-4da217e73eb3713f,libahash-7f1f230d57db2ef7,libgetrandom-a73f2f085e83d825,liblibc-612664c2206eec43,libonce_cell-9d045526a262399f,libhashbrown-d7214d631586fd51,libnum_complex-4bbc4c7a64408a21,libchrono-1c8b2411b9a398d3,libiana_time_zone-bcd81aefedc374a6,libarrow_data-77f7501cdaab2192,libarrow_schema-f5c86d6bada6fb20,libarrow_buffer-7aaa854b61f3e863,libbytes-5f66263ae3d5daa8,libhalf-e48bf02dcd9a1e30,libcfg_if-83060ec5685761ae,libzerocopy-3ff78cd4bf296469,libnum_bigint-1ac7fe99358b632d,libnum_integer-f316d1b1a9fbd328,libnum_traits-d0c13b3be76c659e}.rlib" "<sysroot>/lib/rustlib/x86_64-unknown-linux-gnu/lib/{libstd-*,libpanic_unwind-*,libobject-*,libmemchr-*,libaddr2line-*,libgimli-*,libcfg_if-*,librustc_demangle-*,libstd_detect-*,libhashbrown-*,librustc_std_workspace_alloc-*,libminiz_oxide-*,libadler2-*,libunwind-*,liblibc-*,librustc_std_workspace_core-*,liballoc-*,libcore-*,libcompiler_builtins-*}.rlib" "-Wl,-Bdynamic" "-lgcc_s" "-lutil" "-lrt" "-lpthread" "-lm" "-ldl" "-lc" "-L" "/opt/rustwide/target/debug/deps/rustcJwvmi7/raw-dylibs" "-B<sysroot>/lib/rustlib/x86_64-unknown-linux-gnu/bin/gcc-ld" "-fuse-ld=lld" "-Wl,--eh-frame-hdr" "-Wl,-z,noexecstack" "-L" "/opt/rustwide/target/debug/build/blake3-f3f07328c38882ee/out" "-L" "<sysroot>/lib/rustlib/x86_64-unknown-linux-gnu/lib" "-o" "/opt/rustwide/target/debug/deps/partition_contract-3a8f0608ed3f0f64" "-Wl,--gc-sections" "-pie" "-Wl,-z,relro,-z,now" "-nodefaultlibs"
[INFO] [stdout]   = note: some arguments are omitted. use `--verbose` to show all linker arguments
[INFO] [stdout]   = note: collect2: fatal error: ld terminated with signal 9 [Killed]
[INFO] [stdout]           compilation terminated.
[INFO] [stdout]           
[INFO] [stdout] 
[INFO] [stdout] 
[INFO] [stderr] error: could not compile `proofframe` (test "partition_contract") due to 1 previous error
[INFO] [stdout] error: linking with `cc` failed: exit status: 1
[INFO] [stdout]   |
[INFO] [stdout]   = note:  "cc" "-m64" "/opt/rustwide/target/debug/deps/rustce5a7DP/symbols.o" "<2 object files omitted>" "-Wl,--as-needed" "-Wl,-Bstatic" "<sysroot>/lib/rustlib/x86_64-unknown-linux-gnu/lib/{libtest-*,libgetopts-*,librustc_std_workspace_std-*}.rlib" "/opt/rustwide/target/debug/deps/{libproofframe,libserde_json_canonicalizer-64148274dae8d6cc,libryu_js-79634ff75c26ee8e,libblake3-2dc33ffb153bc368,libconstant_time_eq-1a60f1c89abc6683,libarrayvec-dd42765941c22ca2,libarrayref-81fde35c69841043,libthiserror-daa8972bdd6c4a68,libed25519_dalek-6033060a450a0949,libsha2-71da4c6b0ed27b19,libcurve25519_dalek-3ee455f076259337,libcpufeatures-6c1f78f4142e3013,libzeroize-d2f7f1328b3249ff,libsubtle-f6e5f95380b8ab7d,libdigest-5f08e722d99d6224,libcrypto_common-75984ed5c0f85c3a,libblock_buffer-fe90de4d1af458b0,libhybrid_array-5c0e7ce008d0e7e3,libtypenum-8cba24ab4904c632,libed25519-71aa1d368b9f6182,libsignature-fc2170921e524873,libtempfile-ab8d8c2371015e15,libgetrandom-c13452f45e7d3932,libfastrand-8c711c36072d5b5b,librustix-02d97837cd9bd231,liblinux_raw_sys-0b6cde911e9a3109,libserde_json-8d4886c326850f9d,libzmij-2ca2f302097868c6,libitoa-5de11b3b23bfe572,libserde-6ea3502918b788be,libserde_core-2c928ee17a7447a4,libarrow-4aeb4b3e8bc16f77,libarrow_row-941ae76ba83462c3,libarrow_ipc-e0fb1de3badae115,libflatbuffers-12f88e678c9a147f,libbitflags-4d66d68843710487,libarrow_string-fb163fa5edc20417,libregex-ffa8d11cd10543ee,libregex_automata-602cf2e6b8c782a8,libaho_corasick-66f2297d49343770,libregex_syntax-801391c65a42f645,libmemchr-a932478bde794617,libarrow_cast-0d66a31c83dece41,libatoi-e3bac66abb7b1be4,libryu-1f4f40e4352371e5,libbase64-32787b0325ea6df8,liblexical_core-f05491c3a50edaa0,liblexical_write_float-712757527daa16ab,liblexical_write_integer-2f3589da0b9f210c,liblexical_parse_float-3c29d03419db7c6a,liblexical_parse_integer-4fcfb19c13bfbc18,liblexical_util-801879279684047a,libarrow_arith-90d5f85c94e5029f,libarrow_ord-98b71b62d25cad55,libarrow_select-30a7a0eaf12b90b9,libarrow_array-4da217e73eb3713f,libahash-7f1f230d57db2ef7,libgetrandom-a73f2f085e83d825,liblibc-612664c2206eec43,libonce_cell-9d045526a262399f,libhashbrown-d7214d631586fd51,libnum_complex-4bbc4c7a64408a21,libchrono-1c8b2411b9a398d3,libiana_time_zone-bcd81aefedc374a6,libarrow_data-77f7501cdaab2192,libarrow_schema-f5c86d6bada6fb20,libarrow_buffer-7aaa854b61f3e863,libbytes-5f66263ae3d5daa8,libhalf-e48bf02dcd9a1e30,libcfg_if-83060ec5685761ae,libzerocopy-3ff78cd4bf296469,libnum_bigint-1ac7fe99358b632d,libnum_integer-f316d1b1a9fbd328,libnum_traits-d0c13b3be76c659e}.rlib" "<sysroot>/lib/rustlib/x86_64-unknown-linux-gnu/lib/{libstd-*,libpanic_unwind-*,libobject-*,libmemchr-*,libaddr2line-*,libgimli-*,libcfg_if-*,librustc_demangle-*,libstd_detect-*,libhashbrown-*,librustc_std_workspace_alloc-*,libminiz_oxide-*,libadler2-*,libunwind-*,liblibc-*,librustc_std_workspace_core-*,liballoc-*,libcore-*,libcompiler_builtins-*}.rlib" "-Wl,-Bdynamic" "-lgcc_s" "-lutil" "-lrt" "-lpthread" "-lm" "-ldl" "-lc" "-L" "/opt/rustwide/target/debug/deps/rustce5a7DP/raw-dylibs" "-B<sysroot>/lib/rustlib/x86_64-unknown-linux-gnu/bin/gcc-ld" "-fuse-ld=lld" "-Wl,--eh-frame-hdr" "-Wl,-z,noexecstack" "-L" "/opt/rustwide/target/debug/build/blake3-f3f07328c38882ee/out" "-L" "<sysroot>/lib/rustlib/x86_64-unknown-linux-gnu/lib" "-o" "/opt/rustwide/target/debug/deps/conditional_unique-363c90427513ee5f" "-Wl,--gc-sections" "-pie" "-Wl,-z,relro,-z,now" "-nodefaultlibs"
[INFO] [stdout]   = note: some arguments are omitted. use `--verbose` to show all linker arguments
[INFO] [stdout]   = note: collect2: fatal error: ld terminated with signal 9 [Killed]
[INFO] [stdout]           compilation terminated.
[INFO] [stdout]           
[INFO] [stdout] 
[INFO] [stdout] 
[INFO] [stderr] error: could not compile `proofframe` (test "conditional_unique") due to 1 previous error
[INFO] [stdout] error: linking with `cc` failed: exit status: 1
[INFO] [stdout]   |
[INFO] [stdout]   = note:  "cc" "-m64" "/opt/rustwide/target/debug/deps/rustcpNmxJC/symbols.o" "<3 object files omitted>" "-Wl,--as-needed" "-Wl,-Bstatic" "<sysroot>/lib/rustlib/x86_64-unknown-linux-gnu/lib/{libtest-*,libgetopts-*,librustc_std_workspace_std-*}.rlib" "/opt/rustwide/target/debug/deps/{libproofframe,libserde_json_canonicalizer-64148274dae8d6cc,libryu_js-79634ff75c26ee8e,libblake3-2dc33ffb153bc368,libconstant_time_eq-1a60f1c89abc6683,libarrayvec-dd42765941c22ca2,libarrayref-81fde35c69841043,libthiserror-daa8972bdd6c4a68,libed25519_dalek-6033060a450a0949,libsha2-71da4c6b0ed27b19,libcurve25519_dalek-3ee455f076259337,libcpufeatures-6c1f78f4142e3013,libzeroize-d2f7f1328b3249ff,libsubtle-f6e5f95380b8ab7d,libdigest-5f08e722d99d6224,libcrypto_common-75984ed5c0f85c3a,libblock_buffer-fe90de4d1af458b0,libhybrid_array-5c0e7ce008d0e7e3,libtypenum-8cba24ab4904c632,libed25519-71aa1d368b9f6182,libsignature-fc2170921e524873,libtempfile-ab8d8c2371015e15,libgetrandom-c13452f45e7d3932,libfastrand-8c711c36072d5b5b,librustix-02d97837cd9bd231,liblinux_raw_sys-0b6cde911e9a3109,libserde_json-8d4886c326850f9d,libzmij-2ca2f302097868c6,libitoa-5de11b3b23bfe572,libserde-6ea3502918b788be,libserde_core-2c928ee17a7447a4,libarrow-4aeb4b3e8bc16f77,libarrow_row-941ae76ba83462c3,libarrow_ipc-e0fb1de3badae115,libflatbuffers-12f88e678c9a147f,libbitflags-4d66d68843710487,libarrow_string-fb163fa5edc20417,libregex-ffa8d11cd10543ee,libregex_automata-602cf2e6b8c782a8,libaho_corasick-66f2297d49343770,libregex_syntax-801391c65a42f645,libmemchr-a932478bde794617,libarrow_cast-0d66a31c83dece41,libatoi-e3bac66abb7b1be4,libryu-1f4f40e4352371e5,libbase64-32787b0325ea6df8,liblexical_core-f05491c3a50edaa0,liblexical_write_float-712757527daa16ab,liblexical_write_integer-2f3589da0b9f210c,liblexical_parse_float-3c29d03419db7c6a,liblexical_parse_integer-4fcfb19c13bfbc18,liblexical_util-801879279684047a,libarrow_arith-90d5f85c94e5029f,libarrow_ord-98b71b62d25cad55,libarrow_select-30a7a0eaf12b90b9,libarrow_array-4da217e73eb3713f,libahash-7f1f230d57db2ef7,libgetrandom-a73f2f085e83d825,liblibc-612664c2206eec43,libonce_cell-9d045526a262399f,libhashbrown-d7214d631586fd51,libnum_complex-4bbc4c7a64408a21,libchrono-1c8b2411b9a398d3,libiana_time_zone-bcd81aefedc374a6,libarrow_data-77f7501cdaab2192,libarrow_schema-f5c86d6bada6fb20,libarrow_buffer-7aaa854b61f3e863,libbytes-5f66263ae3d5daa8,libhalf-e48bf02dcd9a1e30,libcfg_if-83060ec5685761ae,libzerocopy-3ff78cd4bf296469,libnum_bigint-1ac7fe99358b632d,libnum_integer-f316d1b1a9fbd328,libnum_traits-d0c13b3be76c659e}.rlib" "<sysroot>/lib/rustlib/x86_64-unknown-linux-gnu/lib/{libstd-*,libpanic_unwind-*,libobject-*,libmemchr-*,libaddr2line-*,libgimli-*,libcfg_if-*,librustc_demangle-*,libstd_detect-*,libhashbrown-*,librustc_std_workspace_alloc-*,libminiz_oxide-*,libadler2-*,libunwind-*,liblibc-*,librustc_std_workspace_core-*,liballoc-*,libcore-*,libcompiler_builtins-*}.rlib" "-Wl,-Bdynamic" "-lgcc_s" "-lutil" "-lrt" "-lpthread" "-lm" "-ldl" "-lc" "-L" "/opt/rustwide/target/debug/deps/rustcpNmxJC/raw-dylibs" "-B<sysroot>/lib/rustlib/x86_64-unknown-linux-gnu/bin/gcc-ld" "-fuse-ld=lld" "-Wl,--eh-frame-hdr" "-Wl,-z,noexecstack" "-L" "/opt/rustwide/target/debug/build/blake3-f3f07328c38882ee/out" "-L" "<sysroot>/lib/rustlib/x86_64-unknown-linux-gnu/lib" "-o" "/opt/rustwide/target/debug/deps/mutually_exclusive-2add2e02e1e2ab3c" "-Wl,--gc-sections" "-pie" "-Wl,-z,relro,-z,now" "-nodefaultlibs"
[INFO] [stdout]   = note: some arguments are omitted. use `--verbose` to show all linker arguments
[INFO] [stdout]   = note: collect2: fatal error: ld terminated with signal 9 [Killed]
[INFO] [stdout]           compilation terminated.
[INFO] [stdout]           
[INFO] [stdout] 
[INFO] [stdout] 
[INFO] [stderr] error: could not compile `proofframe` (test "mutually_exclusive") due to 1 previous error
[INFO] running `Command { std: "docker" "inspect" "986276da4f3400e53a37b825665619802d0c81d4e4382ae9094c4d499d405230", kill_on_drop: false }`
[INFO] running `Command { std: "docker" "rm" "-f" "986276da4f3400e53a37b825665619802d0c81d4e4382ae9094c4d499d405230", kill_on_drop: false }`
[INFO] [stdout] 986276da4f3400e53a37b825665619802d0c81d4e4382ae9094c4d499d405230
