[INFO] cloning repository https://github.com/damattl/db-iris-wrapper
[INFO] running `Command { std: "git" "-c" "credential.helper=" "-c" "credential.helper=/workspace/cargo-home/bin/git-credential-null" "clone" "--bare" "https://github.com/damattl/db-iris-wrapper" "/workspace/cache/git-repos/https%3A%2F%2Fgithub.com%2Fdamattl%2Fdb-iris-wrapper", kill_on_drop: false }`
[INFO] [stderr] Cloning into bare repository '/workspace/cache/git-repos/https%3A%2F%2Fgithub.com%2Fdamattl%2Fdb-iris-wrapper'...
[INFO] running `Command { std: "git" "rev-parse" "HEAD", kill_on_drop: false }`
[INFO] [stdout] 83ff21521bda7a9770ecaa757381d34953d9946b
[INFO] testing damattl/db-iris-wrapper against 1.100.0-beta.1 for beta-1.100-2
[INFO] running `Command { std: "git" "clone" "/workspace/cache/git-repos/https%3A%2F%2Fgithub.com%2Fdamattl%2Fdb-iris-wrapper" "/workspace/builds/worker-1-tc2/source", kill_on_drop: false }`
[INFO] [stderr] Cloning into '/workspace/builds/worker-1-tc2/source'...
[INFO] [stderr] done.
[INFO] started tweaking git repo https://github.com/damattl/db-iris-wrapper
[INFO] finished tweaking git repo https://github.com/damattl/db-iris-wrapper
[INFO] tweaked toml for git repo https://github.com/damattl/db-iris-wrapper written to /workspace/builds/worker-1-tc2/source/Cargo.toml
[INFO] validating manifest of git repo https://github.com/damattl/db-iris-wrapper on toolchain 1.100.0-beta.1
[INFO] running `Command { std: CARGO_HOME="/workspace/cargo-home" RUSTUP_HOME="/workspace/rustup-home" "/workspace/cargo-home/bin/cargo" "+1.100.0-beta.1" "metadata" "--manifest-path" "Cargo.toml" "--no-deps", kill_on_drop: false }`
[INFO] crate git repo https://github.com/damattl/db-iris-wrapper already has a lockfile, it will not be regenerated
[INFO] running `Command { std: CARGO_HOME="/workspace/cargo-home" RUSTUP_HOME="/workspace/rustup-home" "/workspace/cargo-home/bin/cargo" "+1.100.0-beta.1" "fetch" "--manifest-path" "Cargo.toml", kill_on_drop: false }`
[INFO] [stderr]     Blocking waiting for file lock on package cache
[INFO] [stderr]     Blocking waiting for file lock on package cache
[INFO] [stderr]  Downloading crates ...
[INFO] [stderr]   Downloaded cc v1.2.36
[INFO] [stderr]   Downloaded xattr v1.5.1
[INFO] [stderr]   Downloaded tokio-tar v0.3.1
[INFO] [stderr]   Downloaded testcontainers-modules v0.13.0
[INFO] [stderr]   Downloaded testcontainers v0.25.0
[INFO] [stderr]   Downloaded quick-xml v0.38.3
[INFO] [stderr]   Downloaded etcetera v0.10.0
[INFO] [stderr]   Downloaded bollard-stubs v1.48.3-rc.28.0.4
[INFO] [stderr]   Downloaded bollard-buildkit-proto v0.6.1
[INFO] [stderr]   Downloaded bollard v0.19.1
[INFO] [stderr]   Downloaded rocket_okapi_codegen v0.9.0
[INFO] [stderr]   Downloaded rocket_okapi v0.9.0
[INFO] [stderr]   Downloaded pretty_env_logger v0.5.0
[INFO] [stderr]   Downloaded diesel_migrations v2.2.0
[INFO] [stderr]   Downloaded migrations_macros v2.2.0
[INFO] [stderr]   Downloaded migrations_internals v2.2.1
[INFO] [stderr]   Downloaded scheduled-thread-pool v0.2.7
[INFO] [stderr]   Downloaded calamine v0.30.1
[INFO] [stderr]   Downloaded atoi_simd v0.16.1
[INFO] [stderr]   Downloaded pq-sys v0.7.2
[INFO] running `Command { std: "docker" "create" "-v" "/var/lib/crater-agent-workspace/builds/worker-1-tc2/source:/opt/rustwide/workdir:ro,Z" "-v" "/var/lib/crater-agent-workspace/builds/worker-1-tc2/target:/opt/rustwide/target:rw,Z" "-v" "/var/lib/crater-agent-workspace/cargo-home:/opt/rustwide/cargo-home:ro,Z" "-v" "/var/lib/crater-agent-workspace/rustup-home:/opt/rustwide/rustup-home:ro,Z" "-m" "1610612736" "--network" "none" "ghcr.io/rust-lang/crates-build-env/linux@sha256:3111399a4047eeb3a02b7a90e478d715f38a8c6669b5c4b49d30a17385265909" "sleep" "infinity", kill_on_drop: false }`
[INFO] [stdout] 6cb411fa9f357884f3e5c70e489ddf0129b6ca7e964fa3d7456718073fcef5df
[INFO] running `Command { std: "docker" "start" "6cb411fa9f357884f3e5c70e489ddf0129b6ca7e964fa3d7456718073fcef5df", kill_on_drop: false }`
[INFO] running `Command { std: "docker" "inspect" "6cb411fa9f357884f3e5c70e489ddf0129b6ca7e964fa3d7456718073fcef5df", kill_on_drop: false }`
[INFO] running `Command { std: "docker" "exec" "-e" "SOURCE_DIR=/opt/rustwide/workdir" "-e" "CARGO_HOME=/opt/rustwide/cargo-home" "-e" "RUSTUP_HOME=/opt/rustwide/rustup-home" "-e" "CARGO_TARGET_DIR=/opt/rustwide/target" "-w" "/opt/rustwide/workdir" "--user" "0:0" "6cb411fa9f357884f3e5c70e489ddf0129b6ca7e964fa3d7456718073fcef5df" "/opt/rustwide/cargo-home/bin/cargo" "+1.100.0-beta.1" "metadata" "--no-deps" "--format-version=1", kill_on_drop: false }`
[INFO] running `Command { std: "docker" "inspect" "6cb411fa9f357884f3e5c70e489ddf0129b6ca7e964fa3d7456718073fcef5df", kill_on_drop: false }`
[INFO] running `Command { std: "docker" "exec" "-e" "SOURCE_DIR=/opt/rustwide/workdir" "-e" "CARGO_HOME=/opt/rustwide/cargo-home" "-e" "RUSTUP_HOME=/opt/rustwide/rustup-home" "-e" "CARGO_TARGET_DIR=/opt/rustwide/target" "-e" "CARGO_INCREMENTAL=0" "-e" "RUST_BACKTRACE=full" "-e" "RUSTFLAGS=--cap-lints=warn" "-e" "RUSTDOCFLAGS=--cap-lints=warn" "-w" "/opt/rustwide/workdir" "--user" "0:0" "6cb411fa9f357884f3e5c70e489ddf0129b6ca7e964fa3d7456718073fcef5df" "/opt/rustwide/cargo-home/bin/cargo" "+1.100.0-beta.1" "build" "--frozen" "--message-format=json", kill_on_drop: false }`
[INFO] [stderr]    Compiling proc-macro2 v1.0.101
[INFO] [stderr]    Compiling unicode-ident v1.0.19
[INFO] [stderr]    Compiling libc v0.2.175
[INFO] [stderr]    Compiling serde v1.0.219
[INFO] [stderr]    Compiling cfg-if v1.0.3
[INFO] [stderr]    Compiling memchr v2.7.5
[INFO] [stderr]    Compiling hashbrown v0.15.5
[INFO] [stderr]    Compiling log v0.4.28
[INFO] [stderr]    Compiling http v1.3.1
[INFO] [stderr]    Compiling either v1.15.0
[INFO] [stderr]    Compiling find-msvc-tools v0.1.1
[INFO] [stderr]    Compiling zeroize v1.8.1
[INFO] [stderr]    Compiling zerocopy v0.8.27
[INFO] [stderr]    Compiling serde_json v1.0.143
[INFO] [stderr]    Compiling getrandom v0.3.3
[INFO] [stderr]    Compiling bitflags v2.9.4
[INFO] [stderr]    Compiling crc32fast v1.5.0
[INFO] [stderr]    Compiling anyhow v1.0.99
[INFO] [stderr]    Compiling rustls-pki-types v1.12.0
[INFO] [stderr]    Compiling cc v1.2.36
[INFO] [stderr]    Compiling zlib-rs v0.5.2
[INFO] [stderr]    Compiling rustls v0.23.31
[INFO] [stderr]    Compiling miniz_oxide v0.8.9
[INFO] [stderr]    Compiling lock_api v0.4.13
[INFO] [stderr]    Compiling time-core v0.1.6
[INFO] [stderr]    Compiling winnow v0.7.13
[INFO] [stderr]    Compiling futures-sink v0.3.31
[INFO] [stderr]    Compiling inlinable_string v0.1.15
[INFO] [stderr]    Compiling futures-core v0.3.31
[INFO] [stderr]    Compiling deranged v0.5.3
[INFO] [stderr]    Compiling time-macros v0.2.24
[INFO] [stderr]    Compiling itertools v0.14.0
[INFO] [stderr]    Compiling cookie v0.18.1
[INFO] [stderr]    Compiling futures-task v0.3.31
[INFO] [stderr]    Compiling regex-syntax v0.8.6
[INFO] [stderr]    Compiling sync_wrapper v1.0.2
[INFO] [stderr]    Compiling ref-cast v1.0.24
[INFO] [stderr]    Compiling aho-corasick v1.1.3
[INFO] [stderr]    Compiling rustix v1.1.2
[INFO] [stderr]    Compiling quote v1.0.40
[INFO] [stderr]    Compiling syn v2.0.106
[INFO] [stderr]    Compiling futures-util v0.3.31
[INFO] [stderr]    Compiling webpki-roots v1.0.2
[INFO] [stderr]    Compiling http-body v1.0.1
[INFO] [stderr]    Compiling mio v1.0.4
[INFO] [stderr]    Compiling socket2 v0.6.0
[INFO] [stderr]    Compiling signal-hook-registry v1.4.6
[INFO] [stderr]    Compiling getrandom v0.2.16
[INFO] [stderr]    Compiling socket2 v0.5.10
[INFO] [stderr]    Compiling ring v0.17.14
[INFO] [stderr]    Compiling http-body-util v0.1.3
[INFO] [stderr]    Compiling is-terminal v0.4.16
[INFO] [stderr]    Compiling parking_lot_core v0.9.11
[INFO] [stderr]    Compiling futures-channel v0.3.31
[INFO] [stderr]    Compiling uncased v0.9.10
[INFO] [stderr]    Compiling time v0.3.43
[INFO] [stderr]    Compiling axum-core v0.5.2
[INFO] [stderr]    Compiling tokio v1.47.1
[INFO] [stderr]    Compiling webpki-roots v0.26.11
[INFO] [stderr]    Compiling parking_lot v0.12.4
[INFO] [stderr]    Compiling stable-pattern v0.1.0
[INFO] [stderr]    Compiling encoding_rs v0.8.35
[INFO] [stderr]    Compiling tracing v0.1.41
[INFO] [stderr]    Compiling ppv-lite86 v0.2.21
[INFO] [stderr]    Compiling futures-io v0.3.31
[INFO] [stderr]    Compiling state v0.6.0
[INFO] [stderr]    Compiling yansi v1.0.1
[INFO] [stderr]    Compiling rand_core v0.9.3
[INFO] [stderr]    Compiling indexmap v2.11.1
[INFO] [stderr]    Compiling bollard-buildkit-proto v0.6.1
[INFO] [stderr]    Compiling toml_writer v1.0.2
[INFO] [stderr]    Compiling toml_write v0.1.2
[INFO] [stderr]    Compiling thiserror v2.0.16
[INFO] [stderr]    Compiling rand_chacha v0.9.0
[INFO] [stderr]    Compiling syn v1.0.109
[INFO] [stderr]    Compiling rand_core v0.6.4
[INFO] [stderr]    Compiling indexmap v1.9.3
[INFO] [stderr]    Compiling regex-automata v0.4.10
[INFO] [stderr]    Compiling figment v0.10.19
[INFO] [stderr]    Compiling multer v3.1.0
[INFO] [stderr]    Compiling strsim v0.10.0
[INFO] [stderr]    Compiling rand_chacha v0.3.1
[INFO] [stderr]    Compiling rand v0.9.2
[INFO] [stderr]    Compiling rocket v0.5.1
[INFO] [stderr]    Compiling home v0.5.11
[INFO] [stderr]    Compiling futures v0.3.31
[INFO] [stderr]    Compiling spin v0.9.8
[INFO] [stderr]    Compiling schemars v0.8.22
[INFO] [stderr]    Compiling glob v0.3.3
[INFO] [stderr]    Compiling pq-sys v0.7.2
[INFO] [stderr]    Compiling tempfile v3.22.0
[INFO] [stderr]    Compiling rand v0.8.5
[INFO] [stderr]    Compiling rustls-native-certs v0.8.1
[INFO] [stderr]    Compiling num v0.4.3
[INFO] [stderr]    Compiling toml_parser v1.0.2
[INFO] [stderr]    Compiling xattr v1.5.1
[INFO] [stderr]    Compiling scheduled-thread-pool v0.2.7
[INFO] [stderr]    Compiling filetime v0.2.26
[INFO] [stderr]    Compiling num_cpus v1.17.0
[INFO] [stderr]    Compiling rustls-pemfile v2.2.0
[INFO] [stderr]    Compiling bumpalo v3.19.0
[INFO] [stderr]    Compiling atomic v0.5.3
[INFO] [stderr]    Compiling simd-adler32 v0.3.7
[INFO] [stderr]    Compiling binascii v0.1.4
[INFO] [stderr]    Compiling siphasher v1.0.1
[INFO] [stderr]    Compiling r2d2 v0.8.10
[INFO] [stderr]    Compiling ulid v1.2.1
[INFO] [stderr]    Compiling zopfli v0.8.2
[INFO] [stderr]    Compiling etcetera v0.10.0
[INFO] [stderr]    Compiling phf_shared v0.12.1
[INFO] [stderr]    Compiling humantime v2.3.0
[INFO] [stderr]    Compiling termcolor v1.4.1
[INFO] [stderr]    Compiling debug_unsafe v0.1.3
[INFO] [stderr]    Compiling chrono-tz v0.10.4
[INFO] [stderr]    Compiling libz-rs-sys v0.5.2
[INFO] [stderr]    Compiling phf v0.12.1
[INFO] [stderr]    Compiling atoi_simd v0.16.1
[INFO] [stderr]    Compiling quick-xml v0.37.5
[INFO] [stderr]    Compiling codepage v0.1.2
[INFO] [stderr]    Compiling flate2 v1.1.2
[INFO] [stderr]    Compiling unicase v2.8.1
[INFO] [stderr]    Compiling fast-float2 v0.2.3
[INFO] [stderr]    Compiling hyper v0.14.32
[INFO] [stderr]    Compiling synstructure v0.13.2
[INFO] [stderr]    Compiling proc-macro2-diagnostics v0.10.1
[INFO] [stderr]    Compiling darling_core v0.20.11
[INFO] [stderr]    Compiling serde_derive_internals v0.29.1
[INFO] [stderr]    Compiling diesel_table_macro_syntax v0.2.0
[INFO] [stderr]    Compiling devise_core v0.4.2
[INFO] [stderr]    Compiling regex v1.11.2
[INFO] [stderr]    Compiling env_logger v0.10.2
[INFO] [stderr]    Compiling serde_derive v1.0.219
[INFO] [stderr]    Compiling tokio-macros v2.5.0
[INFO] [stderr]    Compiling zerofrom-derive v0.1.6
[INFO] [stderr]    Compiling futures-macro v0.3.31
[INFO] [stderr]    Compiling yoke-derive v0.8.0
[INFO] [stderr]    Compiling tracing-attributes v0.1.30
[INFO] [stderr]    Compiling zerovec-derive v0.11.1
[INFO] [stderr]    Compiling displaydoc v0.2.5
[INFO] [stderr]    Compiling rustls-webpki v0.103.5
[INFO] [stderr]    Compiling pear_codegen v0.2.9
[INFO] [stderr]    Compiling async-trait v0.1.89
[INFO] [stderr]    Compiling ref-cast-impl v1.0.24
[INFO] [stderr]    Compiling prost-derive v0.13.5
[INFO] [stderr]    Compiling pin-project-internal v1.1.10
[INFO] [stderr]    Compiling async-stream-impl v0.3.6
[INFO] [stderr]    Compiling devise_codegen v0.4.2
[INFO] [stderr]    Compiling pear v0.2.9
[INFO] [stderr]    Compiling async-stream v0.3.6
[INFO] [stderr]    Compiling thiserror-impl v2.0.16
[INFO] [stderr]    Compiling zerofrom v0.1.6
[INFO] [stderr]    Compiling structmeta-derive v0.3.0
[INFO] [stderr]    Compiling yoke v0.8.0
[INFO] [stderr]    Compiling devise v0.4.2
[INFO] [stderr]    Compiling darling_core v0.13.4
[INFO] [stderr]    Compiling serde_repr v0.1.20
[INFO] [stderr]    Compiling zerovec v0.11.4
[INFO] [stderr]    Compiling zerotrie v0.2.2
[INFO] [stderr]    Compiling rocket_http v0.5.1
[INFO] [stderr]    Compiling schemars_derive v0.8.22
[INFO] [stderr]    Compiling darling_macro v0.20.11
[INFO] [stderr]    Compiling pin-project v1.1.10
[INFO] [stderr]    Compiling pretty_env_logger v0.5.0
[INFO] [stderr]    Compiling darling v0.20.11
[INFO] [stderr]    Compiling serde_with_macros v3.14.0
[INFO] [stderr]    Compiling dsl_auto_type v0.1.3
[INFO] [stderr]    Compiling prost v0.13.5
[INFO] [stderr]    Compiling structmeta v0.3.0
[INFO] [stderr]    Compiling parse-display-derive v0.9.1
[INFO] [stderr]    Compiling diesel_derives v2.2.7
[INFO] [stderr]    Compiling tinystr v0.8.1
[INFO] [stderr]    Compiling potential_utf v0.1.3
[INFO] [stderr]    Compiling icu_collections v2.0.0
[INFO] [stderr]    Compiling icu_locale_core v2.0.0
[INFO] [stderr]    Compiling prost-types v0.13.5
[INFO] [stderr]    Compiling darling_macro v0.13.4
[INFO] [stderr]    Compiling icu_provider v2.0.0
[INFO] [stderr]    Compiling darling v0.13.4
[INFO] [stderr]    Compiling futures-executor v0.3.31
[INFO] [stderr]    Compiling icu_properties v2.0.1
[INFO] [stderr]    Compiling icu_normalizer v2.0.0
[INFO] [stderr]    Compiling parse-display v0.9.1
[INFO] [stderr]    Compiling rocket_codegen v0.5.1
[INFO] [stderr]    Compiling rocket_okapi_codegen v0.9.0
[INFO] [stderr]    Compiling idna_adapter v1.2.1
[INFO] [stderr]    Compiling idna v1.1.0
[INFO] [stderr]    Compiling tokio-util v0.7.16
[INFO] [stderr]    Compiling tokio-stream v0.1.17
[INFO] [stderr]    Compiling tokio-tar v0.3.1
[INFO] [stderr]    Compiling tokio-rustls v0.26.2
[INFO] [stderr]    Compiling chrono v0.4.42
[INFO] [stderr]    Compiling url v2.5.7
[INFO] [stderr]    Compiling serde_spanned v0.6.9
[INFO] [stderr]    Compiling toml_datetime v0.7.0
[INFO] [stderr]    Compiling toml_datetime v0.6.11
[INFO] [stderr]    Compiling serde_spanned v1.0.0
[INFO] [stderr]    Compiling serde_with v3.14.0
[INFO] [stderr]    Compiling serde_urlencoded v0.7.1
[INFO] [stderr]    Compiling ubyte v0.10.4
[INFO] [stderr]    Compiling quick-xml v0.38.3
[INFO] [stderr]    Compiling unicase_serde v0.1.0
[INFO] [stderr]    Compiling toml v0.9.5
[INFO] [stderr]    Compiling ureq v2.12.1
[INFO] [stderr]    Compiling docker_credential v1.3.2
[INFO] [stderr]    Compiling migrations_internals v2.2.1
[INFO] [stderr]    Compiling h2 v0.4.12
[INFO] [stderr]    Compiling tower v0.5.2
[INFO] [stderr]    Compiling h2 v0.3.27
[INFO] [stderr]    Compiling toml_edit v0.22.27
[INFO] [stderr]    Compiling zip v4.6.1
[INFO] [stderr]    Compiling migrations_macros v2.2.0
[INFO] [stderr]    Compiling diesel v2.2.12
[INFO] [stderr]    Compiling iris v0.1.0 (/opt/rustwide/workdir/crates/iris)
[INFO] [stderr]    Compiling axum v0.8.4
[INFO] [stderr]    Compiling calamine v0.30.1
[INFO] [stderr]    Compiling okapi v0.7.0
[INFO] [stderr]    Compiling toml v0.8.23
[INFO] [stderr]    Compiling hyper v1.7.0
[INFO] [stderr]    Compiling hyper-util v0.1.16
[INFO] [stderr]    Compiling hyper-timeout v0.5.2
[INFO] [stderr]    Compiling hyperlocal v0.9.1
[INFO] [stderr]    Compiling hyper-rustls v0.27.7
[INFO] [stderr]    Compiling tonic v0.13.1
[INFO] [stderr]    Compiling bollard-stubs v1.48.3-rc.28.0.4
[INFO] [stderr]    Compiling rocket_okapi v0.9.0
[INFO] [stderr]    Compiling rocket_cors v0.6.0
[INFO] [stderr]    Compiling diesel_migrations v2.2.0
[INFO] [stderr]    Compiling bollard v0.19.1
[INFO] [stderr]    Compiling testcontainers v0.25.0
[INFO] [stderr]    Compiling testcontainers-modules v0.13.0
[INFO] [stderr]    Compiling wrapper-core v0.1.0 (/opt/rustwide/workdir/crates/core)
[INFO] [stderr]    Compiling web v0.1.0 (/opt/rustwide/workdir/crates/web)
[INFO] [stderr]    Compiling bootstrap v0.1.0 (/opt/rustwide/workdir/crates/bootstrap)
[INFO] [stderr] warning: unused dependency `pretty_env_logger`
[INFO] [stderr]   --> crates/core/Cargo.toml:20:1
[INFO] [stderr]    |
[INFO] [stderr] 20 | pretty_env_logger = "0.5.0"
[INFO] [stderr]    | ^^^^^^^^^^^^^^^^^^^^^^^^^^^
[INFO] [stderr]    |
[INFO] [stderr]    = note: `cargo::unused_dependencies` is set to `warn` by default
[INFO] [stderr] help: consider removing the dependency on `pretty_env_logger`
[INFO] [stderr] warning: unused dependency `rocket_okapi`
[INFO] [stderr]   --> crates/core/Cargo.toml:17:1
[INFO] [stderr]    |
[INFO] [stderr] 17 | rocket_okapi = { workspace = true }
[INFO] [stderr]    | ^^^^^^^^^^^^^^^^^^^^^^^^^^^^^^^^^^^
[INFO] [stderr]    |
[INFO] [stderr] help: consider removing the dependency on `rocket_okapi`
[INFO] [stderr] warning: unused dependency `testcontainers-modules`
[INFO] [stderr]   --> crates/core/Cargo.toml:15:1
[INFO] [stderr]    |
[INFO] [stderr] 15 | testcontainers-modules = { version = "0.13.0", features = ["postgres"]}
[INFO] [stderr]    | ^^^^^^^^^^^^^^^^^^^^^^^^^^^^^^^^^^^^^^^^^^^^^^^^^^^^^^^^^^^^^^^^^^^^^^^
[INFO] [stderr]    |
[INFO] [stderr] help: consider removing the dependency on `testcontainers-modules`
[INFO] [stderr] warning: `wrapper-core` (manifest) generated 3 warnings
[INFO] [stderr]     Finished `dev` profile [unoptimized + debuginfo] target(s) in 2m 58s
[INFO] running `Command { std: "docker" "inspect" "6cb411fa9f357884f3e5c70e489ddf0129b6ca7e964fa3d7456718073fcef5df", kill_on_drop: false }`
[INFO] running `Command { std: "docker" "exec" "-e" "SOURCE_DIR=/opt/rustwide/workdir" "-e" "CARGO_HOME=/opt/rustwide/cargo-home" "-e" "RUSTUP_HOME=/opt/rustwide/rustup-home" "-e" "CARGO_TARGET_DIR=/opt/rustwide/target" "-e" "CARGO_INCREMENTAL=0" "-e" "RUST_BACKTRACE=full" "-e" "RUSTFLAGS=--cap-lints=warn" "-e" "RUSTDOCFLAGS=--cap-lints=warn" "-w" "/opt/rustwide/workdir" "--user" "0:0" "6cb411fa9f357884f3e5c70e489ddf0129b6ca7e964fa3d7456718073fcef5df" "/opt/rustwide/cargo-home/bin/cargo" "+1.100.0-beta.1" "test" "--frozen" "--no-run" "--message-format=json", kill_on_drop: false }`
[INFO] [stderr]    Compiling iris v0.1.0 (/opt/rustwide/workdir/crates/iris)
[INFO] [stderr]    Compiling wrapper-core v0.1.0 (/opt/rustwide/workdir/crates/core)
[INFO] [stderr]    Compiling web v0.1.0 (/opt/rustwide/workdir/crates/web)
[INFO] [stderr]    Compiling bootstrap v0.1.0 (/opt/rustwide/workdir/crates/bootstrap)
[INFO] [stderr] warning: unused dependency `pretty_env_logger`
[INFO] [stderr]   --> crates/core/Cargo.toml:20:1
[INFO] [stderr]    |
[INFO] [stderr] 20 | pretty_env_logger = "0.5.0"
[INFO] [stderr]    | ^^^^^^^^^^^^^^^^^^^^^^^^^^^
[INFO] [stderr]    |
[INFO] [stderr]    = note: `cargo::unused_dependencies` is set to `warn` by default
[INFO] [stderr] help: consider removing the dependency on `pretty_env_logger`
[INFO] [stderr] help: to still use for development builds, move to `dev-dependencies`
[INFO] [stderr] warning: unused dependency `rocket_okapi`
[INFO] [stderr]   --> crates/core/Cargo.toml:17:1
[INFO] [stderr]    |
[INFO] [stderr] 17 | rocket_okapi = { workspace = true }
[INFO] [stderr]    | ^^^^^^^^^^^^^^^^^^^^^^^^^^^^^^^^^^^
[INFO] [stderr]    |
[INFO] [stderr] help: consider removing the dependency on `rocket_okapi`
[INFO] [stderr] warning: unused dependency `testcontainers-modules`
[INFO] [stderr]   --> crates/core/Cargo.toml:15:1
[INFO] [stderr]    |
[INFO] [stderr] 15 | testcontainers-modules = { version = "0.13.0", features = ["postgres"]}
[INFO] [stderr]    | ^^^^^^^^^^^^^^^^^^^^^^^^^^^^^^^^^^^^^^^^^^^^^^^^^^^^^^^^^^^^^^^^^^^^^^^
[INFO] [stderr]    |
[INFO] [stderr] help: consider removing the dependency on `testcontainers-modules`
[INFO] [stderr] help: to still use for development builds, move to `dev-dependencies`
[INFO] [stderr] warning: `wrapper-core` (manifest) generated 3 warnings
[INFO] [stderr]     Finished `test` profile [unoptimized + debuginfo] target(s) in 9.05s
[INFO] running `Command { std: "docker" "inspect" "6cb411fa9f357884f3e5c70e489ddf0129b6ca7e964fa3d7456718073fcef5df", kill_on_drop: false }`
[INFO] running `Command { std: "docker" "exec" "-e" "SOURCE_DIR=/opt/rustwide/workdir" "-e" "CARGO_HOME=/opt/rustwide/cargo-home" "-e" "RUSTUP_HOME=/opt/rustwide/rustup-home" "-e" "CARGO_TARGET_DIR=/opt/rustwide/target" "-e" "CARGO_INCREMENTAL=0" "-e" "RUST_BACKTRACE=full" "-e" "RUSTFLAGS=--cap-lints=warn" "-e" "RUSTDOCFLAGS=--cap-lints=warn" "-w" "/opt/rustwide/workdir" "--user" "0:0" "6cb411fa9f357884f3e5c70e489ddf0129b6ca7e964fa3d7456718073fcef5df" "/opt/rustwide/cargo-home/bin/cargo" "+1.100.0-beta.1" "test" "--frozen", kill_on_drop: false }`
[INFO] [stderr] warning: unused dependency `pretty_env_logger`
[INFO] [stderr]   --> crates/core/Cargo.toml:20:1
[INFO] [stderr]    |
[INFO] [stderr] 20 | pretty_env_logger = "0.5.0"
[INFO] [stderr]    | ^^^^^^^^^^^^^^^^^^^^^^^^^^^
[INFO] [stderr]    |
[INFO] [stderr]    = note: `cargo::unused_dependencies` is set to `warn` by default
[INFO] [stderr] help: consider removing the dependency on `pretty_env_logger`
[INFO] [stderr] help: to still use for development builds, move to `dev-dependencies`
[INFO] [stderr] warning: unused dependency `rocket_okapi`
[INFO] [stderr]   --> crates/core/Cargo.toml:17:1
[INFO] [stderr]    |
[INFO] [stderr] 17 | rocket_okapi = { workspace = true }
[INFO] [stderr]    | ^^^^^^^^^^^^^^^^^^^^^^^^^^^^^^^^^^^
[INFO] [stderr]    |
[INFO] [stderr] help: consider removing the dependency on `rocket_okapi`
[INFO] [stderr] warning: unused dependency `testcontainers-modules`
[INFO] [stderr]   --> crates/core/Cargo.toml:15:1
[INFO] [stderr]    |
[INFO] [stderr] 15 | testcontainers-modules = { version = "0.13.0", features = ["postgres"]}
[INFO] [stderr]    | ^^^^^^^^^^^^^^^^^^^^^^^^^^^^^^^^^^^^^^^^^^^^^^^^^^^^^^^^^^^^^^^^^^^^^^^
[INFO] [stderr]    |
[INFO] [stderr] help: consider removing the dependency on `testcontainers-modules`
[INFO] [stderr] help: to still use for development builds, move to `dev-dependencies`
[INFO] [stderr] warning: `wrapper-core` (manifest) generated 3 warnings
[INFO] [stderr]     Finished `test` profile [unoptimized + debuginfo] target(s) in 0.78s
[INFO] [stderr]      Running unittests src/main.rs (/opt/rustwide/target/debug/build/bootstrap/26f08c80c26b2323/out/db_iris_wrapper-26f08c80c26b2323)
[INFO] [stdout] 
[INFO] [stdout] running 0 tests
[INFO] [stdout] 
[INFO] [stdout] test result: ok. 0 passed; 0 failed; 0 ignored; 0 measured; 0 filtered out; finished in 0.00s
[INFO] [stdout] 
[INFO] [stderr]      Running unittests src/lib.rs (/opt/rustwide/target/debug/build/iris/df6bfcdd874c82e6/out/iris-df6bfcdd874c82e6)
[INFO] [stdout] 
[INFO] [stdout] running 0 tests
[INFO] [stdout] 
[INFO] [stdout] test result: ok. 0 passed; 0 failed; 0 ignored; 0 measured; 0 filtered out; finished in 0.00s
[INFO] [stdout] 
[INFO] [stderr]      Running unittests src/lib.rs (/opt/rustwide/target/debug/build/web/37e0481bc2fd25b2/out/web-37e0481bc2fd25b2)
[INFO] [stdout] 
[INFO] [stdout] running 0 tests
[INFO] [stdout] 
[INFO] [stdout] test result: ok. 0 passed; 0 failed; 0 ignored; 0 measured; 0 filtered out; finished in 0.00s
[INFO] [stdout] 
[INFO] [stderr]      Running unittests src/lib.rs (/opt/rustwide/target/debug/build/wrapper-core/fc6d31453c4924a0/out/wrapper_core-fc6d31453c4924a0)
[INFO] [stdout] 
[INFO] [stdout] running 14 tests
[INFO] [stdout] test model::station::tests::station_from_info_casts_eva_to_i32 ... ok
[INFO] [stdout] test model::station::tests::station_from_info_requires_ds100 ... ok
[INFO] [stdout] test model::stop::tests::split_stops_by_time_returns_buckets_and_next ... ok
[INFO] [stdout] test model::train::tests::train_from_stop_builds_expected_identifier ... ok
[INFO] [stdout] test model::train::tests::train_from_stop_requires_number_and_category ... ok
[INFO] [stdout] test model::train::tests::train_from_stop_requires_train_line ... ok
[INFO] [stdout] test ingest::tests::ingest_timetable_skips_stops_that_cannot_build_trains ... ok
[INFO] [stdout] test utils::tests::test_generate_hours ... ok
[INFO] [stdout] test utils::tests::get_bool_env_defaults_to_false ... ok
[INFO] [stdout] test utils::tests::get_bool_env_treats_truthy_values_as_true ... ok
[INFO] [stdout] test model::stop::tests::split_stops_by_time_ignores_stops_without_times ... ok
[INFO] [stdout] test io::tests::get_status_codes_rejects_unknown_source ... ok
[INFO] [stdout] test io::tests::get_status_codes_uses_default_excel_path ... ok
[INFO] [stdout] test ingest::tests::ingest_timetable_changes_deduplicates_messages_and_updates_stop ... FAILED
[INFO] [stdout] 
[INFO] [stdout] failures:
[INFO] [stdout] 
[INFO] [stdout] ---- ingest::tests::ingest_timetable_changes_deduplicates_messages_and_updates_stop stdout ----
[INFO] [stdout] 
[INFO] [stdout] thread 'ingest::tests::ingest_timetable_changes_deduplicates_messages_and_updates_stop' (4354) panicked at crates/core/src/ingest.rs:226:9:
[INFO] [stdout] assertion `left == right` failed
[INFO] [stdout]   left: "duplicate"
[INFO] [stdout]  right: "duplicate-20250910"
[INFO] [stdout] stack backtrace:
[INFO] [stdout]    0:     0x635e6bf7bad1 - std[617be2ca0a6fd877]::backtrace_rs::backtrace::libunwind::trace
[INFO] [stdout]                                at /rustc/e3feeb59cd1bdd011a2bfcc0747b55125d9b8527/library/std/src/../../backtrace/src/backtrace/libunwind.rs:117:9
[INFO] [stdout]    1:     0x635e6bf7bad1 - std[617be2ca0a6fd877]::backtrace_rs::backtrace::trace_unsynchronized::<std[617be2ca0a6fd877]::sys::backtrace::_print_fmt::{closure#1}>
[INFO] [stdout]                                at /rustc/e3feeb59cd1bdd011a2bfcc0747b55125d9b8527/library/std/src/../../backtrace/src/backtrace/mod.rs:66:14
[INFO] [stdout]    2:     0x635e6bf7bad1 - std[617be2ca0a6fd877]::sys::backtrace::_print_fmt
[INFO] [stdout]                                at /rustc/e3feeb59cd1bdd011a2bfcc0747b55125d9b8527/library/std/src/sys/backtrace.rs:74:9
[INFO] [stdout]    3:     0x635e6bf7bad1 - <<std[617be2ca0a6fd877]::sys::backtrace::BacktraceLock>::print::DisplayBacktrace as core[a373ad73a504971]::fmt::Display>::fmt
[INFO] [stdout]                                at /rustc/e3feeb59cd1bdd011a2bfcc0747b55125d9b8527/library/std/src/sys/backtrace.rs:44:26
[INFO] [stdout]    4:     0x635e6bf922ba - <core[a373ad73a504971]::fmt::rt::Argument>::fmt
[INFO] [stdout]                                at /rustc/e3feeb59cd1bdd011a2bfcc0747b55125d9b8527/library/core/src/fmt/rt.rs:152:76
[INFO] [stdout]    5:     0x635e6bf922ba - core[a373ad73a504971]::fmt::write
[INFO] [stdout]    6:     0x635e6bf7fddc - core[a373ad73a504971]::io::write::default_write_fmt::<alloc[2e1b2a31b91974c5]::vec::Vec<u8>>
[INFO] [stdout]                                at /rustc/e3feeb59cd1bdd011a2bfcc0747b55125d9b8527/library/core/src/io/write.rs:402:11
[INFO] [stdout]    7:     0x635e6bf7fddc - <alloc[2e1b2a31b91974c5]::vec::Vec<u8> as core[a373ad73a504971]::io::write::Write>::write_fmt
[INFO] [stdout]                                at /rustc/e3feeb59cd1bdd011a2bfcc0747b55125d9b8527/library/core/src/io/write.rs:335:13
[INFO] [stdout]    8:     0x635e6bf57976 - <std[617be2ca0a6fd877]::sys::backtrace::BacktraceLock>::print
[INFO] [stdout]                                at /rustc/e3feeb59cd1bdd011a2bfcc0747b55125d9b8527/library/std/src/sys/backtrace.rs:47:9
[INFO] [stdout]    9:     0x635e6bf57976 - std[617be2ca0a6fd877]::panicking::default_hook::{closure#0}
[INFO] [stdout]                                at /rustc/e3feeb59cd1bdd011a2bfcc0747b55125d9b8527/library/std/src/panicking.rs:289:27
[INFO] [stdout]   10:     0x635e6bf73ec9 - std[617be2ca0a6fd877]::panicking::default_hook
[INFO] [stdout]                                at /rustc/e3feeb59cd1bdd011a2bfcc0747b55125d9b8527/library/std/src/panicking.rs:313:9
[INFO] [stdout]   11:     0x635e6be0bcd0 - <alloc[2e1b2a31b91974c5]::boxed::Box<dyn for<'a, 'b> core[a373ad73a504971]::ops::function::Fn<(&'a std[617be2ca0a6fd877]::panic::PanicHookInfo<'b>,), Output = ()> + core[a373ad73a504971]::marker::Sync + core[a373ad73a504971]::marker::Send> as core[a373ad73a504971]::ops::function::Fn<(&std[617be2ca0a6fd877]::panic::PanicHookInfo,)>>::call
[INFO] [stdout]                                at /rustc/e3feeb59cd1bdd011a2bfcc0747b55125d9b8527/library/alloc/src/boxed.rs:2328:9
[INFO] [stdout]   12:     0x635e6be0bcd0 - test[aada8e7e76ba119b]::test_main_inner::{closure#0}
[INFO] [stdout]                                at /rustc/e3feeb59cd1bdd011a2bfcc0747b55125d9b8527/library/test/src/lib.rs:137:21
[INFO] [stdout]   13:     0x635e6bf74082 - <alloc[2e1b2a31b91974c5]::boxed::Box<dyn for<'a, 'b> core[a373ad73a504971]::ops::function::Fn<(&'a std[617be2ca0a6fd877]::panic::PanicHookInfo<'b>,), Output = ()> + core[a373ad73a504971]::marker::Sync + core[a373ad73a504971]::marker::Send> as core[a373ad73a504971]::ops::function::Fn<(&std[617be2ca0a6fd877]::panic::PanicHookInfo,)>>::call
[INFO] [stdout]                                at /rustc/e3feeb59cd1bdd011a2bfcc0747b55125d9b8527/library/alloc/src/boxed.rs:2328:9
[INFO] [stdout]   14:     0x635e6bf74082 - std[617be2ca0a6fd877]::panicking::panic_with_hook
[INFO] [stdout]                                at /rustc/e3feeb59cd1bdd011a2bfcc0747b55125d9b8527/library/std/src/panicking.rs:819:13
[INFO] [stdout]   15:     0x635e6bf57a22 - std[617be2ca0a6fd877]::panicking::panic_handler::{closure#0}
[INFO] [stdout]                                at /rustc/e3feeb59cd1bdd011a2bfcc0747b55125d9b8527/library/std/src/panicking.rs:685:13
[INFO] [stdout]   16:     0x635e6bf50469 - std[617be2ca0a6fd877]::sys::backtrace::__rust_end_short_backtrace::<std[617be2ca0a6fd877]::panicking::panic_handler::{closure#0}, !>
[INFO] [stdout]                                at /rustc/e3feeb59cd1bdd011a2bfcc0747b55125d9b8527/library/std/src/sys/backtrace.rs:182:18
[INFO] [stdout]   17:     0x635e6bf5884d - __rustc[ea4f61d10b84890b]::rust_begin_unwind
[INFO] [stdout]                                at /rustc/e3feeb59cd1bdd011a2bfcc0747b55125d9b8527/library/std/src/panicking.rs:676:5
[INFO] [stdout]   18:     0x635e6bf92adc - core[a373ad73a504971]::panicking::panic_fmt
[INFO] [stdout]                                at /rustc/e3feeb59cd1bdd011a2bfcc0747b55125d9b8527/library/core/src/panicking.rs:80:14
[INFO] [stdout]   19:     0x635e6bf92943 - core[a373ad73a504971]::panicking::assert_failed_inner
[INFO] [stdout]                                at /rustc/e3feeb59cd1bdd011a2bfcc0747b55125d9b8527/library/core/src/panicking.rs:452:17
[INFO] [stdout]   20:     0x635e6bde66bb - core[a373ad73a504971]::panicking::assert_failed::<&str, alloc[2e1b2a31b91974c5]::string::String>
[INFO] [stdout]                                at /rustc/e3feeb59cd1bdd011a2bfcc0747b55125d9b8527/library/core/src/panicking.rs:407:5
[INFO] [stdout]   21:     0x635e6bdb6e62 - wrapper_core[13372e9826735bde]::ingest::tests::ingest_timetable_changes_deduplicates_messages_and_updates_stop
[INFO] [stdout]                                at /opt/rustwide/workdir/crates/core/src/ingest.rs:226:9
[INFO] [stdout]   22:     0x635e6bdb20b7 - wrapper_core[13372e9826735bde]::ingest::tests::ingest_timetable_changes_deduplicates_messages_and_updates_stop::{closure#0}
[INFO] [stdout]                                at /opt/rustwide/workdir/crates/core/src/ingest.rs:174:73
[INFO] [stdout]   23:     0x635e6bde2756 - <wrapper_core[13372e9826735bde]::ingest::tests::ingest_timetable_changes_deduplicates_messages_and_updates_stop::{closure#0} as core[a373ad73a504971]::ops::function::FnOnce<()>>::call_once
[INFO] [stdout]                                at /rustc/e3feeb59cd1bdd011a2bfcc0747b55125d9b8527/library/core/src/ops/function.rs:250:5
[INFO] [stdout]   24:     0x635e6bdff11b - <fn() -> core[a373ad73a504971]::result::Result<(), alloc[2e1b2a31b91974c5]::string::String> as core[a373ad73a504971]::ops::function::FnOnce<()>>::call_once
[INFO] [stdout]                                at /rustc/e3feeb59cd1bdd011a2bfcc0747b55125d9b8527/library/core/src/ops/function.rs:250:5
[INFO] [stdout]   25:     0x635e6bdff11b - test[aada8e7e76ba119b]::__rust_begin_short_backtrace::<core[a373ad73a504971]::result::Result<(), alloc[2e1b2a31b91974c5]::string::String>, fn() -> core[a373ad73a504971]::result::Result<(), alloc[2e1b2a31b91974c5]::string::String>>
[INFO] [stdout]                                at /rustc/e3feeb59cd1bdd011a2bfcc0747b55125d9b8527/library/test/src/lib.rs:701:18
[INFO] [stdout]   26:     0x635e6be0c2f5 - test[aada8e7e76ba119b]::run_test_in_process::{closure#0}
[INFO] [stdout]                                at /rustc/e3feeb59cd1bdd011a2bfcc0747b55125d9b8527/library/test/src/lib.rs:724:74
[INFO] [stdout]   27:     0x635e6be0c2f5 - <core[a373ad73a504971]::panic::unwind_safe::AssertUnwindSafe<test[aada8e7e76ba119b]::run_test_in_process::{closure#0}> as core[a373ad73a504971]::ops::function::FnOnce<()>>::call_once
[INFO] [stdout]                                at /rustc/e3feeb59cd1bdd011a2bfcc0747b55125d9b8527/library/core/src/panic/unwind_safe.rs:275:9
[INFO] [stdout]   28:     0x635e6be0c2f5 - std[617be2ca0a6fd877]::panicking::catch_unwind::do_call::<core[a373ad73a504971]::panic::unwind_safe::AssertUnwindSafe<test[aada8e7e76ba119b]::run_test_in_process::{closure#0}>, core[a373ad73a504971]::result::Result<(), alloc[2e1b2a31b91974c5]::string::String>>
[INFO] [stdout]                                at /rustc/e3feeb59cd1bdd011a2bfcc0747b55125d9b8527/library/std/src/panicking.rs:573:43
[INFO] [stdout]   29:     0x635e6be0c2f5 - std[617be2ca0a6fd877]::panicking::catch_unwind::<core[a373ad73a504971]::result::Result<(), alloc[2e1b2a31b91974c5]::string::String>, core[a373ad73a504971]::panic::unwind_safe::AssertUnwindSafe<test[aada8e7e76ba119b]::run_test_in_process::{closure#0}>>
[INFO] [stdout]                                at /rustc/e3feeb59cd1bdd011a2bfcc0747b55125d9b8527/library/std/src/panicking.rs:541:19
[INFO] [stdout]   30:     0x635e6be0c2f5 - std[617be2ca0a6fd877]::panic::catch_unwind::<core[a373ad73a504971]::panic::unwind_safe::AssertUnwindSafe<test[aada8e7e76ba119b]::run_test_in_process::{closure#0}>, core[a373ad73a504971]::result::Result<(), alloc[2e1b2a31b91974c5]::string::String>>
[INFO] [stdout]                                at /rustc/e3feeb59cd1bdd011a2bfcc0747b55125d9b8527/library/std/src/panic.rs:359:14
[INFO] [stdout]   31:     0x635e6be0c2f5 - test[aada8e7e76ba119b]::run_test_in_process
[INFO] [stdout]                                at /rustc/e3feeb59cd1bdd011a2bfcc0747b55125d9b8527/library/test/src/lib.rs:724:27
[INFO] [stdout]   32:     0x635e6be0c2f5 - test[aada8e7e76ba119b]::run_test::{closure#0}
[INFO] [stdout]                                at /rustc/e3feeb59cd1bdd011a2bfcc0747b55125d9b8527/library/test/src/lib.rs:645:43
[INFO] [stdout]   33:     0x635e6be05be4 - test[aada8e7e76ba119b]::run_test::{closure#1}
[INFO] [stdout]                                at /rustc/e3feeb59cd1bdd011a2bfcc0747b55125d9b8527/library/test/src/lib.rs:675:41
[INFO] [stdout]   34:     0x635e6be05be4 - std[617be2ca0a6fd877]::sys::backtrace::__rust_begin_short_backtrace::<test[aada8e7e76ba119b]::run_test::{closure#1}, ()>
[INFO] [stdout]                                at /rustc/e3feeb59cd1bdd011a2bfcc0747b55125d9b8527/library/std/src/sys/backtrace.rs:166:18
[INFO] [stdout]   35:     0x635e6be0f382 - std[617be2ca0a6fd877]::thread::lifecycle::spawn_unchecked::<test[aada8e7e76ba119b]::run_test::{closure#1}, ()>::{closure#1}::{closure#0}
[INFO] [stdout]                                at /rustc/e3feeb59cd1bdd011a2bfcc0747b55125d9b8527/library/std/src/thread/lifecycle.rs:70:13
[INFO] [stdout]   36:     0x635e6be0f382 - <core[a373ad73a504971]::panic::unwind_safe::AssertUnwindSafe<std[617be2ca0a6fd877]::thread::lifecycle::spawn_unchecked<test[aada8e7e76ba119b]::run_test::{closure#1}, ()>::{closure#1}::{closure#0}> as core[a373ad73a504971]::ops::function::FnOnce<()>>::call_once
[INFO] [stdout]                                at /rustc/e3feeb59cd1bdd011a2bfcc0747b55125d9b8527/library/core/src/panic/unwind_safe.rs:275:9
[INFO] [stdout]   37:     0x635e6be0f382 - std[617be2ca0a6fd877]::panicking::catch_unwind::do_call::<core[a373ad73a504971]::panic::unwind_safe::AssertUnwindSafe<std[617be2ca0a6fd877]::thread::lifecycle::spawn_unchecked<test[aada8e7e76ba119b]::run_test::{closure#1}, ()>::{closure#1}::{closure#0}>, ()>
[INFO] [stdout]                                at /rustc/e3feeb59cd1bdd011a2bfcc0747b55125d9b8527/library/std/src/panicking.rs:573:43
[INFO] [stdout]   38:     0x635e6be0f382 - std[617be2ca0a6fd877]::panicking::catch_unwind::<(), core[a373ad73a504971]::panic::unwind_safe::AssertUnwindSafe<std[617be2ca0a6fd877]::thread::lifecycle::spawn_unchecked<test[aada8e7e76ba119b]::run_test::{closure#1}, ()>::{closure#1}::{closure#0}>>
[INFO] [stdout]                                at /rustc/e3feeb59cd1bdd011a2bfcc0747b55125d9b8527/library/std/src/panicking.rs:541:19
[INFO] [stdout]   39:     0x635e6be0f382 - std[617be2ca0a6fd877]::panic::catch_unwind::<core[a373ad73a504971]::panic::unwind_safe::AssertUnwindSafe<std[617be2ca0a6fd877]::thread::lifecycle::spawn_unchecked<test[aada8e7e76ba119b]::run_test::{closure#1}, ()>::{closure#1}::{closure#0}>, ()>
[INFO] [stdout]                                at /rustc/e3feeb59cd1bdd011a2bfcc0747b55125d9b8527/library/std/src/panic.rs:359:14
[INFO] [stdout]   40:     0x635e6be0f382 - std[617be2ca0a6fd877]::thread::lifecycle::spawn_unchecked::<test[aada8e7e76ba119b]::run_test::{closure#1}, ()>::{closure#1}
[INFO] [stdout]                                at /rustc/e3feeb59cd1bdd011a2bfcc0747b55125d9b8527/library/std/src/thread/lifecycle.rs:68:26
[INFO] [stdout]   41:     0x635e6be0f382 - <std[617be2ca0a6fd877]::thread::lifecycle::spawn_unchecked<test[aada8e7e76ba119b]::run_test::{closure#1}, ()>::{closure#1} as core[a373ad73a504971]::ops::function::FnOnce<()>>::call_once::{shim:vtable#0}
[INFO] [stdout]                                at /rustc/e3feeb59cd1bdd011a2bfcc0747b55125d9b8527/library/core/src/ops/function.rs:250:5
[INFO] [stdout]   42:     0x635e6bf7b32f - <alloc[2e1b2a31b91974c5]::boxed::Box<dyn core[a373ad73a504971]::ops::function::FnOnce<(), Output = ()> + core[a373ad73a504971]::marker::Send> as core[a373ad73a504971]::ops::function::FnOnce<()>>::call_once
[INFO] [stdout]                                at /rustc/e3feeb59cd1bdd011a2bfcc0747b55125d9b8527/library/alloc/src/boxed.rs:2314:9
[INFO] [stdout]   43:     0x635e6bf7b32f - <std[617be2ca0a6fd877]::sys::thread::unix::Thread>::new::thread_start
[INFO] [stdout]                                at /rustc/e3feeb59cd1bdd011a2bfcc0747b55125d9b8527/library/std/src/sys/thread/unix.rs:127:17
[INFO] [stdout]   44:     0x798a2ca7edfa - <unknown>
[INFO] [stdout]   45:     0x798a2cb123d4 - clone
[INFO] [stdout]   46:                0x0 - <unknown>
[INFO] [stdout] 
[INFO] [stdout] 
[INFO] [stdout] failures:
[INFO] [stdout]     ingest::tests::ingest_timetable_changes_deduplicates_messages_and_updates_stop
[INFO] [stdout] 
[INFO] [stdout] test result: FAILED. 13 passed; 1 failed; 0 ignored; 0 measured; 0 filtered out; finished in 0.09s
[INFO] [stdout] 
[INFO] [stderr] error: test failed, to rerun pass `-p wrapper-core --lib`
[INFO] running `Command { std: "docker" "inspect" "6cb411fa9f357884f3e5c70e489ddf0129b6ca7e964fa3d7456718073fcef5df", kill_on_drop: false }`
[INFO] running `Command { std: "docker" "rm" "-f" "6cb411fa9f357884f3e5c70e489ddf0129b6ca7e964fa3d7456718073fcef5df", kill_on_drop: false }`
[INFO] [stdout] 6cb411fa9f357884f3e5c70e489ddf0129b6ca7e964fa3d7456718073fcef5df
