[INFO] fetching crate riptags 0.1.0...
[INFO] testing riptags-0.1.0 against 1.99.0-beta.8 for beta-1.100-2
[INFO] extracting crate riptags 0.1.0 into /workspace/builds/worker-0-tc1/source
[INFO] started tweaking crates.io crate riptags 0.1.0
[INFO] removed 0 missing tests
[INFO] finished tweaking crates.io crate riptags 0.1.0
[INFO] tweaked toml for crates.io crate riptags 0.1.0 written to /workspace/builds/worker-0-tc1/source/Cargo.toml
[INFO] validating manifest of crates.io crate riptags 0.1.0 on toolchain 1.99.0-beta.8
[INFO] running `Command { std: CARGO_HOME="/workspace/cargo-home" RUSTUP_HOME="/workspace/rustup-home" "/workspace/cargo-home/bin/cargo" "+1.99.0-beta.8" "metadata" "--manifest-path" "Cargo.toml" "--no-deps", kill_on_drop: false }`
[INFO] crate crates.io crate riptags 0.1.0 already has a lockfile, it will not be regenerated
[INFO] running `Command { std: CARGO_HOME="/workspace/cargo-home" RUSTUP_HOME="/workspace/rustup-home" "/workspace/cargo-home/bin/cargo" "+1.99.0-beta.8" "fetch" "--manifest-path" "Cargo.toml", kill_on_drop: false }`
[INFO] [stderr]     Updating crates.io index
[INFO] [stderr]  Downloading crates ...
[INFO] [stderr]   Downloaded find-msvc-tools v0.1.13
[INFO] [stderr]   Downloaded cc v1.4.7
[INFO] [stderr]   Downloaded inotify v0.11.5
[INFO] [stderr]   Downloaded tree-sitter-zig v1.1.2
[INFO] [stderr]   Downloaded tree-sitter-kotlin-ng v1.1.0
[INFO] [stderr]   Downloaded tree-sitter-ocaml v0.26.0
[INFO] running `Command { std: "docker" "create" "-v" "/var/lib/crater-agent-workspace/builds/worker-0-tc1/source:/opt/rustwide/workdir:ro,Z" "-v" "/var/lib/crater-agent-workspace/builds/worker-0-tc1/target:/opt/rustwide/target:rw,Z" "-v" "/var/lib/crater-agent-workspace/cargo-home:/opt/rustwide/cargo-home:ro,Z" "-v" "/var/lib/crater-agent-workspace/rustup-home:/opt/rustwide/rustup-home:ro,Z" "-m" "1610612736" "--network" "none" "ghcr.io/rust-lang/crates-build-env/linux@sha256:3111399a4047eeb3a02b7a90e478d715f38a8c6669b5c4b49d30a17385265909" "sleep" "infinity", kill_on_drop: false }`
[INFO] [stdout] 124d62348ca61f0981a560d415b03c3b86038eec149b9afaeccb5e5b41a350e5
[INFO] running `Command { std: "docker" "start" "124d62348ca61f0981a560d415b03c3b86038eec149b9afaeccb5e5b41a350e5", kill_on_drop: false }`
[INFO] running `Command { std: "docker" "inspect" "124d62348ca61f0981a560d415b03c3b86038eec149b9afaeccb5e5b41a350e5", kill_on_drop: false }`
[INFO] running `Command { std: "docker" "exec" "-e" "SOURCE_DIR=/opt/rustwide/workdir" "-e" "CARGO_HOME=/opt/rustwide/cargo-home" "-e" "RUSTUP_HOME=/opt/rustwide/rustup-home" "-e" "CARGO_TARGET_DIR=/opt/rustwide/target" "-w" "/opt/rustwide/workdir" "--user" "0:0" "124d62348ca61f0981a560d415b03c3b86038eec149b9afaeccb5e5b41a350e5" "/opt/rustwide/cargo-home/bin/cargo" "+1.99.0-beta.8" "metadata" "--no-deps" "--format-version=1", kill_on_drop: false }`
[INFO] running `Command { std: "docker" "inspect" "124d62348ca61f0981a560d415b03c3b86038eec149b9afaeccb5e5b41a350e5", kill_on_drop: false }`
[INFO] running `Command { std: "docker" "exec" "-e" "SOURCE_DIR=/opt/rustwide/workdir" "-e" "CARGO_HOME=/opt/rustwide/cargo-home" "-e" "RUSTUP_HOME=/opt/rustwide/rustup-home" "-e" "CARGO_TARGET_DIR=/opt/rustwide/target" "-e" "CARGO_INCREMENTAL=0" "-e" "RUST_BACKTRACE=full" "-e" "RUSTFLAGS=--cap-lints=warn" "-e" "RUSTDOCFLAGS=--cap-lints=warn" "-w" "/opt/rustwide/workdir" "--user" "0:0" "124d62348ca61f0981a560d415b03c3b86038eec149b9afaeccb5e5b41a350e5" "/opt/rustwide/cargo-home/bin/cargo" "+1.99.0-beta.8" "build" "--frozen" "--message-format=json", kill_on_drop: false }`
[INFO] [stderr]    Compiling find-msvc-tools v0.1.13
[INFO] [stderr]    Compiling crossbeam-utils v0.8.23
[INFO] [stderr]    Compiling equivalent v1.0.2
[INFO] [stderr]    Compiling regex-syntax v0.8.11
[INFO] [stderr]    Compiling inotify-sys v0.1.8
[INFO] [stderr]    Compiling bitflags v2.13.2
[INFO] [stderr]    Compiling mio v1.2.3
[INFO] [stderr]    Compiling either v1.18.0
[INFO] [stderr]    Compiling indexmap v2.14.2
[INFO] [stderr]    Compiling notify-types v2.1.0
[INFO] [stderr]    Compiling cc v1.4.7
[INFO] [stderr]    Compiling serde v1.0.229
[INFO] [stderr]    Compiling inotify v0.11.5
[INFO] [stderr]    Compiling serde_json v1.0.151
[INFO] [stderr]    Compiling memmap2 v0.9.11
[INFO] [stderr]    Compiling crossbeam-epoch v0.9.21
[INFO] [stderr]    Compiling notify v8.2.0
[INFO] [stderr]    Compiling crossbeam-deque v0.8.8
[INFO] [stderr]    Compiling rayon-core v1.13.0
[INFO] [stderr]    Compiling tree-sitter-elixir v0.3.5
[INFO] [stderr]    Compiling tree-sitter-zig v1.1.2
[INFO] [stderr]    Compiling tree-sitter-typescript v0.23.2
[INFO] [stderr]    Compiling tree-sitter-swift v0.7.3
[INFO] [stderr]    Compiling tree-sitter-kotlin-ng v1.1.0
[INFO] [stderr]    Compiling tree-sitter-scala v0.26.2
[INFO] [stderr]    Compiling tree-sitter-javascript v0.25.0
[INFO] [stderr]    Compiling tree-sitter-rust v0.24.2
[INFO] [stderr]    Compiling tree-sitter-java v0.23.5
[INFO] [stderr]    Compiling tree-sitter-ruby v0.23.1
[INFO] [stderr]    Compiling tree-sitter-css v0.25.0
[INFO] [stderr]    Compiling tree-sitter-python v0.25.0
[INFO] [stderr]    Compiling tree-sitter-cpp v0.23.4
[INFO] [stderr]    Compiling tree-sitter-haskell v0.23.1
[INFO] [stderr]    Compiling tree-sitter-php v0.24.2
[INFO] [stderr]    Compiling tree-sitter-c-sharp v0.23.5
[INFO] [stderr]    Compiling tree-sitter-go v0.25.0
[INFO] [stderr]    Compiling tree-sitter-c v0.24.2
[INFO] [stderr]    Compiling tree-sitter-ocaml v0.26.0
[INFO] [stderr]    Compiling tree-sitter-nix v0.3.0
[INFO] [stderr]    Compiling tree-sitter-bash v0.25.1
[INFO] [stderr]    Compiling tree-sitter-lua v0.5.0
[INFO] [stderr]    Compiling tree-sitter-html v0.23.2
[INFO] [stderr]    Compiling regex-automata v0.4.18
[INFO] [stderr]    Compiling tree-sitter v0.27.0
[INFO] [stderr]    Compiling globset v0.4.20
[INFO] [stderr]    Compiling regex v1.13.1
[INFO] [stderr]    Compiling ignore v0.4.33
[INFO] [stderr]    Compiling rayon v1.12.0
[INFO] [stderr]    Compiling riptags v0.1.0 (/opt/rustwide/workdir)
[INFO] [stderr]     Finished `dev` profile [unoptimized + debuginfo] target(s) in 1m 31s
[INFO] running `Command { std: "docker" "inspect" "124d62348ca61f0981a560d415b03c3b86038eec149b9afaeccb5e5b41a350e5", kill_on_drop: false }`
[INFO] running `Command { std: "docker" "exec" "-e" "SOURCE_DIR=/opt/rustwide/workdir" "-e" "CARGO_HOME=/opt/rustwide/cargo-home" "-e" "RUSTUP_HOME=/opt/rustwide/rustup-home" "-e" "CARGO_TARGET_DIR=/opt/rustwide/target" "-e" "CARGO_INCREMENTAL=0" "-e" "RUST_BACKTRACE=full" "-e" "RUSTFLAGS=--cap-lints=warn" "-e" "RUSTDOCFLAGS=--cap-lints=warn" "-w" "/opt/rustwide/workdir" "--user" "0:0" "124d62348ca61f0981a560d415b03c3b86038eec149b9afaeccb5e5b41a350e5" "/opt/rustwide/cargo-home/bin/cargo" "+1.99.0-beta.8" "test" "--frozen" "--no-run" "--message-format=json", kill_on_drop: false }`
[INFO] [stderr]    Compiling inotify v0.11.5
[INFO] [stderr]    Compiling notify-types v2.1.0
[INFO] [stderr]    Compiling notify v8.2.0
[INFO] [stderr]    Compiling riptags v0.1.0 (/opt/rustwide/workdir)
[INFO] [stderr]     Finished `test` profile [unoptimized + debuginfo] target(s) in 24.72s
[INFO] running `Command { std: "docker" "inspect" "124d62348ca61f0981a560d415b03c3b86038eec149b9afaeccb5e5b41a350e5", kill_on_drop: false }`
[INFO] running `Command { std: "docker" "exec" "-e" "SOURCE_DIR=/opt/rustwide/workdir" "-e" "CARGO_HOME=/opt/rustwide/cargo-home" "-e" "RUSTUP_HOME=/opt/rustwide/rustup-home" "-e" "CARGO_TARGET_DIR=/opt/rustwide/target" "-e" "CARGO_INCREMENTAL=0" "-e" "RUST_BACKTRACE=full" "-e" "RUSTFLAGS=--cap-lints=warn" "-e" "RUSTDOCFLAGS=--cap-lints=warn" "-w" "/opt/rustwide/workdir" "--user" "0:0" "124d62348ca61f0981a560d415b03c3b86038eec149b9afaeccb5e5b41a350e5" "/opt/rustwide/cargo-home/bin/cargo" "+1.99.0-beta.8" "test" "--frozen", kill_on_drop: false }`
[INFO] [stderr]     Finished `test` profile [unoptimized + debuginfo] target(s) in 0.23s
[INFO] [stderr]      Running unittests src/lib.rs (/opt/rustwide/target/debug/deps/riptags-4b01bb6d1bdb2f43)
[INFO] [stdout] 
[INFO] [stdout] running 2 tests
[INFO] [stdout] test lang::tests::extensions_map_to_languages ... ok
[INFO] [stdout] test lang::tests::every_language_compiles_and_parses ... ok
[INFO] [stdout] 
[INFO] [stdout] test result: ok. 2 passed; 0 failed; 0 ignored; 0 measured; 0 filtered out; finished in 9.85s
[INFO] [stdout] 
[INFO] [stderr]      Running unittests src/main.rs (/opt/rustwide/target/debug/deps/rt-5735f17d2ce1a366)
[INFO] [stderr]      Running tests/cache.rs (/opt/rustwide/target/debug/deps/cache-f4bb0806b64a86b6)
[INFO] [stdout] 
[INFO] [stdout] running 0 tests
[INFO] [stdout] 
[INFO] [stdout] test result: ok. 0 passed; 0 failed; 0 ignored; 0 measured; 0 filtered out; finished in 0.00s
[INFO] [stdout] 
[INFO] [stdout] 
[INFO] [stdout] running 1 test
[INFO] [stdout] test cache_roundtrips_deltas_versions_and_locks ... ok
[INFO] [stdout] 
[INFO] [stdout] test result: ok. 1 passed; 0 failed; 0 ignored; 0 measured; 0 filtered out; finished in 0.38s
[INFO] [stdout] 
[INFO] [stderr]      Running tests/crossref.rs (/opt/rustwide/target/debug/deps/crossref-31359a3dd0db1fa9)
[INFO] [stdout] 
[INFO] [stdout] running 11 tests
[INFO] [stdout] test product_code_outranks_test_code ... ok
[INFO] [stdout] test documentation_mentions_are_not_indexed ... ok
[INFO] [stdout] test object_literal_methods_are_owned_by_their_binding ... ok
[INFO] [stdout] test listing_a_kind_collects_every_symbol_of_it ... ok
[INFO] [stdout] test search_matches_inside_a_name ... ok
[INFO] [stdout] test finds_definition_and_every_callsite ... ok
[INFO] [stdout] test excluded_paths_are_skipped ... ok
[INFO] [stdout] test bare_symbol_collects_every_owner ... ok
[INFO] [stdout] test search_matches_names_and_owners ... ok
[INFO] [stdout] test ignoring_case_counts_each_occurrence_once ... ok
[INFO] [stdout] test the_most_telling_definition_names_the_kind ... ok
[INFO] [stdout] 
[INFO] [stdout] test result: ok. 11 passed; 0 failed; 0 ignored; 0 measured; 0 filtered out; finished in 0.67s
[INFO] [stdout] 
[INFO] [stderr]      Running tests/lang_dotnet_web.rs (/opt/rustwide/target/debug/deps/lang_dotnet_web-4d0ca5c6414dca6e)
[INFO] [stdout] 
[INFO] [stdout] running 3 tests
[INFO] [stdout] test php_members_are_owned_by_their_class ... ok
[INFO] [stdout] test csharp_members_are_owned_by_their_type ... ok
[INFO] [stdout] test ruby_methods_are_owned_by_their_class ... ok
[INFO] [stdout] 
[INFO] [stdout] test result: ok. 3 passed; 0 failed; 0 ignored; 0 measured; 0 filtered out; finished in 1.35s
[INFO] [stdout] 
[INFO] [stderr]      Running tests/lang_elixir.rs (/opt/rustwide/target/debug/deps/lang_elixir-cc5121064b1228a2)
[INFO] [stdout] 
[INFO] [stdout] running 1 test
[INFO] [stdout] test elixir_defs_and_references ... ok
[INFO] [stdout] 
[INFO] [stdout] test result: ok. 1 passed; 0 failed; 0 ignored; 0 measured; 0 filtered out; finished in 0.61s
[INFO] [stdout] 
[INFO] [stderr]      Running tests/lang_haskell.rs (/opt/rustwide/target/debug/deps/lang_haskell-bcb5d65c378c531c)
[INFO] [stdout] 
[INFO] [stdout] running 1 test
[INFO] [stdout] test haskell_definitions_owners_and_references ... ok
[INFO] [stdout] 
[INFO] [stdout] test result: ok. 1 passed; 0 failed; 0 ignored; 0 measured; 0 filtered out; finished in 0.74s
[INFO] [stdout] 
[INFO] [stderr]      Running tests/lang_java.rs (/opt/rustwide/target/debug/deps/lang_java-526bab69519d8f96)
[INFO] [stdout] 
[INFO] [stdout] running 1 test
[INFO] [stdout] test java_types_own_their_members_and_references_resolve ... ok
[INFO] [stdout] 
[INFO] [stdout] test result: ok. 1 passed; 0 failed; 0 ignored; 0 measured; 0 filtered out; finished in 0.13s
[INFO] [stdout] 
[INFO] [stderr]      Running tests/lang_kotlin.rs (/opt/rustwide/target/debug/deps/lang_kotlin-53fc16eaefaa5381)
[INFO] [stdout] 
[INFO] [stdout] running 1 test
[INFO] [stdout] test kotlin_types_members_and_references ... ok
[INFO] [stderr]      Running tests/lang_markup.rs (/opt/rustwide/target/debug/deps/lang_markup-b89bc9d61bbc318b)
[INFO] [stdout] 
[INFO] [stdout] test result: ok. 1 passed; 0 failed; 0 ignored; 0 measured; 0 filtered out; finished in 0.62s
[INFO] [stdout] 
[INFO] [stdout] 
[INFO] [stdout] running 2 tests
[INFO] [stdout] test html_tags_element_ids_and_classes ... ok
[INFO] [stderr]      Running tests/lang_nix.rs (/opt/rustwide/target/debug/deps/lang_nix-bbf649eac6184f24)
[INFO] [stdout] test css_tags_selectors_custom_properties_and_calls ... ok
[INFO] [stdout] 
[INFO] [stdout] test result: ok. 2 passed; 0 failed; 0 ignored; 0 measured; 0 filtered out; finished in 0.04s
[INFO] [stdout] 
[INFO] [stdout] 
[INFO] [stdout] running 1 test
[INFO] [stdout] test nix_bindings_and_attribute_references ... ok
[INFO] [stdout] 
[INFO] [stdout] test result: ok. 1 passed; 0 failed; 0 ignored; 0 measured; 0 filtered out; finished in 0.03s
[INFO] [stdout] 
[INFO] [stderr]      Running tests/lang_ocaml.rs (/opt/rustwide/target/debug/deps/lang_ocaml-e26a63cc36c08bae)
[INFO] [stdout] 
[INFO] [stdout] running 1 test
[INFO] [stdout] test ocaml_definitions_owners_and_references ... ok
[INFO] [stdout] 
[INFO] [stdout] test result: ok. 1 passed; 0 failed; 0 ignored; 0 measured; 0 filtered out; finished in 0.74s
[INFO] [stdout] 
[INFO] [stderr]      Running tests/lang_scala.rs (/opt/rustwide/target/debug/deps/lang_scala-428d51c9ffa442c2)
[INFO] [stdout] 
[INFO] [stdout] running 1 test
[INFO] [stdout] test scala_templates_own_their_members ... ok
[INFO] [stdout] 
[INFO] [stdout] test result: ok. 1 passed; 0 failed; 0 ignored; 0 measured; 0 filtered out; finished in 0.97s
[INFO] [stdout] 
[INFO] [stderr]      Running tests/lang_swift_lua_bash.rs (/opt/rustwide/target/debug/deps/lang_swift_lua_bash-7d5ed3759e1478ec)
[INFO] [stdout] 
[INFO] [stdout] running 3 tests
[INFO] [stdout] test lua_table_functions_are_owned_by_their_table ... ok
[INFO] [stdout] test bash_functions_and_variables_are_tagged ... ok
[INFO] [stderr]      Running tests/lang_zig.rs (/opt/rustwide/target/debug/deps/lang_zig-df942913d1849365)
[INFO] [stdout] test swift_types_own_their_members ... ok
[INFO] [stdout] 
[INFO] [stdout] test result: ok. 3 passed; 0 failed; 0 ignored; 0 measured; 0 filtered out; finished in 1.03s
[INFO] [stdout] 
[INFO] [stdout] 
[INFO] [stdout] running 1 test
[INFO] [stderr]      Running tests/language.rs (/opt/rustwide/target/debug/deps/language-74631eebec71b979)
[INFO] [stdout] test zig_definitions_and_references ... ok
[INFO] [stdout] 
[INFO] [stdout] test result: ok. 1 passed; 0 failed; 0 ignored; 0 measured; 0 filtered out; finished in 0.48s
[INFO] [stdout] 
[INFO] [stdout] 
[INFO] [stdout] running 3 tests
[INFO] [stdout] test a_language_narrows_the_overview ... ok
[INFO] [stdout] test a_mapped_index_filters_by_language_too ... ok
[INFO] [stdout] test a_language_narrows_a_listing_to_that_part_of_the_tree ... ok
[INFO] [stdout] 
[INFO] [stdout] test result: ok. 3 passed; 0 failed; 0 ignored; 0 measured; 0 filtered out; finished in 0.39s
[INFO] [stdout] 
[INFO] [stderr]      Running tests/output.rs (/opt/rustwide/target/debug/deps/output-70fe3e18316e9caa)
[INFO] [stdout] 
[INFO] [stdout] running 6 tests
[INFO] [stdout] test colour_waits_to_be_asked ... ok
[INFO] [stdout] test a_pipeline_gets_one_record_per_site ... ok
[INFO] [stdout] test an_agent_gets_plain_compact_output ... ok
[INFO] [stdout] test limit_zero_asks_for_every_site ... ok
[INFO] [stdout] test a_language_narrows_a_mixed_tree ... ok
[INFO] [stdout] test a_bare_rt_describes_the_tree ... ok
[INFO] [stderr]      Running tests/tagfile.rs (/opt/rustwide/target/debug/deps/tagfile-3a7cae968986af37)
[INFO] [stdout] 
[INFO] [stdout] test result: ok. 6 passed; 0 failed; 0 ignored; 0 measured; 0 filtered out; finished in 1.10s
[INFO] [stdout] 
[INFO] [stdout] 
[INFO] [stdout] running 1 test
[INFO] [stdout] test the_symbol_table_holds_each_symbol_once ... ok
[INFO] [stderr]      Running tests/tagging.rs (/opt/rustwide/target/debug/deps/tagging-928417234b1920a9)
[INFO] [stdout] 
[INFO] [stdout] test result: ok. 1 passed; 0 failed; 0 ignored; 0 measured; 0 filtered out; finished in 0.00s
[INFO] [stdout] 
[INFO] [stdout] 
[INFO] [stdout] running 19 tests
[INFO] [stdout] test go_receiver_becomes_the_owner ... ok
[INFO] [stdout] test javascript_object_literal_methods_are_owned_by_their_binding ... ok
[INFO] [stdout] test javascript_context_stops_at_the_enclosing_function ... ok
[INFO] [stdout] test c_structs_own_their_fields ... ok
[INFO] [stdout] test python_assignments_and_aliases_are_tagged ... ok
[INFO] [stdout] test columns_are_character_offsets ... ok
[INFO] [stdout] test python_methods_are_owned_by_their_class ... ok
[INFO] [stdout] test rust_lowercase_receiver_does_not_invent_an_owner ... ok
[INFO] [stdout] test rust_qualified_callsites_resolve_to_the_owner ... ok
[INFO] [stdout] test rust_definition_is_owned_by_its_impl ... ok
[INFO] [stdout] test rust_import_groups_and_trait_items_are_tagged ... ok
[INFO] [stdout] test rust_trait_impl_method_belongs_to_type_and_trait ... ok
[INFO] [stdout] test unsupported_languages_yield_nothing ... ok
[INFO] [stdout] test rust_type_mentions_are_recorded ... ok
[INFO] [stdout] test typescript_methods_are_owned_by_their_class ... ok
[INFO] [stdout] test cpp_out_of_line_definition_keeps_its_owner ... ok
[INFO] [stdout] test cpp_qualifier_beats_the_enclosing_namespace ... ok
[INFO] [stdout] test cpp_wrapped_declarators_are_tagged ... ok
[INFO] [stdout] test cpp_context_names_the_enclosing_function ... ok
[INFO] [stdout] 
[INFO] [stdout] test result: ok. 19 passed; 0 failed; 0 ignored; 0 measured; 0 filtered out; finished in 0.66s
[INFO] [stdout] 
[INFO] [stderr]      Running tests/walk.rs (/opt/rustwide/target/debug/deps/walk-cc1dec7ed56a6865)
[INFO] [stdout] 
[INFO] [stdout] running 3 tests
[INFO] [stdout] test a_missing_root_is_an_error ... ok
[INFO] [stdout] test excluded_paths_never_reach_the_reader ... ok
[INFO] [stdout] test walks_indexable_files_only ... ok
[INFO] [stdout] 
[INFO] [stdout] test result: ok. 3 passed; 0 failed; 0 ignored; 0 measured; 0 filtered out; finished in 0.02s
[INFO] [stdout] 
[INFO] [stderr]      Running tests/watch.rs (/opt/rustwide/target/debug/deps/watch-65cd8c59c9329993)
[INFO] [stdout] 
[INFO] [stdout] running 1 test
[INFO] [stdout] test a_watcher_keeps_the_index_current ... ok
[INFO] [stdout] 
[INFO] [stdout] test result: ok. 1 passed; 0 failed; 0 ignored; 0 measured; 0 filtered out; finished in 1.30s
[INFO] [stdout] 
[INFO] [stderr]      Running tests/watch_relative_root.rs (/opt/rustwide/target/debug/deps/watch_relative_root-7df7caac5a37af48)
[INFO] [stdout] 
[INFO] [stdout] running 1 test
[INFO] [stdout] test a_watcher_of_the_working_directory_hears_edits ... FAILED
[INFO] [stdout] 
[INFO] [stdout] failures:
[INFO] [stdout] 
[INFO] [stdout] ---- a_watcher_of_the_working_directory_hears_edits stdout ----
[INFO] [stdout] 
[INFO] [stdout] thread 'a_watcher_of_the_working_directory_hears_edits' (2488) panicked at tests/support/mod.rs:72:5:
[INFO] [stdout] timed out waiting for a new file to reach the index
[INFO] [stdout] stack backtrace:
[INFO] [stdout]    0:     0x619f6c92cb41 - std[70759c8f55707aa4]::backtrace_rs::backtrace::libunwind::trace
[INFO] [stdout]                                at /rustc/dfb0accb7f508ae8be965d8629557221c889dd98/library/std/src/../../backtrace/src/backtrace/libunwind.rs:117:9
[INFO] [stdout]    1:     0x619f6c92cb41 - std[70759c8f55707aa4]::backtrace_rs::backtrace::trace_unsynchronized::<std[70759c8f55707aa4]::sys::backtrace::_print_fmt::{closure#1}>
[INFO] [stdout]                                at /rustc/dfb0accb7f508ae8be965d8629557221c889dd98/library/std/src/../../backtrace/src/backtrace/mod.rs:66:14
[INFO] [stdout]    2:     0x619f6c92cb41 - std[70759c8f55707aa4]::sys::backtrace::_print_fmt
[INFO] [stdout]                                at /rustc/dfb0accb7f508ae8be965d8629557221c889dd98/library/std/src/sys/backtrace.rs:74:9
[INFO] [stdout]    3:     0x619f6c92cb41 - <<std[70759c8f55707aa4]::sys::backtrace::BacktraceLock>::print::DisplayBacktrace as core[df12db4294e9bfd3]::fmt::Display>::fmt
[INFO] [stdout]                                at /rustc/dfb0accb7f508ae8be965d8629557221c889dd98/library/std/src/sys/backtrace.rs:44:26
[INFO] [stdout]    4:     0x619f6c9410ba - <core[df12db4294e9bfd3]::fmt::rt::Argument>::fmt
[INFO] [stdout]                                at /rustc/dfb0accb7f508ae8be965d8629557221c889dd98/library/core/src/fmt/rt.rs:152:76
[INFO] [stdout]    5:     0x619f6c9410ba - core[df12db4294e9bfd3]::fmt::write
[INFO] [stdout]    6:     0x619f6c93123c - core[df12db4294e9bfd3]::io::write::default_write_fmt::<alloc[2182bb758b4b3781]::vec::Vec<u8>>
[INFO] [stdout]                                at /rustc/dfb0accb7f508ae8be965d8629557221c889dd98/library/core/src/io/write.rs:402:11
[INFO] [stdout]    7:     0x619f6c93123c - <alloc[2182bb758b4b3781]::vec::Vec<u8> as core[df12db4294e9bfd3]::io::write::Write>::write_fmt
[INFO] [stdout]                                at /rustc/dfb0accb7f508ae8be965d8629557221c889dd98/library/core/src/io/write.rs:335:13
[INFO] [stdout]    8:     0x619f6c907206 - <std[70759c8f55707aa4]::sys::backtrace::BacktraceLock>::print
[INFO] [stdout]                                at /rustc/dfb0accb7f508ae8be965d8629557221c889dd98/library/std/src/sys/backtrace.rs:47:9
[INFO] [stdout]    9:     0x619f6c907206 - std[70759c8f55707aa4]::panicking::default_hook::{closure#0}
[INFO] [stdout]                                at /rustc/dfb0accb7f508ae8be965d8629557221c889dd98/library/std/src/panicking.rs:292:27
[INFO] [stdout]   10:     0x619f6c924689 - std[70759c8f55707aa4]::panicking::default_hook
[INFO] [stdout]                                at /rustc/dfb0accb7f508ae8be965d8629557221c889dd98/library/std/src/panicking.rs:316:9
[INFO] [stdout]   11:     0x619f6c6e3870 - <alloc[2182bb758b4b3781]::boxed::Box<dyn for<'a, 'b> core[df12db4294e9bfd3]::ops::function::Fn<(&'a std[70759c8f55707aa4]::panic::PanicHookInfo<'b>,), Output = ()> + core[df12db4294e9bfd3]::marker::Send + core[df12db4294e9bfd3]::marker::Sync> as core[df12db4294e9bfd3]::ops::function::Fn<(&std[70759c8f55707aa4]::panic::PanicHookInfo,)>>::call
[INFO] [stdout]                                at /rustc/dfb0accb7f508ae8be965d8629557221c889dd98/library/alloc/src/boxed.rs:2334:9
[INFO] [stdout]   12:     0x619f6c6e3870 - test[9d35eded1c95d3be]::test_main_inner::<test[9d35eded1c95d3be]::test_main_static::{closure#0}>::{closure#0}
[INFO] [stdout]                                at /rustc/dfb0accb7f508ae8be965d8629557221c889dd98/library/test/src/lib.rs:155:21
[INFO] [stdout]   13:     0x619f6c924842 - <alloc[2182bb758b4b3781]::boxed::Box<dyn for<'a, 'b> core[df12db4294e9bfd3]::ops::function::Fn<(&'a std[70759c8f55707aa4]::panic::PanicHookInfo<'b>,), Output = ()> + core[df12db4294e9bfd3]::marker::Send + core[df12db4294e9bfd3]::marker::Sync> as core[df12db4294e9bfd3]::ops::function::Fn<(&std[70759c8f55707aa4]::panic::PanicHookInfo,)>>::call
[INFO] [stdout]                                at /rustc/dfb0accb7f508ae8be965d8629557221c889dd98/library/alloc/src/boxed.rs:2334:9
[INFO] [stdout]   14:     0x619f6c924842 - std[70759c8f55707aa4]::panicking::panic_with_hook
[INFO] [stdout]                                at /rustc/dfb0accb7f508ae8be965d8629557221c889dd98/library/std/src/panicking.rs:823:13
[INFO] [stdout]   15:     0x619f6c9072b2 - std[70759c8f55707aa4]::panicking::panic_handler::{closure#0}
[INFO] [stdout]                                at /rustc/dfb0accb7f508ae8be965d8629557221c889dd98/library/std/src/panicking.rs:688:13
[INFO] [stdout]   16:     0x619f6c8ffd89 - std[70759c8f55707aa4]::sys::backtrace::__rust_end_short_backtrace::<std[70759c8f55707aa4]::panicking::panic_handler::{closure#0}, !>
[INFO] [stdout]                                at /rustc/dfb0accb7f508ae8be965d8629557221c889dd98/library/std/src/sys/backtrace.rs:182:18
[INFO] [stdout]   17:     0x619f6c907f4d - __rustc[8fa7c3cbc660c2b3]::rust_begin_unwind
[INFO] [stdout]                                at /rustc/dfb0accb7f508ae8be965d8629557221c889dd98/library/std/src/panicking.rs:679:5
[INFO] [stdout]   18:     0x619f6c94184c - core[df12db4294e9bfd3]::panicking::panic_fmt
[INFO] [stdout]                                at /rustc/dfb0accb7f508ae8be965d8629557221c889dd98/library/core/src/panicking.rs:80:14
[INFO] [stdout]   19:     0x619f6c6ca3f5 - watch_relative_root[ea78da6256cac7d2]::support::wait_until::<watch_relative_root[ea78da6256cac7d2]::a_watcher_of_the_working_directory_hears_edits::{closure#1}>
[INFO] [stdout]                                at /opt/rustwide/workdir/tests/support/mod.rs:72:5
[INFO] [stdout]   20:     0x619f6c6cad9f - watch_relative_root[ea78da6256cac7d2]::a_watcher_of_the_working_directory_hears_edits
[INFO] [stdout]                                at /opt/rustwide/workdir/tests/watch_relative_root.rs:32:5
[INFO] [stdout]   21:     0x619f6c6ca717 - watch_relative_root[ea78da6256cac7d2]::a_watcher_of_the_working_directory_hears_edits::{closure#0}
[INFO] [stdout]                                at /opt/rustwide/workdir/tests/watch_relative_root.rs:9:52
[INFO] [stdout]   22:     0x619f6c6cccf6 - <watch_relative_root[ea78da6256cac7d2]::a_watcher_of_the_working_directory_hears_edits::{closure#0} as core[df12db4294e9bfd3]::ops::function::FnOnce<()>>::call_once
[INFO] [stdout]                                at /rustc/dfb0accb7f508ae8be965d8629557221c889dd98/library/core/src/ops/function.rs:250:5
[INFO] [stdout]   23:     0x619f6c6d6b5b - <fn() -> core[df12db4294e9bfd3]::result::Result<(), alloc[2182bb758b4b3781]::string::String> as core[df12db4294e9bfd3]::ops::function::FnOnce<()>>::call_once
[INFO] [stdout]                                at /rustc/dfb0accb7f508ae8be965d8629557221c889dd98/library/core/src/ops/function.rs:250:5
[INFO] [stdout]   24:     0x619f6c6d6b5b - test[9d35eded1c95d3be]::__rust_begin_short_backtrace::<core[df12db4294e9bfd3]::result::Result<(), alloc[2182bb758b4b3781]::string::String>, fn() -> core[df12db4294e9bfd3]::result::Result<(), alloc[2182bb758b4b3781]::string::String>>
[INFO] [stdout]                                at /rustc/dfb0accb7f508ae8be965d8629557221c889dd98/library/test/src/lib.rs:733:18
[INFO] [stdout]   25:     0x619f6c6e41c5 - test[9d35eded1c95d3be]::run_test_in_process::{closure#0}
[INFO] [stdout]                                at /rustc/dfb0accb7f508ae8be965d8629557221c889dd98/library/test/src/lib.rs:756:74
[INFO] [stdout]   26:     0x619f6c6e41c5 - <core[df12db4294e9bfd3]::panic::unwind_safe::AssertUnwindSafe<test[9d35eded1c95d3be]::run_test_in_process::{closure#0}> as core[df12db4294e9bfd3]::ops::function::FnOnce<()>>::call_once
[INFO] [stdout]                                at /rustc/dfb0accb7f508ae8be965d8629557221c889dd98/library/core/src/panic/unwind_safe.rs:275:9
[INFO] [stdout]   27:     0x619f6c6e41c5 - std[70759c8f55707aa4]::panicking::catch_unwind::do_call::<core[df12db4294e9bfd3]::panic::unwind_safe::AssertUnwindSafe<test[9d35eded1c95d3be]::run_test_in_process::{closure#0}>, core[df12db4294e9bfd3]::result::Result<(), alloc[2182bb758b4b3781]::string::String>>
[INFO] [stdout]                                at /rustc/dfb0accb7f508ae8be965d8629557221c889dd98/library/std/src/panicking.rs:576:43
[INFO] [stdout]   28:     0x619f6c6e41c5 - std[70759c8f55707aa4]::panicking::catch_unwind::<core[df12db4294e9bfd3]::result::Result<(), alloc[2182bb758b4b3781]::string::String>, core[df12db4294e9bfd3]::panic::unwind_safe::AssertUnwindSafe<test[9d35eded1c95d3be]::run_test_in_process::{closure#0}>>
[INFO] [stdout]                                at /rustc/dfb0accb7f508ae8be965d8629557221c889dd98/library/std/src/panicking.rs:544:19
[INFO] [stdout]   29:     0x619f6c6e41c5 - std[70759c8f55707aa4]::panic::catch_unwind::<core[df12db4294e9bfd3]::panic::unwind_safe::AssertUnwindSafe<test[9d35eded1c95d3be]::run_test_in_process::{closure#0}>, core[df12db4294e9bfd3]::result::Result<(), alloc[2182bb758b4b3781]::string::String>>
[INFO] [stdout]                                at /rustc/dfb0accb7f508ae8be965d8629557221c889dd98/library/std/src/panic.rs:359:14
[INFO] [stdout]   30:     0x619f6c6e41c5 - test[9d35eded1c95d3be]::run_test_in_process
[INFO] [stdout]                                at /rustc/dfb0accb7f508ae8be965d8629557221c889dd98/library/test/src/lib.rs:756:27
[INFO] [stdout]   31:     0x619f6c6e41c5 - test[9d35eded1c95d3be]::run_test::{closure#0}
[INFO] [stdout]                                at /rustc/dfb0accb7f508ae8be965d8629557221c889dd98/library/test/src/lib.rs:677:43
[INFO] [stdout]   32:     0x619f6c6dda84 - test[9d35eded1c95d3be]::run_test::{closure#1}
[INFO] [stdout]                                at /rustc/dfb0accb7f508ae8be965d8629557221c889dd98/library/test/src/lib.rs:707:41
[INFO] [stdout]   33:     0x619f6c6dda84 - std[70759c8f55707aa4]::sys::backtrace::__rust_begin_short_backtrace::<test[9d35eded1c95d3be]::run_test::{closure#1}, ()>
[INFO] [stdout]                                at /rustc/dfb0accb7f508ae8be965d8629557221c889dd98/library/std/src/sys/backtrace.rs:166:18
[INFO] [stdout]   34:     0x619f6c6e7322 - std[70759c8f55707aa4]::thread::lifecycle::spawn_unchecked::<test[9d35eded1c95d3be]::run_test::{closure#1}, ()>::{closure#1}::{closure#0}
[INFO] [stdout]                                at /rustc/dfb0accb7f508ae8be965d8629557221c889dd98/library/std/src/thread/lifecycle.rs:70:13
[INFO] [stdout]   35:     0x619f6c6e7322 - <core[df12db4294e9bfd3]::panic::unwind_safe::AssertUnwindSafe<std[70759c8f55707aa4]::thread::lifecycle::spawn_unchecked<test[9d35eded1c95d3be]::run_test::{closure#1}, ()>::{closure#1}::{closure#0}> as core[df12db4294e9bfd3]::ops::function::FnOnce<()>>::call_once
[INFO] [stdout]                                at /rustc/dfb0accb7f508ae8be965d8629557221c889dd98/library/core/src/panic/unwind_safe.rs:275:9
[INFO] [stdout]   36:     0x619f6c6e7322 - std[70759c8f55707aa4]::panicking::catch_unwind::do_call::<core[df12db4294e9bfd3]::panic::unwind_safe::AssertUnwindSafe<std[70759c8f55707aa4]::thread::lifecycle::spawn_unchecked<test[9d35eded1c95d3be]::run_test::{closure#1}, ()>::{closure#1}::{closure#0}>, ()>
[INFO] [stdout]                                at /rustc/dfb0accb7f508ae8be965d8629557221c889dd98/library/std/src/panicking.rs:576:43
[INFO] [stdout]   37:     0x619f6c6e7322 - std[70759c8f55707aa4]::panicking::catch_unwind::<(), core[df12db4294e9bfd3]::panic::unwind_safe::AssertUnwindSafe<std[70759c8f55707aa4]::thread::lifecycle::spawn_unchecked<test[9d35eded1c95d3be]::run_test::{closure#1}, ()>::{closure#1}::{closure#0}>>
[INFO] [stdout]                                at /rustc/dfb0accb7f508ae8be965d8629557221c889dd98/library/std/src/panicking.rs:544:19
[INFO] [stdout]   38:     0x619f6c6e7322 - std[70759c8f55707aa4]::panic::catch_unwind::<core[df12db4294e9bfd3]::panic::unwind_safe::AssertUnwindSafe<std[70759c8f55707aa4]::thread::lifecycle::spawn_unchecked<test[9d35eded1c95d3be]::run_test::{closure#1}, ()>::{closure#1}::{closure#0}>, ()>
[INFO] [stdout]                                at /rustc/dfb0accb7f508ae8be965d8629557221c889dd98/library/std/src/panic.rs:359:14
[INFO] [stdout]   39:     0x619f6c6e7322 - std[70759c8f55707aa4]::thread::lifecycle::spawn_unchecked::<test[9d35eded1c95d3be]::run_test::{closure#1}, ()>::{closure#1}
[INFO] [stdout]                                at /rustc/dfb0accb7f508ae8be965d8629557221c889dd98/library/std/src/thread/lifecycle.rs:68:26
[INFO] [stdout]   40:     0x619f6c6e7322 - <std[70759c8f55707aa4]::thread::lifecycle::spawn_unchecked<test[9d35eded1c95d3be]::run_test::{closure#1}, ()>::{closure#1} as core[df12db4294e9bfd3]::ops::function::FnOnce<()>>::call_once::{shim:vtable#0}
[INFO] [stdout]                                at /rustc/dfb0accb7f508ae8be965d8629557221c889dd98/library/core/src/ops/function.rs:250:5
[INFO] [stdout]   41:     0x619f6c92c229 - <alloc[2182bb758b4b3781]::boxed::Box<dyn core[df12db4294e9bfd3]::ops::function::FnOnce<(), Output = ()> + core[df12db4294e9bfd3]::marker::Send> as core[df12db4294e9bfd3]::ops::function::FnOnce<()>>::call_once
[INFO] [stdout]                                at /rustc/dfb0accb7f508ae8be965d8629557221c889dd98/library/alloc/src/boxed.rs:2320:9
[INFO] [stdout]   42:     0x619f6c92c229 - <std[70759c8f55707aa4]::sys::thread::unix::Thread>::new::thread_start
[INFO] [stdout]                                at /rustc/dfb0accb7f508ae8be965d8629557221c889dd98/library/std/src/sys/thread/unix.rs:123:17
[INFO] [stdout]   43:     0x7aab227eedfa - <unknown>
[INFO] [stdout]   44:     0x7aab228823d4 - clone
[INFO] [stdout]   45:                0x0 - <unknown>
[INFO] [stdout] 
[INFO] [stdout] 
[INFO] [stdout] failures:
[INFO] [stdout]     a_watcher_of_the_working_directory_hears_edits
[INFO] [stdout] 
[INFO] [stdout] test result: FAILED. 0 passed; 1 failed; 0 ignored; 0 measured; 0 filtered out; finished in 30.52s
[INFO] [stdout] 
[INFO] [stderr] error: test failed, to rerun pass `--test watch_relative_root`
[INFO] running `Command { std: "docker" "inspect" "124d62348ca61f0981a560d415b03c3b86038eec149b9afaeccb5e5b41a350e5", kill_on_drop: false }`
[INFO] running `Command { std: "docker" "rm" "-f" "124d62348ca61f0981a560d415b03c3b86038eec149b9afaeccb5e5b41a350e5", kill_on_drop: false }`
[INFO] [stdout] 124d62348ca61f0981a560d415b03c3b86038eec149b9afaeccb5e5b41a350e5
