[INFO] fetching crate reqx 0.2.7...
[INFO] testing reqx-0.2.7 against 1.99.0-beta.8 for beta-1.100-2
[INFO] extracting crate reqx 0.2.7 into /workspace/builds/worker-0-tc1/source
[INFO] started tweaking crates.io crate reqx 0.2.7
[INFO] removed 0 missing examples
[INFO] removed 0 missing tests
[INFO] finished tweaking crates.io crate reqx 0.2.7
[INFO] tweaked toml for crates.io crate reqx 0.2.7 written to /workspace/builds/worker-0-tc1/source/Cargo.toml
[INFO] validating manifest of crates.io crate reqx 0.2.7 on toolchain 1.99.0-beta.8
[INFO] running `Command { std: CARGO_HOME="/workspace/cargo-home" RUSTUP_HOME="/workspace/rustup-home" "/workspace/cargo-home/bin/cargo" "+1.99.0-beta.8" "metadata" "--manifest-path" "Cargo.toml" "--no-deps", kill_on_drop: false }`
[INFO] crate crates.io crate reqx 0.2.7 already has a lockfile, it will not be regenerated
[INFO] running `Command { std: CARGO_HOME="/workspace/cargo-home" RUSTUP_HOME="/workspace/rustup-home" "/workspace/cargo-home/bin/cargo" "+1.99.0-beta.8" "fetch" "--manifest-path" "Cargo.toml", kill_on_drop: false }`
[INFO] [stderr]     Updating crates.io index
[INFO] [stderr]  Downloading crates ...
[INFO] [stderr]   Downloaded zstd-safe v8.0.0
[INFO] [stderr]   Downloaded find-msvc-tools v0.1.13
[INFO] [stderr]   Downloaded zstd v0.14.0
[INFO] [stderr]   Downloaded asn1-rs-derive v0.6.0
[INFO] [stderr]   Downloaded rusticata-macros v4.1.0
[INFO] [stderr]   Downloaded asn1-rs-impl v0.2.0
[INFO] [stderr]   Downloaded wasm-bindgen-shared v0.2.128
[INFO] [stderr]   Downloaded wasm-bindgen-macro v0.2.128
[INFO] [stderr]   Downloaded md5 v0.8.1
[INFO] [stderr]   Downloaded smallvec v1.16.1
[INFO] [stderr]   Downloaded pem-rfc7468 v1.0.0
[INFO] [stderr]   Downloaded cc v1.4.7
[INFO] [stderr]   Downloaded tokio-rustls v0.26.5
[INFO] [stderr]   Downloaded page_size v0.6.0
[INFO] [stderr]   Downloaded bit-vec v0.9.1
[INFO] [stderr]   Downloaded oid-registry v0.8.1
[INFO] [stderr]   Downloaded data-encoding v2.11.1
[INFO] [stderr]   Downloaded alloc-no-stdlib v3.0.0
[INFO] [stderr]   Downloaded yasna v0.6.0
[INFO] [stderr]   Downloaded alloca v0.4.0
[INFO] [stderr]   Downloaded alloc-stdlib v0.3.0
[INFO] [stderr]   Downloaded criterion-plot v0.8.2
[INFO] [stderr]   Downloaded pem v4.0.0
[INFO] [stderr]   Downloaded rustls-graviola v0.4.0
[INFO] [stderr]   Downloaded ureq-proto v0.6.4
[INFO] [stderr]   Downloaded rcgen v0.14.10
[INFO] [stderr]   Downloaded der-parser v10.0.0
[INFO] [stderr]   Downloaded wasm-bindgen v0.2.128
[INFO] [stderr]   Downloaded combine v4.6.8
[INFO] [stderr]   Downloaded asn1-rs v0.7.2
[INFO] [stderr]   Downloaded opentelemetry v0.33.0
[INFO] [stderr]   Downloaded x509-parser v0.18.1
[INFO] [stderr]   Downloaded js-sys v0.3.105
[INFO] [stderr]   Downloaded wasm-bindgen-macro-support v0.2.128
[INFO] [stderr]   Downloaded criterion v0.8.2
[INFO] [stderr]   Downloaded zerocopy-derive v0.8.57
[INFO] [stderr]   Downloaded ureq v3.4.2
[INFO] [stderr]   Downloaded h2 v0.4.19
[INFO] [stderr]   Downloaded hyper v1.11.1
[INFO] [stderr]   Downloaded brotli-decompressor v6.0.0
[INFO] [stderr]   Downloaded zerocopy v0.8.57
[INFO] [stderr]   Downloaded zstd-sys v2.1.0+zstd.1.5.7
[INFO] [stderr]   Downloaded brotli v9.0.0
[INFO] [stderr]   Downloaded graviola v0.4.1
[INFO] running `Command { std: "docker" "create" "-v" "/var/lib/crater-agent-workspace/builds/worker-0-tc1/source:/opt/rustwide/workdir:ro,Z" "-v" "/var/lib/crater-agent-workspace/builds/worker-0-tc1/target:/opt/rustwide/target:rw,Z" "-v" "/var/lib/crater-agent-workspace/cargo-home:/opt/rustwide/cargo-home:ro,Z" "-v" "/var/lib/crater-agent-workspace/rustup-home:/opt/rustwide/rustup-home:ro,Z" "-m" "1610612736" "--network" "none" "ghcr.io/rust-lang/crates-build-env/linux@sha256:3111399a4047eeb3a02b7a90e478d715f38a8c6669b5c4b49d30a17385265909" "sleep" "infinity", kill_on_drop: false }`
[INFO] [stdout] 62f905933777ff6a22f495e999e5a2f3a8e3c9d92f36729a37c2a3833ebcc0ed
[INFO] running `Command { std: "docker" "start" "62f905933777ff6a22f495e999e5a2f3a8e3c9d92f36729a37c2a3833ebcc0ed", kill_on_drop: false }`
[INFO] running `Command { std: "docker" "inspect" "62f905933777ff6a22f495e999e5a2f3a8e3c9d92f36729a37c2a3833ebcc0ed", kill_on_drop: false }`
[INFO] running `Command { std: "docker" "exec" "-e" "SOURCE_DIR=/opt/rustwide/workdir" "-e" "CARGO_HOME=/opt/rustwide/cargo-home" "-e" "RUSTUP_HOME=/opt/rustwide/rustup-home" "-e" "CARGO_TARGET_DIR=/opt/rustwide/target" "-w" "/opt/rustwide/workdir" "--user" "0:0" "62f905933777ff6a22f495e999e5a2f3a8e3c9d92f36729a37c2a3833ebcc0ed" "/opt/rustwide/cargo-home/bin/cargo" "+1.99.0-beta.8" "metadata" "--no-deps" "--format-version=1", kill_on_drop: false }`
[INFO] running `Command { std: "docker" "inspect" "62f905933777ff6a22f495e999e5a2f3a8e3c9d92f36729a37c2a3833ebcc0ed", kill_on_drop: false }`
[INFO] running `Command { std: "docker" "exec" "-e" "SOURCE_DIR=/opt/rustwide/workdir" "-e" "CARGO_HOME=/opt/rustwide/cargo-home" "-e" "RUSTUP_HOME=/opt/rustwide/rustup-home" "-e" "CARGO_TARGET_DIR=/opt/rustwide/target" "-e" "CARGO_INCREMENTAL=0" "-e" "RUST_BACKTRACE=full" "-e" "RUSTFLAGS=--cap-lints=warn" "-e" "RUSTDOCFLAGS=--cap-lints=warn" "-w" "/opt/rustwide/workdir" "--user" "0:0" "62f905933777ff6a22f495e999e5a2f3a8e3c9d92f36729a37c2a3833ebcc0ed" "/opt/rustwide/cargo-home/bin/cargo" "+1.99.0-beta.8" "build" "--frozen" "--message-format=json", kill_on_drop: false }`
[INFO] [stderr]    Compiling libc v0.2.189
[INFO] [stderr]    Compiling bytes v1.12.1
[INFO] [stderr]    Compiling find-msvc-tools v0.1.13
[INFO] [stderr]    Compiling futures-core v0.3.34
[INFO] [stderr]    Compiling smallvec v1.16.1
[INFO] [stderr]    Compiling zeroize v1.9.0
[INFO] [stderr]    Compiling yoke-derive v0.8.3
[INFO] [stderr]    Compiling tracing-core v0.1.36
[INFO] [stderr]    Compiling futures-sink v0.3.34
[INFO] [stderr]    Compiling cc v1.4.7
[INFO] [stderr]    Compiling rustls-pki-types v1.15.1
[INFO] [stderr]    Compiling untrusted v0.9.0
[INFO] [stderr]    Compiling indexmap v2.14.2
[INFO] [stderr]    Compiling rustls v0.23.45
[INFO] [stderr]    Compiling want v0.3.1
[INFO] [stderr]    Compiling tracing v0.1.44
[INFO] [stderr]    Compiling futures-channel v0.3.34
[INFO] [stderr]    Compiling http v1.5.0
[INFO] [stderr]    Compiling yoke v0.8.3
[INFO] [stderr]    Compiling rand_core v0.10.1
[INFO] [stderr]    Compiling serde v1.0.229
[INFO] [stderr]    Compiling getrandom v0.4.3
[INFO] [stderr]    Compiling zerovec v0.11.8
[INFO] [stderr]    Compiling zerotrie v0.2.5
[INFO] [stderr]    Compiling futures-task v0.3.34
[INFO] [stderr]    Compiling subtle v2.6.1
[INFO] [stderr]    Compiling futures-util v0.3.34
[INFO] [stderr]    Compiling form_urlencoded v1.2.2
[INFO] [stderr]    Compiling serde_json v1.0.151
[INFO] [stderr]    Compiling tower-service v0.3.3
[INFO] [stderr]    Compiling thiserror v2.0.21
[INFO] [stderr]    Compiling ipnet v2.12.2
[INFO] [stderr]    Compiling base64 v0.22.1
[INFO] [stderr]    Compiling chacha20 v0.10.2
[INFO] [stderr]    Compiling tinystr v0.8.4
[INFO] [stderr]    Compiling socket2 v0.6.5
[INFO] [stderr]    Compiling mio v1.2.3
[INFO] [stderr]    Compiling potential_utf v0.1.6
[INFO] [stderr]    Compiling ring v0.17.14
[INFO] [stderr]    Compiling icu_locale_core v2.3.0
[INFO] [stderr]    Compiling icu_collections v2.3.0
[INFO] [stderr]    Compiling getrandom v0.2.17
[INFO] [stderr]    Compiling http-body v1.1.0
[INFO] [stderr]    Compiling tokio v1.53.1
[INFO] [stderr]    Compiling webpki-roots v1.0.9
[INFO] [stderr]    Compiling thiserror-impl v2.0.21
[INFO] [stderr]    Compiling ryu v1.0.23
[INFO] [stderr]    Compiling rustls-native-certs v0.8.4
[INFO] [stderr]    Compiling rand v0.10.3
[INFO] [stderr]    Compiling icu_provider v2.3.1
[INFO] [stderr]    Compiling icu_normalizer v2.3.0
[INFO] [stderr]    Compiling icu_properties v2.3.0
[INFO] [stderr]    Compiling serde_urlencoded v0.7.1
[INFO] [stderr]    Compiling http-body-util v0.1.5
[INFO] [stderr]    Compiling idna_adapter v1.2.2
[INFO] [stderr]    Compiling idna v1.1.0
[INFO] [stderr]    Compiling url v2.5.8
[INFO] [stderr]    Compiling rustls-webpki v0.103.15
[INFO] [stderr]    Compiling tokio-util v0.7.19
[INFO] [stderr]    Compiling h2 v0.4.19
[INFO] [stderr]    Compiling hyper v1.11.1
[INFO] [stderr]    Compiling tokio-rustls v0.26.5
[INFO] [stderr]    Compiling hyper-util v0.1.20
[INFO] [stderr]    Compiling hyper-rustls v0.27.10
[INFO] [stderr]    Compiling reqx v0.2.7 (/opt/rustwide/workdir)
[INFO] [stdout] warning: use of deprecated method `std::sync::atomic::Atomic::<u64>::fetch_update`: renamed to `try_update` for consistency
[INFO] [stdout]    --> src/core/metrics.rs:214:21
[INFO] [stdout]     |
[INFO] [stdout] 214 |     let _ = counter.fetch_update(Ordering::Relaxed, Ordering::Relaxed, |current| {
[INFO] [stdout]     |                     ^^^^^^^^^^^^
[INFO] [stdout]     |
[INFO] [stdout]     = note: `#[warn(deprecated)]` on by default
[INFO] [stdout] help: replace the use of the deprecated method
[INFO] [stdout]     |
[INFO] [stdout] 214 -     let _ = counter.fetch_update(Ordering::Relaxed, Ordering::Relaxed, |current| {
[INFO] [stdout] 214 +     let _ = counter.try_update(Ordering::Relaxed, Ordering::Relaxed, |current| {
[INFO] [stdout]     |
[INFO] [stdout] 
[INFO] [stdout] 
[INFO] [stdout] warning: use of deprecated method `std::sync::atomic::Atomic::<u64>::fetch_update`: renamed to `try_update` for consistency
[INFO] [stdout]    --> src/core/metrics.rs:220:21
[INFO] [stdout]     |
[INFO] [stdout] 220 |     let _ = counter.fetch_update(Ordering::Relaxed, Ordering::Relaxed, |current| {
[INFO] [stdout]     |                     ^^^^^^^^^^^^
[INFO] [stdout]     |
[INFO] [stdout] help: replace the use of the deprecated method
[INFO] [stdout]     |
[INFO] [stdout] 220 -     let _ = counter.fetch_update(Ordering::Relaxed, Ordering::Relaxed, |current| {
[INFO] [stdout] 220 +     let _ = counter.try_update(Ordering::Relaxed, Ordering::Relaxed, |current| {
[INFO] [stdout]     |
[INFO] [stdout] 
[INFO] [stdout] 
[INFO] [stderr]     Finished `dev` profile [unoptimized + debuginfo] target(s) in 58.93s
[INFO] running `Command { std: "docker" "inspect" "62f905933777ff6a22f495e999e5a2f3a8e3c9d92f36729a37c2a3833ebcc0ed", kill_on_drop: false }`
[INFO] running `Command { std: "docker" "exec" "-e" "SOURCE_DIR=/opt/rustwide/workdir" "-e" "CARGO_HOME=/opt/rustwide/cargo-home" "-e" "RUSTUP_HOME=/opt/rustwide/rustup-home" "-e" "CARGO_TARGET_DIR=/opt/rustwide/target" "-e" "CARGO_INCREMENTAL=0" "-e" "RUST_BACKTRACE=full" "-e" "RUSTFLAGS=--cap-lints=warn" "-e" "RUSTDOCFLAGS=--cap-lints=warn" "-w" "/opt/rustwide/workdir" "--user" "0:0" "62f905933777ff6a22f495e999e5a2f3a8e3c9d92f36729a37c2a3833ebcc0ed" "/opt/rustwide/cargo-home/bin/cargo" "+1.99.0-beta.8" "test" "--frozen" "--no-run" "--message-format=json", kill_on_drop: false }`
[INFO] [stderr]    Compiling syn v3.0.6
[INFO] [stderr]    Compiling serde_core v1.0.229
[INFO] [stderr]    Compiling serde v1.0.229
[INFO] [stderr]    Compiling zerocopy v0.8.57
[INFO] [stderr]    Compiling zerocopy-derive v0.8.57
[INFO] [stderr]    Compiling getrandom v0.3.4
[INFO] [stderr]    Compiling num-traits v0.2.19
[INFO] [stderr]    Compiling alloca v0.4.0
[INFO] [stderr]    Compiling time-core v0.1.9
[INFO] [stderr]    Compiling clap_lex v1.1.1
[INFO] [stderr]    Compiling num-conv v0.2.2
[INFO] [stderr]    Compiling ciborium-io v0.2.2
[INFO] [stderr]    Compiling anstyle v1.0.14
[INFO] [stderr]    Compiling regex-syntax v0.8.11
[INFO] [stderr]    Compiling deranged v0.5.8
[INFO] [stderr]    Compiling either v1.18.0
[INFO] [stderr]    Compiling clap_builder v4.6.7
[INFO] [stderr]    Compiling itertools v0.13.0
[INFO] [stderr]    Compiling same-file v1.0.6
[INFO] [stderr]    Compiling cast v0.3.0
[INFO] [stderr]    Compiling base64 v0.23.1
[INFO] [stderr]    Compiling pem v4.0.0
[INFO] [stderr]    Compiling time v0.3.55
[INFO] [stderr]    Compiling walkdir v2.5.0
[INFO] [stderr]    Compiling regex-automata v0.4.18
[INFO] [stderr]    Compiling yasna v0.6.0
[INFO] [stderr]    Compiling clap v4.6.7
[INFO] [stderr]    Compiling criterion-plot v0.8.2
[INFO] [stderr]    Compiling serde_json v1.0.151
[INFO] [stderr]    Compiling graviola v0.4.1
[INFO] [stderr]    Compiling page_size v0.6.0
[INFO] [stderr]    Compiling thread_local v1.1.10
[INFO] [stderr]    Compiling oorandom v11.1.5
[INFO] [stderr]    Compiling anes v0.1.6
[INFO] [stderr]    Compiling tracing-subscriber v0.3.23
[INFO] [stderr]    Compiling rcgen v0.14.10
[INFO] [stderr]    Compiling synstructure v0.14.0
[INFO] [stderr]    Compiling regex v1.13.1
[INFO] [stderr]    Compiling zerofrom-derive v0.1.8
[INFO] [stderr]    Compiling yoke-derive v0.8.3
[INFO] [stderr]    Compiling zerovec-derive v0.11.6
[INFO] [stderr]    Compiling displaydoc v0.2.7
[INFO] [stderr]    Compiling tokio-macros v2.7.2
[INFO] [stderr]    Compiling serde_derive v1.0.229
[INFO] [stderr]    Compiling tokio v1.53.1
[INFO] [stderr]    Compiling thiserror-impl v2.0.21
[INFO] [stderr]    Compiling rustls-graviola v0.4.0
[INFO] [stderr]    Compiling zerofrom v0.1.8
[INFO] [stderr]    Compiling yoke v0.8.3
[INFO] [stderr]    Compiling zerovec v0.11.8
[INFO] [stderr]    Compiling zerotrie v0.2.5
[INFO] [stderr]    Compiling half v2.7.1
[INFO] [stderr]    Compiling thiserror v2.0.21
[INFO] [stderr]    Compiling ciborium-ll v0.2.2
[INFO] [stderr]    Compiling tinystr v0.8.4
[INFO] [stderr]    Compiling potential_utf v0.1.6
[INFO] [stderr]    Compiling icu_collections v2.3.0
[INFO] [stderr]    Compiling icu_locale_core v2.3.0
[INFO] [stderr]    Compiling icu_provider v2.3.1
[INFO] [stderr]    Compiling icu_properties v2.3.0
[INFO] [stderr]    Compiling icu_normalizer v2.3.0
[INFO] [stderr]    Compiling serde_urlencoded v0.7.1
[INFO] [stderr]    Compiling ciborium v0.2.2
[INFO] [stderr]    Compiling tinytemplate v1.2.1
[INFO] [stderr]    Compiling idna_adapter v1.2.2
[INFO] [stderr]    Compiling idna v1.1.0
[INFO] [stderr]    Compiling url v2.5.8
[INFO] [stderr]    Compiling tokio-util v0.7.19
[INFO] [stderr]    Compiling tokio-rustls v0.26.5
[INFO] [stderr]    Compiling criterion v0.8.2
[INFO] [stderr]    Compiling h2 v0.4.19
[INFO] [stderr]    Compiling hyper v1.11.1
[INFO] [stderr]    Compiling hyper-util v0.1.20
[INFO] [stderr]    Compiling hyper-rustls v0.27.10
[INFO] [stderr]    Compiling reqx v0.2.7 (/opt/rustwide/workdir)
[INFO] [stdout] warning: use of deprecated method `std::sync::atomic::Atomic::<u64>::fetch_update`: renamed to `try_update` for consistency
[INFO] [stdout]    --> src/core/metrics.rs:214:21
[INFO] [stdout]     |
[INFO] [stdout] 214 |     let _ = counter.fetch_update(Ordering::Relaxed, Ordering::Relaxed, |current| {
[INFO] [stdout]     |                     ^^^^^^^^^^^^
[INFO] [stdout]     |
[INFO] [stdout]     = note: `#[warn(deprecated)]` on by default
[INFO] [stdout] help: replace the use of the deprecated method
[INFO] [stdout]     |
[INFO] [stdout] 214 -     let _ = counter.fetch_update(Ordering::Relaxed, Ordering::Relaxed, |current| {
[INFO] [stdout] 214 +     let _ = counter.try_update(Ordering::Relaxed, Ordering::Relaxed, |current| {
[INFO] [stdout]     |
[INFO] [stdout] 
[INFO] [stdout] 
[INFO] [stdout] warning: use of deprecated method `std::sync::atomic::Atomic::<u64>::fetch_update`: renamed to `try_update` for consistency
[INFO] [stdout]    --> src/core/metrics.rs:220:21
[INFO] [stdout]     |
[INFO] [stdout] 220 |     let _ = counter.fetch_update(Ordering::Relaxed, Ordering::Relaxed, |current| {
[INFO] [stdout]     |                     ^^^^^^^^^^^^
[INFO] [stdout]     |
[INFO] [stdout] help: replace the use of the deprecated method
[INFO] [stdout]     |
[INFO] [stdout] 220 -     let _ = counter.fetch_update(Ordering::Relaxed, Ordering::Relaxed, |current| {
[INFO] [stdout] 220 +     let _ = counter.try_update(Ordering::Relaxed, Ordering::Relaxed, |current| {
[INFO] [stdout]     |
[INFO] [stdout] 
[INFO] [stdout] 
[INFO] [stdout] warning: use of deprecated method `std::sync::atomic::Atomic::<u64>::fetch_update`: renamed to `try_update` for consistency
[INFO] [stdout]    --> src/core/metrics.rs:214:21
[INFO] [stdout]     |
[INFO] [stdout] 214 |     let _ = counter.fetch_update(Ordering::Relaxed, Ordering::Relaxed, |current| {
[INFO] [stdout]     |                     ^^^^^^^^^^^^
[INFO] [stdout]     |
[INFO] [stdout]     = note: `#[warn(deprecated)]` on by default
[INFO] [stdout] help: replace the use of the deprecated method
[INFO] [stdout]     |
[INFO] [stdout] 214 -     let _ = counter.fetch_update(Ordering::Relaxed, Ordering::Relaxed, |current| {
[INFO] [stdout] 214 +     let _ = counter.try_update(Ordering::Relaxed, Ordering::Relaxed, |current| {
[INFO] [stdout]     |
[INFO] [stdout] 
[INFO] [stdout] 
[INFO] [stdout] warning: use of deprecated method `std::sync::atomic::Atomic::<u64>::fetch_update`: renamed to `try_update` for consistency
[INFO] [stdout]    --> src/core/metrics.rs:220:21
[INFO] [stdout]     |
[INFO] [stdout] 220 |     let _ = counter.fetch_update(Ordering::Relaxed, Ordering::Relaxed, |current| {
[INFO] [stdout]     |                     ^^^^^^^^^^^^
[INFO] [stdout]     |
[INFO] [stdout] help: replace the use of the deprecated method
[INFO] [stdout]     |
[INFO] [stdout] 220 -     let _ = counter.fetch_update(Ordering::Relaxed, Ordering::Relaxed, |current| {
[INFO] [stdout] 220 +     let _ = counter.try_update(Ordering::Relaxed, Ordering::Relaxed, |current| {
[INFO] [stdout]     |
[INFO] [stdout] 
[INFO] [stdout] 
[INFO] [stderr]     Finished `test` profile [unoptimized + debuginfo] target(s) in 3m 05s
[INFO] running `Command { std: "docker" "inspect" "62f905933777ff6a22f495e999e5a2f3a8e3c9d92f36729a37c2a3833ebcc0ed", kill_on_drop: false }`
[INFO] running `Command { std: "docker" "exec" "-e" "SOURCE_DIR=/opt/rustwide/workdir" "-e" "CARGO_HOME=/opt/rustwide/cargo-home" "-e" "RUSTUP_HOME=/opt/rustwide/rustup-home" "-e" "CARGO_TARGET_DIR=/opt/rustwide/target" "-e" "CARGO_INCREMENTAL=0" "-e" "RUST_BACKTRACE=full" "-e" "RUSTFLAGS=--cap-lints=warn" "-e" "RUSTDOCFLAGS=--cap-lints=warn" "-w" "/opt/rustwide/workdir" "--user" "0:0" "62f905933777ff6a22f495e999e5a2f3a8e3c9d92f36729a37c2a3833ebcc0ed" "/opt/rustwide/cargo-home/bin/cargo" "+1.99.0-beta.8" "test" "--frozen", kill_on_drop: false }`
[INFO] [stderr] warning: use of deprecated method `std::sync::atomic::Atomic::<u64>::fetch_update`: renamed to `try_update` for consistency
[INFO] [stderr]    --> src/core/metrics.rs:214:21
[INFO] [stderr]     |
[INFO] [stderr] 214 |     let _ = counter.fetch_update(Ordering::Relaxed, Ordering::Relaxed, |current| {
[INFO] [stderr]     |                     ^^^^^^^^^^^^
[INFO] [stderr]     |
[INFO] [stderr]     = note: `#[warn(deprecated)]` on by default
[INFO] [stderr] help: replace the use of the deprecated method
[INFO] [stderr]     |
[INFO] [stderr] 214 -     let _ = counter.fetch_update(Ordering::Relaxed, Ordering::Relaxed, |current| {
[INFO] [stderr] 214 +     let _ = counter.try_update(Ordering::Relaxed, Ordering::Relaxed, |current| {
[INFO] [stderr]     |
[INFO] [stderr] 
[INFO] [stderr] warning: use of deprecated method `std::sync::atomic::Atomic::<u64>::fetch_update`: renamed to `try_update` for consistency
[INFO] [stderr]    --> src/core/metrics.rs:220:21
[INFO] [stderr]     |
[INFO] [stderr] 220 |     let _ = counter.fetch_update(Ordering::Relaxed, Ordering::Relaxed, |current| {
[INFO] [stderr]     |                     ^^^^^^^^^^^^
[INFO] [stderr]     |
[INFO] [stderr] help: replace the use of the deprecated method
[INFO] [stderr]     |
[INFO] [stderr] 220 -     let _ = counter.fetch_update(Ordering::Relaxed, Ordering::Relaxed, |current| {
[INFO] [stderr] 220 +     let _ = counter.try_update(Ordering::Relaxed, Ordering::Relaxed, |current| {
[INFO] [stderr]     |
[INFO] [stderr] 
[INFO] [stderr] warning: `reqx` (lib) generated 2 warnings (run `cargo fix --lib -p reqx` to apply 2 suggestions)
[INFO] [stderr] warning: `reqx` (lib test) generated 2 warnings (2 duplicates)
[INFO] [stderr]     Finished `test` profile [unoptimized + debuginfo] target(s) in 0.31s
[INFO] [stderr]      Running unittests src/lib.rs (/opt/rustwide/target/debug/deps/reqx-8d0bb58d5f4274d4)
[INFO] [stdout] 
[INFO] [stdout] running 308 tests
[INFO] [stdout] test async_client::adaptive::tests::dropping_adaptive_permit_releases_without_reducing_limit ... ok
[INFO] [stdout] test async_client::adaptive::tests::adaptive_controller_unblocks_waiter_after_release ... ok
[INFO] [stdout] test async_client::builder::contract_tests::build_rejects_base_url_with_empty_port_authority ... ok
[INFO] [stdout] test async_client::builder::contract_tests::async_builder_rejects_otel_when_feature_is_unavailable ... ok
[INFO] [stdout] test async_client::builder::contract_tests::build_rejects_base_url_with_surrounding_whitespace ... ok
[INFO] [stdout] test async_client::builder::contract_tests::build_rejects_base_url_with_userinfo ... ok
[INFO] [stdout] test async_client::builder::contract_tests::build_rejects_client_name_that_is_not_a_header_value ... ok
[INFO] [stdout] test async_client::builder::contract_tests::build_rejects_base_url_with_fragment ... ok
[INFO] [stdout] test async_client::builder::contract_tests::build_rejects_base_url_with_query ... ok
[INFO] [stdout] test async_client::builder::contract_tests::build_rejects_empty_client_name ... ok
[INFO] [stdout] test async_client::builder::contract_tests::build_rejects_http_proxy_uri_with_credentials ... ok
[INFO] [stdout] test async_client::builder::contract_tests::build_rejects_http_proxy_uri_with_empty_port ... ok
[INFO] [stdout] test async_client::builder::contract_tests::build_rejects_http_proxy_uri_with_invalid_authority ... ok
[INFO] [stdout] test async_client::builder::contract_tests::build_rejects_invalid_circuit_breaker_policy ... ok
[INFO] [stdout] test async_client::builder::contract_tests::build_rejects_invalid_adaptive_concurrency_policy ... ok
[INFO] [stdout] test async_client::builder::contract_tests::build_rejects_invalid_base_url_early ... ok
[INFO] [stdout] test async_client::builder::contract_tests::build_rejects_invalid_global_rate_limit_policy ... ok
[INFO] [stdout] test async_client::builder::contract_tests::build_rejects_invalid_per_host_rate_limit_policy ... ok
[INFO] [stdout] test async_client::builder::contract_tests::build_rejects_invalid_concurrency_limit_config ... ok
[INFO] [stdout] test async_client::builder::contract_tests::build_rejects_invalid_retry_budget_policy ... ok
[INFO] [stdout] test async_client::builder::contract_tests::build_rejects_non_http_proxy_scheme ... ok
[INFO] [stdout] test async_client::builder::contract_tests::build_rejects_non_http_base_url_scheme ... ok
[INFO] [stdout] test async_client::builder::contract_tests::build_rejects_proxy_authorization_without_http_proxy ... ok
[INFO] [stdout] test async_client::builder::contract_tests::async_rustls_root_ca_pem_rejects_non_certificate_blocks ... ok
[INFO] [stdout] test async_client::builder::contract_tests::no_proxy_records_invalid_rule_and_build_fails ... ok
[INFO] [stdout] test async_client::builder::contract_tests::custom_root_ca_requires_explicit_root_store ... ok
[INFO] [stdout] test async_client::builder::contract_tests::invalid_tls_root_ca_pem_returns_tls_config_error ... ok
[INFO] [stdout] test async_client::builder::contract_tests::rustls_backend_rejects_pkcs12_identity_configuration ... ok
[INFO] [stdout] test async_client::builder::contract_tests::selecting_native_tls_backend_returns_unavailable_when_feature_disabled ... ok
[INFO] [stdout] test async_client::builder::contract_tests::selecting_rustls_aws_lc_backend_returns_unavailable_when_feature_disabled ... ok
[INFO] [stdout] test async_client::builder::contract_tests::client_profile_and_direct_builder_overrides_compose ... ok
[INFO] [stdout] test async_client::builder::contract_tests::no_proxy_build_error_redacts_sensitive_url_shaped_rule ... ok
[INFO] [stdout] test async_client::builder::contract_tests::try_add_no_proxy_rejects_invalid_rule ... ok
[INFO] [stdout] test async_client::builder::contract_tests::try_no_proxy_redacts_sensitive_url_shaped_rule ... ok
[INFO] [stdout] test async_client::builder::contract_tests::try_no_proxy_rejects_invalid_rule ... ok
[INFO] [stdout] test async_client::builder::contract_tests::try_no_proxy_rejects_malformed_http_url_shape ... ok
[INFO] [stdout] test async_client::builder::contract_tests::try_no_proxy_rejects_url_rule_with_invalid_authority ... ok
[INFO] [stdout] test async_client::builder::contract_tests::try_no_proxy_rejects_url_rule_with_path ... ok
[INFO] [stdout] test async_client::builder::contract_tests::selecting_rustls_ring_backend_builds_when_feature_enabled ... ok
[INFO] [stdout] test async_client::builder::contract_tests::try_no_proxy_rejects_url_rule_with_non_http_scheme ... ok
[INFO] [stdout] test async_client::builder::contract_tests::selecting_tls_version_for_rustls_ring_builds ... ok
[INFO] [stdout] test async_client::builder::contract_tests::tls_root_store_specific_without_roots_returns_tls_config_error ... ok
[INFO] [stdout] test async_client::builder::tests::concurrency_limits_reject_values_above_semaphore_capacity ... ok
[INFO] [stdout] test async_client::builder::tests::default_header_marks_sensitive_values_for_debug ... ok
[INFO] [stdout] test async_client::builder::contract_tests::try_no_proxy_rejects_non_numeric_port_suffix ... ok
[INFO] [stdout] test async_client::builder::contract_tests::try_no_proxy_rejects_url_rule_with_empty_port ... ok
[INFO] [stdout] test async_client::proxy::contract_tests::normalize_tunnel_target_uri_keeps_explicit_port ... ok
[INFO] [stdout] test async_client::limiters::tests::cleanup_keeps_stale_entry_while_permit_is_active ... ok
[INFO] [stdout] test async_client::proxy::contract_tests::normalize_tunnel_target_uri_sets_http_default_port ... ok
[INFO] [stdout] test async_client::proxy::contract_tests::normalize_tunnel_target_uri_handles_uppercase_scheme ... ok
[INFO] [stdout] test async_client::proxy::contract_tests::normalize_tunnel_target_uri_sets_https_default_port ... ok
[INFO] [stdout] test async_client::transport_error::contract_tests::classify_transport_error_source_chain_detects_rustls_errors ... ok
[INFO] [stdout] test async_client::transport_error::contract_tests::classify_transport_error_source_chain_prefers_nested_tls_over_io_kind ... ok
[INFO] [stdout] test async_client::dns::tests::async_override_resolution_does_not_start_system_dns ... ok
[INFO] [stdout] test async_client::transport_error::contract_tests::classify_transport_error_source_chain_prefers_structured_io_errors ... ok
[INFO] [stdout] test async_client::transport_error::contract_tests::classify_transport_error_text_avoids_over_broad_read_matches ... ok
[INFO] [stdout] test async_client::request::contract_tests::body_stream_accepts_send_non_sync_stream ... ok
[INFO] [stdout] test async_client::transport_error::contract_tests::classify_transport_error_text_detects_dns_tls_and_connect ... ok
[INFO] [stdout] test async_client::transport_error::contract_tests::classify_transport_error_text_maps_proxy_tunnel_connect_failures ... ok
[INFO] [stdout] test core::config::tests::client_profiles_keep_redirects_opt_in ... ok
[INFO] [stdout] test core::config::tests::common_build_config_injects_user_agent_when_absent ... ok
[INFO] [stdout] test core::config::tests::common_build_config_preserves_explicit_user_agent ... ok
[INFO] [stdout] test core::config::tests::common_build_config_rejects_recorded_invalid_no_proxy_rule ... ok
[INFO] [stdout] test core::config::tests::timeout_validation_reports_sub_millisecond_values_without_zeroing_them ... ok
[INFO] [stdout] test core::content_encoding::contract_tests::decode_content_encoded_body_limited_honors_zero_limit ... ok
[INFO] [stdout] test async_client::limiters::tests::cleanup_keeps_entry_referenced_by_a_pending_acquisition ... ok
[INFO] [stdout] test core::content_encoding::contract_tests::decode_content_encoded_body_decodes_gzip_payload ... ok
[INFO] [stdout] test core::content_encoding::contract_tests::decode_content_encoded_body_combines_multiple_content_encoding_headers ... ok
[INFO] [stdout] test async_client::limiters::tests::zero_limits_are_normalized_to_one_permit ... ok
[INFO] [stdout] test core::content_encoding::contract_tests::decode_content_encoded_body_limited_rejects_unencoded_payload ... ok
[INFO] [stdout] test async_client::limiters::tests::cleanup_does_not_evict_active_entries_when_over_capacity ... ok
[INFO] [stdout] test core::content_encoding::contract_tests::should_decode_content_encoded_body_only_when_body_semantics_allow ... ok
[INFO] [stdout] test core::content_encoding::contract_tests::decode_content_encoded_body_rejects_unknown_encoding ... ok
[INFO] [stdout] test core::content_encoding::tests::disabled_brotli_is_rejected ... ok
[INFO] [stdout] test core::content_encoding::contract_tests::decode_content_encoded_body_limited_rejects_expanded_payload ... ok
[INFO] [stdout] test core::content_encoding::contract_tests::decode_content_encoded_body_accepts_zlib_and_raw_deflate_payloads ... ok
[INFO] [stdout] test core::error::contract_tests::error_code_contract_table_is_stable ... ok
[INFO] [stdout] test core::error::contract_tests::error_code_maps_circuit_open_variant ... ok
[INFO] [stdout] test core::content_encoding::tests::enabled_gzip_decodes ... ok
[INFO] [stdout] test core::content_encoding::tests::gzip_decodes_all_members_and_checks_the_combined_limit_and_tail ... ok
[INFO] [stdout] test core::content_encoding::tests::read_to_end_limited_retries_interrupted_reads ... ok
[INFO] [stdout] test core::dns::tests::validates_keys_lists_and_proxy_conflicts ... ok
[INFO] [stdout] test core::error::contract_tests::error_code_maps_expected_variant ... ok
[INFO] [stdout] test core::dns::tests::normalizes_replaces_and_matches_only_exact_names ... ok
[INFO] [stdout] test core::error::contract_tests::error_code_maps_feature_unavailable_variant ... ok
[INFO] [stdout] test core::error::contract_tests::error_code_maps_invalid_adaptive_concurrency_policy_variant ... ok
[INFO] [stdout] test core::error::contract_tests::error_code_maps_invalid_circuit_breaker_policy_variant ... ok
[INFO] [stdout] test core::error::contract_tests::error_code_maps_invalid_client_name_config_variant ... ok
[INFO] [stdout] test core::error::contract_tests::error_code_maps_invalid_concurrency_limit_config_variant ... ok
[INFO] [stdout] test core::error::contract_tests::error_code_maps_invalid_proxy_config_variant ... ok
[INFO] [stdout] test core::error::contract_tests::error_code_maps_invalid_retry_policy_variant ... ok
[INFO] [stdout] test core::error::contract_tests::error_code_maps_invalid_rate_limit_policy_variant ... ok
[INFO] [stdout] test core::error::contract_tests::error_code_maps_invalid_timeout_config_variant ... ok
[INFO] [stdout] test core::error::contract_tests::error_code_maps_proxy_authorization_requires_http_proxy_variant ... ok
[INFO] [stdout] test core::error::contract_tests::error_code_maps_redirect_limit_exceeded_variant ... ok
[INFO] [stdout] test core::error::contract_tests::error_code_maps_retry_budget_exhausted_variant ... ok
[INFO] [stdout] test core::error::contract_tests::transport_error_display_includes_nested_source_chain ... ok
[INFO] [stdout] test core::error::contract_tests::error_display_redacts_query_from_request_uri ... ok
[INFO] [stdout] test core::error::contract_tests::error_safe_request_accessors_return_method_uri_and_path ... ok
[INFO] [stdout] test core::error::contract_tests::read_and_write_body_error_display_omit_source_messages ... ok
[INFO] [stdout] test core::error::contract_tests::error_code_maps_invalid_retry_budget_policy_variant ... ok
[INFO] [stdout] test core::content_encoding::tests::disabled_zstd_is_rejected ... ok
[INFO] [stdout] test core::error::contract_tests::write_body_error_accessors_expose_request_context ... ok
[INFO] [stdout] test core::error::contract_tests::error_code_maps_tls_config_variant ... ok
[INFO] [stdout] test core::error::contract_tests::transport_error_display_redacts_uri_like_source_messages ... ok
[INFO] [stdout] test core::execution::contract_tests::status_retry_delay_uses_configured_cap_when_small ... ok
[INFO] [stdout] test core::execution::tests::attempt_disposition_applies_explicit_outcome ... ok
[INFO] [stdout] test core::execution::tests::attempt_guards_record_regular_errors_explicitly ... ok
[INFO] [stdout] test core::execution::contract_tests::select_base_url_rejects_invalid_endpoint_selector_value ... ok
[INFO] [stdout] test core::execution::contract_tests::status_retry_delay_caps_retry_after_to_max_delay ... ok
[INFO] [stdout] test core::execution::tests::attempt_guards_record_retry_schedule_failures_explicitly ... ok
[INFO] [stdout] test core::execution::tests::attempt_guards_leave_unscheduled_retry_for_terminal_completion ... ok
[INFO] [stdout] test core::execution::tests::attempt_guards_records_both_outcomes_once ... ok
[INFO] [stdout] test core::execution::tests::attempt_guards_take_moves_unrecorded_attempts ... ok
[INFO] [stdout] test core::execution::tests::prepare_retry_request_input_centralizes_common_request_setup ... ok
[INFO] [stdout] test core::execution::tests::body_read_retry_context_treats_expired_body_timeout_as_terminal_deadline ... ok
[INFO] [stdout] test core::execution::tests::prepare_retry_request_input_drops_default_content_length ... ok
[INFO] [stdout] test core::execution::tests::prepare_retry_request_input_preserves_request_content_length ... ok
[INFO] [stdout] test core::execution::tests::prepare_retry_schedule_consumes_budget_and_advances_attempt ... ok
[INFO] [stdout] test core::execution::tests::body_read_retry_context_builds_read_failure_retry_plan ... ok
[INFO] [stdout] test core::execution::tests::prepare_retry_schedule_skips_budget_when_deadline_prevents_retry ... ok
[INFO] [stdout] test core::execution::tests::body_read_retry_context_borrows_execution_attempt ... ok
[INFO] [stdout] test core::execution::tests::prepare_retry_schedule_skips_budget_when_decision_is_not_retryable ... ok
[INFO] [stdout] test core::execution::tests::redirect_303_drops_non_replayable_body_even_when_method_is_get ... ok
[INFO] [stdout] test core::execution::tests::redirect_303_preserves_head_method ... ok
[INFO] [stdout] test core::execution::tests::request_completion_records_completed_non_retryable_status_as_success ... ok
[INFO] [stdout] test core::execution::tests::request_completion_records_stream_retryable_status_before_return ... ok
[INFO] [stdout] test core::execution::tests::prepare_retry_request_input_preserves_body_and_skips_auto_encoding_when_disabled ... ok
[INFO] [stdout] test core::execution::tests::response_progress_helpers_run_each_stage_once ... ok
[INFO] [stdout] test core::execution::tests::response_progress_pre_body_helper_runs_each_stage_once ... ok
[INFO] [stdout] test core::execution::tests::redirect_rejects_non_replayable_body_when_method_is_preserved ... ok
[INFO] [stdout] test core::execution::tests::status_retry_delay_caps_retry_after_to_max_delay ... ok
[INFO] [stdout] test core::execution::tests::request_execution_state_reenables_retries_when_redirect_drops_body ... ok
[INFO] [stdout] test core::execution::tests::transport_failure_plan_records_deadline_as_failed_attempt ... ok
[INFO] [stdout] test core::execution::tests::status_retry_delay_fallback_is_clamped_to_max_delay ... ok
[INFO] [stdout] test core::execution::tests::server_throttle_delay_uses_retry_after_without_retry_backoff_cap ... ok
[INFO] [stdout] test core::execution::tests::status_retry_delay_preserves_sub_millisecond_max_delay ... ok
[INFO] [stdout] test core::execution::tests::request_completion_records_completed_retryable_status_as_failure ... ok
[INFO] [stdout] test core::extensions::contract_tests::standard_otel_path_normalizer_truncates_on_segment_boundary ... ok
[INFO] [stdout] test core::extensions::contract_tests::standard_otel_path_normalizer_drops_partial_first_segment ... ok
[INFO] [stdout] test core::limiters::tests::cleanup_tolerates_entries_newer_than_now ... ok
[INFO] [stdout] test core::metrics::tests::in_flight_guard_release_saturates_at_zero ... ok
[INFO] [stdout] test core::execution::tests::stream_lifecycle_skips_inert_resilience_hooks ... ok
[INFO] [stdout] test core::execution::tests::transport_failure_plan_cancels_local_non_transport_errors ... ok
[INFO] [stdout] test core::metrics::tests::scalar_metrics_saturate_instead_of_wrapping ... ok
[INFO] [stdout] test core::proxy::contract_tests::no_proxy_bypass_matches_trailing_dot_uri_host ... ok
[INFO] [stdout] test core::policy::tests::redirect_policy_limited_zero_is_equivalent_to_none ... ok
[INFO] [stdout] test core::proxy::contract_tests::no_proxy_bypass_does_not_treat_ipv4_suffix_as_match ... ok
[INFO] [stdout] test core::proxy::contract_tests::no_proxy_bypass_uses_default_uri_port_when_missing ... ok
[INFO] [stdout] test core::proxy::contract_tests::no_proxy_rule_accepts_url_authority_without_path ... ok
[INFO] [stdout] test core::proxy::contract_tests::no_proxy_rule_ip_literals_do_not_match_suffixes ... ok
[INFO] [stdout] test core::execution::tests::transport_failure_plan_retries_transport_errors_with_execution_identity_and_backoff ... ok
[INFO] [stdout] test core::proxy::contract_tests::no_proxy_rule_matches_trailing_dot_fqdn_hosts ... ok
[INFO] [stdout] test core::extensions::contract_tests::standard_otel_path_normalizer_reduces_short_numeric_segments ... ok
[INFO] [stdout] test core::metrics::tests::keyed_metrics_saturate_instead_of_wrapping ... ok
[INFO] [stdout] test core::proxy::contract_tests::no_proxy_rule_rejects_malformed_http_url_shapes ... ok
[INFO] [stdout] test core::proxy::contract_tests::no_proxy_rule_parses_bracketed_ipv6_with_port ... ok
[INFO] [stdout] test core::proxy::contract_tests::no_proxy_rule_rejects_bracketed_non_ip_host ... ok
[INFO] [stdout] test core::proxy::contract_tests::no_proxy_rule_rejects_unsupported_wildcard_globs ... ok
[INFO] [stdout] test core::proxy::contract_tests::no_proxy_rule_rejects_url_with_empty_port ... ok
[INFO] [stdout] test core::proxy::contract_tests::no_proxy_rule_rejects_url_with_invalid_authority ... ok
[INFO] [stdout] test core::proxy::contract_tests::no_proxy_rule_ipv6_matches_canonical_equivalents_only ... ok
[INFO] [stdout] test core::proxy::contract_tests::no_proxy_rule_rejects_url_with_non_http_scheme ... ok
[INFO] [stdout] test core::proxy::contract_tests::no_proxy_rule_keeps_plain_ipv6_without_port ... ok
[INFO] [stdout] test core::proxy::contract_tests::no_proxy_rule_rejects_url_with_path_query_or_userinfo ... ok
[INFO] [stdout] test core::proxy::contract_tests::no_proxy_rule_matches_domain_and_subdomain ... ok
[INFO] [stdout] test core::proxy::contract_tests::no_proxy_rule_treats_leading_wildcard_as_domain_suffix ... ok
[INFO] [stdout] test core::proxy::contract_tests::no_proxy_rule_rejects_non_numeric_port_suffix ... ok
[INFO] [stdout] test core::proxy::contract_tests::no_proxy_rule_with_port_requires_matching_port ... ok
[INFO] [stdout] test core::proxy::contract_tests::no_proxy_rule_rejects_plain_rule_with_path_query_fragment_or_userinfo ... ok
[INFO] [stdout] test core::proxy::contract_tests::no_proxy_url_rule_without_explicit_port_uses_scheme_default_port ... ok
[INFO] [stdout] test core::proxy::rule_tests::cidr_rules_match_only_literal_ips_in_the_same_family ... ok
[INFO] [stdout] test core::proxy::rule_tests::cidr_rules_mix_with_existing_rules_without_changing_their_semantics ... ok
[INFO] [stdout] test core::proxy::rule_tests::cidr_rules_reject_invalid_or_ambiguous_syntax ... ok
[INFO] [stdout] test core::proxy::rule_tests::ipv6_url_rules_preserve_explicit_and_default_ports ... ok
[INFO] [stdout] test core::proxy::rule_tests::no_proxy_url_rules_preserve_domain_suffix_matching ... ok
[INFO] [stdout] test core::retry::contract_tests::post_with_idempotency_key_is_retryable ... ok
[INFO] [stdout] test core::retry::contract_tests::retry_policy_standard_skips_tls_and_other_transport_errors ... ok
[INFO] [stdout] test core::retry::contract_tests::retry_policy_status_retry_window_caps_followup_attempts ... ok
[INFO] [stdout] test core::retry::tests::retry_decision_accessors_reflect_reason ... ok
[INFO] [stdout] test core::retry::contract_tests::retry_policy_backoff_preserves_sub_millisecond_durations ... ok
[INFO] [stdout] test core::retry::contract_tests::retry_policy_timeout_and_read_body_windows_are_configurable ... ok
[INFO] [stdout] test core::retry::contract_tests::retry_policy_can_filter_transport_error_kinds ... ok
[INFO] [stdout] test core::retry::tests::jittered_backoff_never_exceeds_configured_max_backoff ... ok
[INFO] [stdout] test core::retry::tests::validate_rejects_nan_jitter_ratio ... ok
[INFO] [stdout] test core::retry::tests::validate_rejects_zero_retry_windows ... ok
[INFO] [stdout] test core::util::headers::contract_tests::mark_sensitive_headers_marks_interceptor_inserted_values_for_debug ... ok
[INFO] [stdout] test core::util::headers::contract_tests::parse_header_value_marks_standard_sensitive_headers_for_debug ... ok
[INFO] [stdout] test core::util::headers::contract_tests::request_framing_rejects_transport_managed_transfer_encoding ... ok
[INFO] [stdout] test core::util::headers::tests::advertised_encodings_match_enabled_codec_features ... ok
[INFO] [stdout] test core::util::headers::tests::automatic_encoding_never_overrides_explicit_or_head_requests ... ok
[INFO] [stdout] test core::retry::tests::validate_rejects_invalid_or_success_status_policy_entries ... ok
[INFO] [stdout] test core::retry::tests::validate_rejects_zero_attempts_and_backoff ... ok
[INFO] [stdout] test core::util::headers::tests::error_body_excerpt_handles_unicode_and_invalid_utf8_at_the_limit ... ok
[INFO] [stdout] test core::util::headers::tests::range_requests_do_not_implicitly_negotiate_compression ... ok
[INFO] [stdout] test core::util::redaction::contract_tests::redact_uri_for_logs_fallback_masks_network_path_userinfo_without_host ... ok
[INFO] [stdout] test core::retry::contract_tests::post_without_idempotency_key_is_not_retryable ... ok
[INFO] [stdout] test core::retry::contract_tests::retry_policy_backoff_is_capped ... ok
[INFO] [stdout] test core::util::redaction::contract_tests::redact_uri_for_logs_fallback_masks_userinfo_query_and_fragment ... ok
[INFO] [stdout] test core::util::redaction::contract_tests::redact_uri_for_logs_masks_non_authority_credentials ... ok
[INFO] [stdout] test core::util::redaction::contract_tests::redact_uri_for_logs_masks_credential_like_path_segments_and_removes_query ... ok
[INFO] [stdout] test core::util::redaction::contract_tests::redact_uri_for_logs_fallback_masks_userinfo_without_host ... ok
[INFO] [stdout] test core::util::redaction::contract_tests::redact_uri_for_logs_keeps_unknown_non_authority_uri_shape ... ok
[INFO] [stdout] test core::util::redaction::contract_tests::redact_uri_for_logs_masks_userinfo ... ok
[INFO] [stdout] test core::util::redaction::contract_tests::redact_uri_like_text_for_logs_redacts_embedded_uri_tokens ... ok
[INFO] [stdout] test core::util::redaction::contract_tests::redact_uri_like_text_for_logs_redacts_adjacent_uri_tokens_without_whitespace ... ok
[INFO] [stdout] test core::util::redaction::contract_tests::redact_uri_for_logs_masks_percent_encoded_credential_path_separator ... ok
[INFO] [stdout] test core::util::redirect::contract_tests::rate_limit_bucket_key_uses_default_port_for_uppercase_scheme ... ok
[INFO] [stdout] test core::util::redirect::contract_tests::default_port_handles_uppercase_scheme ... ok
[INFO] [stdout] test core::util::redirect::contract_tests::rate_limit_bucket_key_brackets_ipv6_hosts ... ok
[INFO] [stdout] test core::util::redirect::contract_tests::rate_limit_bucket_key_normalizes_trailing_dot_hosts ... ok
[INFO] [stdout] test core::util::redirect::contract_tests::resolve_redirect_uri_accepts_network_path_reference ... ok
[INFO] [stdout] test core::util::redirect::contract_tests::resolve_redirect_uri_rejects_malformed_http_absolute_location ... ok
[INFO] [stdout] test core::util::redirect::contract_tests::same_origin_handles_uppercase_scheme ... ok
[INFO] [stdout] test core::util::redirect::contract_tests::same_origin_normalizes_trailing_dot_hosts ... ok
[INFO] [stdout] test core::util::redirect::contract_tests::sanitize_headers_for_cross_origin_redirect_removes_credentials ... ok
[INFO] [stdout] test core::util::redirect::contract_tests::resolve_redirect_uri_rejects_network_path_location_with_empty_port ... ok
[INFO] [stdout] test core::util::redirect::contract_tests::sanitize_headers_for_redirect_removes_hop_by_hop_headers ... ok
[INFO] [stdout] test core::util::redirect::contract_tests::resolve_redirect_uri_rejects_non_http_scheme ... ok
[INFO] [stdout] test core::util::redirect::contract_tests::resolve_redirect_uri_rejects_userinfo_location ... ok
[INFO] [stdout] test core::util::timing::contract_tests::diagnostic_milliseconds_preserve_nonzero_sub_millisecond_durations ... ok
[INFO] [stdout] test core::util::timing::contract_tests::parse_retry_after_header_http_date ... ok
[INFO] [stdout] test core::util::timing::contract_tests::bounded_retry_delay_respects_total_timeout ... ok
[INFO] [stdout] test core::util::timing::contract_tests::parse_retry_after_header_seconds ... ok
[INFO] [stdout] test core::util::timing::contract_tests::millisecond_conversion_uses_full_duration_range ... ok
[INFO] [stdout] test core::util::uri::contract_tests::append_query_pairs_handles_absolute_url ... ok
[INFO] [stdout] test core::util::uri::contract_tests::append_query_pairs_merges_existing_query_and_fragment ... ok
[INFO] [stdout] test core::util::uri::contract_tests::append_query_pairs_preserves_malformed_http_absolute_shape ... ok
[INFO] [stdout] test core::util::uri::contract_tests::join_base_path_handles_slashes ... ok
[INFO] [stdout] test core::util::uri::contract_tests::join_base_path_keeps_query_and_fragment_on_base_resource ... ok
[INFO] [stdout] test core::util::uri::contract_tests::join_base_path_preserves_extra_leading_slashes ... ok
[INFO] [stdout] test core::util::uri::contract_tests::query_append_preserves_existing_uri_bytes ... ok
[INFO] [stdout] test core::util::redirect::contract_tests::sanitize_headers_for_redirect_removes_proxy_authorization ... ok
[INFO] [stdout] test core::util::uri::contract_tests::resolve_uri_keeps_absolute_uri ... ok
[INFO] [stdout] test core::util::uri::contract_tests::resolve_uri_preserves_extra_leading_slashes_in_relative_path ... ok
[INFO] [stdout] test core::util::uri::contract_tests::resolve_uri_rejects_absolute_uri_with_empty_port ... ok
[INFO] [stdout] test core::util::uri::contract_tests::resolve_uri_keeps_absolute_uri_with_uppercase_scheme ... ok
[INFO] [stdout] test core::util::uri::contract_tests::resolve_uri_rejects_absolute_uri_with_userinfo ... ok
[INFO] [stdout] test core::util::uri::contract_tests::resolve_uri_keeps_query_only_relative_on_base_resource ... ok
[INFO] [stdout] test core::util::uri::contract_tests::resolve_uri_rejects_absolute_uri_with_invalid_authority ... ok
[INFO] [stdout] test core::util::uri::contract_tests::resolve_uri_rejects_malformed_http_absolute_uri ... ok
[INFO] [stdout] test core::util::uri::contract_tests::resolve_uri_rejects_malformed_http_absolute_uri_after_query_append ... ok
[INFO] [stdout] test http::response::contract_tests::response_json_decode_error_contains_body ... ok
[INFO] [stdout] test http::response::contract_tests::response_text_accepts_valid_utf8 ... ok
[INFO] [stdout] test http::response::contract_tests::response_text_rejects_invalid_utf8 ... ok
[INFO] [stdout] test rate_limit::tests::auto_server_throttle_scope_prefers_host_bucket_when_available ... ok
[INFO] [stdout] test core::util::uri::contract_tests::resolve_uri_rejects_non_http_absolute_uri ... ok
[INFO] [stdout] test http::response::contract_tests::response_debug_omits_body_contents ... ok
[INFO] [stdout] test rate_limit::tests::auto_server_throttle_scope_preserves_header_hint_without_limiters ... ok
[INFO] [stdout] test rate_limit::tests::cleanup_preserves_unreplenished_tokens_and_active_throttles ... ok
[INFO] [stdout] test rate_limit::tests::auto_server_throttle_scope_reports_available_fallback_scope ... ok
[INFO] [stdout] test async_client::limiters::tests::acquire_host_normalizes_trailing_dot_fqdn_keys ... ok
[INFO] [stdout] test rate_limit::tests::cleanup_tolerates_entries_newer_than_now ... ok
[INFO] [stdout] test rate_limit::tests::explicit_host_scope_does_not_fallback_to_global_bucket ... ok
[INFO] [stdout] test rate_limit::tests::global_rate_limiter_respects_burst_and_refill ... ok
[INFO] [stdout] test rate_limit::tests::fractional_refill_wait_does_not_grant_an_uncharged_slot ... ok
[INFO] [stdout] test rate_limit::tests::capacity_cleanup_preserves_depleted_buckets_until_they_refill ... ok
[INFO] [stdout] test rate_limit::tests::global_server_throttle_scope_backpressures_all_hosts ... ok
[INFO] [stdout] test rate_limit::tests::explicit_global_scope_does_not_fallback_to_host_bucket ... ok
[INFO] [stdout] test rate_limit::tests::scope_header_checks_all_repeated_values ... ok
[INFO] [stdout] test rate_limit::tests::rate_limit_policy_normalizes_invalid_request_rate ... ok
[INFO] [stdout] test core::util::property_tests::generated_content_lengths_match_exactly_or_fail ... ok
[INFO] [stdout] test rate_limit::tests::throttle_delay_is_applied_for_host_bucket ... ok
[INFO] [stdout] test rate_limit::tests::throttle_delay_normalizes_trailing_dot_host_bucket ... ok
[INFO] [stdout] test rate_limit::tests::rate_limit_policy_validate_rejects_invalid_request_rate ... ok
[INFO] [stdout] test rate_limit::tests::server_throttle_delay_is_capped_by_rate_limit_policy ... ok
[INFO] [stdout] test rate_limit::tests::scope_header_uses_tokens_instead_of_substrings ... ok
[INFO] [stdout] test rate_limit::tests::scope_header_is_parsed ... ok
[INFO] [stdout] test rate_limit::tests::tiny_positive_request_rate_saturates_wait_without_panicking ... ok
[INFO] [stdout] test rate_limit::tests::rate_limit_policy_validate_rejects_zero_burst ... ok
[INFO] [stdout] test rate_limit::tests::unrepresentable_throttle_deadline_does_not_panic_or_clear_existing_throttle ... ok
[INFO] [stdout] test resilience::tests::adaptive_concurrency_release_normalizes_zero_high_latency_threshold ... ok
[INFO] [stdout] test resilience::tests::adaptive_concurrency_release_normalizes_zero_increase_step ... ok
[INFO] [stdout] test resilience::tests::adaptive_concurrency_release_uses_normalized_policy ... ok
[INFO] [stdout] test resilience::tests::adaptive_concurrency_runtime_preserves_sub_millisecond_latency_threshold ... ok
[INFO] [stdout] test resilience::tests::adaptive_concurrency_runtime_preserves_valid_small_decrease_ratio ... ok
[INFO] [stdout] test resilience::tests::adaptive_concurrency_validate_rejects_zero_increase_step ... ok
[INFO] [stdout] test resilience::tests::circuit_breaker_closes_when_success_threshold_met_and_pending_probe_cancels ... ok
[INFO] [stdout] test resilience::tests::circuit_breaker_does_not_ignore_late_half_open_failure_after_success_threshold ... ok
[INFO] [stdout] test resilience::tests::circuit_breaker_opens_then_recovers_after_half_open_success ... ok
[INFO] [stdout] test resilience::tests::adaptive_concurrency_validate_rejects_initial_limit_outside_bounds ... ok
[INFO] [stdout] test resilience::tests::adaptive_concurrency_validate_rejects_zero_high_latency_threshold ... ok
[INFO] [stdout] test resilience::tests::adaptive_concurrency_validate_rejects_nan_decrease_ratio ... ok
[INFO] [stdout] test resilience::tests::circuit_breaker_cancel_releases_half_open_slot ... ok
[INFO] [stdout] test resilience::tests::circuit_breaker_validate_rejects_zero_open_timeout ... ok
[INFO] [stdout] test resilience::tests::circuit_breaker_validate_rejects_zero_half_open_success_threshold ... ok
[INFO] [stdout] test resilience::tests::circuit_breaker_limits_half_open_concurrency ... ok
[INFO] [stdout] test resilience::tests::circuit_breaker_validate_rejects_zero_failure_threshold ... ok
[INFO] [stdout] test resilience::tests::circuit_breaker_validate_rejects_zero_half_open_max_requests ... ok
[INFO] [stdout] test resilience::tests::dropping_half_open_attempt_releases_probe_slot ... ok
[INFO] [stdout] test resilience::tests::circuit_breaker_zero_thresholds_are_normalized_at_runtime ... ok
[INFO] [stdout] test resilience::tests::dropping_circuit_attempt_cancels_without_recording_failure ... ok
[INFO] [stdout] test resilience::tests::circuit_breaker_runtime_preserves_sub_millisecond_open_timeout ... ok
[INFO] [stdout] test resilience::tests::retry_budget_enforces_minimum_retries_per_window ... ok
[INFO] [stdout] test resilience::tests::retry_budget_runtime_preserves_sub_millisecond_window ... ok
[INFO] [stdout] test resilience::tests::old_half_open_outcomes_do_not_change_new_probe_capacity ... ok
[INFO] [stdout] test resilience::tests::retry_budget_runtime_normalizes_zero_window_defensively ... ok
[INFO] [stdout] test resilience::tests::old_closed_outcomes_do_not_change_recovered_failure_streak ... ok
[INFO] [stdout] test tls::tests::pem_certificate_parser_rejects_data_after_certificate_block ... ok
[INFO] [stdout] test tls::contract_tests::tls_version_bounds_validate_range ... ok
[INFO] [stdout] test tls::tests::pem_certificate_parser_rejects_data_before_certificate_block ... ok
[INFO] [stdout] test tls::tests::pem_certificate_parser_rejects_non_certificate_blocks ... ok
[INFO] [stdout] test tls::tests::pem_certificate_parser_rejects_unterminated_certificate_tail ... ok
[INFO] [stdout] test tls::contract_tests::tls_options_debug_omits_key_material_and_passwords ... ok
[INFO] [stdout] test resilience::tests::retry_budget_uses_success_ratio_for_allowance ... ok
[INFO] [stdout] test resilience::tests::retry_budget_validate_rejects_nan_retry_ratio ... ok
[INFO] [stdout] test core::util::property_tests::cross_origin_redirects_remove_every_sensitive_value ... ok
[INFO] [stdout] test core::util::property_tests::generated_uri_credentials_are_always_redacted_idempotently ... ok
[INFO] [stderr]      Running tests/integration_blocking.rs (/opt/rustwide/target/debug/deps/integration_blocking-a195a914a896f144)
[INFO] [stdout] 
[INFO] [stdout] test result: ok. 308 passed; 0 failed; 0 ignored; 0 measured; 0 filtered out; finished in 0.59s
[INFO] [stdout] 
[INFO] [stdout] 
[INFO] [stdout] running 0 tests
[INFO] [stderr]      Running tests/integration_crypto_provider.rs (/opt/rustwide/target/debug/deps/integration_crypto_provider-3037e0ff249d6bbd)
[INFO] [stdout] 
[INFO] [stdout] test result: ok. 0 passed; 0 failed; 0 ignored; 0 measured; 0 filtered out; finished in 0.00s
[INFO] [stdout] 
[INFO] [stdout] 
[INFO] [stdout] running 1 test
[INFO] [stderr]      Running tests/integration_dns_overrides.rs (/opt/rustwide/target/debug/deps/integration_dns_overrides-8963f560ec0c0bfc)
[INFO] [stdout] test caller_installed_crypto_provider_contract ... ok
[INFO] [stdout] 
[INFO] [stdout] test result: ok. 1 passed; 0 failed; 0 ignored; 0 measured; 0 filtered out; finished in 0.01s
[INFO] [stdout] 
[INFO] [stdout] 
[INFO] [stdout] running 1 test
[INFO] [stderr]      Running tests/integration_error_contract.rs (/opt/rustwide/target/debug/deps/integration_error_contract-ad0edff8c8185f2d)
[INFO] [stdout] test async_dns_overrides ... ok
[INFO] [stdout] 
[INFO] [stdout] test result: ok. 1 passed; 0 failed; 0 ignored; 0 measured; 0 filtered out; finished in 0.31s
[INFO] [stdout] 
[INFO] [stdout] 
[INFO] [stdout] running 9 tests
[INFO] [stdout] test error_debug_does_not_include_response_body_payloads ... ok
[INFO] [stderr]      Running tests/integration_graviola.rs (/opt/rustwide/target/debug/deps/integration_graviola-5c467c96f6cff065)
[INFO] [stdout] test async_endpoint_selector_can_override_base_url ... ok
[INFO] [stdout] test async_send_response_stream_returns_stream_for_non_success ... ok
[INFO] [stdout] test async_client_default_status_policy_response_returns_non_success ... ok
[INFO] [stdout] test async_http_status_error_carries_response_headers ... ok
[INFO] [stdout] test async_send_response_returns_response_for_non_success ... ok
[INFO] [stdout] test async_observer_receives_request_start_event ... ok
[INFO] [stdout] test async_error_code_contract_status_and_body_limit ... ok
[INFO] [stdout] test error_display_does_not_include_response_body_payloads ... ok
[INFO] [stdout] 
[INFO] [stdout] test result: ok. 9 passed; 0 failed; 0 ignored; 0 measured; 0 filtered out; finished in 0.05s
[INFO] [stdout] 
[INFO] [stdout] 
[INFO] [stdout] running 1 test
[INFO] [stderr]      Running tests/integration_http.rs (/opt/rustwide/target/debug/deps/integration_http-e585064c0c6725d7)
[INFO] [stdout] test graviola_is_configured_per_client ... ok
[INFO] [stdout] 
[INFO] [stdout] test result: ok. 1 passed; 0 failed; 0 ignored; 0 measured; 0 filtered out; finished in 0.01s
[INFO] [stdout] 
[INFO] [stdout] 
[INFO] [stdout] running 91 tests
[INFO] [stdout] test absolute_request_uri_with_userinfo_is_rejected ... ok
[INFO] [stdout] test build_accepts_zero_idle_pool_limits ... ok
[INFO] [stdout] test body_reader_preserves_user_declared_content_length ... ok
[INFO] [stdout] test body_reader_replaces_stale_helper_content_length ... ok
[INFO] [stdout] test build_rejects_invalid_client_name ... ok
[INFO] [stdout] test build_rejects_invalid_adaptive_concurrency_policy ... ok
[INFO] [stdout] test body_stream_uploads_chunked_data_with_declared_length ... ok
[INFO] [stdout] test buffered_request_accept_encoding_can_be_disabled_per_request ... ok
[INFO] [stdout] test build_rejects_invalid_circuit_breaker_policy ... ok
[INFO] [stdout] test body_stream_replaces_stale_content_length_from_previous_reader_body ... ok
[INFO] [stdout] test build_rejects_invalid_concurrency_limit_config ... ok
[INFO] [stdout] test build_rejects_invalid_retry_budget_policy ... ok
[INFO] [stdout] test build_rejects_invalid_rate_limit_policy ... ok
[INFO] [stdout] test build_rejects_invalid_retry_policy ... ok
[INFO] [stdout] test build_rejects_invalid_retry_status_policy ... ok
[INFO] [stdout] test buffered_status_retry_happens_before_body_limit ... ok
[INFO] [stdout] test build_rejects_invalid_timeout_config ... ok
[INFO] [stdout] test conflicting_request_framing_headers_are_rejected_before_transport ... ok
[INFO] [stdout] test decode_content_encoding_error_is_classified ... ok
[INFO] [stdout] test custom_body_codec_cannot_bypass_response_body_limit ... ok
[INFO] [stdout] test decoded_gzip_response_still_respects_max_body_limit ... ok
[INFO] [stdout] test form_helper_sets_content_type_and_encoded_body ... ok
[INFO] [stdout] test decodes_gzip_response_and_sets_accept_encoding ... ok
[INFO] [stdout] test head_stream_into_response_with_content_encoding_empty_body_succeeds ... ok
[INFO] [stdout] test client_name_sets_default_user_agent_and_request_header_can_override ... ok
[INFO] [stdout] test head_empty_body_with_content_encoding_is_not_decoded ... ok
[INFO] [stdout] test cross_origin_redirect_drops_sensitive_custom_headers ... ok
[INFO] [stdout] test invalid_content_length_is_rejected_before_transport ... ok
[INFO] [stdout] test interceptor_on_error_is_invoked_for_decode_failure ... ok
[INFO] [stdout] test json_helper_replaces_stale_content_length_from_previous_body ... ok
[INFO] [stdout] test metrics_snapshot_is_noop_when_metrics_disabled ... ok
[INFO] [stdout] test mismatched_buffered_content_length_is_rejected_before_transport ... ok
[INFO] [stdout] test interceptor_cannot_leave_post_retryable_after_removing_idempotency_key ... ok
[INFO] [stdout] test interceptor_can_mutate_headers_and_observe_lifecycle ... ok
[INFO] [stdout] test interceptor_cannot_introduce_ambiguous_content_length ... ok
[INFO] [stdout] test post_without_idempotency_key_does_not_retry ... ok
[INFO] [stdout] test range_requests_do_not_negotiate_compression ... ok
[INFO] [stdout] test proxy_authorization_header_is_not_forwarded_to_origin ... ok
[INFO] [stdout] test query_helpers_preserve_existing_wire_encoding ... ok
[INFO] [stdout] test query_helpers_append_encoded_query_pairs ... ok
[INFO] [stdout] test metrics_snapshot_tracks_success_and_error_buckets ... ok
[INFO] [stdout] test redirect_307_rejects_non_replayable_stream_body ... ok
[INFO] [stdout] test redirect_http_location_with_userinfo_is_rejected ... ok
[INFO] [stdout] test redirect_303_allows_non_replayable_stream_body_when_method_changes_to_get ... ok
[INFO] [stdout] test redirect_invalid_location_redacts_sensitive_tokens_in_error ... ok
[INFO] [stdout] test redirect_307_rejects_non_replayable_get_stream_body ... ok
[INFO] [stdout] test redirect_non_http_location_is_rejected ... ok
[INFO] [stdout] test redirect_network_path_location_with_empty_port_is_rejected ... ok
[INFO] [stdout] test redirect_after_303_treats_dropped_stream_body_as_replayable ... ok
[INFO] [stdout] test request_body_ignores_default_content_length ... ok
[INFO] [stdout] test redirect_policy_follows_relative_location ... ok
[INFO] [stdout] test redirect_policy_follows_network_path_location ... ok
[INFO] [stdout] test request_path_preserves_extra_leading_slashes ... ok
[INFO] [stdout] test request_validates_retry_policy_before_waiting_for_global_permit ... ok
[INFO] [stdout] test redirect_post_302_rewrites_to_get_and_drops_body ... ok
[INFO] [stdout] test global_rate_limit_applies_between_parallel_requests ... ok
[INFO] [stdout] test retries_post_with_idempotency_key_then_succeeds ... ok
[INFO] [stdout] test request_timeout_reports_transport_phase ... ok
[INFO] [stdout] test buffered_response_decode_honors_total_timeout_deadline ... ok
[INFO] [stdout] test response_body_timeout_maps_to_deadline_exceeded_when_total_timeout_is_exhausted ... ok
[INFO] [stdout] test retry_after_429_observer_receives_scope_without_rate_limiter ... ok
[INFO] [stdout] test retry_budget_is_credited_by_non_retryable_send_response ... ok
[INFO] [stdout] test send_http_status_error_strips_decoded_encoding_headers ... ok
[INFO] [stdout] test send_stream_accept_encoding_can_be_opted_in_per_request ... ok
[INFO] [stdout] test retry_after_429_observer_receives_resolved_scope ... ok
[INFO] [stdout] test send_stream_async_read_reports_unexpected_eof_for_truncated_body ... ok
[INFO] [stdout] test response_body_timeout_reports_phase_and_metrics ... ok
[INFO] [stdout] test send_stream_copy_to_writer_reports_write_body_error ... ok
[INFO] [stdout] test send_stream_async_read_buffer_honors_total_timeout_deadline ... ok
[INFO] [stdout] test send_stream_drop_marks_canceled_and_releases_in_flight ... ok
[INFO] [stdout] test send_stream_http_status_error_strips_decoded_encoding_headers ... ok
[INFO] [stdout] test send_stream_copy_to_writer_reports_response_body_timeout ... FAILED
[INFO] [stdout] test send_stream_keeps_raw_bytes_and_decode_is_explicit ... ok
[INFO] [stdout] test send_stream_into_body_collect_reports_response_body_timeout ... ok
[INFO] [stdout] test send_stream_copy_to_writer_respects_total_timeout_deadline ... ok
[INFO] [stdout] test send_stream_large_deadline_slack_does_not_shorten_total_timeout ... ok
[INFO] [stdout] test send_stream_large_deadline_slack_does_not_reclassify_body_timeout ... ok
[INFO] [stdout] test send_stream_total_deadline_uses_runtime_clock_not_control_clock ... ok
[INFO] [stdout] test send_stream_uri_exposes_raw_and_redacted_variants ... ok
[INFO] [stdout] test send_stream_ready_body_after_total_timeout_returns_deadline_exceeded ... ok
[INFO] [stdout] test stream_auto_accept_encoding_can_be_enabled_at_client_level ... ok
[INFO] [stdout] test stream_into_response_limited_respects_decode_limit ... ok
[INFO] [stdout] test send_stream_retries_on_non_success_response_body_timeout ... ok
[INFO] [stdout] test zero_response_body_limit_rejects_first_buffered_or_streamed_byte ... ok
[INFO] [stdout] test retry_after_429_auto_scope_throttles_same_host_only ... ok
[INFO] [stdout] test retry_after_429_backpressures_following_request ... ok
[INFO] [stdout] test status_retry_backoff_releases_per_host_in_flight_slot ... ok
[INFO] [stdout] test retry_after_429_global_scope_backpressures_other_hosts ... ok
[INFO] [stdout] test total_timeout_recomputes_transport_timeout_after_per_host_queue_wait ... ok
[INFO] [stdout] test request_rejects_invalid_retry_policy_override ... ok
[INFO] [stdout] test request_rejects_invalid_timeout_override ... ok
[INFO] [stdout] 
[INFO] [stdout] failures:
[INFO] [stdout] 
[INFO] [stdout] ---- send_stream_copy_to_writer_reports_response_body_timeout stdout ----
[INFO] [stdout] 
[INFO] [stdout] thread 'send_stream_copy_to_writer_reports_response_body_timeout' (3475) panicked at tests/integration_http.rs:2535:10:
[INFO] [stdout] stream request should return headers: Error { code: Timeout, message: "http request timed out in transport after 20ms for GET http://127.0.0.1:46393/slow-stream-copy-limited" }
[INFO] [stdout] stack backtrace:
[INFO] [stdout]    0:     0x5923453d6ab1 - std[70759c8f55707aa4]::backtrace_rs::backtrace::libunwind::trace
[INFO] [stdout]                                at /rustc/dfb0accb7f508ae8be965d8629557221c889dd98/library/std/src/../../backtrace/src/backtrace/libunwind.rs:117:9
[INFO] [stdout]    1:     0x5923453d6ab1 - std[70759c8f55707aa4]::backtrace_rs::backtrace::trace_unsynchronized::<std[70759c8f55707aa4]::sys::backtrace::_print_fmt::{closure#1}>
[INFO] [stdout]                                at /rustc/dfb0accb7f508ae8be965d8629557221c889dd98/library/std/src/../../backtrace/src/backtrace/mod.rs:66:14
[INFO] [stdout]    2:     0x5923453d6ab1 - std[70759c8f55707aa4]::sys::backtrace::_print_fmt
[INFO] [stdout]                                at /rustc/dfb0accb7f508ae8be965d8629557221c889dd98/library/std/src/sys/backtrace.rs:74:9
[INFO] [stdout]    3:     0x5923453d6ab1 - <<std[70759c8f55707aa4]::sys::backtrace::BacktraceLock>::print::DisplayBacktrace as core[df12db4294e9bfd3]::fmt::Display>::fmt
[INFO] [stdout]                                at /rustc/dfb0accb7f508ae8be965d8629557221c889dd98/library/std/src/sys/backtrace.rs:44:26
[INFO] [stdout]    4:     0x5923453ee08a - <core[df12db4294e9bfd3]::fmt::rt::Argument>::fmt
[INFO] [stdout]                                at /rustc/dfb0accb7f508ae8be965d8629557221c889dd98/library/core/src/fmt/rt.rs:152:76
[INFO] [stdout]    5:     0x5923453ee08a - core[df12db4294e9bfd3]::fmt::write
[INFO] [stdout]    6:     0x5923453dbbec - core[df12db4294e9bfd3]::io::write::default_write_fmt::<alloc[2182bb758b4b3781]::vec::Vec<u8>>
[INFO] [stdout]                                at /rustc/dfb0accb7f508ae8be965d8629557221c889dd98/library/core/src/io/write.rs:402:11
[INFO] [stdout]    7:     0x5923453dbbec - <alloc[2182bb758b4b3781]::vec::Vec<u8> as core[df12db4294e9bfd3]::io::write::Write>::write_fmt
[INFO] [stdout]                                at /rustc/dfb0accb7f508ae8be965d8629557221c889dd98/library/core/src/io/write.rs:335:13
[INFO] [stdout]    8:     0x5923453b12b6 - <std[70759c8f55707aa4]::sys::backtrace::BacktraceLock>::print
[INFO] [stdout]                                at /rustc/dfb0accb7f508ae8be965d8629557221c889dd98/library/std/src/sys/backtrace.rs:47:9
[INFO] [stdout]    9:     0x5923453b12b6 - std[70759c8f55707aa4]::panicking::default_hook::{closure#0}
[INFO] [stdout]                                at /rustc/dfb0accb7f508ae8be965d8629557221c889dd98/library/std/src/panicking.rs:292:27
[INFO] [stdout]   10:     0x5923453ce5e9 - std[70759c8f55707aa4]::panicking::default_hook
[INFO] [stdout]                                at /rustc/dfb0accb7f508ae8be965d8629557221c889dd98/library/std/src/panicking.rs:316:9
[INFO] [stdout]   11:     0x592344df0760 - <alloc[2182bb758b4b3781]::boxed::Box<dyn for<'a, 'b> core[df12db4294e9bfd3]::ops::function::Fn<(&'a std[70759c8f55707aa4]::panic::PanicHookInfo<'b>,), Output = ()> + core[df12db4294e9bfd3]::marker::Send + core[df12db4294e9bfd3]::marker::Sync> as core[df12db4294e9bfd3]::ops::function::Fn<(&std[70759c8f55707aa4]::panic::PanicHookInfo,)>>::call
[INFO] [stdout]                                at /rustc/dfb0accb7f508ae8be965d8629557221c889dd98/library/alloc/src/boxed.rs:2334:9
[INFO] [stdout]   12:     0x592344df0760 - test[9d35eded1c95d3be]::test_main_inner::<test[9d35eded1c95d3be]::test_main_static::{closure#0}>::{closure#0}
[INFO] [stdout]                                at /rustc/dfb0accb7f508ae8be965d8629557221c889dd98/library/test/src/lib.rs:155:21
[INFO] [stdout]   13:     0x5923453ce912 - <alloc[2182bb758b4b3781]::boxed::Box<dyn for<'a, 'b> core[df12db4294e9bfd3]::ops::function::Fn<(&'a std[70759c8f55707aa4]::panic::PanicHookInfo<'b>,), Output = ()> + core[df12db4294e9bfd3]::marker::Send + core[df12db4294e9bfd3]::marker::Sync> as core[df12db4294e9bfd3]::ops::function::Fn<(&std[70759c8f55707aa4]::panic::PanicHookInfo,)>>::call
[INFO] [stdout]                                at /rustc/dfb0accb7f508ae8be965d8629557221c889dd98/library/alloc/src/boxed.rs:2334:9
[INFO] [stdout]   14:     0x5923453ce912 - std[70759c8f55707aa4]::panicking::panic_with_hook
[INFO] [stdout]                                at /rustc/dfb0accb7f508ae8be965d8629557221c889dd98/library/std/src/panicking.rs:823:13
[INFO] [stdout]   15:     0x5923453b1362 - std[70759c8f55707aa4]::panicking::panic_handler::{closure#0}
[INFO] [stdout]                                at /rustc/dfb0accb7f508ae8be965d8629557221c889dd98/library/std/src/panicking.rs:688:13
[INFO] [stdout]   16:     0x5923453a9f69 - std[70759c8f55707aa4]::sys::backtrace::__rust_end_short_backtrace::<std[70759c8f55707aa4]::panicking::panic_handler::{closure#0}, !>
[INFO] [stdout]                                at /rustc/dfb0accb7f508ae8be965d8629557221c889dd98/library/std/src/sys/backtrace.rs:182:18
[INFO] [stdout]   17:     0x5923453b214d - __rustc[8fa7c3cbc660c2b3]::rust_begin_unwind
[INFO] [stdout]                                at /rustc/dfb0accb7f508ae8be965d8629557221c889dd98/library/std/src/panicking.rs:679:5
[INFO] [stdout]   18:     0x5923453ee8ac - core[df12db4294e9bfd3]::panicking::panic_fmt
[INFO] [stdout]                                at /rustc/dfb0accb7f508ae8be965d8629557221c889dd98/library/core/src/panicking.rs:80:14
[INFO] [stdout]   19:     0x5923453ee602 - core[df12db4294e9bfd3]::result::unwrap_failed
[INFO] [stdout]                                at /rustc/dfb0accb7f508ae8be965d8629557221c889dd98/library/core/src/result.rs:1871:5
[INFO] [stdout]   20:     0x592344d39d46 - <core[df12db4294e9bfd3]::result::Result<reqx[6342ea578d13ceaa]::http::response::async_stream::ResponseStream, reqx[6342ea578d13ceaa]::core::error::Error>>::expect
[INFO] [stdout]                                at /rustc/dfb0accb7f508ae8be965d8629557221c889dd98/library/core/src/result.rs:1184:23
[INFO] [stdout]   21:     0x592344c5c703 - integration_http[f615c5f6e51b36a]::send_stream_copy_to_writer_reports_response_body_timeout::{closure#0}
[INFO] [stdout]                                at /opt/rustwide/workdir/tests/integration_http.rs:2535:10
[INFO] [stdout]   22:     0x592344cb0792 - <core[df12db4294e9bfd3]::pin::Pin<&mut dyn core[df12db4294e9bfd3]::future::future::Future<Output = ()>> as core[df12db4294e9bfd3]::future::future::Future>::poll
[INFO] [stdout]                                at /rustc/dfb0accb7f508ae8be965d8629557221c889dd98/library/core/src/future/future.rs:133:9
[INFO] [stdout]   23:     0x592344dcecfd - <tokio[3139c85c68fc27a9]::runtime::park::CachedParkThread>::block_on::<core[df12db4294e9bfd3]::pin::Pin<&mut dyn core[df12db4294e9bfd3]::future::future::Future<Output = ()>>>::{closure#0}
[INFO] [stdout]                                at /opt/rustwide/cargo-home/registry/src/index.crates.io-1949cf8c6b5b557f/tokio-1.53.1/src/runtime/park.rs:284:71
[INFO] [stdout]   24:     0x592344dcacae - tokio[3139c85c68fc27a9]::task::coop::with_budget::<core[df12db4294e9bfd3]::task::poll::Poll<()>, <tokio[3139c85c68fc27a9]::runtime::park::CachedParkThread>::block_on<core[df12db4294e9bfd3]::pin::Pin<&mut dyn core[df12db4294e9bfd3]::future::future::Future<Output = ()>>>::{closure#0}>
[INFO] [stdout]                                at /opt/rustwide/cargo-home/registry/src/index.crates.io-1949cf8c6b5b557f/tokio-1.53.1/src/task/coop/mod.rs:167:5
[INFO] [stdout]   25:     0x592344dcacae - tokio[3139c85c68fc27a9]::task::coop::budget::<core[df12db4294e9bfd3]::task::poll::Poll<()>, <tokio[3139c85c68fc27a9]::runtime::park::CachedParkThread>::block_on<core[df12db4294e9bfd3]::pin::Pin<&mut dyn core[df12db4294e9bfd3]::future::future::Future<Output = ()>>>::{closure#0}>
[INFO] [stdout]                                at /opt/rustwide/cargo-home/registry/src/index.crates.io-1949cf8c6b5b557f/tokio-1.53.1/src/task/coop/mod.rs:133:5
[INFO] [stdout]   26:     0x592344dcacae - <tokio[3139c85c68fc27a9]::runtime::park::CachedParkThread>::block_on::<core[df12db4294e9bfd3]::pin::Pin<&mut dyn core[df12db4294e9bfd3]::future::future::Future<Output = ()>>>
[INFO] [stdout]                                at /opt/rustwide/cargo-home/registry/src/index.crates.io-1949cf8c6b5b557f/tokio-1.53.1/src/runtime/park.rs:284:31
[INFO] [stdout]   27:     0x592344d8a066 - <tokio[3139c85c68fc27a9]::runtime::context::blocking::BlockingRegionGuard>::block_on::<core[df12db4294e9bfd3]::pin::Pin<&mut dyn core[df12db4294e9bfd3]::future::future::Future<Output = ()>>>
[INFO] [stdout]                                at /opt/rustwide/cargo-home/registry/src/index.crates.io-1949cf8c6b5b557f/tokio-1.53.1/src/runtime/context/blocking.rs:66:14
[INFO] [stdout]   28:     0x592344d238c8 - <tokio[3139c85c68fc27a9]::runtime::scheduler::multi_thread::MultiThread>::block_on::<core[df12db4294e9bfd3]::pin::Pin<&mut dyn core[df12db4294e9bfd3]::future::future::Future<Output = ()>>>::{closure#0}
[INFO] [stdout]                                at /opt/rustwide/cargo-home/registry/src/index.crates.io-1949cf8c6b5b557f/tokio-1.53.1/src/runtime/scheduler/multi_thread/mod.rs:92:22
[INFO] [stdout]   29:     0x592344c9eae3 - tokio[3139c85c68fc27a9]::runtime::context::runtime::enter_runtime::<<tokio[3139c85c68fc27a9]::runtime::scheduler::multi_thread::MultiThread>::block_on<core[df12db4294e9bfd3]::pin::Pin<&mut dyn core[df12db4294e9bfd3]::future::future::Future<Output = ()>>>::{closure#0}, ()>
[INFO] [stdout]                                at /opt/rustwide/cargo-home/registry/src/index.crates.io-1949cf8c6b5b557f/tokio-1.53.1/src/runtime/context/runtime.rs:65:16
[INFO] [stdout]   30:     0x592344d162a4 - <tokio[3139c85c68fc27a9]::runtime::scheduler::multi_thread::MultiThread>::block_on::<core[df12db4294e9bfd3]::pin::Pin<&mut dyn core[df12db4294e9bfd3]::future::future::Future<Output = ()>>>
[INFO] [stdout]                                at /opt/rustwide/cargo-home/registry/src/index.crates.io-1949cf8c6b5b557f/tokio-1.53.1/src/runtime/scheduler/multi_thread/mod.rs:91:9
[INFO] [stdout]   31:     0x592344ce50ff - <tokio[3139c85c68fc27a9]::runtime::runtime::Runtime>::block_on_inner::<core[df12db4294e9bfd3]::pin::Pin<&mut dyn core[df12db4294e9bfd3]::future::future::Future<Output = ()>>>
[INFO] [stdout]                                at /opt/rustwide/cargo-home/registry/src/index.crates.io-1949cf8c6b5b557f/tokio-1.53.1/src/runtime/runtime.rs:376:50
[INFO] [stdout]   32:     0x592344ce527b - <tokio[3139c85c68fc27a9]::runtime::runtime::Runtime>::block_on::<core[df12db4294e9bfd3]::pin::Pin<&mut dyn core[df12db4294e9bfd3]::future::future::Future<Output = ()>>>
[INFO] [stdout]                                at /opt/rustwide/cargo-home/registry/src/index.crates.io-1949cf8c6b5b557f/tokio-1.53.1/src/runtime/runtime.rs:343:18
[INFO] [stdout]   33:     0x592344c82eef - integration_http[f615c5f6e51b36a]::send_stream_copy_to_writer_reports_response_body_timeout
[INFO] [stdout]                                at /opt/rustwide/workdir/tests/integration_http.rs:2554:50
[INFO] [stdout]   34:     0x592344c26ed7 - integration_http[f615c5f6e51b36a]::send_stream_copy_to_writer_reports_response_body_timeout::{closure#0}
[INFO] [stdout]                                at /opt/rustwide/workdir/tests/integration_http.rs:2490:68
[INFO] [stdout]   35:     0x592344c9bc16 - <integration_http[f615c5f6e51b36a]::send_stream_copy_to_writer_reports_response_body_timeout::{closure#0} as core[df12db4294e9bfd3]::ops::function::FnOnce<()>>::call_once
[INFO] [stdout]                                at /rustc/dfb0accb7f508ae8be965d8629557221c889dd98/library/core/src/ops/function.rs:250:5
[INFO] [stdout]   36:     0x592344de3a4b - <fn() -> core[df12db4294e9bfd3]::result::Result<(), alloc[2182bb758b4b3781]::string::String> as core[df12db4294e9bfd3]::ops::function::FnOnce<()>>::call_once
[INFO] [stdout]                                at /rustc/dfb0accb7f508ae8be965d8629557221c889dd98/library/core/src/ops/function.rs:250:5
[INFO] [stdout]   37:     0x592344de3a4b - test[9d35eded1c95d3be]::__rust_begin_short_backtrace::<core[df12db4294e9bfd3]::result::Result<(), alloc[2182bb758b4b3781]::string::String>, fn() -> core[df12db4294e9bfd3]::result::Result<(), alloc[2182bb758b4b3781]::string::String>>
[INFO] [stdout]                                at /rustc/dfb0accb7f508ae8be965d8629557221c889dd98/library/test/src/lib.rs:733:18
[INFO] [stdout]   38:     0x592344df10b5 - test[9d35eded1c95d3be]::run_test_in_process::{closure#0}
[INFO] [stdout]                                at /rustc/dfb0accb7f508ae8be965d8629557221c889dd98/library/test/src/lib.rs:756:74
[INFO] [stdout]   39:     0x592344df10b5 - <core[df12db4294e9bfd3]::panic::unwind_safe::AssertUnwindSafe<test[9d35eded1c95d3be]::run_test_in_process::{closure#0}> as core[df12db4294e9bfd3]::ops::function::FnOnce<()>>::call_once
[INFO] [stdout]                                at /rustc/dfb0accb7f508ae8be965d8629557221c889dd98/library/core/src/panic/unwind_safe.rs:275:9
[INFO] [stdout]   40:     0x592344df10b5 - std[70759c8f55707aa4]::panicking::catch_unwind::do_call::<core[df12db4294e9bfd3]::panic::unwind_safe::AssertUnwindSafe<test[9d35eded1c95d3be]::run_test_in_process::{closure#0}>, core[df12db4294e9bfd3]::result::Result<(), alloc[2182bb758b4b3781]::string::String>>
[INFO] [stdout]                                at /rustc/dfb0accb7f508ae8be965d8629557221c889dd98/library/std/src/panicking.rs:576:43
[INFO] [stdout]   41:     0x592344df10b5 - std[70759c8f55707aa4]::panicking::catch_unwind::<core[df12db4294e9bfd3]::result::Result<(), alloc[2182bb758b4b3781]::string::String>, core[df12db4294e9bfd3]::panic::unwind_safe::AssertUnwindSafe<test[9d35eded1c95d3be]::run_test_in_process::{closure#0}>>
[INFO] [stdout]                                at /rustc/dfb0accb7f508ae8be965d8629557221c889dd98/library/std/src/panicking.rs:544:19
[INFO] [stdout]   42:     0x592344df10b5 - std[70759c8f55707aa4]::panic::catch_unwind::<core[df12db4294e9bfd3]::panic::unwind_safe::AssertUnwindSafe<test[9d35eded1c95d3be]::run_test_in_process::{closure#0}>, core[df12db4294e9bfd3]::result::Result<(), alloc[2182bb758b4b3781]::string::String>>
[INFO] [stdout]                                at /rustc/dfb0accb7f508ae8be965d8629557221c889dd98/library/std/src/panic.rs:359:14
[INFO] [stdout]   43:     0x592344df10b5 - test[9d35eded1c95d3be]::run_test_in_process
[INFO] [stdout]                                at /rustc/dfb0accb7f508ae8be965d8629557221c889dd98/library/test/src/lib.rs:756:27
[INFO] [stdout]   44:     0x592344df10b5 - test[9d35eded1c95d3be]::run_test::{closure#0}
[INFO] [stdout]                                at /rustc/dfb0accb7f508ae8be965d8629557221c889dd98/library/test/src/lib.rs:677:43
[INFO] [stdout]   45:     0x592344dea974 - test[9d35eded1c95d3be]::run_test::{closure#1}
[INFO] [stdout]                                at /rustc/dfb0accb7f508ae8be965d8629557221c889dd98/library/test/src/lib.rs:707:41
[INFO] [stdout]   46:     0x592344dea974 - std[70759c8f55707aa4]::sys::backtrace::__rust_begin_short_backtrace::<test[9d35eded1c95d3be]::run_test::{closure#1}, ()>
[INFO] [stdout]                                at /rustc/dfb0accb7f508ae8be965d8629557221c889dd98/library/std/src/sys/backtrace.rs:166:18
[INFO] [stdout]   47:     0x592344df4212 - std[70759c8f55707aa4]::thread::lifecycle::spawn_unchecked::<test[9d35eded1c95d3be]::run_test::{closure#1}, ()>::{closure#1}::{closure#0}
[INFO] [stdout]                                at /rustc/dfb0accb7f508ae8be965d8629557221c889dd98/library/std/src/thread/lifecycle.rs:70:13
[INFO] [stdout]   48:     0x592344df4212 - <core[df12db4294e9bfd3]::panic::unwind_safe::AssertUnwindSafe<std[70759c8f55707aa4]::thread::lifecycle::spawn_unchecked<test[9d35eded1c95d3be]::run_test::{closure#1}, ()>::{closure#1}::{closure#0}> as core[df12db4294e9bfd3]::ops::function::FnOnce<()>>::call_once
[INFO] [stdout]                                at /rustc/dfb0accb7f508ae8be965d8629557221c889dd98/library/core/src/panic/unwind_safe.rs:275:9
[INFO] [stdout]   49:     0x592344df4212 - std[70759c8f55707aa4]::panicking::catch_unwind::do_call::<core[df12db4294e9bfd3]::panic::unwind_safe::AssertUnwindSafe<std[70759c8f55707aa4]::thread::lifecycle::spawn_unchecked<test[9d35eded1c95d3be]::run_test::{closure#1}, ()>::{closure#1}::{closure#0}>, ()>
[INFO] [stdout]                                at /rustc/dfb0accb7f508ae8be965d8629557221c889dd98/library/std/src/panicking.rs:576:43
[INFO] [stdout]   50:     0x592344df4212 - std[70759c8f55707aa4]::panicking::catch_unwind::<(), core[df12db4294e9bfd3]::panic::unwind_safe::AssertUnwindSafe<std[70759c8f55707aa4]::thread::lifecycle::spawn_unchecked<test[9d35eded1c95d3be]::run_test::{closure#1}, ()>::{closure#1}::{closure#0}>>
[INFO] [stdout]                                at /rustc/dfb0accb7f508ae8be965d8629557221c889dd98/library/std/src/panicking.rs:544:19
[INFO] [stdout]   51:     0x592344df4212 - std[70759c8f55707aa4]::panic::catch_unwind::<core[df12db4294e9bfd3]::panic::unwind_safe::AssertUnwindSafe<std[70759c8f55707aa4]::thread::lifecycle::spawn_unchecked<test[9d35eded1c95d3be]::run_test::{closure#1}, ()>::{closure#1}::{closure#0}>, ()>
[INFO] [stdout]                                at /rustc/dfb0accb7f508ae8be965d8629557221c889dd98/library/std/src/panic.rs:359:14
[INFO] [stdout]   52:     0x592344df4212 - std[70759c8f55707aa4]::thread::lifecycle::spawn_unchecked::<test[9d35eded1c95d3be]::run_test::{closure#1}, ()>::{closure#1}
[INFO] [stdout]                                at /rustc/dfb0accb7f508ae8be965d8629557221c889dd98/library/std/src/thread/lifecycle.rs:68:26
[INFO] [stdout]   53:     0x592344df4212 - <std[70759c8f55707aa4]::thread::lifecycle::spawn_unchecked<test[9d35eded1c95d3be]::run_test::{closure#1}, ()>::{closure#1} as core[df12db4294e9bfd3]::ops::function::FnOnce<()>>::call_once::{shim:vtable#0}
[INFO] [stdout]                                at /rustc/dfb0accb7f508ae8be965d8629557221c889dd98/library/core/src/ops/function.rs:250:5
[INFO] [stdout]   54:     0x5923453d5d89 - <alloc[2182bb758b4b3781]::boxed::Box<dyn core[df12db4294e9bfd3]::ops::function::FnOnce<(), Output = ()> + core[df12db4294e9bfd3]::marker::Send> as core[df12db4294e9bfd3]::ops::function::FnOnce<()>>::call_once
[INFO] [stdout]                                at /rustc/dfb0accb7f508ae8be965d8629557221c889dd98/library/alloc/src/boxed.rs:2320:9
[INFO] [stdout]   55:     0x5923453d5d89 - <std[70759c8f55707aa4]::sys::thread::unix::Thread>::new::thread_start
[INFO] [stdout]                                at /rustc/dfb0accb7f508ae8be965d8629557221c889dd98/library/std/src/sys/thread/unix.rs:123:17
[INFO] [stdout]   56:     0x742968845dfa - <unknown>
[INFO] [stdout]   57:     0x7429688d93d4 - clone
[INFO] [stdout]   58:                0x0 - <unknown>
[INFO] [stdout] 
[INFO] [stdout] 
[INFO] [stdout] failures:
[INFO] [stdout]     send_stream_copy_to_writer_reports_response_body_timeout
[INFO] [stdout] 
[INFO] [stdout] test result: FAILED. 90 passed; 1 failed; 0 ignored; 0 measured; 0 filtered out; finished in 2.08s
[INFO] [stdout] 
[INFO] [stderr] error: test failed, to rerun pass `--test integration_http`
[INFO] running `Command { std: "docker" "inspect" "62f905933777ff6a22f495e999e5a2f3a8e3c9d92f36729a37c2a3833ebcc0ed", kill_on_drop: false }`
[INFO] running `Command { std: "docker" "rm" "-f" "62f905933777ff6a22f495e999e5a2f3a8e3c9d92f36729a37c2a3833ebcc0ed", kill_on_drop: false }`
[INFO] [stdout] 62f905933777ff6a22f495e999e5a2f3a8e3c9d92f36729a37c2a3833ebcc0ed
