[INFO] fetching crate pw-env 0.3.17...
[INFO] testing pw-env-0.3.17 against 1.99.0-beta.8 for beta-1.100-2
[INFO] extracting crate pw-env 0.3.17 into /workspace/builds/worker-2-tc1/source
[INFO] started tweaking crates.io crate pw-env 0.3.17
[INFO] removed 0 missing tests
[INFO] finished tweaking crates.io crate pw-env 0.3.17
[INFO] tweaked toml for crates.io crate pw-env 0.3.17 written to /workspace/builds/worker-2-tc1/source/Cargo.toml
[INFO] validating manifest of crates.io crate pw-env 0.3.17 on toolchain 1.99.0-beta.8
[INFO] running `Command { std: CARGO_HOME="/workspace/cargo-home" RUSTUP_HOME="/workspace/rustup-home" "/workspace/cargo-home/bin/cargo" "+1.99.0-beta.8" "metadata" "--manifest-path" "Cargo.toml" "--no-deps", kill_on_drop: false }`
[INFO] crate crates.io crate pw-env 0.3.17 already has a lockfile, it will not be regenerated
[INFO] running `Command { std: CARGO_HOME="/workspace/cargo-home" RUSTUP_HOME="/workspace/rustup-home" "/workspace/cargo-home/bin/cargo" "+1.99.0-beta.8" "fetch" "--manifest-path" "Cargo.toml", kill_on_drop: false }`
[INFO] [stderr]     Blocking waiting for file lock on package cache
[INFO] [stderr]     Updating crates.io index
[INFO] [stderr]     Blocking waiting for file lock on package cache
[INFO] [stderr]  Downloading crates ...
[INFO] [stderr]   Downloaded block-buffer v0.12.0
[INFO] [stderr]   Downloaded crypto-common v0.2.1
[INFO] [stderr]   Downloaded by_address v1.2.1
[INFO] [stderr]   Downloaded darling_macro v0.23.0
[INFO] [stderr]   Downloaded memmem v0.1.1
[INFO] [stderr]   Downloaded line-clipping v0.3.7
[INFO] [stderr]   Downloaded vtparse v0.6.2
[INFO] [stderr]   Downloaded wezterm-color-types v0.3.0
[INFO] [stderr]   Downloaded filedescriptor v0.8.3
[INFO] [stderr]   Downloaded ratatui-macros v0.7.2
[INFO] [stderr]   Downloaded lab v0.11.0
[INFO] [stderr]   Downloaded wezterm-blob-leases v0.1.1
[INFO] [stderr]   Downloaded mac_address v1.1.8
[INFO] [stderr]   Downloaded instability v0.3.12
[INFO] [stderr]   Downloaded wezterm-dynamic-derive v0.1.1
[INFO] [stderr]   Downloaded dirs v7.0.0
[INFO] [stderr]   Downloaded shell-words v1.1.1
[INFO] [stderr]   Downloaded tracing-appender v0.2.5
[INFO] [stderr]   Downloaded self-replace v1.5.0
[INFO] [stderr]   Downloaded lru v0.18.0
[INFO] [stderr]   Downloaded fast-srgb8 v1.0.0
[INFO] [stderr]   Downloaded mutants v0.0.4
[INFO] [stderr]   Downloaded shared_library v0.1.9
[INFO] [stderr]   Downloaded digest v0.11.2
[INFO] [stderr]   Downloaded termios v0.3.3
[INFO] [stderr]   Downloaded ratatui-crossterm v0.1.2
[INFO] [stderr]   Downloaded unicode-truncate v2.0.1
[INFO] [stderr]   Downloaded palette_derive v0.7.6
[INFO] [stderr]   Downloaded critical-section v1.2.0
[INFO] [stderr]   Downloaded ratatui-termwiz v0.1.2
[INFO] [stderr]   Downloaded csscolorparser v0.6.2
[INFO] [stderr]   Downloaded wezterm-input-types v0.1.0
[INFO] [stderr]   Downloaded ratatui-termina v0.1.0
[INFO] [stderr]   Downloaded kasuari v0.4.12
[INFO] [stderr]   Downloaded portable-pty v0.9.0
[INFO] [stderr]   Downloaded glob v0.3.4
[INFO] [stderr]   Downloaded wezterm-dynamic v0.2.1
[INFO] [stderr]   Downloaded dialoguer v0.12.0
[INFO] [stderr]   Downloaded darling v0.23.0
[INFO] [stderr]   Downloaded ucd-trie v0.1.7
[INFO] [stderr]   Downloaded terminfo v0.9.0
[INFO] [stderr]   Downloaded pest_generator v2.8.6
[INFO] [stderr]   Downloaded toml v1.1.6+spec-1.1.0
[INFO] [stderr]   Downloaded secret-service v4.0.0
[INFO] [stderr]   Downloaded pest_derive v2.8.6
[INFO] [stderr]   Downloaded serial2 v0.2.36
[INFO] [stderr]   Downloaded hybrid-array v0.4.10
[INFO] [stderr]   Downloaded ratatui v0.30.2
[INFO] [stderr]   Downloaded clap_complete v4.6.9
[INFO] [stderr]   Downloaded finl_unicode v1.4.0
[INFO] [stderr]   Downloaded wezterm-bidi v0.2.3
[INFO] [stderr]   Downloaded pest_meta v2.8.6
[INFO] [stderr]   Downloaded winnow v1.0.1
[INFO] [stderr]   Downloaded compact_str v0.9.0
[INFO] [stderr]   Downloaded euclid v0.22.14
[INFO] [stderr]   Downloaded termina v0.3.3
[INFO] [stderr]   Downloaded darling_core v0.23.0
[INFO] [stderr]   Downloaded fancy-regex v0.11.0
[INFO] [stderr]   Downloaded pw-env-lib v0.3.17
[INFO] [stderr]   Downloaded dbus v0.9.10
[INFO] [stderr]   Downloaded pest v2.8.6
[INFO] [stderr]   Downloaded ratatui-core v0.1.2
[INFO] [stderr]   Downloaded zlib-rs v0.6.3
[INFO] [stderr]   Downloaded palette v0.7.6
[INFO] [stderr]   Downloaded ratatui-widgets v0.3.2
[INFO] [stderr]   Downloaded quinn-proto v0.11.17
[INFO] [stderr]   Downloaded termwiz v0.23.3
[INFO] [stderr]   Downloaded deltae v0.3.2
[INFO] running `Command { std: "docker" "create" "-v" "/var/lib/crater-agent-workspace/builds/worker-2-tc1/source:/opt/rustwide/workdir:ro,Z" "-v" "/var/lib/crater-agent-workspace/builds/worker-2-tc1/target:/opt/rustwide/target:rw,Z" "-v" "/var/lib/crater-agent-workspace/cargo-home:/opt/rustwide/cargo-home:ro,Z" "-v" "/var/lib/crater-agent-workspace/rustup-home:/opt/rustwide/rustup-home:ro,Z" "-m" "1610612736" "--network" "none" "ghcr.io/rust-lang/crates-build-env/linux@sha256:3111399a4047eeb3a02b7a90e478d715f38a8c6669b5c4b49d30a17385265909" "sleep" "infinity", kill_on_drop: false }`
[INFO] [stdout] 352b0bd0380129724fc4e8665ec3157a08c953203eb755f4a29d4394ed4a241e
[INFO] running `Command { std: "docker" "start" "352b0bd0380129724fc4e8665ec3157a08c953203eb755f4a29d4394ed4a241e", kill_on_drop: false }`
[INFO] running `Command { std: "docker" "inspect" "352b0bd0380129724fc4e8665ec3157a08c953203eb755f4a29d4394ed4a241e", kill_on_drop: false }`
[INFO] running `Command { std: "docker" "exec" "-e" "SOURCE_DIR=/opt/rustwide/workdir" "-e" "CARGO_HOME=/opt/rustwide/cargo-home" "-e" "RUSTUP_HOME=/opt/rustwide/rustup-home" "-e" "CARGO_TARGET_DIR=/opt/rustwide/target" "-w" "/opt/rustwide/workdir" "--user" "0:0" "352b0bd0380129724fc4e8665ec3157a08c953203eb755f4a29d4394ed4a241e" "/opt/rustwide/cargo-home/bin/cargo" "+1.99.0-beta.8" "metadata" "--no-deps" "--format-version=1", kill_on_drop: false }`
[INFO] running `Command { std: "docker" "inspect" "352b0bd0380129724fc4e8665ec3157a08c953203eb755f4a29d4394ed4a241e", kill_on_drop: false }`
[INFO] running `Command { std: "docker" "exec" "-e" "SOURCE_DIR=/opt/rustwide/workdir" "-e" "CARGO_HOME=/opt/rustwide/cargo-home" "-e" "RUSTUP_HOME=/opt/rustwide/rustup-home" "-e" "CARGO_TARGET_DIR=/opt/rustwide/target" "-e" "CARGO_INCREMENTAL=0" "-e" "RUST_BACKTRACE=full" "-e" "RUSTFLAGS=--cap-lints=warn" "-e" "RUSTDOCFLAGS=--cap-lints=warn" "-w" "/opt/rustwide/workdir" "--user" "0:0" "352b0bd0380129724fc4e8665ec3157a08c953203eb755f4a29d4394ed4a241e" "/opt/rustwide/cargo-home/bin/cargo" "+1.99.0-beta.8" "build" "--frozen" "--message-format=json", kill_on_drop: false }`
[INFO] [stderr]    Compiling libc v0.2.185
[INFO] [stderr]    Compiling typenum v1.19.0
[INFO] [stderr]    Compiling bitflags v2.13.0
[INFO] [stderr]    Compiling zerovec-derive v0.11.3
[INFO] [stderr]    Compiling zeroize_derive v1.4.3
[INFO] [stderr]    Compiling zerofrom-derive v0.1.7
[INFO] [stderr]    Compiling yoke-derive v0.8.2
[INFO] [stderr]    Compiling serde_core v1.0.229
[INFO] [stderr]    Compiling rustix v1.1.4
[INFO] [stderr]    Compiling unicode-segmentation v1.13.2
[INFO] [stderr]    Compiling hashbrown v0.17.0
[INFO] [stderr]    Compiling syn v3.0.4
[INFO] [stderr]    Compiling unicode-width v0.2.0
[INFO] [stderr]    Compiling futures-sink v0.3.32
[INFO] [stderr]    Compiling darling_core v0.23.0
[INFO] [stderr]    Compiling either v1.15.0
[INFO] [stderr]    Compiling libdbus-sys v0.2.7
[INFO] [stderr]    Compiling itertools v0.14.0
[INFO] [stderr]    Compiling tracing v0.1.44
[INFO] [stderr]    Compiling strum_macros v0.28.0
[INFO] [stderr]    Compiling instability v0.3.12
[INFO] [stderr]    Compiling compact_str v0.9.0
[INFO] [stderr]    Compiling zeroize v1.8.2
[INFO] [stderr]    Compiling futures-util v0.3.32
[INFO] [stderr]    Compiling rustls-pki-types v1.14.0
[INFO] [stderr]    Compiling convert_case v0.10.0
[INFO] [stderr]    Compiling lru v0.18.0
[INFO] [stderr]    Compiling kasuari v0.4.12
[INFO] [stderr]    Compiling num-bigint v0.4.6
[INFO] [stderr]    Compiling indoc v2.0.7
[INFO] [stderr]    Compiling zerofrom v0.1.7
[INFO] [stderr]    Compiling serde v1.0.229
[INFO] [stderr]    Compiling critical-section v1.2.0
[INFO] [stderr]    Compiling yoke v0.8.2
[INFO] [stderr]    Compiling num_threads v0.1.7
[INFO] [stderr]    Compiling zerovec v0.11.6
[INFO] [stderr]    Compiling zerotrie v0.2.4
[INFO] [stderr]    Compiling generic-array v0.14.7
[INFO] [stderr]    Compiling hybrid-array v0.4.10
[INFO] [stderr]    Compiling derive_more-impl v2.1.1
[INFO] [stderr]    Compiling tinystr v0.8.3
[INFO] [stderr]    Compiling potential_utf v0.1.5
[INFO] [stderr]    Compiling unicode-truncate v2.0.1
[INFO] [stderr]    Compiling icu_locale_core v2.2.0
[INFO] [stderr]    Compiling crypto-common v0.1.7
[INFO] [stderr]    Compiling block-padding v0.3.3
[INFO] [stderr]    Compiling block-buffer v0.10.4
[INFO] [stderr]    Compiling futures-channel v0.3.32
[INFO] [stderr]    Compiling mio v1.2.0
[INFO] [stderr]    Compiling socket2 v0.6.3
[INFO] [stderr]    Compiling inout v0.1.4
[INFO] [stderr]    Compiling digest v0.10.7
[INFO] [stderr]    Compiling getrandom v0.2.17
[INFO] [stderr]    Compiling errno v0.3.14
[INFO] [stderr]    Compiling icu_collections v2.2.0
[INFO] [stderr]    Compiling darling_macro v0.23.0
[INFO] [stderr]    Compiling ring v0.17.14
[INFO] [stderr]    Compiling signal-hook-registry v1.4.8
[INFO] [stderr]    Compiling cipher v0.4.4
[INFO] [stderr]    Compiling hmac v0.12.1
[INFO] [stderr]    Compiling time v0.3.47
[INFO] [stderr]    Compiling darling v0.23.0
[INFO] [stderr]    Compiling num-rational v0.4.2
[INFO] [stderr]    Compiling signal-hook v0.3.18
[INFO] [stderr]    Compiling parking_lot_core v0.9.12
[INFO] [stderr]    Compiling num-iter v0.1.45
[INFO] [stderr]    Compiling num-complex v0.4.6
[INFO] [stderr]    Compiling serde_json v1.0.151
[INFO] [stderr]    Compiling tokio v1.52.0
[INFO] [stderr]    Compiling winnow v1.0.1
[INFO] [stderr]    Compiling strum v0.28.0
[INFO] [stderr]    Compiling ratatui-core v0.1.2
[INFO] [stderr]    Compiling litrs v1.0.0
[INFO] [stderr]    Compiling simd-adler32 v0.3.9
[INFO] [stderr]    Compiling toml_datetime v1.1.1+spec-1.1.0
[INFO] [stderr]    Compiling num v0.4.3
[INFO] [stderr]    Compiling signal-hook-mio v0.2.5
[INFO] [stderr]    Compiling parking_lot v0.12.5
[INFO] [stderr]    Compiling cbc v0.1.2
[INFO] [stderr]    Compiling aes v0.8.4
[INFO] [stderr]    Compiling derive_more v2.1.1
[INFO] [stderr]    Compiling hkdf v0.12.4
[INFO] [stderr]    Compiling block-buffer v0.12.0
[INFO] [stderr]    Compiling crypto-common v0.2.1
[INFO] [stderr]    Compiling sha2 v0.10.9
[INFO] [stderr]    Compiling dbus v0.9.10
[INFO] [stderr]    Compiling getrandom v0.4.2
[INFO] [stderr]    Compiling line-clipping v0.3.7
[INFO] [stderr]    Compiling icu_provider v2.2.0
[INFO] [stderr]    Compiling document-features v0.2.12
[INFO] [stderr]    Compiling toml_writer v1.1.2+spec-1.1.0
[INFO] [stderr]    Compiling const-oid v0.10.2
[INFO] [stderr]    Compiling rustls-webpki v0.103.13
[INFO] [stderr]    Compiling adler2 v2.0.1
[INFO] [stderr]    Compiling option-ext v0.2.0
[INFO] [stderr]    Compiling icu_properties v2.2.0
[INFO] [stderr]    Compiling icu_normalizer v2.2.0
[INFO] [stderr]    Compiling digest v0.11.2
[INFO] [stderr]    Compiling dirs-sys v0.5.0
[INFO] [stderr]    Compiling toml_parser v1.1.3+spec-1.1.0
[INFO] [stderr]    Compiling miniz_oxide v0.9.1
[INFO] [stderr]    Compiling clap_builder v4.6.6
[INFO] [stderr]    Compiling ratatui-widgets v0.3.2
[INFO] [stderr]    Compiling crossterm v0.29.0
[INFO] [stderr]    Compiling tempfile v3.27.0
[INFO] [stderr]    Compiling rustls v0.23.38
[INFO] [stderr]    Compiling serde_spanned v1.1.1
[INFO] [stderr]    Compiling webpki-roots v1.0.6
[INFO] [stderr]    Compiling indexmap v2.14.0
[INFO] [stderr]    Compiling zlib-rs v0.6.3
[INFO] [stderr]    Compiling cpufeatures v0.3.0
[INFO] [stderr]    Compiling bumpalo v3.20.2
[INFO] [stderr]    Compiling serde_derive v1.0.229
[INFO] [stderr]    Compiling clap_derive v4.6.4
[INFO] [stderr]    Compiling tracing-subscriber v0.3.23
[INFO] [stderr]    Compiling zopfli v0.8.3
[INFO] [stderr]    Compiling idna_adapter v1.2.1
[INFO] [stderr]    Compiling ratatui-crossterm v0.1.2
[INFO] [stderr]    Compiling idna v1.1.0
[INFO] [stderr]    Compiling dbus-secret-service v4.1.0
[INFO] [stderr]    Compiling ratatui-macros v0.7.2
[INFO] [stderr]    Compiling sha2 v0.11.0
[INFO] [stderr]    Compiling url v2.5.8
[INFO] [stderr]    Compiling toml v1.1.6+spec-1.1.0
[INFO] [stderr]    Compiling crossbeam-channel v0.5.15
[INFO] [stderr]    Compiling dirs v7.0.0
[INFO] [stderr]    Compiling hyper v1.9.0
[INFO] [stderr]    Compiling tower v0.5.3
[INFO] [stderr]    Compiling keyring v3.6.3
[INFO] [stderr]    Compiling xattr v1.6.1
[INFO] [stderr]    Compiling console v0.16.3
[INFO] [stderr]    Compiling filetime v0.2.27
[INFO] [stderr]    Compiling tower-http v0.6.8
[INFO] [stderr]    Compiling shell-words v1.1.1
[INFO] [stderr]    Compiling symlink v0.1.0
[INFO] [stderr]    Compiling clap v4.6.6
[INFO] [stderr]    Compiling typed-path v0.12.3
[INFO] [stderr]    Compiling tracing-appender v0.2.5
[INFO] [stderr]    Compiling hyper-util v0.1.20
[INFO] [stderr]    Compiling tokio-rustls v0.26.4
[INFO] [stderr]    Compiling clap_complete v4.6.9
[INFO] [stderr]    Compiling dialoguer v0.12.0
[INFO] [stderr]    Compiling tar v0.4.46
[INFO] [stderr]    Compiling ratatui v0.30.2
[INFO] [stderr]    Compiling toml_edit v0.25.11+spec-1.1.0
[INFO] [stderr]    Compiling self-replace v1.5.0
[INFO] [stderr]    Compiling mutants v0.0.4
[INFO] [stderr]    Compiling semver v1.0.28
[INFO] [stderr]    Compiling glob v0.3.4
[INFO] [stderr]    Compiling flate2 v1.1.10
[INFO] [stderr]    Compiling hyper-rustls v0.27.9
[INFO] [stderr]    Compiling zip v8.6.0
[INFO] [stderr]    Compiling serde_urlencoded v0.7.1
[INFO] [stderr]    Compiling pw-env-lib v0.3.17
[INFO] [stderr]    Compiling reqwest v0.12.28
[INFO] [stderr]    Compiling pw-env v0.3.17 (/opt/rustwide/workdir)
[INFO] [stderr]     Finished `dev` profile [unoptimized + debuginfo] target(s) in 40.80s
[INFO] running `Command { std: "docker" "inspect" "352b0bd0380129724fc4e8665ec3157a08c953203eb755f4a29d4394ed4a241e", kill_on_drop: false }`
[INFO] running `Command { std: "docker" "exec" "-e" "SOURCE_DIR=/opt/rustwide/workdir" "-e" "CARGO_HOME=/opt/rustwide/cargo-home" "-e" "RUSTUP_HOME=/opt/rustwide/rustup-home" "-e" "CARGO_TARGET_DIR=/opt/rustwide/target" "-e" "CARGO_INCREMENTAL=0" "-e" "RUST_BACKTRACE=full" "-e" "RUSTFLAGS=--cap-lints=warn" "-e" "RUSTDOCFLAGS=--cap-lints=warn" "-w" "/opt/rustwide/workdir" "--user" "0:0" "352b0bd0380129724fc4e8665ec3157a08c953203eb755f4a29d4394ed4a241e" "/opt/rustwide/cargo-home/bin/cargo" "+1.99.0-beta.8" "test" "--frozen" "--no-run" "--message-format=json", kill_on_drop: false }`
[INFO] [stderr]    Compiling mio v1.2.0
[INFO] [stderr]    Compiling signal-hook v0.3.18
[INFO] [stderr]    Compiling time v0.3.47
[INFO] [stderr]    Compiling parking_lot_core v0.9.12
[INFO] [stderr]    Compiling rustls-webpki v0.103.13
[INFO] [stderr]    Compiling dbus v0.9.10
[INFO] [stderr]    Compiling getrandom v0.4.2
[INFO] [stderr]    Compiling cfg_aliases v0.1.1
[INFO] [stderr]    Compiling dirs-sys v0.5.0
[INFO] [stderr]    Compiling filetime v0.2.27
[INFO] [stderr]    Compiling console v0.16.3
[INFO] [stderr]    Compiling filedescriptor v0.8.3
[INFO] [stderr]    Compiling serial2 v0.2.36
[INFO] [stderr]    Compiling downcast-rs v1.2.1
[INFO] [stderr]    Compiling nix v0.28.0
[INFO] [stderr]    Compiling tempfile v3.27.0
[INFO] [stderr]    Compiling dirs v7.0.0
[INFO] [stderr]    Compiling tar v0.4.46
[INFO] [stderr]    Compiling parking_lot v0.12.5
[INFO] [stderr]    Compiling tokio v1.52.0
[INFO] [stderr]    Compiling signal-hook-mio v0.2.5
[INFO] [stderr]    Compiling dialoguer v0.12.0
[INFO] [stderr]    Compiling self-replace v1.5.0
[INFO] [stderr]    Compiling crossterm v0.29.0
[INFO] [stderr]    Compiling rustls v0.23.38
[INFO] [stderr]    Compiling portable-pty v0.9.0
[INFO] [stderr]    Compiling ratatui-widgets v0.3.2
[INFO] [stderr]    Compiling tracing-appender v0.2.5
[INFO] [stderr]    Compiling ratatui-crossterm v0.1.2
[INFO] [stderr]    Compiling dbus-secret-service v4.1.0
[INFO] [stderr]    Compiling keyring v3.6.3
[INFO] [stderr]    Compiling ratatui-macros v0.7.2
[INFO] [stderr]    Compiling ratatui v0.30.2
[INFO] [stderr]    Compiling pw-env-lib v0.3.17
[INFO] [stderr]    Compiling hyper v1.9.0
[INFO] [stderr]    Compiling tower v0.5.3
[INFO] [stderr]    Compiling tokio-rustls v0.26.4
[INFO] [stderr]    Compiling tower-http v0.6.8
[INFO] [stderr]    Compiling hyper-util v0.1.20
[INFO] [stderr]    Compiling hyper-rustls v0.27.9
[INFO] [stderr]    Compiling reqwest v0.12.28
[INFO] [stderr]    Compiling pw-env v0.3.17 (/opt/rustwide/workdir)
[INFO] [stderr]     Finished `test` profile [unoptimized + debuginfo] target(s) in 17.52s
[INFO] running `Command { std: "docker" "inspect" "352b0bd0380129724fc4e8665ec3157a08c953203eb755f4a29d4394ed4a241e", kill_on_drop: false }`
[INFO] running `Command { std: "docker" "exec" "-e" "SOURCE_DIR=/opt/rustwide/workdir" "-e" "CARGO_HOME=/opt/rustwide/cargo-home" "-e" "RUSTUP_HOME=/opt/rustwide/rustup-home" "-e" "CARGO_TARGET_DIR=/opt/rustwide/target" "-e" "CARGO_INCREMENTAL=0" "-e" "RUST_BACKTRACE=full" "-e" "RUSTFLAGS=--cap-lints=warn" "-e" "RUSTDOCFLAGS=--cap-lints=warn" "-w" "/opt/rustwide/workdir" "--user" "0:0" "352b0bd0380129724fc4e8665ec3157a08c953203eb755f4a29d4394ed4a241e" "/opt/rustwide/cargo-home/bin/cargo" "+1.99.0-beta.8" "test" "--frozen", kill_on_drop: false }`
[INFO] [stderr]     Finished `test` profile [unoptimized + debuginfo] target(s) in 0.54s
[INFO] [stderr]      Running unittests src/main.rs (/opt/rustwide/target/debug/deps/pw_env-684cdc64b347373d)
[INFO] [stdout] 
[INFO] [stdout] running 293 tests
[INFO] [stdout] test add::tests::read_secret_value_rejects_crlf_only_value_from_stdin ... ok
[INFO] [stdout] test add::tests::plan_env_entry_update_rejects_plaintext_entry ... ok
[INFO] [stdout] test add::tests::read_secret_value_reads_stdin_when_not_terminal ... ok
[INFO] [stdout] test add::tests::plan_env_entry_update_marks_existing_empty_entry_as_managed ... ok
[INFO] [stdout] test add::tests::bitwarden_unlock_is_selected_only_for_bitwarden_backend ... ok
[INFO] [stdout] test add::tests::plan_env_entry_update_creates_new_env_when_missing ... ok
[INFO] [stdout] test add::tests::read_secret_value_rejects_empty_value_from_stdin ... ok
[INFO] [stdout] test add::tests::trim_single_trailing_newline_removes_lf ... ok
[INFO] [stdout] test add::tests::read_secret_value_uses_prompt_when_stdin_is_terminal ... ok
[INFO] [stdout] test add::tests::trim_single_trailing_newline_keeps_embedded_newlines ... ok
[INFO] [stdout] test add::tests::trim_single_trailing_newline_removes_crlf ... ok
[INFO] [stdout] test config_wizard::tests::apply_edit_updates_optional_and_numeric_fields ... ok
[INFO] [stdout] test add::tests::apply_env_entry_update_already_managed_no_url_leaves_file_unchanged ... ok
[INFO] [stdout] test config_wizard::tests::default_state_uses_expected_backend_defaults ... ok
[INFO] [stdout] test config_wizard::tests::apply_edit_updates_log_file_and_update_interval ... ok
[INFO] [stdout] test config_wizard::tests::apply_edit_updates_backend_specific_optional_fields ... ok
[INFO] [stdout] test config_wizard::tests::backend_specific_fields_follow_backend_and_shared_visibility_rules ... ok
[INFO] [stdout] test config_wizard::tests::backend_choice_from_value_maps_gpg ... ok
[INFO] [stdout] test config_wizard::tests::edit_buffer_returns_bitwarden_folder_value ... ok
[INFO] [stdout] test config_wizard::tests::edit_buffer_returns_bitwarden_item_value ... ok
[INFO] [stdout] test config_wizard::tests::edit_buffer_returns_bitwarden_organization_value ... ok
[INFO] [stdout] test add::tests::read_secret_value_rejects_empty_value_from_prompt ... ok
[INFO] [stdout] test config_wizard::tests::adjust_toggles_boolean_fields_and_cycles_log_level ... ok
[INFO] [stdout] test config_wizard::tests::apply_edit_rejects_invalid_numbers ... ok
[INFO] [stdout] test config_wizard::tests::edit_buffer_returns_op_item_value ... ok
[INFO] [stdout] test config_wizard::tests::edit_buffer_returns_cache_ttl_value ... ok
[INFO] [stdout] test config_wizard::tests::edit_buffer_returns_update_check_interval_value ... ok
[INFO] [stdout] test config_wizard::tests::edit_buffer_returns_gpg_file_pattern_value ... ok
[INFO] [stdout] test config_wizard::tests::handle_editing_key_backspace_removes_last_character ... ok
[INFO] [stdout] test config_wizard::tests::edit_buffer_returns_op_account_value ... ok
[INFO] [stdout] test config_wizard::tests::field_labels_and_help_text_match_expected_copy ... ok
[INFO] [stdout] test config_wizard::tests::handle_editing_key_enter_applies_bitwarden_organization_edit ... ok
[INFO] [stdout] test config_wizard::tests::handle_editing_key_escape_cancels_current_edit ... ok
[INFO] [stdout] test config_wizard::tests::handle_editing_key_appends_plain_characters ... ok
[INFO] [stdout] test config_wizard::tests::edit_buffer_returns_gpg_recipient_value ... ok
[INFO] [stdout] test add::tests::apply_env_entry_update_appends_missing_newline ... ok
[INFO] [stdout] test add::tests::apply_env_entry_update_writes_url_on_create ... ok
[INFO] [stdout] test config_wizard::tests::edit_buffer_returns_log_file_value ... ok
[INFO] [stdout] test config_wizard::tests::edit_buffer_returns_bitwarden_sync_throttle_value ... ok
[INFO] [stdout] test config_wizard::tests::handle_normal_key_plain_c_does_not_cancel ... ok
[INFO] [stdout] test config_wizard::tests::handle_normal_key_down_at_last_field_keeps_selection_on_last_field ... ok
[INFO] [stdout] test config_wizard::tests::handle_editing_key_ignores_control_characters ... ok
[INFO] [stdout] test config_wizard::tests::handle_key_delegates_normal_mode_keys ... ok
[INFO] [stdout] test config_wizard::tests::handle_normal_key_ctrl_c_cancels ... ok
[INFO] [stdout] test config_wizard::tests::handle_normal_key_enter_starts_editing_for_editable_field ... ok
[INFO] [stdout] test config_wizard::tests::handle_normal_key_left_cycles_backend_backward ... ok
[INFO] [stdout] test config_wizard::tests::handle_normal_key_down_moves_selection_down ... ok
[INFO] [stdout] test config_wizard::tests::handle_normal_key_space_toggles_selected_field ... ok
[INFO] [stdout] test config_wizard::tests::handle_normal_key_up_at_first_field_keeps_selection_at_zero ... ok
[INFO] [stdout] test config_wizard::tests::handle_normal_key_up_moves_selection_up ... ok
[INFO] [stdout] test config_wizard::tests::highlight_toml_styles_bare_values_cyan ... ok
[INFO] [stdout] test config_wizard::tests::handle_normal_key_right_cycles_backend_forward ... ok
[INFO] [stdout] test config_wizard::tests::handle_normal_key_esc_cancels ... ok
[INFO] [stdout] test config_wizard::tests::highlight_toml_styles_false_values_red ... ok
[INFO] [stdout] test config_wizard::tests::highlight_toml_preserves_true_value_text_and_styles_it_green ... ok
[INFO] [stdout] test config_wizard::tests::highlight_toml_styles_quoted_values_green ... ok
[INFO] [stdout] test add::tests::apply_env_entry_update_appends_to_empty_file_without_leading_newline ... ok
[INFO] [stdout] test config_wizard::tests::handle_normal_key_enter_toggles_non_editable_field_without_edit_mode ... ok
[INFO] [stdout] test config_wizard::tests::log_level_choice_from_value_maps_warn_and_error ... ok
[INFO] [stdout] test config_wizard::tests::is_interactive_check_requires_terminal_input_and_output ... ok
[INFO] [stdout] test config_wizard::tests::render_config_includes_defaults_op_section_when_only_account_is_set ... ok
[INFO] [stdout] test config_wizard::tests::render_config_includes_defaults_op_section_when_only_vault_alias_is_set ... ok
[INFO] [stdout] test config_wizard::tests::render_config_includes_live_values_and_project_overrides ... ok
[INFO] [stdout] test config_wizard::tests::render_config_omits_defaults_op_section_without_op_settings ... ok
[INFO] [stdout] test config_wizard::tests::render_config_keeps_op_fields_outside_vault_alias_table ... ok
[INFO] [stdout] test config_wizard::tests::state_round_trips_core_values_and_preserves_projects ... ok
[INFO] [stdout] test config_wizard::tests::option_display_formats_some_and_none ... ok
[INFO] [stdout] test config_wizard::tests::starts_editing_returns_false_for_toggle_field ... ok
[INFO] [stdout] test config_wizard::tests::log_level_choice_from_value_maps_trace ... ok
[INFO] [stdout] test config_wizard::tests::value_returns_exact_op_account_string ... ok
[INFO] [stdout] test add::tests::apply_env_entry_update_updates_empty_entry_with_url_when_already_managed ... ok
[INFO] [stdout] test add::tests::apply_env_entry_update_writes_url_on_append ... ok
[INFO] [stdout] test config_wizard::tests::handle_normal_key_saves_rendered_config ... ok
[INFO] [stdout] test config_wizard::tests::terminal_session_drop_restores_terminal_escape_sequences ... ok
[INFO] [stdout] test config_wizard::tests::value_returns_exact_gpg_file_pattern_string ... ok
[INFO] [stdout] test config_wizard::tests::yes_no_formats_true_and_false ... ok
[INFO] [stdout] test migrate::tests::bitwarden_unlock_is_selected_only_for_bitwarden_backend ... ok
[INFO] [stdout] test migrate::tests::config_for_migration_overrides_default_backend ... ok
[INFO] [stdout] test migrate::tests::mask_value_returns_stars_for_short_values ... ok
[INFO] [stdout] test migrate::tests::mask_value_shows_prefix_for_longer_values ... ok
[INFO] [stdout] test migrate::tests::migrate_bails_with_plaintext_and_non_interactive_stdin ... ok
[INFO] [stdout] test migrate::tests::is_interactive_check_requires_all_true ... ok
[INFO] [stdout] test migrate::tests::mask_value_multibyte_short_returns_stars ... ok
[INFO] [stdout] test migrate::tests::mask_value_strips_quotes_before_masking ... ok
[INFO] [stdout] test migrate::tests::mask_value_handles_multibyte_utf8 ... ok
[INFO] [stdout] test migrate::tests::migrate_returns_err_when_no_env_file ... ok
[INFO] [stdout] test config_wizard::tests::save_config_to_path_creates_expected_file ... ok
[INFO] [stdout] test migrate::tests::parse_command_names_rejects_glob_patterns_with_unsafe_characters ... ok
[INFO] [stdout] test config_wizard::tests::render_draws_visible_sections_into_terminal_buffer ... ok
[INFO] [stdout] test migrate::tests::parse_command_names_rejects_shell_syntax ... ok
[INFO] [stdout] test migrate::tests::parse_command_names_accepts_space_and_comma_separated_names ... ok
[INFO] [stdout] test migrate::tests::parse_command_names_accepts_executable_glob_patterns ... ok
[INFO] [stdout] test migrate::tests::parse_command_names_rejects_unsafe_non_glob_patterns ... ok
[INFO] [stdout] test migrate::tests::prompt_for_entries_returns_configured_mock_selection ... ok
[INFO] [stdout] test migrate::tests::migrate_returns_ok_with_no_plaintext_entries ... ok
[INFO] [stdout] test migrate::tests::strip_quotes_removes_single_quotes ... ok
[INFO] [stdout] test migrate::tests::strip_quotes_preserves_inner_content_exactly ... ok
[INFO] [stdout] test migrate::tests::strip_quotes_removes_double_quotes ... ok
[INFO] [stdout] test migrate::tests::strip_quotes_handles_multibyte_utf8 ... ok
[INFO] [stdout] test migrate::tests::strip_quotes_leaves_mismatched_quotes ... ok
[INFO] [stdout] test migrate::tests::strip_quotes_leaves_unquoted_value ... ok
[INFO] [stdout] test migrate::tests::test_mask_value_longer_than_three ... ok
[INFO] [stdout] test migrate::tests::strip_quotes_trims_surrounding_whitespace ... ok
[INFO] [stdout] test migrate::tests::test_mask_value_exactly_three_chars ... ok
[INFO] [stdout] test migrate::tests::test_mask_value_quoted_double ... ok
[INFO] [stdout] test migrate::tests::test_mask_value_short ... ok
[INFO] [stdout] test migrate::tests::test_mask_value_quoted_single ... ok
[INFO] [stdout] test migrate::tests::test_strip_quotes_double_quoted ... ok
[INFO] [stdout] test migrate::tests::test_strip_quotes_mismatched_not_stripped ... ok
[INFO] [stdout] test migrate::tests::test_strip_quotes_single_quoted ... ok
[INFO] [stdout] test migrate::tests::test_strip_quotes_trims_surrounding_whitespace ... ok
[INFO] [stdout] test output::tests::test_fish_escape_single_quote_boundaries ... ok
[INFO] [stdout] test output::tests::test_format_exports_fish ... ok
[INFO] [stdout] test output::tests::test_format_command_wrappers_powershell ... ok
[INFO] [stdout] test output::tests::test_format_exports_fish_escapes_backslash_before_apostrophe ... ok
[INFO] [stdout] test output::tests::test_format_exports_posix ... ok
[INFO] [stdout] test output::tests::test_format_command_wrappers_posix ... ok
[INFO] [stdout] test output::tests::test_format_key_tracking_empty_input_returns_empty ... ok
[INFO] [stdout] test migrate::tests::configure_command_scope_preserves_existing_override_settings ... ok
[INFO] [stdout] test output::tests::test_format_key_tracking_filters_invalid_keys ... ok
[INFO] [stdout] test output::tests::test_format_key_tracking_returns_space_separated_keys ... ok
[INFO] [stdout] test migrate::tests::test_strip_quotes_single_char_between_quotes ... ok
[INFO] [stdout] test output::tests::test_format_exports_powershell ... ok
[INFO] [stdout] test migrate::tests::test_strip_quotes_unquoted ... ok
[INFO] [stdout] test output::tests::test_format_command_wrappers_fish ... ok
[INFO] [stdout] test output::tests::test_obfuscate_value_long ... ok
[INFO] [stdout] test output::tests::test_shell_escape_with_spaces ... ok
[INFO] [stdout] test output::tests::test_shell_escape_with_double_quotes ... ok
[INFO] [stdout] test output::tests::test_obfuscate_value_unicode_safe ... ok
[INFO] [stdout] test output::tests::test_valid_env_key ... ok
[INFO] [stdout] test progress::tests::activity_spinner_drop_sends_clear_command ... ok
[INFO] [stdout] test output::tests::test_obfuscate_value_short ... ok
[INFO] [stdout] test output::tests::test_shell_escape_simple ... ok
[INFO] [stdout] test progress::tests::clear_status_line_erases_visible_line ... ok
[INFO] [stdout] test progress::tests::clear_status_line_skips_empty_line ... ok
[INFO] [stdout] test output::tests::test_rejects_injection_key ... ok
[INFO] [stdout] test output::tests::test_safe_command_name ... ok
[INFO] [stdout] test output::tests::test_shell_escape_with_single_quote ... ok
[INFO] [stdout] test progress::tests::should_pause_progress_output_matches_count ... ok
[INFO] [stdout] test progress::tests::spinner_frame_cycles_consistently ... ok
[INFO] [stderr] 
[|] loading
[/] loading
[ok] done  
[INFO] [stdout] test progress::tests::activity_spinner_enabled_path_runs_spinner_loop ... ok
[INFO] [stdout] test progress::tests::activity_spinner_finish_sends_finish_command_and_stops ... ok
[INFO] [stdout] test progress::tests::write_status_line_updates_visible_length_and_output ... ok
[INFO] [stdout] test release::tests::accepts_release_tags_without_v_prefix ... ok
[INFO] [stdout] test release::tests::adds_v_prefix_to_requested_tags ... ok
[INFO] [stdout] test release::tests::archive_entry_is_extractable_requires_a_safe_regular_matching_file ... ok
[INFO] [stdout] test progress::tests::activity_spinner_set_message_sends_update_command ... ok
[INFO] [stdout] test release::tests::archive_entry_matches_binary_name_checks_only_the_basename ... ok
[INFO] [stdout] test progress::tests::progress_output_suspension_drop_noops_when_not_paused ... ok
[INFO] [stdout] test release::tests::archive_format_extension_tar_gz ... ok
[INFO] [stdout] test release::tests::checksum_manifest_selects_the_exact_archive ... ok
[INFO] [stdout] test release::tests::detect_release_asset_for_rejects_unsupported_targets ... ok
[INFO] [stdout] test release::tests::archive_entry_safety_rejects_traversal_and_absolute_paths ... ok
[INFO] [stdout] test release::tests::detect_release_asset_linux_binary_name_is_pw_env ... ok
[INFO] [stdout] test release::tests::detect_release_asset_for_supported_targets_returns_expected_assets ... ok
[INFO] [stdout] test progress::tests::progress_output_suspension_drop_notifies_waiters ... ok
[INFO] [stdout] test progress::tests::progress_reporter_finish_delegates_to_spinner ... ok
[INFO] [stdout] test release::tests::github_release_owner_constant_matches_repo_url ... ok
[INFO] [stdout] test release::tests::checksum_manifest_rejects_missing_or_invalid_entries ... ok
[INFO] [stdout] test release::tests::extract_binary_from_archive_tar_gz_extracts_expected_binary_entry ... ok
[INFO] [stdout] test release::tests::is_newer_release_rejects_invalid_version ... ok
[INFO] [stdout] test release::tests::download_file_writes_response_body ... ok
[INFO] [stdout] test release::tests::http_client_builds_successfully_with_short_timeout ... ok
[INFO] [stdout] test release::tests::is_newer_release_returns_false_for_lower_version ... ok
[INFO] [stdout] test release::tests::is_newer_release_returns_false_for_current_version ... ok
[INFO] [stdout] test release::tests::is_newer_release_returns_false_for_same_version ... ok
[INFO] [stdout] test release::tests::is_newer_release_returns_true_for_higher_major ... ok
[INFO] [stdout] test release::tests::is_newer_release_returns_true_for_higher_patch ... ok
[INFO] [stdout] test release::tests::is_newer_release_returns_false_for_older_version ... ok
[INFO] [stdout] test release::tests::keeps_existing_v_prefix_on_requested_tags ... ok
[INFO] [stdout] test release::tests::is_newer_release_returns_true_for_higher_version ... ok
[INFO] [stdout] test release::tests::maybe_check_for_update_returns_ok_immediately_when_updates_disabled ... ok
[INFO] [stdout] test release::tests::normalize_tag_handles_whitespace ... ok
[INFO] [stdout] test release::tests::now_unix_timestamp_is_reasonable ... ok
[INFO] [stdout] test release::tests::rejects_invalid_release_tags ... ok
[INFO] [stdout] test release::tests::release_archive_name_matches_installer_convention ... ok
[INFO] [stdout] test release::tests::release_archive_name_uses_extension_from_asset ... ok
[INFO] [stdout] test release::tests::release_check_state_is_due_with_zero_interval ... ok
[INFO] [stdout] test release::tests::release_check_state_is_not_due_when_checked_just_now ... ok
[INFO] [stdout] test release::tests::release_check_state_load_returns_default_for_missing_path ... ok
[INFO] [stdout] test release::tests::maybe_check_for_update_updates_state_and_notified_version_when_due ... ok
[INFO] [stdout] test release::tests::release_check_state_load_returns_error_for_invalid_json ... ok
[INFO] [stdout] test release::tests::maybe_check_for_update_returns_ok_when_state_is_not_due ... ok
[INFO] [stdout] test release::tests::release_checksums_url_uses_the_release_tag_and_manifest_name ... ok
[INFO] [stdout] test release::tests::release_download_url_has_expected_format ... ok
[INFO] [stdout] test release::tests::resolve_release_latest_uses_latest_selector ... ok
[INFO] [stdout] test release::tests::resolve_release_with_explicit_v_prefix ... ok
[INFO] [stdout] test release::tests::release_check_state_save_creates_parent_directory ... ok
[INFO] [stdout] test release::tests::resolve_release_with_explicit_version_no_network ... ok
[INFO] [stdout] test release::tests::state_is_due_after_interval_elapses ... ok
[INFO] [stdout] test release::tests::should_skip_update_only_for_matching_versions ... ok
[INFO] [stdout] test release::tests::state_is_not_due_before_interval_elapses ... ok
[INFO] [stdout] test release::tests::release_check_state_save_and_load_round_trips ... ok
[INFO] [stdout] test release::tests::state_path_does_not_panic ... ok
[INFO] [stdout] test release::tests::state_path_has_expected_location_and_filename ... ok
[INFO] [stdout] test release::tests::strips_v_prefix_from_release_tags ... ok
[INFO] [stdout] test release::tests::update_rejects_invalid_requested_version ... ok
[INFO] [stdout] test release::tests::state_is_due_when_never_checked ... ok
[INFO] [stdout] test release::tests::update_short_circuits_when_already_on_requested_version ... ok
[INFO] [stdout] test release::tests::user_agent_mentions_binary_and_version ... ok
[INFO] [stdout] test shell::tests::test_bash_hook_contains_cd ... ok
[INFO] [stdout] test shell::tests::test_fish_hook_contains_on_variable ... ok
[INFO] [stdout] test shell::tests::test_powershell_hook_contains_prompt ... ok
[INFO] [stdout] test shell::tests::test_posix_hooks_keep_state_for_nested_dirs ... ok
[INFO] [stdout] test shell::tests::test_zsh_hook_contains_chpwd ... ok
[INFO] [stdout] test shell::tests::test_unsupported_shell ... ok
[INFO] [stdout] test tests::build_hook_output_uses_wrappers_for_command_patterns ... ok
[INFO] [stdout] test tests::build_hook_output_with_fish_syntax_and_commands_configured ... ok
[INFO] [stdout] test release::tests::detect_release_asset_returns_asset_for_current_platform ... ok
[INFO] [stdout] test tests::build_hook_output_returns_empty_string_for_dir_without_env_file ... ok
[INFO] [stdout] test tests::build_hook_output_with_plaintext_env_and_no_commands_returns_empty ... ok
[INFO] [stdout] test progress::tests::progress_reporter_set_message_delegates_to_spinner ... ok
[INFO] [stdout] test progress::tests::suspend_progress_output_clears_visible_status_line ... ok
[INFO] [stdout] test progress::tests::suspend_progress_output_is_reentrant ... ok
[INFO] [stdout] test tests::config_template_contains_expected_content ... ok
[INFO] [stdout] test tests::check_config_with_default_config_and_temp_dir ... ok
[INFO] [stdout] test tests::cli_interaction_returns_configured_bitwarden_password ... ok
[INFO] [stdout] test tests::contains_glob_meta_question ... ok
[INFO] [stdout] test tests::contains_glob_meta_star ... ok
[INFO] [stdout] test tests::emit_missing_entries_warning_returns_count_of_missing ... ok
[INFO] [stdout] test tests::emit_missing_entries_warning_returns_zero_when_all_resolved ... ok
[INFO] [stdout] test tests::emit_plaintext_secret_warning_with_likely_secret_entry_outputs_warning ... ok
[INFO] [stdout] test tests::emit_plaintext_secret_warning_with_no_secrets ... ok
[INFO] [stdout] test tests::format_active_dir_tracking_fish_escapes_backslashes_and_apostrophes ... ok
[INFO] [stdout] test tests::handle_approvals_list_fetch_returns_ok ... ok
[INFO] [stdout] test tests::handle_approvals_list_returns_ok ... ok
[INFO] [stdout] test tests::handle_approvals_revoke_fetch_returns_ok_when_no_approval_exists ... ok
[INFO] [stdout] test tests::handle_approvals_revoke_returns_ok_when_no_approval_exists ... ok
[INFO] [stdout] test tests::contains_glob_meta_none ... ok
[INFO] [stdout] test tests::contains_glob_meta_bracket ... ok
[INFO] [stdout] test tests::handle_approvals_show_fetch_with_none_path_returns_ok ... ok
[INFO] [stdout] test tests::handle_approvals_show_with_none_path_returns_ok ... ok
[INFO] [stdout] test tests::handle_approvals_show_fetch_with_temp_env ... ok
[INFO] [stdout] test tests::handle_approvals_show_with_valid_override_file ... ok
[INFO] [stdout] test tests::handle_cache_clear_removes_folder_cache_file ... ok
[INFO] [stdout] test tests::is_executable_file_executable_returns_true ... ok
[INFO] [stdout] test tests::is_executable_file_nonexistent_returns_false ... ok
[INFO] [stdout] test tests::is_executable_file_non_executable_regular_file_returns_false ... ok
[INFO] [stdout] test tests::handle_cache_clear_returns_ok_when_cache_file_is_absent ... ok
[INFO] [stdout] test release::tests::verify_release_checksum_accepts_matching_and_rejects_mismatching_archives ... ok
[INFO] [stdout] test tests::keyring_clear_status_message_reports_keyring_unavailable ... ok
[INFO] [stdout] test tests::keyring_clear_status_message_reports_multiple_delete_failures ... ok
[INFO] [stdout] test tests::keyring_clear_status_message_reports_multiple_deleted_credentials ... ok
[INFO] [stdout] test tests::is_executable_file_on_directory_returns_false ... ok
[INFO] [stdout] test tests::keyring_clear_status_message_zero_deleted_credentials_returns_none ... ok
[INFO] [stdout] test tests::list_path_executables_with_no_path_returns_empty ... ok
[INFO] [stdout] test tests::keyring_clear_status_message_reports_single_delete_failure ... ok
[INFO] [stdout] test tests::keyring_clear_status_message_reports_single_deleted_credential ... ok
[INFO] [stdout] test tests::list_path_executables_with_real_dir_returns_executables ... ok
[INFO] [stdout] test tests::keyring_clear_status_message_is_none_when_nothing_happened ... ok
[INFO] [stdout] test tests::missing_resolvable_keys_returns_empty_when_all_resolved ... ok
[INFO] [stdout] test tests::maybe_check_for_release_update_does_not_panic ... ok
[INFO] [stdout] test tests::missing_resolvable_keys_returns_only_unresolved_keys ... ok
[INFO] [stdout] test tests::pending_migration_entries_with_no_secrets_returns_empty ... ok
[INFO] [stdout] test tests::pending_migration_entries_with_secret_returns_nonempty ... ok
[INFO] [stdout] test tests::project_override_prompt_accepts_yes ... ok
[INFO] [stdout] test tests::project_override_prompt_denies_noninteractive_input ... ok
[INFO] [stdout] test tests::project_override_prompt_rejects_no ... ok
[INFO] [stdout] test tests::resolve_dir_existing_path ... ok
[INFO] [stdout] test tests::resolve_dir_none_returns_current_dir ... ok
[INFO] [stdout] test tests::resolve_dir_nonexistent_path_returns_error ... ok
[INFO] [stdout] test tests::resolve_dir_with_some_existing_dir_returns_canonical ... ok
[INFO] [stdout] test tests::resolve_dir_with_none_returns_current_dir ... ok
[INFO] [stdout] test tests::resolve_wrapped_commands_deduplicates_matches ... ok
[INFO] [stdout] test tests::resolve_wrapped_commands_expands_globs_from_path ... ok
[INFO] [stdout] test tests::resolve_wrapped_commands_keeps_exact_safe_names ... ok
[INFO] [stdout] test tests::resolve_wrapped_commands_skips_invalid_glob ... ok
[INFO] [stdout] test tests::resolve_wrapped_commands_skips_unsafe_command_names ... ok
[INFO] [stdout] test tests::secret_fetch_prompt_requires_interactive_terminal ... ok
[INFO] [stdout] test tests::secret_fetch_prompt_returns_current_hash_mode_for_yes ... ok
[INFO] [stdout] test tests::secret_fetch_prompt_returns_none_for_other_answers ... ok
[INFO] [stdout] test tests::secret_fetch_prompt_returns_project_wide_mode_for_all ... ok
[INFO] [stdout] test tests::should_warn_missing_truth_table ... ok
[INFO] [stdout] test tests::summarize_entry_keys_empty ... ok
[INFO] [stdout] test tests::summarize_entry_keys_four_shows_plus_more ... ok
[INFO] [stdout] test tests::summarize_entry_keys_single ... ok
[INFO] [stdout] test tests::summarize_entry_keys_truncates_beyond_three ... ok
[INFO] [stdout] test tests::summarize_entry_keys_two ... ok
[INFO] [stdout] test tests::summarize_entry_keys_three ... ok
[INFO] [stdout] test migrate::tests::config_for_migration_overrides_project_backend ... ok
[INFO] [stdout] test release::tests::http_client_applies_timeout_to_requests ... ok
[INFO] [stdout] test tests::check_backends_does_not_panic ... ok
[INFO] [stdout] test add::tests::add_entry_stores_secret_and_creates_empty_env_entry_for_gpg_backend ... ok
[INFO] [stdout] test add::tests::add_entry_rejects_invalid_key_before_backend_interaction ... ok
[INFO] [stdout] test add::tests::add_entry_backend_override_uses_matching_backend_item_config ... ok
[INFO] [stdout] test migrate::tests::migrate_with_empty_selection_does_not_rewrite_env ... ok
[INFO] [stdout] test migrate::tests::migrate_only_clears_entries_selected_by_prompt ... ok
[INFO] [stdout] test migrate::tests::migrate_selects_and_stores_chosen_entries ... ok
[INFO] [stdout] test tests::check_config_when_config_file_exists_with_vault_and_folder ... ok
[INFO] [stdout] test tests::check_backends_reports_not_found_when_backends_missing ... ok
[INFO] [stdout] test migrate::tests::migrate_writes_command_scope_to_project_override ... FAILED
[INFO] [stdout] test tests::load_config_for_command_uses_defaults_for_config_wizard_on_parse_error ... ok
[INFO] [stdout] test tests::load_config_for_command_returns_error_for_non_wizard_parse_error ... ok
[INFO] [stdout] 
[INFO] [stdout] failures:
[INFO] [stdout] 
[INFO] [stdout] ---- migrate::tests::migrate_writes_command_scope_to_project_override stdout ----
[INFO] [stdout] Found 1 plaintext value(s) in /tmp/.tmp7AVIBA/.env:
[INFO] [stdout] 1 of them look like secrets based on key names or secret-like values.
[INFO] [stdout]   SECRET_KEY = sup***  [likely secret]
[INFO] [stdout] 
[INFO] [stdout] These will be stored in the 'op' backend.
[INFO] [stdout]   Error storing 'SECRET_KEY': 1Password item write failed
[INFO] [stdout] 
[INFO] [stdout] thread 'migrate::tests::migrate_writes_command_scope_to_project_override' (2905) panicked at src/migrate.rs:969:58:
[INFO] [stdout] called `Result::unwrap()` on an `Err` value: Os { code: 2, kind: NotFound, message: "No such file or directory" }
[INFO] [stdout] stack backtrace:
[INFO] [stdout]    0:     0x6233ba477b01 - std[70759c8f55707aa4]::backtrace_rs::backtrace::libunwind::trace
[INFO] [stdout]                                at /rustc/dfb0accb7f508ae8be965d8629557221c889dd98/library/std/src/../../backtrace/src/backtrace/libunwind.rs:117:9
[INFO] [stdout]    1:     0x6233ba477b01 - std[70759c8f55707aa4]::backtrace_rs::backtrace::trace_unsynchronized::<std[70759c8f55707aa4]::sys::backtrace::_print_fmt::{closure#1}>
[INFO] [stdout]                                at /rustc/dfb0accb7f508ae8be965d8629557221c889dd98/library/std/src/../../backtrace/src/backtrace/mod.rs:66:14
[INFO] [stdout]    2:     0x6233ba477b01 - std[70759c8f55707aa4]::sys::backtrace::_print_fmt
[INFO] [stdout]                                at /rustc/dfb0accb7f508ae8be965d8629557221c889dd98/library/std/src/sys/backtrace.rs:74:9
[INFO] [stdout]    3:     0x6233ba477b01 - <<std[70759c8f55707aa4]::sys::backtrace::BacktraceLock>::print::DisplayBacktrace as core[df12db4294e9bfd3]::fmt::Display>::fmt
[INFO] [stdout]                                at /rustc/dfb0accb7f508ae8be965d8629557221c889dd98/library/std/src/sys/backtrace.rs:44:26
[INFO] [stdout]    4:     0x6233ba49165a - <core[df12db4294e9bfd3]::fmt::rt::Argument>::fmt
[INFO] [stdout]                                at /rustc/dfb0accb7f508ae8be965d8629557221c889dd98/library/core/src/fmt/rt.rs:152:76
[INFO] [stdout]    5:     0x6233ba49165a - core[df12db4294e9bfd3]::fmt::write
[INFO] [stdout]    6:     0x6233ba47d9cc - core[df12db4294e9bfd3]::io::write::default_write_fmt::<alloc[2182bb758b4b3781]::vec::Vec<u8>>
[INFO] [stdout]                                at /rustc/dfb0accb7f508ae8be965d8629557221c889dd98/library/core/src/io/write.rs:402:11
[INFO] [stdout]    7:     0x6233ba47d9cc - <alloc[2182bb758b4b3781]::vec::Vec<u8> as core[df12db4294e9bfd3]::io::write::Write>::write_fmt
[INFO] [stdout]                                at /rustc/dfb0accb7f508ae8be965d8629557221c889dd98/library/core/src/io/write.rs:335:13
[INFO] [stdout]    8:     0x6233ba44d4a6 - <std[70759c8f55707aa4]::sys::backtrace::BacktraceLock>::print
[INFO] [stdout]                                at /rustc/dfb0accb7f508ae8be965d8629557221c889dd98/library/std/src/sys/backtrace.rs:47:9
[INFO] [stdout]    9:     0x6233ba44d4a6 - std[70759c8f55707aa4]::panicking::default_hook::{closure#0}
[INFO] [stdout]                                at /rustc/dfb0accb7f508ae8be965d8629557221c889dd98/library/std/src/panicking.rs:292:27
[INFO] [stdout]   10:     0x6233ba46c989 - std[70759c8f55707aa4]::panicking::default_hook
[INFO] [stdout]                                at /rustc/dfb0accb7f508ae8be965d8629557221c889dd98/library/std/src/panicking.rs:316:9
[INFO] [stdout]   11:     0x6233b9efa440 - <alloc[2182bb758b4b3781]::boxed::Box<dyn for<'a, 'b> core[df12db4294e9bfd3]::ops::function::Fn<(&'a std[70759c8f55707aa4]::panic::PanicHookInfo<'b>,), Output = ()> + core[df12db4294e9bfd3]::marker::Send + core[df12db4294e9bfd3]::marker::Sync> as core[df12db4294e9bfd3]::ops::function::Fn<(&std[70759c8f55707aa4]::panic::PanicHookInfo,)>>::call
[INFO] [stdout]                                at /rustc/dfb0accb7f508ae8be965d8629557221c889dd98/library/alloc/src/boxed.rs:2334:9
[INFO] [stdout]   12:     0x6233b9efa440 - test[9d35eded1c95d3be]::test_main_inner::<test[9d35eded1c95d3be]::test_main_static::{closure#0}>::{closure#0}
[INFO] [stdout]                                at /rustc/dfb0accb7f508ae8be965d8629557221c889dd98/library/test/src/lib.rs:155:21
[INFO] [stdout]   13:     0x6233ba46ccb2 - <alloc[2182bb758b4b3781]::boxed::Box<dyn for<'a, 'b> core[df12db4294e9bfd3]::ops::function::Fn<(&'a std[70759c8f55707aa4]::panic::PanicHookInfo<'b>,), Output = ()> + core[df12db4294e9bfd3]::marker::Send + core[df12db4294e9bfd3]::marker::Sync> as core[df12db4294e9bfd3]::ops::function::Fn<(&std[70759c8f55707aa4]::panic::PanicHookInfo,)>>::call
[INFO] [stdout]                                at /rustc/dfb0accb7f508ae8be965d8629557221c889dd98/library/alloc/src/boxed.rs:2334:9
[INFO] [stdout]   14:     0x6233ba46ccb2 - std[70759c8f55707aa4]::panicking::panic_with_hook
[INFO] [stdout]                                at /rustc/dfb0accb7f508ae8be965d8629557221c889dd98/library/std/src/panicking.rs:823:13
[INFO] [stdout]   15:     0x6233ba44d552 - std[70759c8f55707aa4]::panicking::panic_handler::{closure#0}
[INFO] [stdout]                                at /rustc/dfb0accb7f508ae8be965d8629557221c889dd98/library/std/src/panicking.rs:688:13
[INFO] [stdout]   16:     0x6233ba445519 - std[70759c8f55707aa4]::sys::backtrace::__rust_end_short_backtrace::<std[70759c8f55707aa4]::panicking::panic_handler::{closure#0}, !>
[INFO] [stdout]                                at /rustc/dfb0accb7f508ae8be965d8629557221c889dd98/library/std/src/sys/backtrace.rs:182:18
[INFO] [stdout]   17:     0x6233ba44e89d - __rustc[8fa7c3cbc660c2b3]::rust_begin_unwind
[INFO] [stdout]                                at /rustc/dfb0accb7f508ae8be965d8629557221c889dd98/library/std/src/panicking.rs:679:5
[INFO] [stdout]   18:     0x6233ba491eac - core[df12db4294e9bfd3]::panicking::panic_fmt
[INFO] [stdout]                                at /rustc/dfb0accb7f508ae8be965d8629557221c889dd98/library/core/src/panicking.rs:80:14
[INFO] [stdout]   19:     0x6233ba491bd2 - core[df12db4294e9bfd3]::result::unwrap_failed
[INFO] [stdout]                                at /rustc/dfb0accb7f508ae8be965d8629557221c889dd98/library/core/src/result.rs:1871:5
[INFO] [stdout]   20:     0x6233b99ca9f8 - <core[df12db4294e9bfd3]::result::Result<alloc[2182bb758b4b3781]::string::String, core[df12db4294e9bfd3]::io::error::Error>>::unwrap
[INFO] [stdout]                                at /rustc/dfb0accb7f508ae8be965d8629557221c889dd98/library/core/src/result.rs:1232:23
[INFO] [stdout]   21:     0x6233b99ca9f8 - pw_env[a387d2ee03b25fb2]::migrate::tests::migrate_writes_command_scope_to_project_override
[INFO] [stdout]                                at /opt/rustwide/workdir/src/migrate.rs:969:58
[INFO] [stdout]   22:     0x6233b99bc8c7 - pw_env[a387d2ee03b25fb2]::migrate::tests::migrate_writes_command_scope_to_project_override::{closure#0}
[INFO] [stdout]                                at /opt/rustwide/workdir/src/migrate.rs:939:58
[INFO] [stdout]   23:     0x6233b9a1bc66 - <pw_env[a387d2ee03b25fb2]::migrate::tests::migrate_writes_command_scope_to_project_override::{closure#0} as core[df12db4294e9bfd3]::ops::function::FnOnce<()>>::call_once
[INFO] [stdout]                                at /rustc/dfb0accb7f508ae8be965d8629557221c889dd98/library/core/src/ops/function.rs:250:5
[INFO] [stdout]   24:     0x6233b9eed72b - <fn() -> core[df12db4294e9bfd3]::result::Result<(), alloc[2182bb758b4b3781]::string::String> as core[df12db4294e9bfd3]::ops::function::FnOnce<()>>::call_once
[INFO] [stdout]                                at /rustc/dfb0accb7f508ae8be965d8629557221c889dd98/library/core/src/ops/function.rs:250:5
[INFO] [stdout]   25:     0x6233b9eed72b - test[9d35eded1c95d3be]::__rust_begin_short_backtrace::<core[df12db4294e9bfd3]::result::Result<(), alloc[2182bb758b4b3781]::string::String>, fn() -> core[df12db4294e9bfd3]::result::Result<(), alloc[2182bb758b4b3781]::string::String>>
[INFO] [stdout]                                at /rustc/dfb0accb7f508ae8be965d8629557221c889dd98/library/test/src/lib.rs:733:18
[INFO] [stdout]   26:     0x6233b9efad95 - test[9d35eded1c95d3be]::run_test_in_process::{closure#0}
[INFO] [stdout]                                at /rustc/dfb0accb7f508ae8be965d8629557221c889dd98/library/test/src/lib.rs:756:74
[INFO] [stdout]   27:     0x6233b9efad95 - <core[df12db4294e9bfd3]::panic::unwind_safe::AssertUnwindSafe<test[9d35eded1c95d3be]::run_test_in_process::{closure#0}> as core[df12db4294e9bfd3]::ops::function::FnOnce<()>>::call_once
[INFO] [stdout]                                at /rustc/dfb0accb7f508ae8be965d8629557221c889dd98/library/core/src/panic/unwind_safe.rs:275:9
[INFO] [stdout]   28:     0x6233b9efad95 - std[70759c8f55707aa4]::panicking::catch_unwind::do_call::<core[df12db4294e9bfd3]::panic::unwind_safe::AssertUnwindSafe<test[9d35eded1c95d3be]::run_test_in_process::{closure#0}>, core[df12db4294e9bfd3]::result::Result<(), alloc[2182bb758b4b3781]::string::String>>
[INFO] [stdout]                                at /rustc/dfb0accb7f508ae8be965d8629557221c889dd98/library/std/src/panicking.rs:576:43
[INFO] [stdout]   29:     0x6233b9efad95 - std[70759c8f55707aa4]::panicking::catch_unwind::<core[df12db4294e9bfd3]::result::Result<(), alloc[2182bb758b4b3781]::string::String>, core[df12db4294e9bfd3]::panic::unwind_safe::AssertUnwindSafe<test[9d35eded1c95d3be]::run_test_in_process::{closure#0}>>
[INFO] [stdout]                                at /rustc/dfb0accb7f508ae8be965d8629557221c889dd98/library/std/src/panicking.rs:544:19
[INFO] [stdout]   30:     0x6233b9efad95 - std[70759c8f55707aa4]::panic::catch_unwind::<core[df12db4294e9bfd3]::panic::unwind_safe::AssertUnwindSafe<test[9d35eded1c95d3be]::run_test_in_process::{closure#0}>, core[df12db4294e9bfd3]::result::Result<(), alloc[2182bb758b4b3781]::string::String>>
[INFO] [stdout]                                at /rustc/dfb0accb7f508ae8be965d8629557221c889dd98/library/std/src/panic.rs:359:14
[INFO] [stdout]   31:     0x6233b9efad95 - test[9d35eded1c95d3be]::run_test_in_process
[INFO] [stdout]                                at /rustc/dfb0accb7f508ae8be965d8629557221c889dd98/library/test/src/lib.rs:756:27
[INFO] [stdout]   32:     0x6233b9efad95 - test[9d35eded1c95d3be]::run_test::{closure#0}
[INFO] [stdout]                                at /rustc/dfb0accb7f508ae8be965d8629557221c889dd98/library/test/src/lib.rs:677:43
[INFO] [stdout]   33:     0x6233b9ef4654 - test[9d35eded1c95d3be]::run_test::{closure#1}
[INFO] [stdout]                                at /rustc/dfb0accb7f508ae8be965d8629557221c889dd98/library/test/src/lib.rs:707:41
[INFO] [stdout]   34:     0x6233b9ef4654 - std[70759c8f55707aa4]::sys::backtrace::__rust_begin_short_backtrace::<test[9d35eded1c95d3be]::run_test::{closure#1}, ()>
[INFO] [stdout]                                at /rustc/dfb0accb7f508ae8be965d8629557221c889dd98/library/std/src/sys/backtrace.rs:166:18
[INFO] [stdout]   35:     0x6233b9efdef2 - std[70759c8f55707aa4]::thread::lifecycle::spawn_unchecked::<test[9d35eded1c95d3be]::run_test::{closure#1}, ()>::{closure#1}::{closure#0}
[INFO] [stdout]                                at /rustc/dfb0accb7f508ae8be965d8629557221c889dd98/library/std/src/thread/lifecycle.rs:70:13
[INFO] [stdout]   36:     0x6233b9efdef2 - <core[df12db4294e9bfd3]::panic::unwind_safe::AssertUnwindSafe<std[70759c8f55707aa4]::thread::lifecycle::spawn_unchecked<test[9d35eded1c95d3be]::run_test::{closure#1}, ()>::{closure#1}::{closure#0}> as core[df12db4294e9bfd3]::ops::function::FnOnce<()>>::call_once
[INFO] [stdout]                                at /rustc/dfb0accb7f508ae8be965d8629557221c889dd98/library/core/src/panic/unwind_safe.rs:275:9
[INFO] [stdout]   37:     0x6233b9efdef2 - std[70759c8f55707aa4]::panicking::catch_unwind::do_call::<core[df12db4294e9bfd3]::panic::unwind_safe::AssertUnwindSafe<std[70759c8f55707aa4]::thread::lifecycle::spawn_unchecked<test[9d35eded1c95d3be]::run_test::{closure#1}, ()>::{closure#1}::{closure#0}>, ()>
[INFO] [stdout]                                at /rustc/dfb0accb7f508ae8be965d8629557221c889dd98/library/std/src/panicking.rs:576:43
[INFO] [stdout]   38:     0x6233b9efdef2 - std[70759c8f55707aa4]::panicking::catch_unwind::<(), core[df12db4294e9bfd3]::panic::unwind_safe::AssertUnwindSafe<std[70759c8f55707aa4]::thread::lifecycle::spawn_unchecked<test[9d35eded1c95d3be]::run_test::{closure#1}, ()>::{closure#1}::{closure#0}>>
[INFO] [stdout]                                at /rustc/dfb0accb7f508ae8be965d8629557221c889dd98/library/std/src/panicking.rs:544:19
[INFO] [stdout]   39:     0x6233b9efdef2 - std[70759c8f55707aa4]::panic::catch_unwind::<core[df12db4294e9bfd3]::panic::unwind_safe::AssertUnwindSafe<std[70759c8f55707aa4]::thread::lifecycle::spawn_unchecked<test[9d35eded1c95d3be]::run_test::{closure#1}, ()>::{closure#1}::{closure#0}>, ()>
[INFO] [stdout]                                at /rustc/dfb0accb7f508ae8be965d8629557221c889dd98/library/std/src/panic.rs:359:14
[INFO] [stdout]   40:     0x6233b9efdef2 - std[70759c8f55707aa4]::thread::lifecycle::spawn_unchecked::<test[9d35eded1c95d3be]::run_test::{closure#1}, ()>::{closure#1}
[INFO] [stdout]                                at /rustc/dfb0accb7f508ae8be965d8629557221c889dd98/library/std/src/thread/lifecycle.rs:68:26
[INFO] [stdout]   41:     0x6233b9efdef2 - <std[70759c8f55707aa4]::thread::lifecycle::spawn_unchecked<test[9d35eded1c95d3be]::run_test::{closure#1}, ()>::{closure#1} as core[df12db4294e9bfd3]::ops::function::FnOnce<()>>::call_once::{shim:vtable#0}
[INFO] [stdout]                                at /rustc/dfb0accb7f508ae8be965d8629557221c889dd98/library/core/src/ops/function.rs:250:5
[INFO] [stdout]   42:     0x6233ba476499 - <alloc[2182bb758b4b3781]::boxed::Box<dyn core[df12db4294e9bfd3]::ops::function::FnOnce<(), Output = ()> + core[df12db4294e9bfd3]::marker::Send> as core[df12db4294e9bfd3]::ops::function::FnOnce<()>>::call_once
[INFO] [stdout]                                at /rustc/dfb0accb7f508ae8be965d8629557221c889dd98/library/alloc/src/boxed.rs:2320:9
[INFO] [stdout]   43:     0x6233ba476499 - <std[70759c8f55707aa4]::sys::thread::unix::Thread>::new::thread_start
[INFO] [stdout]                                at /rustc/dfb0accb7f508ae8be965d8629557221c889dd98/library/std/src/sys/thread/unix.rs:123:17
[INFO] [stdout]   44:     0x7ad0358e5dfa - <unknown>
[INFO] [stdout]   45:     0x7ad0359793d4 - clone
[INFO] [stdout]   46:                0x0 - <unknown>
[INFO] [stdout] 
[INFO] [stdout] 
[INFO] [stdout] failures:
[INFO] [stdout]     migrate::tests::migrate_writes_command_scope_to_project_override
[INFO] [stdout] 
[INFO] [stdout] test result: FAILED. 292 passed; 1 failed; 0 ignored; 0 measured; 0 filtered out; finished in 1.05s
[INFO] [stdout] 
[INFO] [stderr] error: test failed, to rerun pass `--bin pw-env`
[INFO] running `Command { std: "docker" "inspect" "352b0bd0380129724fc4e8665ec3157a08c953203eb755f4a29d4394ed4a241e", kill_on_drop: false }`
[INFO] running `Command { std: "docker" "rm" "-f" "352b0bd0380129724fc4e8665ec3157a08c953203eb755f4a29d4394ed4a241e", kill_on_drop: false }`
[INFO] [stdout] 352b0bd0380129724fc4e8665ec3157a08c953203eb755f4a29d4394ed4a241e
