[INFO] fetching crate kithara-test-utils 0.0.1-alpha5...
[INFO] testing kithara-test-utils-0.0.1-alpha5 against 1.99.0-beta.8 for beta-1.100-2
[INFO] extracting crate kithara-test-utils 0.0.1-alpha5 into /workspace/builds/worker-2-tc1/source
[INFO] started tweaking crates.io crate kithara-test-utils 0.0.1-alpha5
[INFO] removed 0 missing tests
[INFO] finished tweaking crates.io crate kithara-test-utils 0.0.1-alpha5
[INFO] tweaked toml for crates.io crate kithara-test-utils 0.0.1-alpha5 written to /workspace/builds/worker-2-tc1/source/Cargo.toml
[INFO] validating manifest of crates.io crate kithara-test-utils 0.0.1-alpha5 on toolchain 1.99.0-beta.8
[INFO] running `Command { std: CARGO_HOME="/workspace/cargo-home" RUSTUP_HOME="/workspace/rustup-home" "/workspace/cargo-home/bin/cargo" "+1.99.0-beta.8" "metadata" "--manifest-path" "Cargo.toml" "--no-deps", kill_on_drop: false }`
[INFO] crate crates.io crate kithara-test-utils 0.0.1-alpha5 already has a lockfile, it will not be regenerated
[INFO] running `Command { std: CARGO_HOME="/workspace/cargo-home" RUSTUP_HOME="/workspace/rustup-home" "/workspace/cargo-home/bin/cargo" "+1.99.0-beta.8" "fetch" "--manifest-path" "Cargo.toml", kill_on_drop: false }`
[INFO] [stderr]     Updating crates.io index
[INFO] [stderr]     Blocking waiting for file lock on package cache
[INFO] [stderr]     Blocking waiting for file lock on package cache
[INFO] [stderr]  Downloading crates ...
[INFO] [stderr]   Downloaded usdt-macro v0.6.0
[INFO] [stderr]   Downloaded thread-id v5.1.0
[INFO] [stderr]   Downloaded dtrace-parser v0.3.0
[INFO] [stderr]   Downloaded never-say-never v6.6.666
[INFO] [stderr]   Downloaded plain v0.2.3
[INFO] [stderr]   Downloaded macro_rules_attribute-proc_macro v0.2.2
[INFO] [stderr]   Downloaded usdt-impl v0.6.0
[INFO] [stderr]   Downloaded usdt v0.6.0
[INFO] [stderr]   Downloaded scroll_derive v0.13.1
[INFO] [stderr]   Downloaded macro_rules_attribute v0.2.2
[INFO] [stderr]   Downloaded pretty-hex v0.4.2
[INFO] [stderr]   Downloaded usdt-attr-macro v0.6.0
[INFO] [stderr]   Downloaded tracing-wasm v0.2.1
[INFO] [stderr]   Downloaded dof v0.4.0
[INFO] [stderr]   Downloaded wasm-bindgen-shared v0.2.120
[INFO] [stderr]   Downloaded wasm-bindgen-macro v0.2.120
[INFO] [stderr]   Downloaded serial_test_derive v3.5.0
[INFO] [stderr]   Downloaded serial_test v3.5.0
[INFO] [stderr]   Downloaded wasm-bindgen-futures v0.4.70
[INFO] [stderr]   Downloaded rtsan-standalone-sys v0.3.0
[INFO] [stderr]   Downloaded rtsan-standalone-macros v0.3.0
[INFO] [stderr]   Downloaded cpu-time v1.0.0
[INFO] [stderr]   Downloaded serde_tokenstream v0.2.3
[INFO] [stderr]   Downloaded polonius-the-crab v0.5.0
[INFO] [stderr]   Downloaded crossbeam-queue v0.3.12
[INFO] [stderr]   Downloaded scroll v0.13.0
[INFO] [stderr]   Downloaded unimock_macros v0.6.8
[INFO] [stderr]   Downloaded pest_derive v2.8.6
[INFO] [stderr]   Downloaded tokio_with_wasm_proc v0.9.0
[INFO] [stderr]   Downloaded rtsan-standalone v0.3.0
[INFO] [stderr]   Downloaded fieldwork-derive v0.5.2
[INFO] [stderr]   Downloaded ucd-trie v0.1.7
[INFO] [stderr]   Downloaded memmap2 v0.9.10
[INFO] [stderr]   Downloaded delegate v0.13.5
[INFO] [stderr]   Downloaded higher-kinded-types v0.2.1
[INFO] [stderr]   Downloaded tokio_with_wasm v0.9.0
[INFO] [stderr]   Downloaded kithara-derive v0.0.1-alpha5
[INFO] [stderr]   Downloaded wasm-bindgen v0.2.120
[INFO] [stderr]   Downloaded pest_generator v2.8.6
[INFO] [stderr]   Downloaded ringbuf v0.5.2
[INFO] [stderr]   Downloaded unimock v0.6.8
[INFO] [stderr]   Downloaded derive-where v1.7.0
[INFO] [stderr]   Downloaded wasm-bindgen-macro-support v0.2.120
[INFO] [stderr]   Downloaded kithara-bufpool v0.0.1-alpha5
[INFO] [stderr]   Downloaded fieldwork v0.5.2
[INFO] [stderr]   Downloaded pest_meta v2.8.6
[INFO] [stderr]   Downloaded bon v3.9.1
[INFO] [stderr]   Downloaded arc-swap v1.9.1
[INFO] [stderr]   Downloaded bon-macros v3.9.1
[INFO] [stderr]   Downloaded js-sys v0.3.97
[INFO] [stderr]   Downloaded pest v2.8.6
[INFO] [stderr]   Downloaded kithara-test-macros v0.0.1-alpha5
[INFO] [stderr]   Downloaded kithara-ring v0.0.1-alpha5
[INFO] [stderr]   Downloaded continue v0.1.2
[INFO] [stderr]   Downloaded wasm_safe_thread v0.1.1
[INFO] [stderr]   Downloaded kithara-platform v0.0.1-alpha5
[INFO] [stderr]   Downloaded goblin v0.10.5
[INFO] [stderr]   Downloaded web-sys v0.3.97
[INFO] running `Command { std: "docker" "create" "-v" "/var/lib/crater-agent-workspace/builds/worker-2-tc1/source:/opt/rustwide/workdir:ro,Z" "-v" "/var/lib/crater-agent-workspace/builds/worker-2-tc1/target:/opt/rustwide/target:rw,Z" "-v" "/var/lib/crater-agent-workspace/cargo-home:/opt/rustwide/cargo-home:ro,Z" "-v" "/var/lib/crater-agent-workspace/rustup-home:/opt/rustwide/rustup-home:ro,Z" "-m" "1610612736" "--network" "none" "ghcr.io/rust-lang/crates-build-env/linux@sha256:3111399a4047eeb3a02b7a90e478d715f38a8c6669b5c4b49d30a17385265909" "sleep" "infinity", kill_on_drop: false }`
[INFO] [stdout] c9a15b780c9cd5358696000ce50fa1779331ae2704fb9270443ebf008ff72f5a
[INFO] running `Command { std: "docker" "start" "c9a15b780c9cd5358696000ce50fa1779331ae2704fb9270443ebf008ff72f5a", kill_on_drop: false }`
[INFO] running `Command { std: "docker" "inspect" "c9a15b780c9cd5358696000ce50fa1779331ae2704fb9270443ebf008ff72f5a", kill_on_drop: false }`
[INFO] running `Command { std: "docker" "exec" "-e" "SOURCE_DIR=/opt/rustwide/workdir" "-e" "CARGO_HOME=/opt/rustwide/cargo-home" "-e" "RUSTUP_HOME=/opt/rustwide/rustup-home" "-e" "CARGO_TARGET_DIR=/opt/rustwide/target" "-w" "/opt/rustwide/workdir" "--user" "0:0" "c9a15b780c9cd5358696000ce50fa1779331ae2704fb9270443ebf008ff72f5a" "/opt/rustwide/cargo-home/bin/cargo" "+1.99.0-beta.8" "metadata" "--no-deps" "--format-version=1", kill_on_drop: false }`
[INFO] running `Command { std: "docker" "inspect" "c9a15b780c9cd5358696000ce50fa1779331ae2704fb9270443ebf008ff72f5a", kill_on_drop: false }`
[INFO] running `Command { std: "docker" "exec" "-e" "SOURCE_DIR=/opt/rustwide/workdir" "-e" "CARGO_HOME=/opt/rustwide/cargo-home" "-e" "RUSTUP_HOME=/opt/rustwide/rustup-home" "-e" "CARGO_TARGET_DIR=/opt/rustwide/target" "-e" "CARGO_INCREMENTAL=0" "-e" "RUST_BACKTRACE=full" "-e" "RUSTFLAGS=--cap-lints=warn" "-e" "RUSTDOCFLAGS=--cap-lints=warn" "-w" "/opt/rustwide/workdir" "--user" "0:0" "c9a15b780c9cd5358696000ce50fa1779331ae2704fb9270443ebf008ff72f5a" "/opt/rustwide/cargo-home/bin/cargo" "+1.99.0-beta.8" "build" "--frozen" "--message-format=json", kill_on_drop: false }`
[INFO] [stderr]    Compiling proc-macro2 v1.0.106
[INFO] [stderr]    Compiling unicode-ident v1.0.24
[INFO] [stderr]    Compiling quote v1.0.46
[INFO] [stderr]    Compiling stable_deref_trait v1.2.1
[INFO] [stderr]    Compiling pin-project-lite v0.2.17
[INFO] [stderr]    Compiling smallvec v1.15.2
[INFO] [stderr]    Compiling libc v0.2.186
[INFO] [stderr]    Compiling rustversion v1.0.22
[INFO] [stderr]    Compiling memchr v2.8.2
[INFO] [stderr]    Compiling cfg-if v1.0.4
[INFO] [stderr]    Compiling futures-core v0.3.32
[INFO] [stderr]    Compiling futures-sink v0.3.32
[INFO] [stderr]    Compiling litemap v0.8.2
[INFO] [stderr]    Compiling writeable v0.6.3
[INFO] [stderr]    Compiling futures-channel v0.3.32
[INFO] [stderr]    Compiling serde_core v1.0.228
[INFO] [stderr]    Compiling icu_normalizer_data v2.2.0
[INFO] [stderr]    Compiling futures-task v0.3.32
[INFO] [stderr]    Compiling futures-io v0.3.32
[INFO] [stderr]    Compiling strsim v0.11.1
[INFO] [stderr]    Compiling ident_case v1.0.1
[INFO] [stderr]    Compiling utf8_iter v1.0.4
[INFO] [stderr]    Compiling crossbeam-utils v0.8.21
[INFO] [stderr]    Compiling icu_properties_data v2.2.0
[INFO] [stderr]    Compiling parking_lot_core v0.9.12
[INFO] [stderr]    Compiling slab v0.4.12
[INFO] [stderr]    Compiling once_cell v1.21.4
[INFO] [stderr]    Compiling prettyplease v0.2.37
[INFO] [stderr]    Compiling scopeguard v1.2.0
[INFO] [stderr]    Compiling unicode-segmentation v1.13.3
[INFO] [stderr]    Compiling lock_api v0.4.14
[INFO] [stderr]    Compiling tracing-core v0.1.36
[INFO] [stderr]    Compiling convert_case v0.10.0
[INFO] [stderr]    Compiling serde v1.0.228
[INFO] [stderr]    Compiling syn v2.0.118
[INFO] [stderr]    Compiling syn v3.0.3
[INFO] [stderr]    Compiling unicode-xid v0.2.6
[INFO] [stderr]    Compiling autocfg v1.5.1
[INFO] [stderr]    Compiling regex-syntax v0.8.11
[INFO] [stderr]    Compiling zmij v1.0.21
[INFO] [stderr]    Compiling thiserror v2.0.18
[INFO] [stderr]    Compiling ringbuf v0.5.2
[INFO] [stderr]    Compiling num-traits v0.2.19
[INFO] [stderr]    Compiling arc-swap v1.9.1
[INFO] [stderr]    Compiling percent-encoding v2.3.2
[INFO] [stderr]    Compiling web-time v1.1.0
[INFO] [stderr]    Compiling lazy_static v1.5.0
[INFO] [stderr]    Compiling serde_json v1.0.150
[INFO] [stderr]    Compiling sharded-slab v0.1.7
[INFO] [stderr]    Compiling form_urlencoded v1.2.2
[INFO] [stderr]    Compiling kithara-ring v0.0.1-alpha5
[INFO] [stderr]    Compiling parking_lot v0.12.5
[INFO] [stderr]    Compiling crossbeam-queue v0.3.12
[INFO] [stderr]    Compiling thread_local v1.1.9
[INFO] [stderr]    Compiling itoa v1.0.18
[INFO] [stderr]    Compiling log v0.4.33
[INFO] [stderr]    Compiling regex-automata v0.4.14
[INFO] [stderr]    Compiling matchers v0.2.0
[INFO] [stderr]    Compiling synstructure v0.13.2
[INFO] [stderr]    Compiling darling_core v0.23.0
[INFO] [stderr]    Compiling derive-where v1.7.0
[INFO] [stderr]    Compiling kithara-derive v0.0.1-alpha5
[INFO] [stderr]    Compiling kithara-test-macros v0.0.1-alpha5
[INFO] [stderr]    Compiling zerofrom-derive v0.1.7
[INFO] [stderr]    Compiling yoke-derive v0.8.2
[INFO] [stderr]    Compiling zerovec-derive v0.11.3
[INFO] [stderr]    Compiling displaydoc v0.2.6
[INFO] [stderr]    Compiling futures-macro v0.3.32
[INFO] [stderr]    Compiling tracing-attributes v0.1.31
[INFO] [stderr]    Compiling serde_derive v1.0.228
[INFO] [stderr]    Compiling futures-util v0.3.32
[INFO] [stderr]    Compiling tokio-macros v2.7.0
[INFO] [stderr]    Compiling tracing v0.1.44
[INFO] [stderr]    Compiling derive_more-impl v2.1.1
[INFO] [stderr]    Compiling fieldwork-derive v0.5.2
[INFO] [stderr]    Compiling zerofrom v0.1.8
[INFO] [stderr]    Compiling yoke v0.8.3
[INFO] [stderr]    Compiling thiserror-impl v2.0.18
[INFO] [stderr]    Compiling zerovec v0.11.6
[INFO] [stderr]    Compiling zerotrie v0.2.4
[INFO] [stderr]    Compiling tokio v1.52.3
[INFO] [stderr]    Compiling tinystr v0.8.3
[INFO] [stderr]    Compiling potential_utf v0.1.5
[INFO] [stderr]    Compiling icu_locale_core v2.2.0
[INFO] [stderr]    Compiling icu_collections v2.2.0
[INFO] [stderr]    Compiling darling_macro v0.23.0
[INFO] [stderr]    Compiling fieldwork v0.5.2
[INFO] [stderr]    Compiling delegate v0.13.5
[INFO] [stderr]    Compiling darling v0.23.0
[INFO] [stderr]    Compiling bon-macros v3.9.1
[INFO] [stderr]    Compiling serial_test_derive v3.5.0
[INFO] [stderr]    Compiling icu_provider v2.2.0
[INFO] [stderr]    Compiling tracing-subscriber v0.3.23
[INFO] [stderr]    Compiling futures-executor v0.3.32
[INFO] [stderr]    Compiling icu_normalizer v2.2.0
[INFO] [stderr]    Compiling icu_properties v2.2.0
[INFO] [stderr]    Compiling futures v0.3.32
[INFO] [stderr]    Compiling serial_test v3.5.0
[INFO] [stderr]    Compiling derive_more v2.1.1
[INFO] [stderr]    Compiling kithara-platform v0.0.1-alpha5
[INFO] [stderr]    Compiling idna_adapter v1.2.2
[INFO] [stderr]    Compiling idna v1.1.0
[INFO] [stderr]    Compiling url v2.5.8
[INFO] [stderr]    Compiling bon v3.9.1
[INFO] [stderr]    Compiling kithara-bufpool v0.0.1-alpha5
[INFO] [stderr]    Compiling kithara-test-utils v0.0.1-alpha5 (/opt/rustwide/workdir)
[INFO] [stderr]     Finished `dev` profile [unoptimized + debuginfo] target(s) in 1m 34s
[INFO] running `Command { std: "docker" "inspect" "c9a15b780c9cd5358696000ce50fa1779331ae2704fb9270443ebf008ff72f5a", kill_on_drop: false }`
[INFO] running `Command { std: "docker" "exec" "-e" "SOURCE_DIR=/opt/rustwide/workdir" "-e" "CARGO_HOME=/opt/rustwide/cargo-home" "-e" "RUSTUP_HOME=/opt/rustwide/rustup-home" "-e" "CARGO_TARGET_DIR=/opt/rustwide/target" "-e" "CARGO_INCREMENTAL=0" "-e" "RUST_BACKTRACE=full" "-e" "RUSTFLAGS=--cap-lints=warn" "-e" "RUSTDOCFLAGS=--cap-lints=warn" "-w" "/opt/rustwide/workdir" "--user" "0:0" "c9a15b780c9cd5358696000ce50fa1779331ae2704fb9270443ebf008ff72f5a" "/opt/rustwide/cargo-home/bin/cargo" "+1.99.0-beta.8" "test" "--frozen" "--no-run" "--message-format=json", kill_on_drop: false }`
[INFO] [stderr]    Compiling rustix v1.1.4
[INFO] [stderr]    Compiling getrandom v0.4.2
[INFO] [stderr]    Compiling bitflags v2.13.0
[INFO] [stderr]    Compiling linux-raw-sys v0.12.1
[INFO] [stderr]    Compiling fastrand v2.4.1
[INFO] [stderr]    Compiling tempfile v3.27.0
[INFO] [stderr]    Compiling kithara-test-utils v0.0.1-alpha5 (/opt/rustwide/workdir)
[INFO] [stderr]     Finished `test` profile [unoptimized + debuginfo] target(s) in 9.54s
[INFO] running `Command { std: "docker" "inspect" "c9a15b780c9cd5358696000ce50fa1779331ae2704fb9270443ebf008ff72f5a", kill_on_drop: false }`
[INFO] running `Command { std: "docker" "exec" "-e" "SOURCE_DIR=/opt/rustwide/workdir" "-e" "CARGO_HOME=/opt/rustwide/cargo-home" "-e" "RUSTUP_HOME=/opt/rustwide/rustup-home" "-e" "CARGO_TARGET_DIR=/opt/rustwide/target" "-e" "CARGO_INCREMENTAL=0" "-e" "RUST_BACKTRACE=full" "-e" "RUSTFLAGS=--cap-lints=warn" "-e" "RUSTDOCFLAGS=--cap-lints=warn" "-w" "/opt/rustwide/workdir" "--user" "0:0" "c9a15b780c9cd5358696000ce50fa1779331ae2704fb9270443ebf008ff72f5a" "/opt/rustwide/cargo-home/bin/cargo" "+1.99.0-beta.8" "test" "--frozen", kill_on_drop: false }`
[INFO] [stderr]     Finished `test` profile [unoptimized + debuginfo] target(s) in 0.19s
[INFO] [stderr]      Running unittests src/lib.rs (/opt/rustwide/target/debug/deps/kithara_test_utils-3dd79a0347dbe8b9)
[INFO] [stdout] 
[INFO] [stdout] running 79 tests
[INFO] [stdout] test flight::tests::a_changed_probe_argument_opens_a_new_entry ... ok
[INFO] [stdout] test flight::tests::a_folded_probe_counts_every_firing ... ok
[INFO] [stdout] test flight::tests::a_folded_probe_keeps_the_first_sequence_it_saw ... ok
[INFO] [stdout] test flight::tests::a_repeated_line_carries_its_repeat_count ... ok
[INFO] [stdout] test flight::tests::a_repeated_line_is_counted_instead_of_filling_the_ring ... ok
[INFO] [stdout] test bufpool::tests::buffers_use_the_supplied_region ... ok
[INFO] [stdout] test flight::tests::oversized_event_is_truncated_at_a_char_boundary ... ok
[INFO] [stdout] test flight::tests::probe_trace_events_land_in_their_own_lane ... ok
[INFO] [stdout] test hang::real::platform::tests::bounded_excerpt_preserves_unicode_head_tail_and_marks_omission ... ok
[INFO] [stdout] test flight::tests::a_repeating_cycle_does_not_evict_the_history ... ok
[INFO] [stdout] test flight::tests::debug_event_lands_in_the_tail_with_fields ... ok
[INFO] [stdout] test flight::tests::non_kithara_and_trace_events_are_not_recorded ... ok
[INFO] [stdout] test hang::real::platform::tests::envelope_serializes_flash_evidence ... ok
[INFO] [stdout] test hang::real::platform::tests::nextest_context_captures_attempt_correlation ... ok
[INFO] [stdout] test flight::tests::a_probe_repeat_folds_across_a_changed_sequence ... ok
[INFO] [stdout] test hang::real::platform::tests::nextest_context_is_null_without_nextest_environment ... ok
[INFO] [stdout] test hang::real::platform::tests::nonempty_flash_dump_is_preserved ... ok
[INFO] [stdout] test hang::real::platform::tests::bounded_tail_keeps_newest_lines_within_budget ... ok
[INFO] [stdout] test hang::real::platform::tests::empty_flash_dump_is_absent ... ok
[INFO] [stdout] test flight::tests::ring_keeps_only_the_newest_events ... ok
[INFO] [stdout] test flight::tests::probe_volume_does_not_evict_events ... ok
[INFO] [stdout] test hang::real::platform::tests::oversized_nextest_metadata_is_visibly_bounded ... ok
[INFO] [stdout] test hang::real::platform::tests::prekill_wait_distinguishes_cancel_from_deadline ... ok
[INFO] [stdout] test hang::real::tests::attr_macro_loop_compiles_and_runs ... ok
[INFO] [stdout] test hang::real::tests::attr_macro_while_compiles_and_runs ... ok
[INFO] [stdout] test hang::real::tests::attr_macro_with_thread_and_timeout_compiles_and_runs ... ok
[INFO] [stdout] test hang::real::platform::tests::oversized_context_and_flash_keep_bounded_head_and_tail ... ok
[INFO] [stdout] test hang::real::tests::attr_macro_with_thread_compiles_and_runs ... ok
[INFO] [stdout] test hang::real::tests::blanket_impl_serializes_serde_type ... ok
[INFO] [stdout] test hang::real::tests::attr_macro_with_timeout_compiles_and_runs ... ok
[INFO] [stdout] test hang::real::tests::detector_tests::tick_within_timeout_does_not_panic ... ok
[INFO] [stdout] test hang::real::tests::dump_tests::resolve_dump_dir_precedence_explicit_wins ... ok
[INFO] [stdout] test hang::real::tests::dump_tests::sanitize_label_bounds_filename_component ... ok
[INFO] [stdout] test hang::real::tests::dump_tests::sanitize_label_preserves_safe_chars ... ok
[INFO] [stdout] test hang::real::tests::dump_tests::sanitize_label_replaces_path_separators ... ok
[INFO] [stdout] test hang::real::tests::dump_tests::write_dump_preserves_non_json_context_as_a_string ... ok
[INFO] [stdout] test hang::real::tests::dump_tests::write_dump_produces_readable_json ... ok
[INFO] [stdout] test hang::real::tests::dump_tests::write_dump_uses_collision_resistant_names ... ok
[INFO] [stdout] test bufpool::tests::returned_capacity_is_bounded ... ok
[INFO] [stdout] test hang::real::tests::native_detector_tests::parse_timeout_secs_accepts_positive_numbers ... ok
[INFO] [stdout] test hang::real::tests::native_detector_tests::parse_timeout_secs_rejects_invalid ... ok
[INFO] [stdout] test hang::real::tests::no_context_serializes_to_null ... ok
[INFO] [stdout] test hang::real::platform::tests::bounded_fields_keep_worst_case_json_below_consumer_limit ... ok
[INFO] [stdout] test hang::real::tests::detector_tests::tick_after_timeout_panics - should panic ... ok
[INFO] [stdout] test hang::real::tests::panic_dump_tests::control_flow_unwinds_are_not_recorded ... ok
[INFO] [stdout] test hang::real::tests::panic_dump_tests::assertion_panic_records_a_dump_with_the_flight_tail ... ok
[INFO] [stdout] test hang::real::tests::timeout_evidence_api_shape_is_stable ... ok
[INFO] [stdout] test hang::real::tests::native_detector_tests::panic_reports_hang_tick_call_site_not_detector_internals ... ok
[INFO] [stdout] test hang::real::tests::detector_tests::reset_extends_deadline ... FAILED
[INFO] [stdout] test hang::real::tests::native_detector_tests::tick_with_stores_context_for_dump ... ok
[INFO] [stdout] test hang::real::tests::panic_dump_tests::expected_panics_are_not_recorded ... ok
[INFO] [stdout] test hang::real::tests::panic_dump_tests::watchdog_panic_is_not_duplicated_as_a_panic_dump ... ok
[INFO] [stdout] test off_thread::tests::handle_is_send_and_sync_for_non_send_value ... ok
[INFO] [stdout] test test::tracing_init::tests::a_bare_target_means_every_level ... ok
[INFO] [stdout] test test::tracing_init::tests::a_narrowed_environment_level_does_not_silence_the_test ... ok
[INFO] [stdout] test test::tracing_init::tests::a_target_the_test_never_names_arrives ... ok
[INFO] [stdout] test test::tracing_init::tests::a_shared_target_is_never_repeated ... ok
[INFO] [stdout] test test::tracing_init::tests::a_target_the_environment_never_names_survives ... ok
[INFO] [stdout] test off_thread::tests::non_send_value_stays_on_owner_thread ... ok
[INFO] [stdout] test test::tracing_init::tests::an_unknown_level_is_passed_through_untouched ... ok
[INFO] [stdout] test test::tracing_init::tests::an_empty_environment_is_not_a_directive ... ok
[INFO] [stdout] test off_thread::tests::close_waits_for_value_drop ... ok
[INFO] [stdout] test test::tracing_init::tests::native::recorder_filters_do_not_silence_formatted_events ... ok
[INFO] [stdout] test test::tracing_init::tests::without_an_environment_the_test_directives_stand_alone ... ok
[INFO] [stdout] test test::usdt::tests::a_complete_history_reads_back_untruncated ... ok
[INFO] [stdout] test test::usdt::tests::a_nested_scope_joins_the_live_recording ... ok
[INFO] [stdout] test test::usdt::tests::a_scope_records_every_probe_in_order ... ok
[INFO] [stdout] test off_thread::tests::call_returns_value_from_owner ... ok
[INFO] [stdout] test test::tracing_init::tests::span_syntax_is_passed_through_untouched ... ok
[INFO] [stdout] test test::tracing_init::tests::the_global_level_merges_like_any_other ... ok
[INFO] [stdout] test off_thread::tests::init_error_is_returned ... ok
[INFO] [stdout] test test::tracing_init::tests::a_widened_environment_level_wins_the_shared_target ... ok
[INFO] [stdout] test hang::real::platform::tests::size_fallback_preserves_exact_attempt_identity ... ok
[INFO] [stdout] test test::usdt::tests::a_hot_probe_leaves_the_history_of_another_readable ... ok
[INFO] [stdout] test test::usdt::tests::an_overflowed_probe_fails_its_own_reader - should panic ... ok
[INFO] [stdout] test test::usdt::tests::an_overflowing_history_keeps_the_latest_firing ... ok
[INFO] [stdout] test test::usdt::tests::only_the_outermost_scope_closes_the_recording ... ok
[INFO] [stdout] test test::usdt::tests::an_overflowing_history_fails_its_reader - should panic ... ok
[INFO] [stdout] test test::usdt::tests::an_overflowing_history_reads_back_truncated_for_a_destructor ... ok
[INFO] [stdout] 
[INFO] [stdout] failures:
[INFO] [stdout] 
[INFO] [stdout] ---- hang::real::tests::detector_tests::reset_extends_deadline stdout ----
[INFO] [stdout] 2026-10-06T16:18:16.891272Z ERROR kithara_platform: [kithara_hang_detector] hang detected: test ts_ms=1791303496878 pid=1878 dump=/tmp/kithara-hang-test-1791303496878-1878-8.json [stuck at src/hang/real/tests.rs:59 | last progress at src/hang/real/tests.rs:57 | 0 tick(s) since progress | timeout 50ms]
[INFO] [stdout] 
[INFO] [stdout] thread 'hang::real::tests::detector_tests::reset_extends_deadline' (1912) panicked at src/hang/real/detector_native.rs:179:9:
[INFO] [stdout] [HangDetector] `test` no progress for 50ms — stuck at src/hang/real/tests.rs:59 | last progress at src/hang/real/tests.rs:57 | 0 tick(s) since progress | timeout 50ms
[INFO] [stderr] error: test failed, to rerun pass `--lib`
[INFO] [stdout] stack backtrace:
[INFO] [stdout]    0:     0x63db0fbb4141 - std[70759c8f55707aa4]::backtrace_rs::backtrace::libunwind::trace
[INFO] [stdout]                                at /rustc/dfb0accb7f508ae8be965d8629557221c889dd98/library/std/src/../../backtrace/src/backtrace/libunwind.rs:117:9
[INFO] [stdout]    1:     0x63db0fbb4141 - std[70759c8f55707aa4]::backtrace_rs::backtrace::trace_unsynchronized::<std[70759c8f55707aa4]::sys::backtrace::_print_fmt::{closure#1}>
[INFO] [stdout]                                at /rustc/dfb0accb7f508ae8be965d8629557221c889dd98/library/std/src/../../backtrace/src/backtrace/mod.rs:66:14
[INFO] [stdout]    2:     0x63db0fbb4141 - std[70759c8f55707aa4]::sys::backtrace::_print_fmt
[INFO] [stdout]                                at /rustc/dfb0accb7f508ae8be965d8629557221c889dd98/library/std/src/sys/backtrace.rs:74:9
[INFO] [stdout]    3:     0x63db0fbb4141 - <<std[70759c8f55707aa4]::sys::backtrace::BacktraceLock>::print::DisplayBacktrace as core[df12db4294e9bfd3]::fmt::Display>::fmt
[INFO] [stdout]                                at /rustc/dfb0accb7f508ae8be965d8629557221c889dd98/library/std/src/sys/backtrace.rs:44:26
[INFO] [stdout]    4:     0x63db0fbcb62a - <core[df12db4294e9bfd3]::fmt::rt::Argument>::fmt
[INFO] [stdout]                                at /rustc/dfb0accb7f508ae8be965d8629557221c889dd98/library/core/src/fmt/rt.rs:152:76
[INFO] [stdout]    5:     0x63db0fbcb62a - core[df12db4294e9bfd3]::fmt::write
[INFO] [stdout]    6:     0x63db0fbb8a8c - core[df12db4294e9bfd3]::io::write::default_write_fmt::<alloc[2182bb758b4b3781]::vec::Vec<u8>>
[INFO] [stdout]                                at /rustc/dfb0accb7f508ae8be965d8629557221c889dd98/library/core/src/io/write.rs:402:11
[INFO] [stdout]    7:     0x63db0fbb8a8c - <alloc[2182bb758b4b3781]::vec::Vec<u8> as core[df12db4294e9bfd3]::io::write::Write>::write_fmt
[INFO] [stdout]                                at /rustc/dfb0accb7f508ae8be965d8629557221c889dd98/library/core/src/io/write.rs:335:13
[INFO] [stdout]    8:     0x63db0fb8e266 - <std[70759c8f55707aa4]::sys::backtrace::BacktraceLock>::print
[INFO] [stdout]                                at /rustc/dfb0accb7f508ae8be965d8629557221c889dd98/library/std/src/sys/backtrace.rs:47:9
[INFO] [stdout]    9:     0x63db0fb8e266 - std[70759c8f55707aa4]::panicking::default_hook::{closure#0}
[INFO] [stdout]                                at /rustc/dfb0accb7f508ae8be965d8629557221c889dd98/library/std/src/panicking.rs:292:27
[INFO] [stdout]   10:     0x63db0fbab7e9 - std[70759c8f55707aa4]::panicking::default_hook
[INFO] [stdout]                                at /rustc/dfb0accb7f508ae8be965d8629557221c889dd98/library/std/src/panicking.rs:316:9
[INFO] [stdout]   11:     0x63db0f94e410 - <alloc[2182bb758b4b3781]::boxed::Box<dyn for<'a, 'b> core[df12db4294e9bfd3]::ops::function::Fn<(&'a std[70759c8f55707aa4]::panic::PanicHookInfo<'b>,), Output = ()> + core[df12db4294e9bfd3]::marker::Send + core[df12db4294e9bfd3]::marker::Sync> as core[df12db4294e9bfd3]::ops::function::Fn<(&std[70759c8f55707aa4]::panic::PanicHookInfo,)>>::call
[INFO] [stdout]                                at /rustc/dfb0accb7f508ae8be965d8629557221c889dd98/library/alloc/src/boxed.rs:2334:9
[INFO] [stdout]   12:     0x63db0f94e410 - test[9d35eded1c95d3be]::test_main_inner::<test[9d35eded1c95d3be]::test_main_static::{closure#0}>::{closure#0}
[INFO] [stdout]                                at /rustc/dfb0accb7f508ae8be965d8629557221c889dd98/library/test/src/lib.rs:155:21
[INFO] [stdout]   13:     0x63db0f8aa2c3 - <alloc[2182bb758b4b3781]::boxed::Box<dyn for<'a, 'b> core[df12db4294e9bfd3]::ops::function::Fn<(&'a std[70759c8f55707aa4]::panic::PanicHookInfo<'b>,), Output = ()> + core[df12db4294e9bfd3]::marker::Send + core[df12db4294e9bfd3]::marker::Sync> as core[df12db4294e9bfd3]::ops::function::Fn<(&std[70759c8f55707aa4]::panic::PanicHookInfo,)>>::call
[INFO] [stdout]                                at /rustc/dfb0accb7f508ae8be965d8629557221c889dd98/library/alloc/src/boxed.rs:2334:9
[INFO] [stdout]   14:     0x63db0f864fc7 - kithara_test_utils[498070226e36bb88]::hang::real::panic_dump::install_panic_dump::{closure#0}::{closure#0}
[INFO] [stdout]                                at /opt/rustwide/workdir/src/hang/real/panic_dump.rs:41:13
[INFO] [stdout]   15:     0x63db0fbab9a2 - <alloc[2182bb758b4b3781]::boxed::Box<dyn for<'a, 'b> core[df12db4294e9bfd3]::ops::function::Fn<(&'a std[70759c8f55707aa4]::panic::PanicHookInfo<'b>,), Output = ()> + core[df12db4294e9bfd3]::marker::Send + core[df12db4294e9bfd3]::marker::Sync> as core[df12db4294e9bfd3]::ops::function::Fn<(&std[70759c8f55707aa4]::panic::PanicHookInfo,)>>::call
[INFO] [stdout]                                at /rustc/dfb0accb7f508ae8be965d8629557221c889dd98/library/alloc/src/boxed.rs:2334:9
[INFO] [stdout]   16:     0x63db0fbab9a2 - std[70759c8f55707aa4]::panicking::panic_with_hook
[INFO] [stdout]                                at /rustc/dfb0accb7f508ae8be965d8629557221c889dd98/library/std/src/panicking.rs:823:13
[INFO] [stdout]   17:     0x63db0fb8e312 - std[70759c8f55707aa4]::panicking::panic_handler::{closure#0}
[INFO] [stdout]                                at /rustc/dfb0accb7f508ae8be965d8629557221c889dd98/library/std/src/panicking.rs:688:13
[INFO] [stdout]   18:     0x63db0fb86cb9 - std[70759c8f55707aa4]::sys::backtrace::__rust_end_short_backtrace::<std[70759c8f55707aa4]::panicking::panic_handler::{closure#0}, !>
[INFO] [stdout]                                at /rustc/dfb0accb7f508ae8be965d8629557221c889dd98/library/std/src/sys/backtrace.rs:182:18
[INFO] [stdout]   19:     0x63db0fb8effd - __rustc[8fa7c3cbc660c2b3]::rust_begin_unwind
[INFO] [stdout]                                at /rustc/dfb0accb7f508ae8be965d8629557221c889dd98/library/std/src/panicking.rs:679:5
[INFO] [stdout]   20:     0x63db0fbcbecc - core[df12db4294e9bfd3]::panicking::panic_fmt
[INFO] [stdout]                                at /rustc/dfb0accb7f508ae8be965d8629557221c889dd98/library/core/src/panicking.rs:80:14
[INFO] [stdout]   21:     0x63db0f868812 - <kithara_test_utils[498070226e36bb88]::hang::real::detector::HangDetector>::tick_from
[INFO] [stdout]                                at /opt/rustwide/workdir/src/hang/real/detector_native.rs:179:9
[INFO] [stdout]   22:     0x63db0f86829a - <kithara_test_utils[498070226e36bb88]::hang::real::detector::HangDetector>::tick
[INFO] [stdout]                                at /opt/rustwide/workdir/src/hang/real/detector_native.rs:162:14
[INFO] [stdout]   23:     0x63db0f8ec51a - kithara_test_utils[498070226e36bb88]::hang::real::tests::detector_tests::reset_extends_deadline
[INFO] [stdout]                                at /opt/rustwide/workdir/src/hang/real/tests.rs:59:18
[INFO] [stdout]   24:     0x63db0f8ea287 - kithara_test_utils[498070226e36bb88]::hang::real::tests::detector_tests::reset_extends_deadline::{closure#0}
[INFO] [stdout]                                at /opt/rustwide/workdir/src/hang/real/tests.rs:53:35
[INFO] [stdout]   25:     0x63db0f8fbc56 - <kithara_test_utils[498070226e36bb88]::hang::real::tests::detector_tests::reset_extends_deadline::{closure#0} as core[df12db4294e9bfd3]::ops::function::FnOnce<()>>::call_once
[INFO] [stdout]                                at /rustc/dfb0accb7f508ae8be965d8629557221c889dd98/library/core/src/ops/function.rs:250:5
[INFO] [stdout]   26:     0x63db0f9416fb - <fn() -> core[df12db4294e9bfd3]::result::Result<(), alloc[2182bb758b4b3781]::string::String> as core[df12db4294e9bfd3]::ops::function::FnOnce<()>>::call_once
[INFO] [stdout]                                at /rustc/dfb0accb7f508ae8be965d8629557221c889dd98/library/core/src/ops/function.rs:250:5
[INFO] [stdout]   27:     0x63db0f9416fb - test[9d35eded1c95d3be]::__rust_begin_short_backtrace::<core[df12db4294e9bfd3]::result::Result<(), alloc[2182bb758b4b3781]::string::String>, fn() -> core[df12db4294e9bfd3]::result::Result<(), alloc[2182bb758b4b3781]::string::String>>
[INFO] [stdout]                                at /rustc/dfb0accb7f508ae8be965d8629557221c889dd98/library/test/src/lib.rs:733:18
[INFO] [stdout]   28:     0x63db0f94ed65 - test[9d35eded1c95d3be]::run_test_in_process::{closure#0}
[INFO] [stdout]                                at /rustc/dfb0accb7f508ae8be965d8629557221c889dd98/library/test/src/lib.rs:756:74
[INFO] [stdout]   29:     0x63db0f94ed65 - <core[df12db4294e9bfd3]::panic::unwind_safe::AssertUnwindSafe<test[9d35eded1c95d3be]::run_test_in_process::{closure#0}> as core[df12db4294e9bfd3]::ops::function::FnOnce<()>>::call_once
[INFO] [stdout]                                at /rustc/dfb0accb7f508ae8be965d8629557221c889dd98/library/core/src/panic/unwind_safe.rs:275:9
[INFO] [stdout]   30:     0x63db0f94ed65 - std[70759c8f55707aa4]::panicking::catch_unwind::do_call::<core[df12db4294e9bfd3]::panic::unwind_safe::AssertUnwindSafe<test[9d35eded1c95d3be]::run_test_in_process::{closure#0}>, core[df12db4294e9bfd3]::result::Result<(), alloc[2182bb758b4b3781]::string::String>>
[INFO] [stdout]                                at /rustc/dfb0accb7f508ae8be965d8629557221c889dd98/library/std/src/panicking.rs:576:43
[INFO] [stdout]   31:     0x63db0f94ed65 - std[70759c8f55707aa4]::panicking::catch_unwind::<core[df12db4294e9bfd3]::result::Result<(), alloc[2182bb758b4b3781]::string::String>, core[df12db4294e9bfd3]::panic::unwind_safe::AssertUnwindSafe<test[9d35eded1c95d3be]::run_test_in_process::{closure#0}>>
[INFO] [stdout]                                at /rustc/dfb0accb7f508ae8be965d8629557221c889dd98/library/std/src/panicking.rs:544:19
[INFO] [stdout]   32:     0x63db0f94ed65 - std[70759c8f55707aa4]::panic::catch_unwind::<core[df12db4294e9bfd3]::panic::unwind_safe::AssertUnwindSafe<test[9d35eded1c95d3be]::run_test_in_process::{closure#0}>, core[df12db4294e9bfd3]::result::Result<(), alloc[2182bb758b4b3781]::string::String>>
[INFO] [stdout]                                at /rustc/dfb0accb7f508ae8be965d8629557221c889dd98/library/std/src/panic.rs:359:14
[INFO] [stdout]   33:     0x63db0f94ed65 - test[9d35eded1c95d3be]::run_test_in_process
[INFO] [stdout]                                at /rustc/dfb0accb7f508ae8be965d8629557221c889dd98/library/test/src/lib.rs:756:27
[INFO] [stdout]   34:     0x63db0f94ed65 - test[9d35eded1c95d3be]::run_test::{closure#0}
[INFO] [stdout]                                at /rustc/dfb0accb7f508ae8be965d8629557221c889dd98/library/test/src/lib.rs:677:43
[INFO] [stdout]   35:     0x63db0f948624 - test[9d35eded1c95d3be]::run_test::{closure#1}
[INFO] [stdout]                                at /rustc/dfb0accb7f508ae8be965d8629557221c889dd98/library/test/src/lib.rs:707:41
[INFO] [stdout]   36:     0x63db0f948624 - std[70759c8f55707aa4]::sys::backtrace::__rust_begin_short_backtrace::<test[9d35eded1c95d3be]::run_test::{closure#1}, ()>
[INFO] [stdout]                                at /rustc/dfb0accb7f508ae8be965d8629557221c889dd98/library/std/src/sys/backtrace.rs:166:18
[INFO] [stdout]   37:     0x63db0f951ec2 - std[70759c8f55707aa4]::thread::lifecycle::spawn_unchecked::<test[9d35eded1c95d3be]::run_test::{closure#1}, ()>::{closure#1}::{closure#0}
[INFO] [stdout]                                at /rustc/dfb0accb7f508ae8be965d8629557221c889dd98/library/std/src/thread/lifecycle.rs:70:13
[INFO] [stdout]   38:     0x63db0f951ec2 - <core[df12db4294e9bfd3]::panic::unwind_safe::AssertUnwindSafe<std[70759c8f55707aa4]::thread::lifecycle::spawn_unchecked<test[9d35eded1c95d3be]::run_test::{closure#1}, ()>::{closure#1}::{closure#0}> as core[df12db4294e9bfd3]::ops::function::FnOnce<()>>::call_once
[INFO] [stdout]                                at /rustc/dfb0accb7f508ae8be965d8629557221c889dd98/library/core/src/panic/unwind_safe.rs:275:9
[INFO] [stdout]   39:     0x63db0f951ec2 - std[70759c8f55707aa4]::panicking::catch_unwind::do_call::<core[df12db4294e9bfd3]::panic::unwind_safe::AssertUnwindSafe<std[70759c8f55707aa4]::thread::lifecycle::spawn_unchecked<test[9d35eded1c95d3be]::run_test::{closure#1}, ()>::{closure#1}::{closure#0}>, ()>
[INFO] [stdout]                                at /rustc/dfb0accb7f508ae8be965d8629557221c889dd98/library/std/src/panicking.rs:576:43
[INFO] [stdout]   40:     0x63db0f951ec2 - std[70759c8f55707aa4]::panicking::catch_unwind::<(), core[df12db4294e9bfd3]::panic::unwind_safe::AssertUnwindSafe<std[70759c8f55707aa4]::thread::lifecycle::spawn_unchecked<test[9d35eded1c95d3be]::run_test::{closure#1}, ()>::{closure#1}::{closure#0}>>
[INFO] [stdout]                                at /rustc/dfb0accb7f508ae8be965d8629557221c889dd98/library/std/src/panicking.rs:544:19
[INFO] [stdout]   41:     0x63db0f951ec2 - std[70759c8f55707aa4]::panic::catch_unwind::<core[df12db4294e9bfd3]::panic::unwind_safe::AssertUnwindSafe<std[70759c8f55707aa4]::thread::lifecycle::spawn_unchecked<test[9d35eded1c95d3be]::run_test::{closure#1}, ()>::{closure#1}::{closure#0}>, ()>
[INFO] [stdout]                                at /rustc/dfb0accb7f508ae8be965d8629557221c889dd98/library/std/src/panic.rs:359:14
[INFO] [stdout]   42:     0x63db0f951ec2 - std[70759c8f55707aa4]::thread::lifecycle::spawn_unchecked::<test[9d35eded1c95d3be]::run_test::{closure#1}, ()>::{closure#1}
[INFO] [stdout]                                at /rustc/dfb0accb7f508ae8be965d8629557221c889dd98/library/std/src/thread/lifecycle.rs:68:26
[INFO] [stdout]   43:     0x63db0f951ec2 - <std[70759c8f55707aa4]::thread::lifecycle::spawn_unchecked<test[9d35eded1c95d3be]::run_test::{closure#1}, ()>::{closure#1} as core[df12db4294e9bfd3]::ops::function::FnOnce<()>>::call_once::{shim:vtable#0}
[INFO] [stdout]                                at /rustc/dfb0accb7f508ae8be965d8629557221c889dd98/library/core/src/ops/function.rs:250:5
[INFO] [stdout]   44:     0x63db0fbb3679 - <alloc[2182bb758b4b3781]::boxed::Box<dyn core[df12db4294e9bfd3]::ops::function::FnOnce<(), Output = ()> + core[df12db4294e9bfd3]::marker::Send> as core[df12db4294e9bfd3]::ops::function::FnOnce<()>>::call_once
[INFO] [stdout]                                at /rustc/dfb0accb7f508ae8be965d8629557221c889dd98/library/alloc/src/boxed.rs:2320:9
[INFO] [stdout]   45:     0x63db0fbb3679 - <std[70759c8f55707aa4]::sys::thread::unix::Thread>::new::thread_start
[INFO] [stdout]                                at /rustc/dfb0accb7f508ae8be965d8629557221c889dd98/library/std/src/sys/thread/unix.rs:123:17
[INFO] [stdout]   46:     0x7b36b6accdfa - <unknown>
[INFO] [stdout]   47:     0x7b36b6b603d4 - clone
[INFO] [stdout]   48:                0x0 - <unknown>
[INFO] [stdout] 
[INFO] [stdout] 
[INFO] [stdout] failures:
[INFO] [stdout]     hang::real::tests::detector_tests::reset_extends_deadline
[INFO] [stdout] 
[INFO] [stdout] test result: FAILED. 78 passed; 1 failed; 0 ignored; 0 measured; 0 filtered out; finished in 20.95s
[INFO] [stdout] 
[INFO] running `Command { std: "docker" "inspect" "c9a15b780c9cd5358696000ce50fa1779331ae2704fb9270443ebf008ff72f5a", kill_on_drop: false }`
[INFO] running `Command { std: "docker" "rm" "-f" "c9a15b780c9cd5358696000ce50fa1779331ae2704fb9270443ebf008ff72f5a", kill_on_drop: false }`
[INFO] [stdout] c9a15b780c9cd5358696000ce50fa1779331ae2704fb9270443ebf008ff72f5a
