[INFO] fetching crate clawft-tools 0.6.12...
[INFO] testing clawft-tools-0.6.12 against 1.99.0-beta.8 for beta-1.100-2
[INFO] extracting crate clawft-tools 0.6.12 into /workspace/builds/worker-3-tc1/source
[INFO] started tweaking crates.io crate clawft-tools 0.6.12
[INFO] removed 0 missing tests
[INFO] finished tweaking crates.io crate clawft-tools 0.6.12
[INFO] tweaked toml for crates.io crate clawft-tools 0.6.12 written to /workspace/builds/worker-3-tc1/source/Cargo.toml
[INFO] validating manifest of crates.io crate clawft-tools 0.6.12 on toolchain 1.99.0-beta.8
[INFO] running `Command { std: CARGO_HOME="/workspace/cargo-home" RUSTUP_HOME="/workspace/rustup-home" "/workspace/cargo-home/bin/cargo" "+1.99.0-beta.8" "metadata" "--manifest-path" "Cargo.toml" "--no-deps", kill_on_drop: false }`
[INFO] crate crates.io crate clawft-tools 0.6.12 already has a lockfile, it will not be regenerated
[INFO] running `Command { std: CARGO_HOME="/workspace/cargo-home" RUSTUP_HOME="/workspace/rustup-home" "/workspace/cargo-home/bin/cargo" "+1.99.0-beta.8" "fetch" "--manifest-path" "Cargo.toml", kill_on_drop: false }`
[INFO] [stderr]     Blocking waiting for file lock on package cache
[INFO] [stderr]     Updating crates.io index
[INFO] [stderr]     Blocking waiting for file lock on package cache
[INFO] [stderr]  Downloading crates ...
[INFO] [stderr]   Downloaded idna_adapter v1.2.1
[INFO] [stderr]   Downloaded quote v1.0.44
[INFO] [stderr]   Downloaded smallvec v1.15.1
[INFO] [stderr]   Downloaded zerofrom v0.1.6
[INFO] [stderr]   Downloaded yoke v0.8.1
[INFO] [stderr]   Downloaded potential_utf v0.1.4
[INFO] [stderr]   Downloaded zerofrom-derive v0.1.6
[INFO] [stderr]   Downloaded windows-targets v0.53.5
[INFO] [stderr]   Downloaded zerovec-derive v0.11.2
[INFO] [stderr]   Downloaded yoke-derive v0.8.1
[INFO] [stderr]   Downloaded wasm-bindgen-macro v0.2.108
[INFO] [stderr]   Downloaded libredox v0.1.12
[INFO] [stderr]   Downloaded icu_properties v2.1.2
[INFO] [stderr]   Downloaded openssl-macros v0.1.1
[INFO] [stderr]   Downloaded fastrand v2.3.0
[INFO] [stderr]   Downloaded itoa v1.0.17
[INFO] [stderr]   Downloaded leb128fmt v0.1.0
[INFO] [stderr]   Downloaded writeable v0.6.2
[INFO] [stderr]   Downloaded displaydoc v0.2.5
[INFO] [stderr]   Downloaded tinystr v0.8.2
[INFO] [stderr]   Downloaded tokio-macros v2.6.0
[INFO] [stderr]   Downloaded wit-bindgen-rust-macro v0.51.0
[INFO] [stderr]   Downloaded wasm-bindgen-shared v0.2.108
[INFO] [stderr]   Downloaded shlex v1.3.0
[INFO] [stderr]   Downloaded zeroize v1.8.2
[INFO] [stderr]   Downloaded wasm-bindgen-futures v0.4.58
[INFO] [stderr]   Downloaded tokio-native-tls v0.3.1
[INFO] [stderr]   Downloaded native-tls v0.2.18
[INFO] [stderr]   Downloaded core-foundation v0.10.1
[INFO] [stderr]   Downloaded hyper-tls v0.6.0
[INFO] [stderr]   Downloaded hyper-rustls v0.27.7
[INFO] [stderr]   Downloaded litemap v0.8.1
[INFO] [stderr]   Downloaded once_cell v1.21.3
[INFO] [stderr]   Downloaded pin-project-lite v0.2.16
[INFO] [stderr]   Downloaded bitflags v2.11.0
[INFO] [stderr]   Downloaded log v0.4.29
[INFO] [stderr]   Downloaded wasm-bindgen v0.2.108
[INFO] [stderr]   Downloaded id-arena v2.3.0
[INFO] [stderr]   Downloaded wasm-metadata v0.244.0
[INFO] [stderr]   Downloaded wit-bindgen-core v0.51.0
[INFO] [stderr]   Downloaded redox_syscall v0.7.1
[INFO] [stderr]   Downloaded autocfg v1.5.0
[INFO] [stderr]   Downloaded rustls-pki-types v1.14.0
[INFO] [stderr]   Downloaded tempfile v3.25.0
[INFO] [stderr]   Downloaded security-framework-sys v2.17.0
[INFO] [stderr]   Downloaded icu_provider v2.1.1
[INFO] [stderr]   Downloaded icu_normalizer v2.1.1
[INFO] [stderr]   Downloaded socket2 v0.6.2
[INFO] [stderr]   Downloaded ipnet v2.11.0
[INFO] [stderr]   Downloaded uuid v1.21.0
[INFO] [stderr]   Downloaded wasm-bindgen-macro-support v0.2.108
[INFO] [stderr]   Downloaded js-sys v0.3.85
[INFO] [stderr]   Downloaded getrandom v0.4.1
[INFO] [stderr]   Downloaded wit-bindgen-rust v0.51.0
[INFO] [stderr]   Downloaded semver v1.0.27
[INFO] [stderr]   Downloaded anyhow v1.0.101
[INFO] [stderr]   Downloaded prettyplease v0.2.37
[INFO] [stderr]   Downloaded openssl-sys v0.9.111
[INFO] [stderr]   Downloaded tinyvec v1.10.0
[INFO] [stderr]   Downloaded zerotrie v0.2.3
[INFO] [stderr]   Downloaded icu_locale_core v2.1.1
[INFO] [stderr]   Downloaded icu_normalizer_data v2.1.1
[INFO] [stderr]   Downloaded bytes v1.11.1
[INFO] [stderr]   Downloaded clawft-types v0.6.12
[INFO] [stderr]   Downloaded wit-bindgen v0.51.0
[INFO] [stderr]   Downloaded wasm-encoder v0.244.0
[INFO] [stderr]   Downloaded rustls-webpki v0.103.10
[INFO] [stderr]   Downloaded security-framework v3.7.0
[INFO] [stderr]   Downloaded icu_collections v2.1.1
[INFO] [stderr]   Downloaded mio v1.1.1
[INFO] [stderr]   Downloaded memchr v2.8.0
[INFO] [stderr]   Downloaded bumpalo v3.19.1
[INFO] [stderr]   Downloaded r-efi v5.3.0
[INFO] [stderr]   Downloaded cc v1.2.56
[INFO] [stderr]   Downloaded http v1.4.0
[INFO] [stderr]   Downloaded zerovec v0.11.5
[INFO] [stderr]   Downloaded indexmap v2.13.0
[INFO] [stderr]   Downloaded inotify-sys v0.1.5
[INFO] [stderr]   Downloaded instant-distance v0.6.1
[INFO] [stderr]   Downloaded icu_properties_data v2.1.2
[INFO] [stderr]   Downloaded wasip3 v0.4.0+wasi-0.3.0-rc-2026-01-06
[INFO] [stderr]   Downloaded wasip2 v1.0.2+wasi-0.2.9
[INFO] [stderr]   Downloaded tower-http v0.6.8
[INFO] [stderr]   Downloaded iri-string v0.7.10
[INFO] [stderr]   Downloaded serde_json v1.0.149
[INFO] [stderr]   Downloaded wit-parser v0.244.0
[INFO] [stderr]   Downloaded schannel v0.1.29
[INFO] [stderr]   Downloaded pin-utils v0.1.0
[INFO] [stderr]   Downloaded notify-types v1.0.1
[INFO] [stderr]   Downloaded kqueue-sys v1.0.4
[INFO] [stderr]   Downloaded syn v2.0.116
[INFO] [stderr]   Downloaded inotify v0.10.2
[INFO] [stderr]   Downloaded num_cpus v1.17.0
[INFO] [stderr]   Downloaded chrono v0.4.43
[INFO] [stderr]   Downloaded vcpkg v0.2.15
[INFO] [stderr]   Downloaded quinn-proto v0.11.14
[INFO] [stderr]   Downloaded wit-component v0.244.0
[INFO] [stderr]   Downloaded wasmparser v0.244.0
[INFO] [stderr]   Downloaded webpki-roots v1.0.6
[INFO] [stderr]   Downloaded zerocopy v0.8.39
[INFO] [stderr]   Downloaded fsevent-sys v4.1.0
[INFO] [stderr]   Downloaded instant v0.1.13
[INFO] [stderr]   Downloaded rustc-hash v2.1.1
[INFO] [stderr]   Downloaded unsafe-libyaml v0.2.11
[INFO] [stderr]   Downloaded kqueue v1.1.1
[INFO] [stderr]   Downloaded either v1.15.0
[INFO] [stderr]   Downloaded rustls v0.23.36
[INFO] [stderr]   Downloaded rustix v1.1.3
[INFO] [stderr]   Downloaded rand_chacha v0.9.0
[INFO] [stderr]   Downloaded unicase v2.9.0
[INFO] [stderr]   Downloaded ordered-float v3.9.2
[INFO] [stderr]   Downloaded pkg-config v0.3.32
[INFO] [stderr]   Downloaded mime_guess v2.0.5
[INFO] [stderr]   Downloaded eml-core v0.1.0
[INFO] [stderr]   Downloaded rand_core v0.9.5
[INFO] [stderr]   Downloaded cron v0.15.0
[INFO] [stderr]   Downloaded clawft-platform v0.6.12
[INFO] [stderr]   Downloaded filetime v0.2.27
[INFO] [stderr]   Downloaded quinn-udp v0.5.14
[INFO] [stderr]   Downloaded notify v7.0.0
[INFO] [stderr]   Downloaded getrandom v0.3.4
[INFO] [stderr]   Downloaded regex v1.12.3
[INFO] [stderr]   Downloaded clawft-plugin v0.6.12
[INFO] [stderr]   Downloaded serde_yaml v0.9.34+deprecated
[INFO] [stderr]   Downloaded clawft-llm v0.6.12
[INFO] [stderr]   Downloaded rand v0.8.5
[INFO] [stderr]   Downloaded quinn v0.11.9
[INFO] [stderr]   Downloaded web-sys v0.3.85
[INFO] [stderr]   Downloaded rand v0.9.2
[INFO] [stderr]   Downloaded zerocopy-derive v0.8.39
[INFO] [stderr]   Downloaded hyper v1.8.1
[INFO] [stderr]   Downloaded winnow v0.6.26
[INFO] [stderr]   Downloaded rayon v1.11.0
[INFO] [stderr]   Downloaded windows_aarch64_gnullvm v0.53.1
[INFO] [stderr]   Downloaded regex-syntax v0.8.9
[INFO] [stderr]   Downloaded windows_x86_64_gnullvm v0.53.1
[INFO] [stderr]   Downloaded libc v0.2.182
[INFO] [stderr]   Downloaded clawft-core v0.6.12
[INFO] [stderr]   Downloaded windows_x86_64_msvc v0.53.1
[INFO] [stderr]   Downloaded windows_i686_gnullvm v0.53.1
[INFO] [stderr]   Downloaded windows_aarch64_msvc v0.53.1
[INFO] [stderr]   Downloaded tokio v1.49.0
[INFO] [stderr]   Downloaded openssl v0.10.75
[INFO] [stderr]   Downloaded windows_x86_64_gnu v0.53.1
[INFO] [stderr]   Downloaded windows_i686_msvc v0.53.1
[INFO] [stderr]   Downloaded windows_i686_gnu v0.53.1
[INFO] [stderr]   Downloaded linux-raw-sys v0.11.0
[INFO] [stderr]   Downloaded windows-sys v0.60.2
[INFO] [stderr]   Downloaded clawft-services v0.6.12
[INFO] running `Command { std: "docker" "create" "-v" "/var/lib/crater-agent-workspace/builds/worker-3-tc1/source:/opt/rustwide/workdir:ro,Z" "-v" "/var/lib/crater-agent-workspace/builds/worker-3-tc1/target:/opt/rustwide/target:rw,Z" "-v" "/var/lib/crater-agent-workspace/cargo-home:/opt/rustwide/cargo-home:ro,Z" "-v" "/var/lib/crater-agent-workspace/rustup-home:/opt/rustwide/rustup-home:ro,Z" "-m" "1610612736" "--network" "none" "ghcr.io/rust-lang/crates-build-env/linux@sha256:3111399a4047eeb3a02b7a90e478d715f38a8c6669b5c4b49d30a17385265909" "sleep" "infinity", kill_on_drop: false }`
[INFO] [stdout] 29e834452f0c068983b848df0ae0255dfd368b016b19c484e55f6d948bdd0f72
[INFO] running `Command { std: "docker" "start" "29e834452f0c068983b848df0ae0255dfd368b016b19c484e55f6d948bdd0f72", kill_on_drop: false }`
[INFO] running `Command { std: "docker" "inspect" "29e834452f0c068983b848df0ae0255dfd368b016b19c484e55f6d948bdd0f72", kill_on_drop: false }`
[INFO] running `Command { std: "docker" "exec" "-e" "SOURCE_DIR=/opt/rustwide/workdir" "-e" "CARGO_HOME=/opt/rustwide/cargo-home" "-e" "RUSTUP_HOME=/opt/rustwide/rustup-home" "-e" "CARGO_TARGET_DIR=/opt/rustwide/target" "-w" "/opt/rustwide/workdir" "--user" "0:0" "29e834452f0c068983b848df0ae0255dfd368b016b19c484e55f6d948bdd0f72" "/opt/rustwide/cargo-home/bin/cargo" "+1.99.0-beta.8" "metadata" "--no-deps" "--format-version=1", kill_on_drop: false }`
[INFO] running `Command { std: "docker" "inspect" "29e834452f0c068983b848df0ae0255dfd368b016b19c484e55f6d948bdd0f72", kill_on_drop: false }`
[INFO] running `Command { std: "docker" "exec" "-e" "SOURCE_DIR=/opt/rustwide/workdir" "-e" "CARGO_HOME=/opt/rustwide/cargo-home" "-e" "RUSTUP_HOME=/opt/rustwide/rustup-home" "-e" "CARGO_TARGET_DIR=/opt/rustwide/target" "-e" "CARGO_INCREMENTAL=0" "-e" "RUST_BACKTRACE=full" "-e" "RUSTFLAGS=--cap-lints=warn" "-e" "RUSTDOCFLAGS=--cap-lints=warn" "-w" "/opt/rustwide/workdir" "--user" "0:0" "29e834452f0c068983b848df0ae0255dfd368b016b19c484e55f6d948bdd0f72" "/opt/rustwide/cargo-home/bin/cargo" "+1.99.0-beta.8" "build" "--frozen" "--message-format=json", kill_on_drop: false }`
[INFO] [stderr]    Compiling proc-macro2 v1.0.106
[INFO] [stderr]    Compiling unicode-ident v1.0.24
[INFO] [stderr]    Compiling quote v1.0.44
[INFO] [stderr]    Compiling libc v0.2.182
[INFO] [stderr]    Compiling cfg-if v1.0.4
[INFO] [stderr]    Compiling shlex v1.3.0
[INFO] [stderr]    Compiling find-msvc-tools v0.1.9
[INFO] [stderr]    Compiling smallvec v1.15.1
[INFO] [stderr]    Compiling parking_lot_core v0.9.12
[INFO] [stderr]    Compiling log v0.4.29
[INFO] [stderr]    Compiling itoa v1.0.17
[INFO] [stderr]    Compiling stable_deref_trait v1.2.1
[INFO] [stderr]    Compiling pin-project-lite v0.2.16
[INFO] [stderr]    Compiling bytes v1.11.1
[INFO] [stderr]    Compiling scopeguard v1.2.0
[INFO] [stderr]    Compiling futures-core v0.3.32
[INFO] [stderr]    Compiling cc v1.2.56
[INFO] [stderr]    Compiling lock_api v0.4.14
[INFO] [stderr]    Compiling once_cell v1.21.3
[INFO] [stderr]    Compiling serde_core v1.0.228
[INFO] [stderr]    Compiling pkg-config v0.3.32
[INFO] [stderr]    Compiling vcpkg v0.2.15
[INFO] [stderr]    Compiling writeable v0.6.2
[INFO] [stderr]    Compiling http v1.4.0
[INFO] [stderr]    Compiling syn v2.0.116
[INFO] [stderr]    Compiling serde v1.0.228
[INFO] [stderr]    Compiling litemap v0.8.1
[INFO] [stderr]    Compiling icu_normalizer_data v2.1.1
[INFO] [stderr]    Compiling httparse v1.10.1
[INFO] [stderr]    Compiling icu_properties_data v2.1.2
[INFO] [stderr]    Compiling percent-encoding v2.3.2
[INFO] [stderr]    Compiling slab v0.4.12
[INFO] [stderr]    Compiling zeroize v1.8.2
[INFO] [stderr]    Compiling futures-task v0.3.32
[INFO] [stderr]    Compiling rustls-pki-types v1.14.0
[INFO] [stderr]    Compiling zmij v1.0.21
[INFO] [stderr]    Compiling try-lock v0.2.5
[INFO] [stderr]    Compiling tower-service v0.3.3
[INFO] [stderr]    Compiling openssl v0.10.75
[INFO] [stderr]    Compiling foreign-types-shared v0.1.1
[INFO] [stderr]    Compiling errno v0.3.14
[INFO] [stderr]    Compiling mio v1.1.1
[INFO] [stderr]    Compiling signal-hook-registry v1.4.8
[INFO] [stderr]    Compiling socket2 v0.6.2
[INFO] [stderr]    Compiling parking_lot v0.12.5
[INFO] [stderr]    Compiling openssl-sys v0.9.111
[INFO] [stderr]    Compiling ring v0.17.14
[INFO] [stderr]    Compiling getrandom v0.2.17
[INFO] [stderr]    Compiling http-body v1.0.1
[INFO] [stderr]    Compiling bitflags v2.11.0
[INFO] [stderr]    Compiling untrusted v0.9.0
[INFO] [stderr]    Compiling foreign-types v0.3.2
[INFO] [stderr]    Compiling want v0.3.1
[INFO] [stderr]    Compiling tracing-core v0.1.36
[INFO] [stderr]    Compiling futures-channel v0.3.32
[INFO] [stderr]    Compiling autocfg v1.5.0
[INFO] [stderr]    Compiling atomic-waker v1.1.2
[INFO] [stderr]    Compiling native-tls v0.2.18
[INFO] [stderr]    Compiling pin-utils v0.1.0
[INFO] [stderr]    Compiling rustls v0.23.36
[INFO] [stderr]    Compiling serde_json v1.0.149
[INFO] [stderr]    Compiling memchr v2.8.0
[INFO] [stderr]    Compiling num-traits v0.2.19
[INFO] [stderr]    Compiling openssl-probe v0.2.1
[INFO] [stderr]    Compiling unicase v2.9.0
[INFO] [stderr]    Compiling subtle v2.6.1
[INFO] [stderr]    Compiling base64 v0.22.1
[INFO] [stderr]    Compiling ipnet v2.11.0
[INFO] [stderr]    Compiling mime_guess v2.0.5
[INFO] [stderr]    Compiling form_urlencoded v1.2.2
[INFO] [stderr]    Compiling sync_wrapper v1.0.2
[INFO] [stderr]    Compiling ryu v1.0.23
[INFO] [stderr]    Compiling getrandom v0.4.1
[INFO] [stderr]    Compiling tower-layer v0.3.3
[INFO] [stderr]    Compiling utf8_iter v1.0.4
[INFO] [stderr]    Compiling thiserror v2.0.18
[INFO] [stderr]    Compiling http-body-util v0.1.3
[INFO] [stderr]    Compiling webpki-roots v1.0.6
[INFO] [stderr]    Compiling iri-string v0.7.10
[INFO] [stderr]    Compiling iana-time-zone v0.1.65
[INFO] [stderr]    Compiling mime v0.3.17
[INFO] [stderr]    Compiling futures-sink v0.3.32
[INFO] [stderr]    Compiling option-ext v0.2.0
[INFO] [stderr]    Compiling dirs-sys v0.5.0
[INFO] [stderr]    Compiling uuid v1.21.0
[INFO] [stderr]    Compiling dirs v6.0.0
[INFO] [stderr]    Compiling inotify-sys v0.1.5
[INFO] [stderr]    Compiling instant v0.1.13
[INFO] [stderr]    Compiling bitflags v1.3.2
[INFO] [stderr]    Compiling same-file v1.0.6
[INFO] [stderr]    Compiling hashbrown v0.16.1
[INFO] [stderr]    Compiling equivalent v1.0.2
[INFO] [stderr]    Compiling walkdir v2.5.0
[INFO] [stderr]    Compiling inotify v0.10.2
[INFO] [stderr]    Compiling notify-types v1.0.1
[INFO] [stderr]    Compiling filetime v0.2.27
[INFO] [stderr]    Compiling unsafe-libyaml v0.2.11
[INFO] [stderr]    Compiling semver v1.0.27
[INFO] [stderr]    Compiling notify v7.0.0
[INFO] [stderr]    Compiling fnv v1.0.7
[INFO] [stderr]    Compiling indexmap v2.13.0
[INFO] [stderr]    Compiling synstructure v0.13.2
[INFO] [stderr]    Compiling zerofrom-derive v0.1.6
[INFO] [stderr]    Compiling yoke-derive v0.8.1
[INFO] [stderr]    Compiling zerovec-derive v0.11.2
[INFO] [stderr]    Compiling displaydoc v0.2.5
[INFO] [stderr]    Compiling tokio-macros v2.6.0
[INFO] [stderr]    Compiling serde_derive v1.0.228
[INFO] [stderr]    Compiling futures-macro v0.3.32
[INFO] [stderr]    Compiling tracing-attributes v0.1.31
[INFO] [stderr]    Compiling tokio v1.49.0
[INFO] [stderr]    Compiling futures-util v0.3.32
[INFO] [stderr]    Compiling openssl-macros v0.1.1
[INFO] [stderr]    Compiling rustls-webpki v0.103.10
[INFO] [stderr]    Compiling zerofrom v0.1.6
[INFO] [stderr]    Compiling yoke v0.8.1
[INFO] [stderr]    Compiling thiserror-impl v2.0.18
[INFO] [stderr]    Compiling zerovec v0.11.5
[INFO] [stderr]    Compiling zerotrie v0.2.3
[INFO] [stderr]    Compiling tracing v0.1.44
[INFO] [stderr]    Compiling tinystr v0.8.2
[INFO] [stderr]    Compiling icu_locale_core v2.1.1
[INFO] [stderr]    Compiling potential_utf v0.1.4
[INFO] [stderr]    Compiling icu_collections v2.1.1
[INFO] [stderr]    Compiling async-trait v0.1.89
[INFO] [stderr]    Compiling icu_provider v2.1.1
[INFO] [stderr]    Compiling icu_normalizer v2.1.1
[INFO] [stderr]    Compiling icu_properties v2.1.2
[INFO] [stderr]    Compiling serde_urlencoded v0.7.1
[INFO] [stderr]    Compiling chrono v0.4.43
[INFO] [stderr]    Compiling eml-core v0.1.0
[INFO] [stderr]    Compiling serde_yaml v0.9.34+deprecated
[INFO] [stderr]    Compiling idna_adapter v1.2.1
[INFO] [stderr]    Compiling idna v1.1.0
[INFO] [stderr]    Compiling clawft-types v0.6.12
[INFO] [stderr]    Compiling url v2.5.8
[INFO] [stderr]    Compiling hyper v1.8.1
[INFO] [stderr]    Compiling tower v0.5.3
[INFO] [stderr]    Compiling tokio-native-tls v0.3.1
[INFO] [stderr]    Compiling tokio-util v0.7.18
[INFO] [stderr]    Compiling tokio-rustls v0.26.4
[INFO] [stderr]    Compiling tower-http v0.6.8
[INFO] [stderr]    Compiling hyper-util v0.1.20
[INFO] [stderr]    Compiling hyper-tls v0.6.0
[INFO] [stderr]    Compiling hyper-rustls v0.27.7
[INFO] [stderr]    Compiling reqwest v0.12.28
[INFO] [stderr]    Compiling clawft-platform v0.6.12
[INFO] [stderr]    Compiling clawft-llm v0.6.12
[INFO] [stderr]    Compiling clawft-plugin v0.6.12
[INFO] [stderr]    Compiling clawft-core v0.6.12
[INFO] [stderr]    Compiling clawft-tools v0.6.12 (/opt/rustwide/workdir)
[INFO] [stderr]     Finished `dev` profile [unoptimized + debuginfo] target(s) in 2m 06s
[INFO] running `Command { std: "docker" "inspect" "29e834452f0c068983b848df0ae0255dfd368b016b19c484e55f6d948bdd0f72", kill_on_drop: false }`
[INFO] running `Command { std: "docker" "exec" "-e" "SOURCE_DIR=/opt/rustwide/workdir" "-e" "CARGO_HOME=/opt/rustwide/cargo-home" "-e" "RUSTUP_HOME=/opt/rustwide/rustup-home" "-e" "CARGO_TARGET_DIR=/opt/rustwide/target" "-e" "CARGO_INCREMENTAL=0" "-e" "RUST_BACKTRACE=full" "-e" "RUSTFLAGS=--cap-lints=warn" "-e" "RUSTDOCFLAGS=--cap-lints=warn" "-w" "/opt/rustwide/workdir" "--user" "0:0" "29e834452f0c068983b848df0ae0255dfd368b016b19c484e55f6d948bdd0f72" "/opt/rustwide/cargo-home/bin/cargo" "+1.99.0-beta.8" "test" "--frozen" "--no-run" "--message-format=json", kill_on_drop: false }`
[INFO] [stderr]    Compiling clawft-tools v0.6.12 (/opt/rustwide/workdir)
[INFO] [stderr]     Finished `test` profile [unoptimized + debuginfo] target(s) in 7.32s
[INFO] running `Command { std: "docker" "inspect" "29e834452f0c068983b848df0ae0255dfd368b016b19c484e55f6d948bdd0f72", kill_on_drop: false }`
[INFO] running `Command { std: "docker" "exec" "-e" "SOURCE_DIR=/opt/rustwide/workdir" "-e" "CARGO_HOME=/opt/rustwide/cargo-home" "-e" "RUSTUP_HOME=/opt/rustwide/rustup-home" "-e" "CARGO_TARGET_DIR=/opt/rustwide/target" "-e" "CARGO_INCREMENTAL=0" "-e" "RUST_BACKTRACE=full" "-e" "RUSTFLAGS=--cap-lints=warn" "-e" "RUSTDOCFLAGS=--cap-lints=warn" "-w" "/opt/rustwide/workdir" "--user" "0:0" "29e834452f0c068983b848df0ae0255dfd368b016b19c484e55f6d948bdd0f72" "/opt/rustwide/cargo-home/bin/cargo" "+1.99.0-beta.8" "test" "--frozen", kill_on_drop: false }`
[INFO] [stderr]     Finished `test` profile [unoptimized + debuginfo] target(s) in 0.31s
[INFO] [stderr]      Running unittests src/lib.rs (/opt/rustwide/target/debug/deps/clawft_tools-0543a866626265b1)
[INFO] [stdout] 
[INFO] [stdout] running 152 tests
[INFO] [stdout] test file_tools::tests::test_edit_file_not_found ... ok
[INFO] [stdout] test file_tools::tests::test_edit_file_ambiguous_match ... ok
[INFO] [stdout] test file_tools::tests::test_edit_file_old_text_not_found ... ok
[INFO] [stdout] test file_tools::tests::test_list_directory_not_found ... ok
[INFO] [stdout] test file_tools::tests::test_symlink_outside_workspace_rejected ... ok
[INFO] [stdout] test file_tools::tests::test_read_file_success ... ok
[INFO] [stdout] test file_tools::tests::test_list_directory_success ... ok
[INFO] [stdout] test file_tools::tests::test_edit_file_success ... ok
[INFO] [stdout] test file_tools::tests::test_list_directory_empty ... ok
[INFO] [stdout] test file_tools::tests::test_read_file_missing_path_param ... ok
[INFO] [stdout] test file_tools::tests::test_read_file_traversal_rejected ... ok
[INFO] [stdout] test file_tools::tests::test_read_file_not_found ... ok
[INFO] [stdout] test file_tools::tests::test_validate_path_rejects_absolute_outside ... ok
[INFO] [stdout] test file_tools::tests::test_validate_path_rejects_traversal ... ok
[INFO] [stdout] test file_tools::tests::test_symlink_to_directory_outside_workspace_rejected ... ok
[INFO] [stdout] test file_tools::tests::test_validate_path_accepts_valid ... ok
[INFO] [stdout] test file_tools::tests::test_write_file_missing_content ... ok
[INFO] [stdout] test memory_tool::tests::test_memory_write_and_read_roundtrip ... ok
[INFO] [stdout] test file_tools::tests::test_write_file_traversal_rejected ... ok
[INFO] [stdout] test file_tools::tests::test_symlink_within_workspace_allowed ... ok
[INFO] [stdout] test memory_tool::tests::test_search_paragraphs_basic ... ok
[INFO] [stdout] test memory_tool::tests::test_search_paragraphs_case_insensitive ... ok
[INFO] [stdout] test memory_tool::tests::test_search_paragraphs_empty_content ... ok
[INFO] [stdout] test file_tools::tests::test_write_file_creates_parent_dirs ... ok
[INFO] [stdout] test message_tool::tests::description_not_empty ... ok
[INFO] [stdout] test message_tool::tests::missing_channel_returns_error ... ok
[INFO] [stdout] test message_tool::tests::missing_chat_id_returns_error ... ok
[INFO] [stdout] test message_tool::tests::missing_content_returns_error ... ok
[INFO] [stdout] test message_tool::tests::name_is_message ... ok
[INFO] [stdout] test memory_tool::tests::test_search_paragraphs_no_match ... ok
[INFO] [stdout] test file_tools::tests::test_write_file_success ... ok
[INFO] [stdout] test message_tool::tests::tool_is_object_safe ... ok
[INFO] [stdout] test security_policy::tests::allowlist_permits_cat ... ok
[INFO] [stdout] test security_policy::tests::allowlist_permits_echo ... ok
[INFO] [stdout] test security_policy::tests::allowlist_permits_ls ... ok
[INFO] [stdout] test security_policy::tests::allowlist_permits_path_to_listed_binary ... ok
[INFO] [stdout] test security_policy::tests::allowlist_permits_pwd ... ok
[INFO] [stdout] test security_policy::tests::allowlist_rejects_bash ... ok
[INFO] [stdout] test security_policy::tests::allowlist_rejects_curl ... ok
[INFO] [stdout] test security_policy::tests::allowlist_rejects_nc ... ok
[INFO] [stdout] test security_policy::tests::allowlist_rejects_nmap ... ok
[INFO] [stdout] test security_policy::tests::allowlist_rejects_path_to_unlisted_binary ... ok
[INFO] [stdout] test message_tool::tests::parameters_has_required_fields ... ok
[INFO] [stdout] test security_policy::tests::allowlist_rejects_wget ... ok
[INFO] [stdout] test message_tool::tests::successful_dispatch ... ok
[INFO] [stdout] test security_policy::tests::dangerous_patterns_checked_in_allowlist_mode ... ok
[INFO] [stdout] test security_policy::tests::case_insensitive_mixed_case_blocked ... ok
[INFO] [stdout] test memory_tool::tests::test_memory_read_no_file ... ok
[INFO] [stdout] test security_policy::tests::case_insensitive_sudo_blocked ... ok
[INFO] [stdout] test security_policy::tests::dangerous_patterns_checked_in_denylist_mode ... ok
[INFO] [stdout] test memory_tool::tests::test_memory_write_append_mode ... ok
[INFO] [stdout] test security_policy::tests::denylist_blocks_rm_rf_root ... ok
[INFO] [stdout] test memory_tool::tests::test_memory_write_overwrite_mode ... ok
[INFO] [stdout] test security_policy::tests::denylist_permits_curl_when_not_denied ... ok
[INFO] [stdout] test security_policy::tests::denylist_blocks_sudo ... ok
[INFO] [stdout] test security_policy::tests::extract_first_token_simple ... ok
[INFO] [stdout] test security_policy::tests::extract_first_token_empty ... ok
[INFO] [stdout] test security_policy::tests::extract_first_token_whitespace_only ... ok
[INFO] [stdout] test security_policy::tests::extract_first_token_with_path ... ok
[INFO] [stdout] test security_policy::tests::safe_defaults_denylist_matches_dangerous ... ok
[INFO] [stdout] test security_policy::tests::tab_in_sudo_command_still_matched ... ok
[INFO] [stdout] test security_policy::tests::policy_error_from_command_policy_error ... ok
[INFO] [stdout] test security_policy::tests::safe_defaults_creates_correct_mode ... ok
[INFO] [stdout] test security_policy::tests::safe_defaults_has_dangerous_patterns ... ok
[INFO] [stdout] test security_policy::tests::extract_first_token_leading_whitespace ... ok
[INFO] [stdout] test security_policy::tests::safe_defaults_has_expected_allowlist ... ok
[INFO] [stdout] test shell_tool::tests::test_dangerous_dd ... ok
[INFO] [stdout] test shell_tool::tests::test_captures_stderr ... ok
[INFO] [stdout] test shell_tool::tests::test_dangerous_fork_bomb ... ok
[INFO] [stdout] test shell_tool::tests::test_dangerous_sudo ... ok
[INFO] [stdout] test shell_tool::tests::test_dangerous_mkfs ... ok
[INFO] [stdout] test shell_tool::tests::test_policy_rejects_unlisted_command ... ok
[INFO] [stdout] test shell_tool::tests::test_nonzero_exit_code ... ok
[INFO] [stdout] test shell_tool::tests::test_echo_command ... ok
[INFO] [stdout] test shell_tool::tests::test_safe_command_allowed ... ok
[INFO] [stdout] test shell_tool::tests::test_dangerous_rm_rf ... ok
[INFO] [stdout] test shell_tool::tests::test_missing_command_param ... ok
[INFO] [stdout] test spawn_tool::tests::active_spawns_starts_at_zero ... ok
[INFO] [stdout] test shell_tool::tests::test_working_directory ... ok
[INFO] [stdout] test memory_tool::tests::test_memory_write_tool_missing_content ... ok
[INFO] [stdout] test shell_tool::tests::test_default_timeout_used ... ok
[INFO] [stdout] test memory_tool::tests::test_resolve_memory_path_returns_primary ... ok
[INFO] [stdout] test spawn_tool::tests::missing_command_returns_error ... ok
[INFO] [stdout] test spawn_tool::tests::name_is_spawn ... ok
[INFO] [stdout] test spawn_tool::tests::parameters_has_command ... ok
[INFO] [stdout] test url_safety::tests::allow_private_permits_private_ips ... ok
[INFO] [stdout] test spawn_tool::tests::description_not_empty ... ok
[INFO] [stdout] test url_safety::tests::allowed_domain_bypasses_checks ... ok
[INFO] [stdout] test url_safety::tests::blocked_domain ... ok
[INFO] [stdout] test url_safety::tests::default_policy_is_enabled ... ok
[INFO] [stdout] test url_safety::tests::invalid_url ... ok
[INFO] [stdout] test url_safety::tests::ipv4_mapped_ipv6 ... ok
[INFO] [stdout] test url_safety::tests::ipv6_loopback ... ok
[INFO] [stdout] test url_safety::tests::ipv6_link_local ... ok
[INFO] [stdout] test url_safety::tests::ipv6_unique_local ... ok
[INFO] [stdout] test url_safety::tests::is_blocked_ip_v4_mapped_v6_public ... ok
[INFO] [stdout] test url_safety::tests::is_blocked_ip_v4_mapped_v6 ... ok
[INFO] [stdout] test url_safety::tests::is_blocked_ip_v4_private ... ok
[INFO] [stdout] test url_safety::tests::is_blocked_ip_v6_public ... ok
[INFO] [stdout] test url_safety::tests::is_blocked_ip_v4_public ... ok
[INFO] [stdout] test url_safety::tests::is_blocked_ip_v6_reserved ... ok
[INFO] [stdout] test url_safety::tests::link_local_169_254_1_1 ... ok
[INFO] [stdout] test url_safety::tests::loopback_127_0_0_2 ... ok
[INFO] [stdout] test url_safety::tests::metadata_aws ... ok
[INFO] [stdout] test url_safety::tests::loopback_127_0_0_1 ... ok
[INFO] [stdout] test url_safety::tests::metadata_gcp ... ok
[INFO] [stdout] test url_safety::tests::permissive_policy_is_disabled ... ok
[INFO] [stdout] test url_safety::tests::policy_disabled_allows_everything ... ok
[INFO] [stdout] test url_safety::tests::private_ip_10_network ... ok
[INFO] [stdout] test url_safety::tests::private_ip_172_16_network ... ok
[INFO] [stdout] test url_safety::tests::private_ip_192_168_network ... ok
[INFO] [stdout] test spawn_tool::tests::spawn_echo_succeeds ... ok
[INFO] [stdout] test url_safety::tests::public_url_openai_api ... ok
[INFO] [stdout] test url_safety::tests::public_url_with_path_and_query ... ok
[INFO] [stdout] test url_safety::tests::public_url_example_com ... ok
[INFO] [stdout] test url_safety::tests::zero_network_blocked ... ok
[INFO] [stdout] test spawn_tool::tests::tool_is_object_safe ... ok
[INFO] [stdout] test spawn_tool::tests::spawn_with_no_args ... ok
[INFO] [stdout] test web_fetch::tests::invalid_url_scheme_returns_error ... ok
[INFO] [stdout] test web_fetch::tests::description_not_empty ... ok
[INFO] [stdout] test web_fetch::tests::missing_url_returns_error ... ok
[INFO] [stdout] test web_fetch::tests::default_max_response_bytes_is_10mb ... ok
[INFO] [stdout] test web_fetch::tests::name_is_web_fetch ... ok
[INFO] [stdout] test web_fetch::tests::oversized_response_is_truncated ... ok
[INFO] [stdout] test web_fetch::tests::response_within_limit_not_truncated ... ok
[INFO] [stdout] test web_fetch::tests::parameters_has_url ... ok
[INFO] [stdout] test web_fetch::tests::tool_is_object_safe ... ok
[INFO] [stdout] test web_search::tests::config_configured_with_api_key ... ok
[INFO] [stdout] test web_search::tests::config_configured_with_endpoint ... ok
[INFO] [stdout] test spawn_tool::tests::concurrency_limit_enforced ... FAILED
[INFO] [stdout] test web_search::tests::config_not_configured_with_empty_strings ... ok
[INFO] [stdout] test web_search::tests::config_not_configured_when_empty ... ok
[INFO] [stdout] test web_fetch::tests::with_max_bytes_sets_custom_limit ... ok
[INFO] [stdout] test web_search::tests::build_request_brave_api_key ... ok
[INFO] [stdout] test web_search::tests::execute_missing_query_returns_error ... ok
[INFO] [stdout] test web_search::tests::build_request_custom_endpoint ... ok
[INFO] [stdout] test web_search::tests::build_request_encodes_special_chars ... ok
[INFO] [stdout] test web_search::tests::description_is_not_empty ... ok
[INFO] [stdout] test web_search::tests::execute_with_empty_endpoint_returns_not_configured ... ok
[INFO] [stdout] test web_search::tests::execute_uses_config_max_results_default ... ok
[INFO] [stdout] test web_search::tests::execute_with_api_key_not_configured_message ... ok
[INFO] [stdout] test web_search::tests::execute_without_endpoint_returns_not_configured ... ok
[INFO] [stdout] test web_search::tests::urlencoding_plain ... ok
[INFO] [stdout] test web_search::tests::from_endpoint_with_none ... ok
[INFO] [stdout] test web_search::tests::urlencoding_special_chars ... ok
[INFO] [stdout] test web_search::tests::urlencoding_spaces ... ok
[INFO] [stdout] test web_search::tests::parameters_has_query ... ok
[INFO] [stdout] test web_search::tests::from_endpoint_with_some ... ok
[INFO] [stdout] test web_search::tests::tool_is_object_safe ... ok
[INFO] [stdout] test web_search::tests::name_is_web_search ... ok
[INFO] [stdout] test shell_tool::tests::test_timeout ... ok
[INFO] [stdout] test shell_tool::tests::test_timeout_clamped_to_max ... ok
[INFO] [stdout] 
[INFO] [stdout] failures:
[INFO] [stdout] 
[INFO] [stdout] ---- spawn_tool::tests::concurrency_limit_enforced stdout ----
[INFO] [stdout] 
[INFO] [stdout] thread 'spawn_tool::tests::concurrency_limit_enforced' (2393) panicked at src/spawn_tool.rs:282:14:
[INFO] [stdout] called `Result::unwrap_err()` on an `Ok` value: Object {"command": String("echo"), "description": String("(no description)"), "exit_code": Number(0), "stderr": String(""), "stdout": String("test\n")}
[INFO] [stdout] stack backtrace:
[INFO] [stdout]    0:     0x648750a3f231 - std[70759c8f55707aa4]::backtrace_rs::backtrace::libunwind::trace
[INFO] [stdout]                                at /rustc/dfb0accb7f508ae8be965d8629557221c889dd98/library/std/src/../../backtrace/src/backtrace/libunwind.rs:117:9
[INFO] [stdout]    1:     0x648750a3f231 - std[70759c8f55707aa4]::backtrace_rs::backtrace::trace_unsynchronized::<std[70759c8f55707aa4]::sys::backtrace::_print_fmt::{closure#1}>
[INFO] [stdout]                                at /rustc/dfb0accb7f508ae8be965d8629557221c889dd98/library/std/src/../../backtrace/src/backtrace/mod.rs:66:14
[INFO] [stdout]    2:     0x648750a3f231 - std[70759c8f55707aa4]::sys::backtrace::_print_fmt
[INFO] [stdout]                                at /rustc/dfb0accb7f508ae8be965d8629557221c889dd98/library/std/src/sys/backtrace.rs:74:9
[INFO] [stdout]    3:     0x648750a3f231 - <<std[70759c8f55707aa4]::sys::backtrace::BacktraceLock>::print::DisplayBacktrace as core[df12db4294e9bfd3]::fmt::Display>::fmt
[INFO] [stdout]                                at /rustc/dfb0accb7f508ae8be965d8629557221c889dd98/library/std/src/sys/backtrace.rs:44:26
[INFO] [stdout]    4:     0x648750a5736a - <core[df12db4294e9bfd3]::fmt::rt::Argument>::fmt
[INFO] [stdout]                                at /rustc/dfb0accb7f508ae8be965d8629557221c889dd98/library/core/src/fmt/rt.rs:152:76
[INFO] [stdout]    5:     0x648750a5736a - core[df12db4294e9bfd3]::fmt::write
[INFO] [stdout]    6:     0x648750a443cc - core[df12db4294e9bfd3]::io::write::default_write_fmt::<alloc[2182bb758b4b3781]::vec::Vec<u8>>
[INFO] [stdout]                                at /rustc/dfb0accb7f508ae8be965d8629557221c889dd98/library/core/src/io/write.rs:402:11
[INFO] [stdout]    7:     0x648750a443cc - <alloc[2182bb758b4b3781]::vec::Vec<u8> as core[df12db4294e9bfd3]::io::write::Write>::write_fmt
[INFO] [stdout]                                at /rustc/dfb0accb7f508ae8be965d8629557221c889dd98/library/core/src/io/write.rs:335:13
[INFO] [stdout]    8:     0x648750a18066 - <std[70759c8f55707aa4]::sys::backtrace::BacktraceLock>::print
[INFO] [stdout]                                at /rustc/dfb0accb7f508ae8be965d8629557221c889dd98/library/std/src/sys/backtrace.rs:47:9
[INFO] [stdout]    9:     0x648750a18066 - std[70759c8f55707aa4]::panicking::default_hook::{closure#0}
[INFO] [stdout]                                at /rustc/dfb0accb7f508ae8be965d8629557221c889dd98/library/std/src/panicking.rs:292:27
[INFO] [stdout]   10:     0x648750a36009 - std[70759c8f55707aa4]::panicking::default_hook
[INFO] [stdout]                                at /rustc/dfb0accb7f508ae8be965d8629557221c889dd98/library/std/src/panicking.rs:316:9
[INFO] [stdout]   11:     0x648750431b40 - <alloc[2182bb758b4b3781]::boxed::Box<dyn for<'a, 'b> core[df12db4294e9bfd3]::ops::function::Fn<(&'a std[70759c8f55707aa4]::panic::PanicHookInfo<'b>,), Output = ()> + core[df12db4294e9bfd3]::marker::Send + core[df12db4294e9bfd3]::marker::Sync> as core[df12db4294e9bfd3]::ops::function::Fn<(&std[70759c8f55707aa4]::panic::PanicHookInfo,)>>::call
[INFO] [stdout]                                at /rustc/dfb0accb7f508ae8be965d8629557221c889dd98/library/alloc/src/boxed.rs:2334:9
[INFO] [stdout]   12:     0x648750431b40 - test[9d35eded1c95d3be]::test_main_inner::<test[9d35eded1c95d3be]::test_main_static::{closure#0}>::{closure#0}
[INFO] [stdout]                                at /rustc/dfb0accb7f508ae8be965d8629557221c889dd98/library/test/src/lib.rs:155:21
[INFO] [stdout]   13:     0x648750a36332 - <alloc[2182bb758b4b3781]::boxed::Box<dyn for<'a, 'b> core[df12db4294e9bfd3]::ops::function::Fn<(&'a std[70759c8f55707aa4]::panic::PanicHookInfo<'b>,), Output = ()> + core[df12db4294e9bfd3]::marker::Send + core[df12db4294e9bfd3]::marker::Sync> as core[df12db4294e9bfd3]::ops::function::Fn<(&std[70759c8f55707aa4]::panic::PanicHookInfo,)>>::call
[INFO] [stdout]                                at /rustc/dfb0accb7f508ae8be965d8629557221c889dd98/library/alloc/src/boxed.rs:2334:9
[INFO] [stdout]   14:     0x648750a36332 - std[70759c8f55707aa4]::panicking::panic_with_hook
[INFO] [stdout]                                at /rustc/dfb0accb7f508ae8be965d8629557221c889dd98/library/std/src/panicking.rs:823:13
[INFO] [stdout]   15:     0x648750a18112 - std[70759c8f55707aa4]::panicking::panic_handler::{closure#0}
[INFO] [stdout]                                at /rustc/dfb0accb7f508ae8be965d8629557221c889dd98/library/std/src/panicking.rs:688:13
[INFO] [stdout]   16:     0x648750a10a09 - std[70759c8f55707aa4]::sys::backtrace::__rust_end_short_backtrace::<std[70759c8f55707aa4]::panicking::panic_handler::{closure#0}, !>
[INFO] [stdout]                                at /rustc/dfb0accb7f508ae8be965d8629557221c889dd98/library/std/src/sys/backtrace.rs:182:18
[INFO] [stdout]   17:     0x648750a18fed - __rustc[8fa7c3cbc660c2b3]::rust_begin_unwind
[INFO] [stdout]                                at /rustc/dfb0accb7f508ae8be965d8629557221c889dd98/library/std/src/panicking.rs:679:5
[INFO] [stdout]   18:     0x648750a57b8c - core[df12db4294e9bfd3]::panicking::panic_fmt
[INFO] [stdout]                                at /rustc/dfb0accb7f508ae8be965d8629557221c889dd98/library/core/src/panicking.rs:80:14
[INFO] [stdout]   19:     0x648750a578e2 - core[df12db4294e9bfd3]::result::unwrap_failed
[INFO] [stdout]                                at /rustc/dfb0accb7f508ae8be965d8629557221c889dd98/library/core/src/result.rs:1871:5
[INFO] [stdout]   20:     0x6487504035f8 - <core[df12db4294e9bfd3]::result::Result<serde_json[cd381a36c581509a]::value::Value, clawft_core[a4a6fce03b821f19]::tools::registry::ToolError>>::unwrap_err
[INFO] [stdout]                                at /rustc/dfb0accb7f508ae8be965d8629557221c889dd98/library/core/src/result.rs:1328:22
[INFO] [stdout]   21:     0x64875041dd20 - clawft_tools[c3bd480f471495d]::spawn_tool::tests::concurrency_limit_enforced::{closure#0}
[INFO] [stdout]                                at /opt/rustwide/workdir/src/spawn_tool.rs:282:14
[INFO] [stdout]   22:     0x6487503da692 - <core[df12db4294e9bfd3]::pin::Pin<&mut dyn core[df12db4294e9bfd3]::future::future::Future<Output = ()>> as core[df12db4294e9bfd3]::future::future::Future>::poll
[INFO] [stdout]                                at /rustc/dfb0accb7f508ae8be965d8629557221c889dd98/library/core/src/future/future.rs:133:9
[INFO] [stdout]   23:     0x6487503da70d - <core[df12db4294e9bfd3]::pin::Pin<&mut core[df12db4294e9bfd3]::pin::Pin<&mut dyn core[df12db4294e9bfd3]::future::future::Future<Output = ()>>> as core[df12db4294e9bfd3]::future::future::Future>::poll
[INFO] [stdout]                                at /rustc/dfb0accb7f508ae8be965d8629557221c889dd98/library/core/src/future/future.rs:133:9
[INFO] [stdout]   24:     0x6487503b59cd - <tokio[7be29d7347a75c84]::runtime::scheduler::current_thread::CoreGuard>::block_on::<core[df12db4294e9bfd3]::pin::Pin<&mut core[df12db4294e9bfd3]::pin::Pin<&mut dyn core[df12db4294e9bfd3]::future::future::Future<Output = ()>>>>::{closure#0}::{closure#0}::{closure#0}
[INFO] [stdout]                                at /opt/rustwide/cargo-home/registry/src/index.crates.io-1949cf8c6b5b557f/tokio-1.49.0/src/runtime/scheduler/current_thread/mod.rs:753:70
[INFO] [stdout]   25:     0x6487503b58f5 - tokio[7be29d7347a75c84]::task::coop::with_budget::<core[df12db4294e9bfd3]::task::poll::Poll<()>, <tokio[7be29d7347a75c84]::runtime::scheduler::current_thread::CoreGuard>::block_on<core[df12db4294e9bfd3]::pin::Pin<&mut core[df12db4294e9bfd3]::pin::Pin<&mut dyn core[df12db4294e9bfd3]::future::future::Future<Output = ()>>>>::{closure#0}::{closure#0}::{closure#0}>
[INFO] [stdout]                                at /opt/rustwide/cargo-home/registry/src/index.crates.io-1949cf8c6b5b557f/tokio-1.49.0/src/task/coop/mod.rs:167:5
[INFO] [stdout]   26:     0x6487503b58f5 - tokio[7be29d7347a75c84]::task::coop::budget::<core[df12db4294e9bfd3]::task::poll::Poll<()>, <tokio[7be29d7347a75c84]::runtime::scheduler::current_thread::CoreGuard>::block_on<core[df12db4294e9bfd3]::pin::Pin<&mut core[df12db4294e9bfd3]::pin::Pin<&mut dyn core[df12db4294e9bfd3]::future::future::Future<Output = ()>>>>::{closure#0}::{closure#0}::{closure#0}>
[INFO] [stdout]                                at /opt/rustwide/cargo-home/registry/src/index.crates.io-1949cf8c6b5b557f/tokio-1.49.0/src/task/coop/mod.rs:133:5
[INFO] [stdout]   27:     0x6487503b58f5 - <tokio[7be29d7347a75c84]::runtime::scheduler::current_thread::CoreGuard>::block_on::<core[df12db4294e9bfd3]::pin::Pin<&mut core[df12db4294e9bfd3]::pin::Pin<&mut dyn core[df12db4294e9bfd3]::future::future::Future<Output = ()>>>>::{closure#0}::{closure#0}
[INFO] [stdout]                                at /opt/rustwide/cargo-home/registry/src/index.crates.io-1949cf8c6b5b557f/tokio-1.49.0/src/runtime/scheduler/current_thread/mod.rs:753:25
[INFO] [stdout]   28:     0x6487503ae852 - <tokio[7be29d7347a75c84]::runtime::scheduler::current_thread::Context>::enter::<core[df12db4294e9bfd3]::task::poll::Poll<()>, <tokio[7be29d7347a75c84]::runtime::scheduler::current_thread::CoreGuard>::block_on<core[df12db4294e9bfd3]::pin::Pin<&mut core[df12db4294e9bfd3]::pin::Pin<&mut dyn core[df12db4294e9bfd3]::future::future::Future<Output = ()>>>>::{closure#0}::{closure#0}>
[INFO] [stdout]                                at /opt/rustwide/cargo-home/registry/src/index.crates.io-1949cf8c6b5b557f/tokio-1.49.0/src/runtime/scheduler/current_thread/mod.rs:442:19
[INFO] [stdout]   29:     0x6487503b4dfd - <tokio[7be29d7347a75c84]::runtime::scheduler::current_thread::CoreGuard>::block_on::<core[df12db4294e9bfd3]::pin::Pin<&mut core[df12db4294e9bfd3]::pin::Pin<&mut dyn core[df12db4294e9bfd3]::future::future::Future<Output = ()>>>>::{closure#0}
[INFO] [stdout]                                at /opt/rustwide/cargo-home/registry/src/index.crates.io-1949cf8c6b5b557f/tokio-1.49.0/src/runtime/scheduler/current_thread/mod.rs:752:44
[INFO] [stdout]   30:     0x6487503b40f4 - <tokio[7be29d7347a75c84]::runtime::scheduler::current_thread::CoreGuard>::enter::<<tokio[7be29d7347a75c84]::runtime::scheduler::current_thread::CoreGuard>::block_on<core[df12db4294e9bfd3]::pin::Pin<&mut core[df12db4294e9bfd3]::pin::Pin<&mut dyn core[df12db4294e9bfd3]::future::future::Future<Output = ()>>>>::{closure#0}, core[df12db4294e9bfd3]::option::Option<()>>::{closure#0}
[INFO] [stdout]                                at /opt/rustwide/cargo-home/registry/src/index.crates.io-1949cf8c6b5b557f/tokio-1.49.0/src/runtime/scheduler/current_thread/mod.rs:840:68
[INFO] [stdout]   31:     0x6487503e7c8b - <tokio[7be29d7347a75c84]::runtime::context::scoped::Scoped<tokio[7be29d7347a75c84]::runtime::scheduler::Context>>::set::<<tokio[7be29d7347a75c84]::runtime::scheduler::current_thread::CoreGuard>::enter<<tokio[7be29d7347a75c84]::runtime::scheduler::current_thread::CoreGuard>::block_on<core[df12db4294e9bfd3]::pin::Pin<&mut core[df12db4294e9bfd3]::pin::Pin<&mut dyn core[df12db4294e9bfd3]::future::future::Future<Output = ()>>>>::{closure#0}, core[df12db4294e9bfd3]::option::Option<()>>::{closure#0}, (alloc[2182bb758b4b3781]::boxed::Box<tokio[7be29d7347a75c84]::runtime::scheduler::current_thread::Core>, core[df12db4294e9bfd3]::option::Option<()>)>
[INFO] [stdout]                                at /opt/rustwide/cargo-home/registry/src/index.crates.io-1949cf8c6b5b557f/tokio-1.49.0/src/runtime/context/scoped.rs:40:9
[INFO] [stdout]   32:     0x6487503b6ff9 - tokio[7be29d7347a75c84]::runtime::context::set_scheduler::<(alloc[2182bb758b4b3781]::boxed::Box<tokio[7be29d7347a75c84]::runtime::scheduler::current_thread::Core>, core[df12db4294e9bfd3]::option::Option<()>), <tokio[7be29d7347a75c84]::runtime::scheduler::current_thread::CoreGuard>::enter<<tokio[7be29d7347a75c84]::runtime::scheduler::current_thread::CoreGuard>::block_on<core[df12db4294e9bfd3]::pin::Pin<&mut core[df12db4294e9bfd3]::pin::Pin<&mut dyn core[df12db4294e9bfd3]::future::future::Future<Output = ()>>>>::{closure#0}, core[df12db4294e9bfd3]::option::Option<()>>::{closure#0}>::{closure#0}
[INFO] [stdout]                                at /opt/rustwide/cargo-home/registry/src/index.crates.io-1949cf8c6b5b557f/tokio-1.49.0/src/runtime/context.rs:176:38
[INFO] [stdout]   33:     0x6487503c3eff - <std[70759c8f55707aa4]::thread::local::LocalKey<tokio[7be29d7347a75c84]::runtime::context::Context>>::try_with::<tokio[7be29d7347a75c84]::runtime::context::set_scheduler<(alloc[2182bb758b4b3781]::boxed::Box<tokio[7be29d7347a75c84]::runtime::scheduler::current_thread::Core>, core[df12db4294e9bfd3]::option::Option<()>), <tokio[7be29d7347a75c84]::runtime::scheduler::current_thread::CoreGuard>::enter<<tokio[7be29d7347a75c84]::runtime::scheduler::current_thread::CoreGuard>::block_on<core[df12db4294e9bfd3]::pin::Pin<&mut core[df12db4294e9bfd3]::pin::Pin<&mut dyn core[df12db4294e9bfd3]::future::future::Future<Output = ()>>>>::{closure#0}, core[df12db4294e9bfd3]::option::Option<()>>::{closure#0}>::{closure#0}, (alloc[2182bb758b4b3781]::boxed::Box<tokio[7be29d7347a75c84]::runtime::scheduler::current_thread::Core>, core[df12db4294e9bfd3]::option::Option<()>)>
[INFO] [stdout]                                at /rustc/dfb0accb7f508ae8be965d8629557221c889dd98/library/std/src/thread/local.rs:463:12
[INFO] [stdout]   34:     0x6487503c3aae - <std[70759c8f55707aa4]::thread::local::LocalKey<tokio[7be29d7347a75c84]::runtime::context::Context>>::with::<tokio[7be29d7347a75c84]::runtime::context::set_scheduler<(alloc[2182bb758b4b3781]::boxed::Box<tokio[7be29d7347a75c84]::runtime::scheduler::current_thread::Core>, core[df12db4294e9bfd3]::option::Option<()>), <tokio[7be29d7347a75c84]::runtime::scheduler::current_thread::CoreGuard>::enter<<tokio[7be29d7347a75c84]::runtime::scheduler::current_thread::CoreGuard>::block_on<core[df12db4294e9bfd3]::pin::Pin<&mut core[df12db4294e9bfd3]::pin::Pin<&mut dyn core[df12db4294e9bfd3]::future::future::Future<Output = ()>>>>::{closure#0}, core[df12db4294e9bfd3]::option::Option<()>>::{closure#0}>::{closure#0}, (alloc[2182bb758b4b3781]::boxed::Box<tokio[7be29d7347a75c84]::runtime::scheduler::current_thread::Core>, core[df12db4294e9bfd3]::option::Option<()>)>
[INFO] [stdout]                                at /rustc/dfb0accb7f508ae8be965d8629557221c889dd98/library/std/src/thread/local.rs:427:20
[INFO] [stdout]   35:     0x6487503b6bcd - tokio[7be29d7347a75c84]::runtime::context::set_scheduler::<(alloc[2182bb758b4b3781]::boxed::Box<tokio[7be29d7347a75c84]::runtime::scheduler::current_thread::Core>, core[df12db4294e9bfd3]::option::Option<()>), <tokio[7be29d7347a75c84]::runtime::scheduler::current_thread::CoreGuard>::enter<<tokio[7be29d7347a75c84]::runtime::scheduler::current_thread::CoreGuard>::block_on<core[df12db4294e9bfd3]::pin::Pin<&mut core[df12db4294e9bfd3]::pin::Pin<&mut dyn core[df12db4294e9bfd3]::future::future::Future<Output = ()>>>>::{closure#0}, core[df12db4294e9bfd3]::option::Option<()>>::{closure#0}>
[INFO] [stdout]                                at /opt/rustwide/cargo-home/registry/src/index.crates.io-1949cf8c6b5b557f/tokio-1.49.0/src/runtime/context.rs:176:17
[INFO] [stdout]   36:     0x6487503b0630 - <tokio[7be29d7347a75c84]::runtime::scheduler::current_thread::CoreGuard>::enter::<<tokio[7be29d7347a75c84]::runtime::scheduler::current_thread::CoreGuard>::block_on<core[df12db4294e9bfd3]::pin::Pin<&mut core[df12db4294e9bfd3]::pin::Pin<&mut dyn core[df12db4294e9bfd3]::future::future::Future<Output = ()>>>>::{closure#0}, core[df12db4294e9bfd3]::option::Option<()>>
[INFO] [stdout]                                at /opt/rustwide/cargo-home/registry/src/index.crates.io-1949cf8c6b5b557f/tokio-1.49.0/src/runtime/scheduler/current_thread/mod.rs:840:27
[INFO] [stdout]   37:     0x6487503b0926 - <tokio[7be29d7347a75c84]::runtime::scheduler::current_thread::CoreGuard>::block_on::<core[df12db4294e9bfd3]::pin::Pin<&mut core[df12db4294e9bfd3]::pin::Pin<&mut dyn core[df12db4294e9bfd3]::future::future::Future<Output = ()>>>>
[INFO] [stdout]                                at /opt/rustwide/cargo-home/registry/src/index.crates.io-1949cf8c6b5b557f/tokio-1.49.0/src/runtime/scheduler/current_thread/mod.rs:740:24
[INFO] [stdout]   38:     0x6487503b3c00 - <tokio[7be29d7347a75c84]::runtime::scheduler::current_thread::CurrentThread>::block_on::<core[df12db4294e9bfd3]::pin::Pin<&mut dyn core[df12db4294e9bfd3]::future::future::Future<Output = ()>>>::{closure#0}
[INFO] [stdout]                                at /opt/rustwide/cargo-home/registry/src/index.crates.io-1949cf8c6b5b557f/tokio-1.49.0/src/runtime/scheduler/current_thread/mod.rs:200:33
[INFO] [stdout]   39:     0x6487503c4ef8 - tokio[7be29d7347a75c84]::runtime::context::runtime::enter_runtime::<<tokio[7be29d7347a75c84]::runtime::scheduler::current_thread::CurrentThread>::block_on<core[df12db4294e9bfd3]::pin::Pin<&mut dyn core[df12db4294e9bfd3]::future::future::Future<Output = ()>>>::{closure#0}, ()>
[INFO] [stdout]                                at /opt/rustwide/cargo-home/registry/src/index.crates.io-1949cf8c6b5b557f/tokio-1.49.0/src/runtime/context/runtime.rs:65:16
[INFO] [stdout]   40:     0x6487503ae414 - <tokio[7be29d7347a75c84]::runtime::scheduler::current_thread::CurrentThread>::block_on::<core[df12db4294e9bfd3]::pin::Pin<&mut dyn core[df12db4294e9bfd3]::future::future::Future<Output = ()>>>
[INFO] [stdout]                                at /opt/rustwide/cargo-home/registry/src/index.crates.io-1949cf8c6b5b557f/tokio-1.49.0/src/runtime/scheduler/current_thread/mod.rs:188:9
[INFO] [stdout]   41:     0x648750404f1f - <tokio[7be29d7347a75c84]::runtime::runtime::Runtime>::block_on_inner::<core[df12db4294e9bfd3]::pin::Pin<&mut dyn core[df12db4294e9bfd3]::future::future::Future<Output = ()>>>
[INFO] [stdout]                                at /opt/rustwide/cargo-home/registry/src/index.crates.io-1949cf8c6b5b557f/tokio-1.49.0/src/runtime/runtime.rs:368:52
[INFO] [stdout]   42:     0x64875040506b - <tokio[7be29d7347a75c84]::runtime::runtime::Runtime>::block_on::<core[df12db4294e9bfd3]::pin::Pin<&mut dyn core[df12db4294e9bfd3]::future::future::Future<Output = ()>>>
[INFO] [stdout]                                at /opt/rustwide/cargo-home/registry/src/index.crates.io-1949cf8c6b5b557f/tokio-1.49.0/src/runtime/runtime.rs:342:18
[INFO] [stdout]   43:     0x648750422b73 - clawft_tools[c3bd480f471495d]::spawn_tool::tests::concurrency_limit_enforced
[INFO] [stdout]                                at /opt/rustwide/workdir/src/spawn_tool.rs:288:50
[INFO] [stdout]   44:     0x64875041b737 - clawft_tools[c3bd480f471495d]::spawn_tool::tests::concurrency_limit_enforced::{closure#0}
[INFO] [stdout]                                at /opt/rustwide/workdir/src/spawn_tool.rs:274:42
[INFO] [stdout]   45:     0x64875037b7d6 - <clawft_tools[c3bd480f471495d]::spawn_tool::tests::concurrency_limit_enforced::{closure#0} as core[df12db4294e9bfd3]::ops::function::FnOnce<()>>::call_once
[INFO] [stdout]                                at /rustc/dfb0accb7f508ae8be965d8629557221c889dd98/library/core/src/ops/function.rs:250:5
[INFO] [stdout]   46:     0x648750424e2b - <fn() -> core[df12db4294e9bfd3]::result::Result<(), alloc[2182bb758b4b3781]::string::String> as core[df12db4294e9bfd3]::ops::function::FnOnce<()>>::call_once
[INFO] [stdout]                                at /rustc/dfb0accb7f508ae8be965d8629557221c889dd98/library/core/src/ops/function.rs:250:5
[INFO] [stdout]   47:     0x648750424e2b - test[9d35eded1c95d3be]::__rust_begin_short_backtrace::<core[df12db4294e9bfd3]::result::Result<(), alloc[2182bb758b4b3781]::string::String>, fn() -> core[df12db4294e9bfd3]::result::Result<(), alloc[2182bb758b4b3781]::string::String>>
[INFO] [stdout]                                at /rustc/dfb0accb7f508ae8be965d8629557221c889dd98/library/test/src/lib.rs:733:18
[INFO] [stdout]   48:     0x648750432495 - test[9d35eded1c95d3be]::run_test_in_process::{closure#0}
[INFO] [stdout]                                at /rustc/dfb0accb7f508ae8be965d8629557221c889dd98/library/test/src/lib.rs:756:74
[INFO] [stdout]   49:     0x648750432495 - <core[df12db4294e9bfd3]::panic::unwind_safe::AssertUnwindSafe<test[9d35eded1c95d3be]::run_test_in_process::{closure#0}> as core[df12db4294e9bfd3]::ops::function::FnOnce<()>>::call_once
[INFO] [stdout]                                at /rustc/dfb0accb7f508ae8be965d8629557221c889dd98/library/core/src/panic/unwind_safe.rs:275:9
[INFO] [stdout]   50:     0x648750432495 - std[70759c8f55707aa4]::panicking::catch_unwind::do_call::<core[df12db4294e9bfd3]::panic::unwind_safe::AssertUnwindSafe<test[9d35eded1c95d3be]::run_test_in_process::{closure#0}>, core[df12db4294e9bfd3]::result::Result<(), alloc[2182bb758b4b3781]::string::String>>
[INFO] [stdout]                                at /rustc/dfb0accb7f508ae8be965d8629557221c889dd98/library/std/src/panicking.rs:576:43
[INFO] [stdout]   51:     0x648750432495 - std[70759c8f55707aa4]::panicking::catch_unwind::<core[df12db4294e9bfd3]::result::Result<(), alloc[2182bb758b4b3781]::string::String>, core[df12db4294e9bfd3]::panic::unwind_safe::AssertUnwindSafe<test[9d35eded1c95d3be]::run_test_in_process::{closure#0}>>
[INFO] [stdout]                                at /rustc/dfb0accb7f508ae8be965d8629557221c889dd98/library/std/src/panicking.rs:544:19
[INFO] [stdout]   52:     0x648750432495 - std[70759c8f55707aa4]::panic::catch_unwind::<core[df12db4294e9bfd3]::panic::unwind_safe::AssertUnwindSafe<test[9d35eded1c95d3be]::run_test_in_process::{closure#0}>, core[df12db4294e9bfd3]::result::Result<(), alloc[2182bb758b4b3781]::string::String>>
[INFO] [stdout]                                at /rustc/dfb0accb7f508ae8be965d8629557221c889dd98/library/std/src/panic.rs:359:14
[INFO] [stdout]   53:     0x648750432495 - test[9d35eded1c95d3be]::run_test_in_process
[INFO] [stdout]                                at /rustc/dfb0accb7f508ae8be965d8629557221c889dd98/library/test/src/lib.rs:756:27
[INFO] [stdout]   54:     0x648750432495 - test[9d35eded1c95d3be]::run_test::{closure#0}
[INFO] [stdout]                                at /rustc/dfb0accb7f508ae8be965d8629557221c889dd98/library/test/src/lib.rs:677:43
[INFO] [stdout]   55:     0x64875042bd54 - test[9d35eded1c95d3be]::run_test::{closure#1}
[INFO] [stdout]                                at /rustc/dfb0accb7f508ae8be965d8629557221c889dd98/library/test/src/lib.rs:707:41
[INFO] [stdout]   56:     0x64875042bd54 - std[70759c8f55707aa4]::sys::backtrace::__rust_begin_short_backtrace::<test[9d35eded1c95d3be]::run_test::{closure#1}, ()>
[INFO] [stdout]                                at /rustc/dfb0accb7f508ae8be965d8629557221c889dd98/library/std/src/sys/backtrace.rs:166:18
[INFO] [stdout]   57:     0x6487504355f2 - std[70759c8f55707aa4]::thread::lifecycle::spawn_unchecked::<test[9d35eded1c95d3be]::run_test::{closure#1}, ()>::{closure#1}::{closure#0}
[INFO] [stdout]                                at /rustc/dfb0accb7f508ae8be965d8629557221c889dd98/library/std/src/thread/lifecycle.rs:70:13
[INFO] [stdout]   58:     0x6487504355f2 - <core[df12db4294e9bfd3]::panic::unwind_safe::AssertUnwindSafe<std[70759c8f55707aa4]::thread::lifecycle::spawn_unchecked<test[9d35eded1c95d3be]::run_test::{closure#1}, ()>::{closure#1}::{closure#0}> as core[df12db4294e9bfd3]::ops::function::FnOnce<()>>::call_once
[INFO] [stdout]                                at /rustc/dfb0accb7f508ae8be965d8629557221c889dd98/library/core/src/panic/unwind_safe.rs:275:9
[INFO] [stdout]   59:     0x6487504355f2 - std[70759c8f55707aa4]::panicking::catch_unwind::do_call::<core[df12db4294e9bfd3]::panic::unwind_safe::AssertUnwindSafe<std[70759c8f55707aa4]::thread::lifecycle::spawn_unchecked<test[9d35eded1c95d3be]::run_test::{closure#1}, ()>::{closure#1}::{closure#0}>, ()>
[INFO] [stdout]                                at /rustc/dfb0accb7f508ae8be965d8629557221c889dd98/library/std/src/panicking.rs:576:43
[INFO] [stdout]   60:     0x6487504355f2 - std[70759c8f55707aa4]::panicking::catch_unwind::<(), core[df12db4294e9bfd3]::panic::unwind_safe::AssertUnwindSafe<std[70759c8f55707aa4]::thread::lifecycle::spawn_unchecked<test[9d35eded1c95d3be]::run_test::{closure#1}, ()>::{closure#1}::{closure#0}>>
[INFO] [stdout]                                at /rustc/dfb0accb7f508ae8be965d8629557221c889dd98/library/std/src/panicking.rs:544:19
[INFO] [stdout]   61:     0x6487504355f2 - std[70759c8f55707aa4]::panic::catch_unwind::<core[df12db4294e9bfd3]::panic::unwind_safe::AssertUnwindSafe<std[70759c8f55707aa4]::thread::lifecycle::spawn_unchecked<test[9d35eded1c95d3be]::run_test::{closure#1}, ()>::{closure#1}::{closure#0}>, ()>
[INFO] [stdout]                                at /rustc/dfb0accb7f508ae8be965d8629557221c889dd98/library/std/src/panic.rs:359:14
[INFO] [stdout]   62:     0x6487504355f2 - std[70759c8f55707aa4]::thread::lifecycle::spawn_unchecked::<test[9d35eded1c95d3be]::run_test::{closure#1}, ()>::{closure#1}
[INFO] [stdout]                                at /rustc/dfb0accb7f508ae8be965d8629557221c889dd98/library/std/src/thread/lifecycle.rs:68:26
[INFO] [stdout]   63:     0x6487504355f2 - <std[70759c8f55707aa4]::thread::lifecycle::spawn_unchecked<test[9d35eded1c95d3be]::run_test::{closure#1}, ()>::{closure#1} as core[df12db4294e9bfd3]::ops::function::FnOnce<()>>::call_once::{shim:vtable#0}
[INFO] [stdout]                                at /rustc/dfb0accb7f508ae8be965d8629557221c889dd98/library/core/src/ops/function.rs:250:5
[INFO] [stdout]   64:     0x648750a3e1f9 - <alloc[2182bb758b4b3781]::boxed::Box<dyn core[df12db4294e9bfd3]::ops::function::FnOnce<(), Output = ()> + core[df12db4294e9bfd3]::marker::Send> as core[df12db4294e9bfd3]::ops::function::FnOnce<()>>::call_once
[INFO] [stdout]                                at /rustc/dfb0accb7f508ae8be965d8629557221c889dd98/library/alloc/src/boxed.rs:2320:9
[INFO] [stdout]   65:     0x648750a3e1f9 - <std[70759c8f55707aa4]::sys::thread::unix::Thread>::new::thread_start
[INFO] [stdout]                                at /rustc/dfb0accb7f508ae8be965d8629557221c889dd98/library/std/src/sys/thread/unix.rs:123:17
[INFO] [stdout]   66:     0x70d605033dfa - <unknown>
[INFO] [stdout]   67:     0x70d6050c73d4 - clone
[INFO] [stdout]   68:                0x0 - <unknown>
[INFO] [stdout] 
[INFO] [stdout] 
[INFO] [stdout] failures:
[INFO] [stdout]     spawn_tool::tests::concurrency_limit_enforced
[INFO] [stdout] 
[INFO] [stdout] test result: FAILED. 151 passed; 1 failed; 0 ignored; 0 measured; 0 filtered out; finished in 2.63s
[INFO] [stdout] 
[INFO] [stderr] error: test failed, to rerun pass `--lib`
[INFO] running `Command { std: "docker" "inspect" "29e834452f0c068983b848df0ae0255dfd368b016b19c484e55f6d948bdd0f72", kill_on_drop: false }`
[INFO] running `Command { std: "docker" "rm" "-f" "29e834452f0c068983b848df0ae0255dfd368b016b19c484e55f6d948bdd0f72", kill_on_drop: false }`
[INFO] [stdout] 29e834452f0c068983b848df0ae0255dfd368b016b19c484e55f6d948bdd0f72
