[INFO] cloning repository https://github.com/warpforgehq/yett
[INFO] running `Command { std: "git" "-c" "credential.helper=" "-c" "credential.helper=/workspace/cargo-home/bin/git-credential-null" "clone" "--bare" "https://github.com/warpforgehq/yett" "/workspace/cache/git-repos/https%3A%2F%2Fgithub.com%2Fwarpforgehq%2Fyett", kill_on_drop: false }`
[INFO] [stderr] Cloning into bare repository '/workspace/cache/git-repos/https%3A%2F%2Fgithub.com%2Fwarpforgehq%2Fyett'...
[INFO] running `Command { std: "git" "rev-parse" "HEAD", kill_on_drop: false }`
[INFO] [stdout] 8dc87dc910fcd09872b62ac69dc2dbe0008dbd54
[INFO] testing warpforgehq/yett against 1.99.0-beta.8 for beta-1.100-2
[INFO] running `Command { std: "git" "clone" "/workspace/cache/git-repos/https%3A%2F%2Fgithub.com%2Fwarpforgehq%2Fyett" "/workspace/builds/worker-0-tc1/source", kill_on_drop: false }`
[INFO] [stderr] Cloning into '/workspace/builds/worker-0-tc1/source'...
[INFO] [stderr] done.
[INFO] started tweaking git repo https://github.com/warpforgehq/yett
[INFO] finished tweaking git repo https://github.com/warpforgehq/yett
[INFO] tweaked toml for git repo https://github.com/warpforgehq/yett written to /workspace/builds/worker-0-tc1/source/Cargo.toml
[INFO] validating manifest of git repo https://github.com/warpforgehq/yett on toolchain 1.99.0-beta.8
[INFO] running `Command { std: CARGO_HOME="/workspace/cargo-home" RUSTUP_HOME="/workspace/rustup-home" "/workspace/cargo-home/bin/cargo" "+1.99.0-beta.8" "metadata" "--manifest-path" "Cargo.toml" "--no-deps", kill_on_drop: false }`
[INFO] crate git repo https://github.com/warpforgehq/yett already has a lockfile, it will not be regenerated
[INFO] running `Command { std: CARGO_HOME="/workspace/cargo-home" RUSTUP_HOME="/workspace/rustup-home" "/workspace/cargo-home/bin/cargo" "+1.99.0-beta.8" "fetch" "--manifest-path" "Cargo.toml", kill_on_drop: false }`
[INFO] [stderr]     Updating crates.io index
[INFO] [stderr]  Downloading crates ...
[INFO] [stderr]   Downloaded rpassword v7.5.4
[INFO] [stderr]   Downloaded secrecy v0.10.3
[INFO] [stderr]   Downloaded rtoolbox v0.0.6
[INFO] [stderr]   Downloaded zeroize_derive v1.5.0
[INFO] [stderr]   Downloaded ref-cast v1.0.27
[INFO] [stderr]   Downloaded wasm-bindgen-shared v0.2.128
[INFO] [stderr]   Downloaded wasm-bindgen-macro v0.2.128
[INFO] [stderr]   Downloaded darling_macro v0.24.1
[INFO] [stderr]   Downloaded fluent-langneg v0.13.1
[INFO] [stderr]   Downloaded intl_pluralrules v7.0.2
[INFO] [stderr]   Downloaded age-core v0.11.0
[INFO] [stderr]   Downloaded i18n-embed-impl v0.8.4
[INFO] [stderr]   Downloaded fluent v0.17.0
[INFO] [stderr]   Downloaded ff v0.13.1
[INFO] [stderr]   Downloaded find-msvc-tools v0.1.12
[INFO] [stderr]   Downloaded rust-embed-utils v8.12.0
[INFO] [stderr]   Downloaded fluent v0.16.1
[INFO] [stderr]   Downloaded base16ct v0.2.0
[INFO] [stderr]   Downloaded kem v0.3.0-pre.0
[INFO] [stderr]   Downloaded proc-macro-error-attr3 v3.1.1
[INFO] [stderr]   Downloaded fluent-syntax v0.12.0
[INFO] [stderr]   Downloaded age-core v0.12.0
[INFO] [stderr]   Downloaded ref-cast-impl v1.0.27
[INFO] [stderr]   Downloaded defmt-parser v1.0.0
[INFO] [stderr]   Downloaded bs58 v0.5.1
[INFO] [stderr]   Downloaded impl-tools v0.11.4
[INFO] [stderr]   Downloaded curve25519-dalek-derive v0.1.1
[INFO] [stderr]   Downloaded block-buffer v0.12.1
[INFO] [stderr]   Downloaded intl-memoizer v0.5.3
[INFO] [stderr]   Downloaded cookie-factory v0.3.3
[INFO] [stderr]   Downloaded io_tee v0.1.1
[INFO] [stderr]   Downloaded proc-macro-error3 v3.1.1
[INFO] [stderr]   Downloaded bech32 v0.9.1
[INFO] [stderr]   Downloaded type-map v0.5.1
[INFO] [stderr]   Downloaded self_cell v0.10.3
[INFO] [stderr]   Downloaded keccak v0.1.6
[INFO] [stderr]   Downloaded serde_with_macros v3.23.0
[INFO] [stderr]   Downloaded portable-atomic-util v0.2.8
[INFO] [stderr]   Downloaded jiff-static v0.2.37
[INFO] [stderr]   Downloaded defmt v1.1.1
[INFO] [stderr]   Downloaded serde_regex v1.2.0
[INFO] [stderr]   Downloaded rust-embed-impl v8.12.0
[INFO] [stderr]   Downloaded unic-langid v0.9.6
[INFO] [stderr]   Downloaded i18n-embed v0.15.4
[INFO] [stderr]   Downloaded i18n-config v0.4.8
[INFO] [stderr]   Downloaded find-crate v0.6.3
[INFO] [stderr]   Downloaded fluent-syntax v0.11.1
[INFO] [stderr]   Downloaded fluent-bundle v0.15.3
[INFO] [stderr]   Downloaded chacha20 v0.9.1
[INFO] [stderr]   Downloaded group v0.13.0
[INFO] [stderr]   Downloaded hybrid-array v0.2.3
[INFO] [stderr]   Downloaded libredox v0.1.24
[INFO] [stderr]   Downloaded sha2 v0.11.0
[INFO] [stderr]   Downloaded hybrid-array v0.4.15
[INFO] [stderr]   Downloaded i18n-embed-fl v0.9.4
[INFO] [stderr]   Downloaded smallvec v1.16.1
[INFO] [stderr]   Downloaded toml v0.5.11
[INFO] [stderr]   Downloaded poly1305 v0.8.0
[INFO] [stderr]   Downloaded p256 v0.13.2
[INFO] [stderr]   Downloaded primeorder v0.13.6
[INFO] [stderr]   Downloaded sec1 v0.7.3
[INFO] [stderr]   Downloaded ml-kem v0.2.3
[INFO] [stderr]   Downloaded i18n-embed-fl v0.10.1
[INFO] [stderr]   Downloaded defmt-macros v1.1.1
[INFO] [stderr]   Downloaded wasm-bindgen v0.2.128
[INFO] [stderr]   Downloaded impl-tools-lib v0.11.4
[INFO] [stderr]   Downloaded tinyvec v1.13.2
[INFO] [stderr]   Downloaded chacha20poly1305 v0.10.1
[INFO] [stderr]   Downloaded i18n-embed v0.16.0
[INFO] [stderr]   Downloaded fluent-bundle v0.16.0
[INFO] [stderr]   Downloaded bech32 v0.11.1
[INFO] [stderr]   Downloaded rops v0.1.7
[INFO] [stderr]   Downloaded basic-toml v0.1.10
[INFO] [stderr]   Downloaded arc-swap v1.9.2
[INFO] [stderr]   Downloaded darling v0.24.1
[INFO] [stderr]   Downloaded darling_core v0.24.1
[INFO] [stderr]   Downloaded schemars v0.9.0
[INFO] [stderr]   Downloaded jiff-tzdb v0.1.8
[INFO] [stderr]   Downloaded cc v1.4.5
[INFO] [stderr]   Downloaded x25519-dalek v2.0.1
[INFO] [stderr]   Downloaded unic-langid-impl v0.9.6
[INFO] [stderr]   Downloaded elliptic-curve v0.13.8
[INFO] [stderr]   Downloaded crypto-bigint v0.5.5
[INFO] [stderr]   Downloaded jiff-core v0.1.1
[INFO] [stderr]   Downloaded wasm-bindgen-macro-support v0.2.128
[INFO] [stderr]   Downloaded js-sys v0.3.105
[INFO] [stderr]   Downloaded zerocopy-derive v0.8.57
[INFO] [stderr]   Downloaded age v0.11.5
[INFO] [stderr]   Downloaded portable-atomic v1.15.0
[INFO] [stderr]   Downloaded age v0.12.1
[INFO] [stderr]   Downloaded serde_with v3.23.0
[INFO] [stderr]   Downloaded zerocopy v0.8.57
[INFO] [stderr]   Downloaded syn v3.0.5
[INFO] [stderr]   Downloaded curve25519-dalek v4.1.3
[INFO] [stderr]   Downloaded fiat-crypto v0.2.9
[INFO] [stderr]   Downloaded jiff v0.2.37
[INFO] [stderr]   Downloaded sha3 v0.10.9
[INFO] [stderr]   Downloaded rust-embed v8.12.0
[INFO] [stderr]   Downloaded hpke v0.12.0
[INFO] running `Command { std: "docker" "create" "-v" "/var/lib/crater-agent-workspace/builds/worker-0-tc1/source:/opt/rustwide/workdir:ro,Z" "-v" "/var/lib/crater-agent-workspace/builds/worker-0-tc1/target:/opt/rustwide/target:rw,Z" "-v" "/var/lib/crater-agent-workspace/cargo-home:/opt/rustwide/cargo-home:ro,Z" "-v" "/var/lib/crater-agent-workspace/rustup-home:/opt/rustwide/rustup-home:ro,Z" "-m" "1610612736" "--network" "none" "ghcr.io/rust-lang/crates-build-env/linux@sha256:3111399a4047eeb3a02b7a90e478d715f38a8c6669b5c4b49d30a17385265909" "sleep" "infinity", kill_on_drop: false }`
[INFO] [stdout] ba961241678780b8527ecd6b7853a550ed1e868ea4bfbf5016e364ae96c5d547
[INFO] running `Command { std: "docker" "start" "ba961241678780b8527ecd6b7853a550ed1e868ea4bfbf5016e364ae96c5d547", kill_on_drop: false }`
[INFO] running `Command { std: "docker" "inspect" "ba961241678780b8527ecd6b7853a550ed1e868ea4bfbf5016e364ae96c5d547", kill_on_drop: false }`
[INFO] running `Command { std: "docker" "exec" "-e" "SOURCE_DIR=/opt/rustwide/workdir" "-e" "CARGO_HOME=/opt/rustwide/cargo-home" "-e" "RUSTUP_HOME=/opt/rustwide/rustup-home" "-e" "CARGO_TARGET_DIR=/opt/rustwide/target" "-w" "/opt/rustwide/workdir" "--user" "0:0" "ba961241678780b8527ecd6b7853a550ed1e868ea4bfbf5016e364ae96c5d547" "/opt/rustwide/cargo-home/bin/cargo" "+1.99.0-beta.8" "metadata" "--no-deps" "--format-version=1", kill_on_drop: false }`
[INFO] running `Command { std: "docker" "inspect" "ba961241678780b8527ecd6b7853a550ed1e868ea4bfbf5016e364ae96c5d547", kill_on_drop: false }`
[INFO] running `Command { std: "docker" "exec" "-e" "SOURCE_DIR=/opt/rustwide/workdir" "-e" "CARGO_HOME=/opt/rustwide/cargo-home" "-e" "RUSTUP_HOME=/opt/rustwide/rustup-home" "-e" "CARGO_TARGET_DIR=/opt/rustwide/target" "-e" "CARGO_INCREMENTAL=0" "-e" "RUST_BACKTRACE=full" "-e" "RUSTFLAGS=--cap-lints=warn" "-e" "RUSTDOCFLAGS=--cap-lints=warn" "-w" "/opt/rustwide/workdir" "--user" "0:0" "ba961241678780b8527ecd6b7853a550ed1e868ea4bfbf5016e364ae96c5d547" "/opt/rustwide/cargo-home/bin/cargo" "+1.99.0-beta.8" "build" "--frozen" "--message-format=json", kill_on_drop: false }`
[INFO] [stderr]    Compiling proc-macro2 v1.0.107
[INFO] [stderr]    Compiling quote v1.0.47
[INFO] [stderr]    Compiling libc v0.2.189
[INFO] [stderr]    Compiling typenum v1.20.1
[INFO] [stderr]    Compiling subtle v2.6.1
[INFO] [stderr]    Compiling memchr v2.8.3
[INFO] [stderr]    Compiling rustc-hash v2.1.3
[INFO] [stderr]    Compiling smallvec v1.16.1
[INFO] [stderr]    Compiling self_cell v1.3.0
[INFO] [stderr]    Compiling generic-array v0.14.7
[INFO] [stderr]    Compiling serde_core v1.0.228
[INFO] [stderr]    Compiling const-oid v0.10.2
[INFO] [stderr]    Compiling unicase v2.9.0
[INFO] [stderr]    Compiling cpufeatures v0.3.1
[INFO] [stderr]    Compiling thiserror v2.0.20
[INFO] [stderr]    Compiling zerocopy v0.8.57
[INFO] [stderr]    Compiling type-map v0.5.1
[INFO] [stderr]    Compiling mime v0.3.17
[INFO] [stderr]    Compiling rustversion v1.0.23
[INFO] [stderr]    Compiling log v0.4.34
[INFO] [stderr]    Compiling futures-sink v0.3.34
[INFO] [stderr]    Compiling mime_guess v2.0.5
[INFO] [stderr]    Compiling futures-core v0.3.34
[INFO] [stderr]    Compiling self_cell v0.10.3
[INFO] [stderr]    Compiling futures-io v0.3.34
[INFO] [stderr]    Compiling rustc-hash v1.1.0
[INFO] [stderr]    Compiling futures-task v0.3.34
[INFO] [stderr]    Compiling futures-channel v0.3.34
[INFO] [stderr]    Compiling base16ct v0.2.0
[INFO] [stderr]    Compiling curve25519-dalek v4.1.3
[INFO] [stderr]    Compiling zmij v1.0.23
[INFO] [stderr]    Compiling anyhow v1.0.104
[INFO] [stderr]    Compiling io_tee v0.1.1
[INFO] [stderr]    Compiling serde_json v1.0.151
[INFO] [stderr]    Compiling unsafe-libyaml v0.2.11
[INFO] [stderr]    Compiling num-traits v0.2.19
[INFO] [stderr]    Compiling indexmap v2.14.2
[INFO] [stderr]    Compiling unicode-segmentation v1.13.3
[INFO] [stderr]    Compiling regex-syntax v0.8.11
[INFO] [stderr]    Compiling minimal-lexical v0.2.1
[INFO] [stderr]    Compiling aho-corasick v1.1.5
[INFO] [stderr]    Compiling arc-swap v1.9.2
[INFO] [stderr]    Compiling convert_case v0.10.0
[INFO] [stderr]    Compiling nom v7.1.3
[INFO] [stderr]    Compiling unicode-xid v0.2.6
[INFO] [stderr]    Compiling base64 v0.21.7
[INFO] [stderr]    Compiling hybrid-array v0.4.15
[INFO] [stderr]    Compiling keccak v0.1.6
[INFO] [stderr]    Compiling hybrid-array v0.2.3
[INFO] [stderr]    Compiling syn v2.0.119
[INFO] [stderr]    Compiling syn v3.0.5
[INFO] [stderr]    Compiling proc-macro-error-attr2 v2.0.0
[INFO] [stderr]    Compiling proc-macro-error-attr3 v3.1.1
[INFO] [stderr]    Compiling nom v8.0.0
[INFO] [stderr]    Compiling bech32 v0.9.1
[INFO] [stderr]    Compiling bech32 v0.11.1
[INFO] [stderr]    Compiling getrandom v0.2.17
[INFO] [stderr]    Compiling parking_lot_core v0.9.12
[INFO] [stderr]    Compiling crypto-common v0.2.2
[INFO] [stderr]    Compiling rand_core v0.6.4
[INFO] [stderr]    Compiling block-buffer v0.12.1
[INFO] [stderr]    Compiling parking_lot v0.12.5
[INFO] [stderr]    Compiling ff v0.13.1
[INFO] [stderr]    Compiling getrandom v0.3.4
[INFO] [stderr]    Compiling dirs-sys v0.5.0
[INFO] [stderr]    Compiling group v0.13.0
[INFO] [stderr]    Compiling directories v6.0.0
[INFO] [stderr]    Compiling rand_core v0.9.5
[INFO] [stderr]    Compiling rtoolbox v0.0.6
[INFO] [stderr]    Compiling clap_builder v4.6.6
[INFO] [stderr]    Compiling rpassword v7.5.4
[INFO] [stderr]    Compiling regex-automata v0.4.18
[INFO] [stderr]    Compiling digest v0.11.3
[INFO] [stderr]    Compiling sha2 v0.11.0
[INFO] [stderr]    Compiling rust-embed-utils v8.12.0
[INFO] [stderr]    Compiling darling_core v0.24.1
[INFO] [stderr]    Compiling proc-macro-error3 v3.1.1
[INFO] [stderr]    Compiling ppv-lite86 v0.2.21
[INFO] [stderr]    Compiling displaydoc v0.2.7
[INFO] [stderr]    Compiling thiserror-impl v2.0.20
[INFO] [stderr]    Compiling futures-macro v0.3.34
[INFO] [stderr]    Compiling clap_derive v4.6.4
[INFO] [stderr]    Compiling rand_chacha v0.3.1
[INFO] [stderr]    Compiling rand_chacha v0.9.0
[INFO] [stderr]    Compiling rand v0.9.5
[INFO] [stderr]    Compiling rand v0.8.8
[INFO] [stderr]    Compiling proc-macro-error2 v2.0.1
[INFO] [stderr]    Compiling tinystr v0.8.4
[INFO] [stderr]    Compiling regex v1.13.1
[INFO] [stderr]    Compiling unic-langid-impl v0.9.6
[INFO] [stderr]    Compiling futures-util v0.3.34
[INFO] [stderr]    Compiling impl-tools-lib v0.11.4
[INFO] [stderr]    Compiling unic-langid v0.9.6
[INFO] [stderr]    Compiling fluent-langneg v0.13.1
[INFO] [stderr]    Compiling intl-memoizer v0.5.3
[INFO] [stderr]    Compiling intl_pluralrules v7.0.2
[INFO] [stderr]    Compiling fluent-syntax v0.12.0
[INFO] [stderr]    Compiling zeroize_derive v1.5.0
[INFO] [stderr]    Compiling serde_derive v1.0.228
[INFO] [stderr]    Compiling thiserror-impl v1.0.69
[INFO] [stderr]    Compiling rust-embed-impl v8.12.0
[INFO] [stderr]    Compiling curve25519-dalek-derive v0.1.1
[INFO] [stderr]    Compiling pin-project-internal v1.1.13
[INFO] [stderr]    Compiling derive_more-impl v2.1.1
[INFO] [stderr]    Compiling fluent-bundle v0.16.0
[INFO] [stderr]    Compiling strum_macros v0.27.2
[INFO] [stderr]    Compiling zeroize v1.9.0
[INFO] [stderr]    Compiling darling_macro v0.24.1
[INFO] [stderr]    Compiling rust-embed v8.12.0
[INFO] [stderr]    Compiling der v0.7.10
[INFO] [stderr]    Compiling secrecy v0.10.3
[INFO] [stderr]    Compiling kem v0.3.0-pre.0
[INFO] [stderr]    Compiling impl-tools v0.11.4
[INFO] [stderr]    Compiling darling v0.24.1
[INFO] [stderr]    Compiling serde_with_macros v3.23.0
[INFO] [stderr]    Compiling clap v4.6.6
[INFO] [stderr]    Compiling fluent v0.17.0
[INFO] [stderr]    Compiling pin-project v1.1.13
[INFO] [stderr]    Compiling thiserror v1.0.69
[INFO] [stderr]    Compiling fluent-syntax v0.11.1
[INFO] [stderr]    Compiling crypto-common v0.1.7
[INFO] [stderr]    Compiling block-buffer v0.10.4
[INFO] [stderr]    Compiling inout v0.1.4
[INFO] [stderr]    Compiling crypto-bigint v0.5.5
[INFO] [stderr]    Compiling universal-hash v0.5.1
[INFO] [stderr]    Compiling aead v0.5.2
[INFO] [stderr]    Compiling fluent-bundle v0.15.3
[INFO] [stderr]    Compiling digest v0.10.7
[INFO] [stderr]    Compiling cipher v0.4.4
[INFO] [stderr]    Compiling poly1305 v0.8.0
[INFO] [stderr]    Compiling polyval v0.6.2
[INFO] [stderr]    Compiling sec1 v0.7.3
[INFO] [stderr]    Compiling ghash v0.5.1
[INFO] [stderr]    Compiling hmac v0.12.1
[INFO] [stderr]    Compiling sha2 v0.10.9
[INFO] [stderr]    Compiling sha3 v0.10.9
[INFO] [stderr]    Compiling chacha20 v0.9.1
[INFO] [stderr]    Compiling ctr v0.9.2
[INFO] [stderr]    Compiling aes v0.8.4
[INFO] [stderr]    Compiling salsa20 v0.10.2
[INFO] [stderr]    Compiling serde_with v3.23.0
[INFO] [stderr]    Compiling hkdf v0.12.4
[INFO] [stderr]    Compiling pbkdf2 v0.12.2
[INFO] [stderr]    Compiling x25519-dalek v2.0.1
[INFO] [stderr]    Compiling chacha20poly1305 v0.10.1
[INFO] [stderr]    Compiling ml-kem v0.2.3
[INFO] [stderr]    Compiling scrypt v0.11.0
[INFO] [stderr]    Compiling fluent v0.16.1
[INFO] [stderr]    Compiling aes-gcm v0.10.3
[INFO] [stderr]    Compiling strum v0.27.2
[INFO] [stderr]    Compiling serde v1.0.228
[INFO] [stderr]    Compiling elliptic-curve v0.13.8
[INFO] [stderr]    Compiling futures-executor v0.3.34
[INFO] [stderr]    Compiling futures v0.3.34
[INFO] [stderr]    Compiling cookie-factory v0.3.3
[INFO] [stderr]    Compiling derive_more v2.1.1
[INFO] [stderr]    Compiling primeorder v0.13.6
[INFO] [stderr]    Compiling serde_regex v1.2.0
[INFO] [stderr]    Compiling chrono v0.4.45
[INFO] [stderr]    Compiling serde_yaml v0.9.34+deprecated
[INFO] [stderr]    Compiling age-core v0.11.0
[INFO] [stderr]    Compiling p256 v0.13.2
[INFO] [stderr]    Compiling toml v0.5.11
[INFO] [stderr]    Compiling basic-toml v0.1.10
[INFO] [stderr]    Compiling hpke v0.12.0
[INFO] [stderr]    Compiling age-core v0.12.0
[INFO] [stderr]    Compiling i18n-config v0.4.8
[INFO] [stderr]    Compiling find-crate v0.6.3
[INFO] [stderr]    Compiling i18n-embed-impl v0.8.4
[INFO] [stderr]    Compiling i18n-embed v0.15.4
[INFO] [stderr]    Compiling i18n-embed v0.16.0
[INFO] [stderr]    Compiling rops v0.1.7
[INFO] [stderr]    Compiling i18n-embed-fl v0.10.1
[INFO] [stderr]    Compiling i18n-embed-fl v0.9.4
[INFO] [stderr]    Compiling age v0.12.1
[INFO] [stderr]    Compiling age v0.11.5
[INFO] [stderr]    Compiling yett v0.1.2 (/opt/rustwide/workdir)
[INFO] [stderr]     Finished `dev` profile [unoptimized + debuginfo] target(s) in 1m 14s
[INFO] [stderr] warning: the following packages contain code that will be rejected by a future version of Rust: proc-macro-error2 v2.0.1
[INFO] [stderr] note: to see what the problems were, use the option `--future-incompat-report`, or run `cargo report future-incompatibilities --id 3`
[INFO] running `Command { std: "docker" "inspect" "ba961241678780b8527ecd6b7853a550ed1e868ea4bfbf5016e364ae96c5d547", kill_on_drop: false }`
[INFO] running `Command { std: "docker" "exec" "-e" "SOURCE_DIR=/opt/rustwide/workdir" "-e" "CARGO_HOME=/opt/rustwide/cargo-home" "-e" "RUSTUP_HOME=/opt/rustwide/rustup-home" "-e" "CARGO_TARGET_DIR=/opt/rustwide/target" "-e" "CARGO_INCREMENTAL=0" "-e" "RUST_BACKTRACE=full" "-e" "RUSTFLAGS=--cap-lints=warn" "-e" "RUSTDOCFLAGS=--cap-lints=warn" "-w" "/opt/rustwide/workdir" "--user" "0:0" "ba961241678780b8527ecd6b7853a550ed1e868ea4bfbf5016e364ae96c5d547" "/opt/rustwide/cargo-home/bin/cargo" "+1.99.0-beta.8" "test" "--frozen" "--no-run" "--message-format=json", kill_on_drop: false }`
[INFO] [stderr]    Compiling getrandom v0.4.3
[INFO] [stderr]    Compiling bitflags v2.13.2
[INFO] [stderr]    Compiling once_cell v1.21.4
[INFO] [stderr]    Compiling fastrand v2.5.0
[INFO] [stderr]    Compiling rustix v1.1.4
[INFO] [stderr]    Compiling tempfile v3.27.0
[INFO] [stderr]    Compiling yett v0.1.2 (/opt/rustwide/workdir)
[INFO] [stderr]     Finished `test` profile [unoptimized + debuginfo] target(s) in 13.81s
[INFO] [stderr] warning: the following packages contain code that will be rejected by a future version of Rust: proc-macro-error2 v2.0.1
[INFO] [stderr] note: to see what the problems were, use the option `--future-incompat-report`, or run `cargo report future-incompatibilities --id 3`
[INFO] running `Command { std: "docker" "inspect" "ba961241678780b8527ecd6b7853a550ed1e868ea4bfbf5016e364ae96c5d547", kill_on_drop: false }`
[INFO] running `Command { std: "docker" "exec" "-e" "SOURCE_DIR=/opt/rustwide/workdir" "-e" "CARGO_HOME=/opt/rustwide/cargo-home" "-e" "RUSTUP_HOME=/opt/rustwide/rustup-home" "-e" "CARGO_TARGET_DIR=/opt/rustwide/target" "-e" "CARGO_INCREMENTAL=0" "-e" "RUST_BACKTRACE=full" "-e" "RUSTFLAGS=--cap-lints=warn" "-e" "RUSTDOCFLAGS=--cap-lints=warn" "-w" "/opt/rustwide/workdir" "--user" "0:0" "ba961241678780b8527ecd6b7853a550ed1e868ea4bfbf5016e364ae96c5d547" "/opt/rustwide/cargo-home/bin/cargo" "+1.99.0-beta.8" "test" "--frozen", kill_on_drop: false }`
[INFO] [stderr]     Finished `test` profile [unoptimized + debuginfo] target(s) in 0.41s
[INFO] [stderr] warning: the following packages contain code that will be rejected by a future version of Rust: proc-macro-error2 v2.0.1
[INFO] [stderr] note: to see what the problems were, use the option `--future-incompat-report`, or run `cargo report future-incompatibilities --id 3`
[INFO] [stderr]      Running unittests src/lib.rs (/opt/rustwide/target/debug/deps/yett-4d084cd05be8103c)
[INFO] [stdout] 
[INFO] [stdout] running 111 tests
[INFO] [stdout] test dotenv::tests::rejects_invalid_and_multiline_values_with_line_numbers ... ok
[INFO] [stdout] test dotenv::tests::parses_quotes_exports_and_last_duplicate ... ok
[INFO] [stdout] test edit::tests::quoted_editor_words_survive_spaces ... ok
[INFO] [stdout] test edit::tests::the_editor_string_keeps_its_own_arguments ... ok
[INFO] [stdout] test edit::tests::tokenizer_edge_cases_follow_shell_word_rules ... ok
[INFO] [stdout] test envfile::tests::a_missing_file_is_a_read_error ... ok
[INFO] [stdout] test envfile::tests::distinct_case_is_not_a_duplicate ... ok
[INFO] [stdout] test edit::tests::only_self_directed_signals_are_forwarded ... ok
[INFO] [stdout] test envfile::tests::invalid_key_error_names_the_key ... ok
[INFO] [stdout] test edit::ram::tests::the_ram_disk_argv_is_built_without_running_anything ... ok
[INFO] [stdout] test edit::tests::an_unset_or_blank_editor_is_a_usage_error ... ok
[INFO] [stdout] test error::tests::bridge_decryption_is_code_two_and_encryption_is_code_one ... ok
[INFO] [stdout] test edit::ram::tests::the_workspace_file_is_gone_once_the_guard_drops ... ok
[INFO] [stdout] test envfile::tests::rejects_bad_lines_with_their_line_number ... ok
[INFO] [stdout] test error::tests::each_variant_owns_one_exit_code ... ok
[INFO] [stdout] test harden::tests::a_secret_buffer_round_trips_and_wipes_in_place ... ok
[INFO] [stdout] test harden::tests::a_page_that_cannot_be_locked_is_not_counted ... ok
[INFO] [stdout] test access::sync::tests::write_atomic_still_replaces_an_existing_file ... ok
[INFO] [stdout] test harden::resolved::tests::keeps_the_value_readable_and_redacted ... ok
[INFO] [stdout] test harden::tests::adjacent_ranges_merge_into_one ... ok
[INFO] [stdout] test harden::tests::drop_wipes_before_releasing_the_region ... ok
[INFO] [stdout] test harden::tests::dropping_a_secret_buffer_closes_its_descriptor ... ok
[INFO] [stdout] test harden::resolved::tests::the_inner_buffer_is_wiped ... ok
[INFO] [stdout] test edit::ram::tests::the_attached_device_is_read_out_of_the_hdiutil_line ... ok
[INFO] [stdout] test edit::ram::tests::a_missing_backend_points_at_get_and_set ... ok
[INFO] [stdout] test envfile::tests::parses_the_subset ... ok
[INFO] [stdout] test error::tests::a_reserved_backend_is_a_usage_error ... ok
[INFO] [stdout] test harden::resolved::tests::an_empty_value_stays_empty ... ok
[INFO] [stdout] test harden::tests::memfd_secret_round_trips_or_skips ... ok
[INFO] [stdout] test error::tests::document_faults_are_code_three_except_a_failed_decryption ... ok
[INFO] [stdout] test envfile::tests::strips_a_carriage_return ... ok
[INFO] [stdout] test harden::tests::hardening_zeroes_the_core_limit ... ok
[INFO] [stdout] test error::tests::every_ref_error_is_a_usage_error ... ok
[INFO] [stdout] test access::sync::tests::publish_new_creates_then_reports_exists_without_leaving_temps ... ok
[INFO] [stdout] test harden::tests::page_math_aligns_and_dedupes ... ok
[INFO] [stdout] test harden::tests::zero_length_ranges_never_lock_a_page ... ok
[INFO] [stdout] test identity::tests::identity_path_precedence ... ok
[INFO] [stdout] test harden::tests::owners_share_a_page_without_double_unlocking ... ok
[INFO] [stdout] test identity::tests::tier_from_file_name ... ok
[INFO] [stdout] test harden::tests::the_no_dump_flag_is_cleared_after_release ... ok
[INFO] [stdout] test error::tests::a_wrong_passphrase_is_code_two_and_other_identity_faults_are_code_one ... ok
[INFO] [stdout] test edit::tests::an_interrupt_before_the_editor_starts_still_kills_it ... ok
[INFO] [stdout] test onboard::tests::init_refuses_an_existing_env_refs ... ok
[INFO] [stdout] test onboard::tests::init_rolls_back_what_it_created_when_a_later_artifact_exists ... ok
[INFO] [stdout] test harden::tests::a_secret_document_is_readable_while_locked_and_redacted ... ok
[INFO] [stdout] test onboard::tests::init_scaffolds_and_refuses_a_second_run ... ok
[INFO] [stdout] test harden::tests::locked_memory_shows_up_in_vmlck ... FAILED
[INFO] [stdout] test onboard::tests::parse_tiers_accepts_a_comma_separated_list ... ok
[INFO] [stdout] test onboard::tests::parse_tiers_rejects_empty_duplicate_and_invalid_names ... ok
[INFO] [stdout] test r#ref::tests::decodes_pointers ... ok
[INFO] [stdout] test r#ref::tests::is_ref_matches_the_prefix ... ok
[INFO] [stdout] test r#ref::tests::parses_valid_references ... ok
[INFO] [stdout] test r#ref::tests::rejects_bad_pointer_escapes ... ok
[INFO] [stdout] test r#ref::tests::rejects_invalid_references ... ok
[INFO] [stdout] test r#ref::tests::reserved_backends_parse_but_are_not_supported ... ok
[INFO] [stdout] test r#ref::tests::unknown_backend_carries_the_name ... ok
[INFO] [stdout] test redact::tests::a_clean_line_is_unchanged ... ok
[INFO] [stdout] test redact::tests::a_substring_value_leaves_no_fragment ... ok
[INFO] [stdout] test redact::tests::a_unicode_value_is_redacted_in_all_three_forms ... ok
[INFO] [stdout] test redact::tests::an_empty_line_is_unchanged ... ok
[INFO] [stdout] test redact::tests::coincident_encodings_dedup_to_one_redaction ... ok
[INFO] [stdout] test redact::tests::conventional_url_encoding_is_redacted ... ok
[INFO] [stdout] test redact::tests::debug_never_prints_a_value_or_a_pattern ... ok
[INFO] [stdout] test redact::tests::literal_is_redacted_in_the_middle_and_at_both_edges ... ok
[INFO] [stdout] test redact::tests::multibyte_values_gate_on_bytes_not_characters ... ok
[INFO] [stdout] test redact::tests::percent_encoding_is_redacted ... ok
[INFO] [stdout] test redact::tests::seven_bytes_is_skipped_and_eight_bytes_is_redacted ... ok
[INFO] [stdout] test redact::tests::standard_base64_is_redacted ... ok
[INFO] [stdout] test redact::tests::two_secrets_on_one_line_keep_their_surroundings ... ok
[INFO] [stdout] test onboard::tests::init_with_handle_scaffolds_and_registers_in_one_step ... ok
[INFO] [stdout] test identity::tests::a_tier_is_prompted_for_exactly_once ... ok
[INFO] [stdout] test onboard::tests::init_with_handle_refuses_more_than_one_tier_without_writing ... ok
[INFO] [stdout] test resolver::tests::a_missing_pointer_is_unresolved ... ok
[INFO] [stdout] test onboard::tests::init_with_handle_refuses_without_a_tty_without_writing ... ok
[INFO] [stdout] test onboard::tests::keygen_fails_when_no_config_or_home_is_set ... ok
[INFO] [stdout] test onboard::tests::keygen_refuses_to_overwrite_an_existing_identity ... ok
[INFO] [stdout] test onboard::tests::keygen_ignores_environment_passphrase_channels ... ok
[INFO] [stdout] test onboard::tests::keygen_register_creates_the_identity_and_registers_it ... ok
[INFO] [stdout] test onboard::tests::keygen_register_without_an_access_list_names_init_and_writes_no_identity ... ok
[INFO] [stdout] test identity::tests::encrypted_identity_needs_the_right_passphrase ... ok
[INFO] [stdout] test onboard::tests::keygen_rejects_mismatched_passphrases ... ok
[INFO] [stdout] test onboard::tests::keygen_register_reuses_an_existing_identity_with_one_prompt ... ok
[INFO] [stdout] test onboard::tests::keygen_rejects_an_empty_passphrase ... ok
[INFO] [stdout] test onboard::tests::keygen_writes_a_passphrase_encrypted_identity_at_the_default_path ... ok
[INFO] [stdout] test resolver::tests::a_cached_document_outlives_the_file ... ok
[INFO] [stdout] test rops_bridge::tests::removing_a_recipient_rotates_before_new_keys_are_added ... ok
[INFO] [stdout] test resolver::tests::a_foreign_identity_is_a_decryption_failure ... ok
[INFO] [stdout] test identity::tests::plaintext_keys_are_rejected_only_at_the_default_path ... ok
[INFO] [stdout] test resolver::tests::a_held_resolved_secret_shows_up_in_vmlck ... ok
[INFO] [stdout] test resolver::tests::a_path_without_a_tier_is_a_usage_error ... ok
[INFO] [stdout] test resolver::tests::a_reserved_backend_is_a_usage_error ... ok
[INFO] [stdout] test resolver::tests::resolve_env_mixes_literals_and_references ... ok
[INFO] [stdout] test resolver::tests::resolve_env_never_passes_a_reference_through ... ok
[INFO] [stdout] test sops::tests::unresolvable_pointers_carry_their_kind ... ok
[INFO] [stdout] test sops::tests::zeroizing_a_mapping_empties_every_string ... ok
[INFO] [stdout] test resolver::tests::resolves_a_pointer_into_a_secret_string ... ok
[INFO] [stdout] test sopsconfig::tests::reads_the_recipient_shape_written_by_rops ... ok
[INFO] [stdout] test resolver::tests::the_explicit_identity_wins_over_the_environment ... ok
[INFO] [stdout] test resolver::tests::the_resolved_value_is_a_locked_secret_type ... ok
[INFO] [stdout] test rops_bridge::tests::a_top_level_sops_key_is_rejected_but_a_nested_one_is_not ... ok
[INFO] [stdout] test rops_bridge::tests::emitted_metadata_quotes_lastmodified_for_newer_sops ... ok
[INFO] [stdout] test rops_bridge::tests::emitted_metadata_carries_a_sops_version ... ok
[INFO] [stdout] test rops_bridge::tests::never_consults_the_configured_key_file ... ok
[INFO] [stdout] test rops_bridge::tests::restores_both_rops_variables_after_a_panic ... ok
[INFO] [stdout] test rops_bridge::tests::restores_both_rops_variables_exactly ... ok
[INFO] [stdout] test sops::tests::age_yaml_round_trip_stays_in_memory ... ok
[INFO] [stdout] test rops_bridge::tests::the_sops_binary_can_decrypt_our_output ... ok
[INFO] [stdout] test sops::tests::an_unreadable_file_and_a_foreign_identity_are_distinct_errors ... ok
[INFO] [stdout] test sops::tests::debug_never_prints_a_value ... ok
[INFO] [stdout] test sops::tests::resolves_nested_and_escaped_pointers ... ok
[INFO] [stdout] test resolver::tests::resolve_env_wraps_a_literal_in_the_same_locked_type ... ok
[INFO] [stdout] 
[INFO] [stdout] failures:
[INFO] [stdout] 
[INFO] [stdout] ---- harden::tests::locked_memory_shows_up_in_vmlck stdout ----
[INFO] [stdout] 
[INFO] [stdout] thread 'harden::tests::locked_memory_shows_up_in_vmlck' (3320) panicked at src/harden/tests.rs:172:5:
[INFO] [stdout] baseline=0 after=8192
[INFO] [stdout] stack backtrace:
[INFO] [stdout]    0:     0x58a9e7f3ebb1 - std[70759c8f55707aa4]::backtrace_rs::backtrace::libunwind::trace
[INFO] [stdout]                                at /rustc/dfb0accb7f508ae8be965d8629557221c889dd98/library/std/src/../../backtrace/src/backtrace/libunwind.rs:117:9
[INFO] [stdout]    1:     0x58a9e7f3ebb1 - std[70759c8f55707aa4]::backtrace_rs::backtrace::trace_unsynchronized::<std[70759c8f55707aa4]::sys::backtrace::_print_fmt::{closure#1}>
[INFO] [stdout]                                at /rustc/dfb0accb7f508ae8be965d8629557221c889dd98/library/std/src/../../backtrace/src/backtrace/mod.rs:66:14
[INFO] [stdout]    2:     0x58a9e7f3ebb1 - std[70759c8f55707aa4]::sys::backtrace::_print_fmt
[INFO] [stdout]                                at /rustc/dfb0accb7f508ae8be965d8629557221c889dd98/library/std/src/sys/backtrace.rs:74:9
[INFO] [stdout]    3:     0x58a9e7f3ebb1 - <<std[70759c8f55707aa4]::sys::backtrace::BacktraceLock>::print::DisplayBacktrace as core[df12db4294e9bfd3]::fmt::Display>::fmt
[INFO] [stdout]                                at /rustc/dfb0accb7f508ae8be965d8629557221c889dd98/library/std/src/sys/backtrace.rs:44:26
[INFO] [stdout]    4:     0x58a9e7f5742a - <core[df12db4294e9bfd3]::fmt::rt::Argument>::fmt
[INFO] [stdout]                                at /rustc/dfb0accb7f508ae8be965d8629557221c889dd98/library/core/src/fmt/rt.rs:152:76
[INFO] [stdout]    5:     0x58a9e7f5742a - core[df12db4294e9bfd3]::fmt::write
[INFO] [stdout]    6:     0x58a9e7f43b7c - core[df12db4294e9bfd3]::io::write::default_write_fmt::<alloc[2182bb758b4b3781]::vec::Vec<u8>>
[INFO] [stdout]                                at /rustc/dfb0accb7f508ae8be965d8629557221c889dd98/library/core/src/io/write.rs:402:11
[INFO] [stdout]    7:     0x58a9e7f43b7c - <alloc[2182bb758b4b3781]::vec::Vec<u8> as core[df12db4294e9bfd3]::io::write::Write>::write_fmt
[INFO] [stdout]                                at /rustc/dfb0accb7f508ae8be965d8629557221c889dd98/library/core/src/io/write.rs:335:13
[INFO] [stdout]    8:     0x58a9e7f164e6 - <std[70759c8f55707aa4]::sys::backtrace::BacktraceLock>::print
[INFO] [stdout]                                at /rustc/dfb0accb7f508ae8be965d8629557221c889dd98/library/std/src/sys/backtrace.rs:47:9
[INFO] [stdout]    9:     0x58a9e7f164e6 - std[70759c8f55707aa4]::panicking::default_hook::{closure#0}
[INFO] [stdout]                                at /rustc/dfb0accb7f508ae8be965d8629557221c889dd98/library/std/src/panicking.rs:292:27
[INFO] [stdout]   10:     0x58a9e7f34949 - std[70759c8f55707aa4]::panicking::default_hook
[INFO] [stdout]                                at /rustc/dfb0accb7f508ae8be965d8629557221c889dd98/library/std/src/panicking.rs:316:9
[INFO] [stdout]   11:     0x58a9e79228e0 - <alloc[2182bb758b4b3781]::boxed::Box<dyn for<'a, 'b> core[df12db4294e9bfd3]::ops::function::Fn<(&'a std[70759c8f55707aa4]::panic::PanicHookInfo<'b>,), Output = ()> + core[df12db4294e9bfd3]::marker::Send + core[df12db4294e9bfd3]::marker::Sync> as core[df12db4294e9bfd3]::ops::function::Fn<(&std[70759c8f55707aa4]::panic::PanicHookInfo,)>>::call
[INFO] [stdout]                                at /rustc/dfb0accb7f508ae8be965d8629557221c889dd98/library/alloc/src/boxed.rs:2334:9
[INFO] [stdout]   12:     0x58a9e79228e0 - test[9d35eded1c95d3be]::test_main_inner::<test[9d35eded1c95d3be]::test_main_static::{closure#0}>::{closure#0}
[INFO] [stdout]                                at /rustc/dfb0accb7f508ae8be965d8629557221c889dd98/library/test/src/lib.rs:155:21
[INFO] [stdout]   13:     0x58a9e7f34b02 - <alloc[2182bb758b4b3781]::boxed::Box<dyn for<'a, 'b> core[df12db4294e9bfd3]::ops::function::Fn<(&'a std[70759c8f55707aa4]::panic::PanicHookInfo<'b>,), Output = ()> + core[df12db4294e9bfd3]::marker::Send + core[df12db4294e9bfd3]::marker::Sync> as core[df12db4294e9bfd3]::ops::function::Fn<(&std[70759c8f55707aa4]::panic::PanicHookInfo,)>>::call
[INFO] [stdout]                                at /rustc/dfb0accb7f508ae8be965d8629557221c889dd98/library/alloc/src/boxed.rs:2334:9
[INFO] [stdout]   14:     0x58a9e7f34b02 - std[70759c8f55707aa4]::panicking::panic_with_hook
[INFO] [stdout]                                at /rustc/dfb0accb7f508ae8be965d8629557221c889dd98/library/std/src/panicking.rs:823:13
[INFO] [stdout]   15:     0x58a9e7f16592 - std[70759c8f55707aa4]::panicking::panic_handler::{closure#0}
[INFO] [stdout]                                at /rustc/dfb0accb7f508ae8be965d8629557221c889dd98/library/std/src/panicking.rs:688:13
[INFO] [stdout]   16:     0x58a9e7f0e7a9 - std[70759c8f55707aa4]::sys::backtrace::__rust_end_short_backtrace::<std[70759c8f55707aa4]::panicking::panic_handler::{closure#0}, !>
[INFO] [stdout]                                at /rustc/dfb0accb7f508ae8be965d8629557221c889dd98/library/std/src/sys/backtrace.rs:182:18
[INFO] [stdout]   17:     0x58a9e7f1775d - __rustc[8fa7c3cbc660c2b3]::rust_begin_unwind
[INFO] [stdout]                                at /rustc/dfb0accb7f508ae8be965d8629557221c889dd98/library/std/src/panicking.rs:679:5
[INFO] [stdout]   18:     0x58a9e7f57ccc - core[df12db4294e9bfd3]::panicking::panic_fmt
[INFO] [stdout]                                at /rustc/dfb0accb7f508ae8be965d8629557221c889dd98/library/core/src/panicking.rs:80:14
[INFO] [stdout]   19:     0x58a9e78531a9 - yett[7c6d86c7f7f0cade]::harden::tests::locked_memory_shows_up_in_vmlck
[INFO] [stdout]                                at /opt/rustwide/workdir/src/harden/tests.rs:172:5
[INFO] [stdout]   20:     0x58a9e784f297 - yett[7c6d86c7f7f0cade]::harden::tests::locked_memory_shows_up_in_vmlck::{closure#0}
[INFO] [stdout]                                at /opt/rustwide/workdir/src/harden/tests.rs:161:37
[INFO] [stdout]   21:     0x58a9e78f5c36 - <yett[7c6d86c7f7f0cade]::harden::tests::locked_memory_shows_up_in_vmlck::{closure#0} as core[df12db4294e9bfd3]::ops::function::FnOnce<()>>::call_once
[INFO] [stdout]                                at /rustc/dfb0accb7f508ae8be965d8629557221c889dd98/library/core/src/ops/function.rs:250:5
[INFO] [stdout]   22:     0x58a9e7915bcb - <fn() -> core[df12db4294e9bfd3]::result::Result<(), alloc[2182bb758b4b3781]::string::String> as core[df12db4294e9bfd3]::ops::function::FnOnce<()>>::call_once
[INFO] [stdout]                                at /rustc/dfb0accb7f508ae8be965d8629557221c889dd98/library/core/src/ops/function.rs:250:5
[INFO] [stdout]   23:     0x58a9e7915bcb - test[9d35eded1c95d3be]::__rust_begin_short_backtrace::<core[df12db4294e9bfd3]::result::Result<(), alloc[2182bb758b4b3781]::string::String>, fn() -> core[df12db4294e9bfd3]::result::Result<(), alloc[2182bb758b4b3781]::string::String>>
[INFO] [stdout]                                at /rustc/dfb0accb7f508ae8be965d8629557221c889dd98/library/test/src/lib.rs:733:18
[INFO] [stdout]   24:     0x58a9e7923235 - test[9d35eded1c95d3be]::run_test_in_process::{closure#0}
[INFO] [stdout]                                at /rustc/dfb0accb7f508ae8be965d8629557221c889dd98/library/test/src/lib.rs:756:74
[INFO] [stdout]   25:     0x58a9e7923235 - <core[df12db4294e9bfd3]::panic::unwind_safe::AssertUnwindSafe<test[9d35eded1c95d3be]::run_test_in_process::{closure#0}> as core[df12db4294e9bfd3]::ops::function::FnOnce<()>>::call_once
[INFO] [stdout]                                at /rustc/dfb0accb7f508ae8be965d8629557221c889dd98/library/core/src/panic/unwind_safe.rs:275:9
[INFO] [stdout]   26:     0x58a9e7923235 - std[70759c8f55707aa4]::panicking::catch_unwind::do_call::<core[df12db4294e9bfd3]::panic::unwind_safe::AssertUnwindSafe<test[9d35eded1c95d3be]::run_test_in_process::{closure#0}>, core[df12db4294e9bfd3]::result::Result<(), alloc[2182bb758b4b3781]::string::String>>
[INFO] [stdout]                                at /rustc/dfb0accb7f508ae8be965d8629557221c889dd98/library/std/src/panicking.rs:576:43
[INFO] [stdout]   27:     0x58a9e7923235 - std[70759c8f55707aa4]::panicking::catch_unwind::<core[df12db4294e9bfd3]::result::Result<(), alloc[2182bb758b4b3781]::string::String>, core[df12db4294e9bfd3]::panic::unwind_safe::AssertUnwindSafe<test[9d35eded1c95d3be]::run_test_in_process::{closure#0}>>
[INFO] [stdout]                                at /rustc/dfb0accb7f508ae8be965d8629557221c889dd98/library/std/src/panicking.rs:544:19
[INFO] [stdout]   28:     0x58a9e7923235 - std[70759c8f55707aa4]::panic::catch_unwind::<core[df12db4294e9bfd3]::panic::unwind_safe::AssertUnwindSafe<test[9d35eded1c95d3be]::run_test_in_process::{closure#0}>, core[df12db4294e9bfd3]::result::Result<(), alloc[2182bb758b4b3781]::string::String>>
[INFO] [stdout]                                at /rustc/dfb0accb7f508ae8be965d8629557221c889dd98/library/std/src/panic.rs:359:14
[INFO] [stdout]   29:     0x58a9e7923235 - test[9d35eded1c95d3be]::run_test_in_process
[INFO] [stdout]                                at /rustc/dfb0accb7f508ae8be965d8629557221c889dd98/library/test/src/lib.rs:756:27
[INFO] [stdout]   30:     0x58a9e7923235 - test[9d35eded1c95d3be]::run_test::{closure#0}
[INFO] [stdout]                                at /rustc/dfb0accb7f508ae8be965d8629557221c889dd98/library/test/src/lib.rs:677:43
[INFO] [stdout]   31:     0x58a9e791caf4 - test[9d35eded1c95d3be]::run_test::{closure#1}
[INFO] [stdout]                                at /rustc/dfb0accb7f508ae8be965d8629557221c889dd98/library/test/src/lib.rs:707:41
[INFO] [stdout]   32:     0x58a9e791caf4 - std[70759c8f55707aa4]::sys::backtrace::__rust_begin_short_backtrace::<test[9d35eded1c95d3be]::run_test::{closure#1}, ()>
[INFO] [stdout]                                at /rustc/dfb0accb7f508ae8be965d8629557221c889dd98/library/std/src/sys/backtrace.rs:166:18
[INFO] [stdout]   33:     0x58a9e7926392 - std[70759c8f55707aa4]::thread::lifecycle::spawn_unchecked::<test[9d35eded1c95d3be]::run_test::{closure#1}, ()>::{closure#1}::{closure#0}
[INFO] [stdout]                                at /rustc/dfb0accb7f508ae8be965d8629557221c889dd98/library/std/src/thread/lifecycle.rs:70:13
[INFO] [stdout]   34:     0x58a9e7926392 - <core[df12db4294e9bfd3]::panic::unwind_safe::AssertUnwindSafe<std[70759c8f55707aa4]::thread::lifecycle::spawn_unchecked<test[9d35eded1c95d3be]::run_test::{closure#1}, ()>::{closure#1}::{closure#0}> as core[df12db4294e9bfd3]::ops::function::FnOnce<()>>::call_once
[INFO] [stdout]                                at /rustc/dfb0accb7f508ae8be965d8629557221c889dd98/library/core/src/panic/unwind_safe.rs:275:9
[INFO] [stdout]   35:     0x58a9e7926392 - std[70759c8f55707aa4]::panicking::catch_unwind::do_call::<core[df12db4294e9bfd3]::panic::unwind_safe::AssertUnwindSafe<std[70759c8f55707aa4]::thread::lifecycle::spawn_unchecked<test[9d35eded1c95d3be]::run_test::{closure#1}, ()>::{closure#1}::{closure#0}>, ()>
[INFO] [stdout]                                at /rustc/dfb0accb7f508ae8be965d8629557221c889dd98/library/std/src/panicking.rs:576:43
[INFO] [stdout]   36:     0x58a9e7926392 - std[70759c8f55707aa4]::panicking::catch_unwind::<(), core[df12db4294e9bfd3]::panic::unwind_safe::AssertUnwindSafe<std[70759c8f55707aa4]::thread::lifecycle::spawn_unchecked<test[9d35eded1c95d3be]::run_test::{closure#1}, ()>::{closure#1}::{closure#0}>>
[INFO] [stdout]                                at /rustc/dfb0accb7f508ae8be965d8629557221c889dd98/library/std/src/panicking.rs:544:19
[INFO] [stdout]   37:     0x58a9e7926392 - std[70759c8f55707aa4]::panic::catch_unwind::<core[df12db4294e9bfd3]::panic::unwind_safe::AssertUnwindSafe<std[70759c8f55707aa4]::thread::lifecycle::spawn_unchecked<test[9d35eded1c95d3be]::run_test::{closure#1}, ()>::{closure#1}::{closure#0}>, ()>
[INFO] [stdout]                                at /rustc/dfb0accb7f508ae8be965d8629557221c889dd98/library/std/src/panic.rs:359:14
[INFO] [stdout]   38:     0x58a9e7926392 - std[70759c8f55707aa4]::thread::lifecycle::spawn_unchecked::<test[9d35eded1c95d3be]::run_test::{closure#1}, ()>::{closure#1}
[INFO] [stdout]                                at /rustc/dfb0accb7f508ae8be965d8629557221c889dd98/library/std/src/thread/lifecycle.rs:68:26
[INFO] [stdout]   39:     0x58a9e7926392 - <std[70759c8f55707aa4]::thread::lifecycle::spawn_unchecked<test[9d35eded1c95d3be]::run_test::{closure#1}, ()>::{closure#1} as core[df12db4294e9bfd3]::ops::function::FnOnce<()>>::call_once::{shim:vtable#0}
[INFO] [stdout]                                at /rustc/dfb0accb7f508ae8be965d8629557221c889dd98/library/core/src/ops/function.rs:250:5
[INFO] [stdout]   40:     0x58a9e7f3db49 - <alloc[2182bb758b4b3781]::boxed::Box<dyn core[df12db4294e9bfd3]::ops::function::FnOnce<(), Output = ()> + core[df12db4294e9bfd3]::marker::Send> as core[df12db4294e9bfd3]::ops::function::FnOnce<()>>::call_once
[INFO] [stdout]                                at /rustc/dfb0accb7f508ae8be965d8629557221c889dd98/library/alloc/src/boxed.rs:2320:9
[INFO] [stdout]   41:     0x58a9e7f3db49 - <std[70759c8f55707aa4]::sys::thread::unix::Thread>::new::thread_start
[INFO] [stdout]                                at /rustc/dfb0accb7f508ae8be965d8629557221c889dd98/library/std/src/sys/thread/unix.rs:123:17
[INFO] [stdout]   42:     0x7f649c164dfa - <unknown>
[INFO] [stdout]   43:     0x7f649c1f83d4 - clone
[INFO] [stdout]   44:                0x0 - <unknown>
[INFO] [stdout] 
[INFO] [stdout] 
[INFO] [stdout] failures:
[INFO] [stdout]     harden::tests::locked_memory_shows_up_in_vmlck
[INFO] [stdout] 
[INFO] [stdout] test result: FAILED. 110 passed; 1 failed; 0 ignored; 0 measured; 0 filtered out; finished in 5.93s
[INFO] [stdout] 
[INFO] [stderr] error: test failed, to rerun pass `--lib`
[INFO] running `Command { std: "docker" "inspect" "ba961241678780b8527ecd6b7853a550ed1e868ea4bfbf5016e364ae96c5d547", kill_on_drop: false }`
[INFO] running `Command { std: "docker" "rm" "-f" "ba961241678780b8527ecd6b7853a550ed1e868ea4bfbf5016e364ae96c5d547", kill_on_drop: false }`
[INFO] [stdout] ba961241678780b8527ecd6b7853a550ed1e868ea4bfbf5016e364ae96c5d547
