[INFO] cloning repository https://github.com/tpt-solutions/tpt-dev-dx
[INFO] running `Command { std: "git" "-c" "credential.helper=" "-c" "credential.helper=/workspace/cargo-home/bin/git-credential-null" "clone" "--bare" "https://github.com/tpt-solutions/tpt-dev-dx" "/workspace/cache/git-repos/https%3A%2F%2Fgithub.com%2Ftpt-solutions%2Ftpt-dev-dx", kill_on_drop: false }`
[INFO] [stderr] Cloning into bare repository '/workspace/cache/git-repos/https%3A%2F%2Fgithub.com%2Ftpt-solutions%2Ftpt-dev-dx'...
[INFO] running `Command { std: "git" "rev-parse" "HEAD", kill_on_drop: false }`
[INFO] [stdout] e4c95ad4e23712a376f7d95dbe77b4d1d24c643c
[INFO] testing tpt-solutions/tpt-dev-dx against 1.99.0-beta.8 for beta-1.100-2
[INFO] running `Command { std: "git" "clone" "/workspace/cache/git-repos/https%3A%2F%2Fgithub.com%2Ftpt-solutions%2Ftpt-dev-dx" "/workspace/builds/worker-7-tc1/source", kill_on_drop: false }`
[INFO] [stderr] Cloning into '/workspace/builds/worker-7-tc1/source'...
[INFO] [stderr] done.
[INFO] started tweaking git repo https://github.com/tpt-solutions/tpt-dev-dx
[INFO] finished tweaking git repo https://github.com/tpt-solutions/tpt-dev-dx
[INFO] tweaked toml for git repo https://github.com/tpt-solutions/tpt-dev-dx written to /workspace/builds/worker-7-tc1/source/Cargo.toml
[INFO] validating manifest of git repo https://github.com/tpt-solutions/tpt-dev-dx on toolchain 1.99.0-beta.8
[INFO] running `Command { std: CARGO_HOME="/workspace/cargo-home" RUSTUP_HOME="/workspace/rustup-home" "/workspace/cargo-home/bin/cargo" "+1.99.0-beta.8" "metadata" "--manifest-path" "Cargo.toml" "--no-deps", kill_on_drop: false }`
[INFO] crate git repo https://github.com/tpt-solutions/tpt-dev-dx already has a lockfile, it will not be regenerated
[INFO] running `Command { std: CARGO_HOME="/workspace/cargo-home" RUSTUP_HOME="/workspace/rustup-home" "/workspace/cargo-home/bin/cargo" "+1.99.0-beta.8" "fetch" "--manifest-path" "Cargo.toml", kill_on_drop: false }`
[INFO] [stderr]     Updating crates.io index
[INFO] [stderr]  Downloading crates ...
[INFO] [stderr]   Downloaded escargot v0.5.15
[INFO] [stderr]   Downloaded assert_cmd v2.0.16
[INFO] [stderr]   Downloaded indexmap v2.7.1
[INFO] [stderr]   Downloaded clap_lex v0.7.7
[INFO] [stderr]   Downloaded instability v0.3.10
[INFO] [stderr]   Downloaded globset v0.4.16
[INFO] [stderr]   Downloaded clap_derive v4.5.40
[INFO] [stderr]   Downloaded ignore v0.4.23
[INFO] [stderr]   Downloaded clap v4.5.40
[INFO] [stderr]   Downloaded compact_str v0.8.2
[INFO] [stderr]   Downloaded clap_builder v4.5.40
[INFO] [stderr]   Downloaded bstr v1.12.3
[INFO] [stderr]   Downloaded tokio v1.53.0
[INFO] running `Command { std: "docker" "create" "-v" "/var/lib/crater-agent-workspace/builds/worker-7-tc1/source:/opt/rustwide/workdir:ro,Z" "-v" "/var/lib/crater-agent-workspace/builds/worker-7-tc1/target:/opt/rustwide/target:rw,Z" "-v" "/var/lib/crater-agent-workspace/cargo-home:/opt/rustwide/cargo-home:ro,Z" "-v" "/var/lib/crater-agent-workspace/rustup-home:/opt/rustwide/rustup-home:ro,Z" "-m" "1610612736" "--network" "none" "ghcr.io/rust-lang/crates-build-env/linux@sha256:3111399a4047eeb3a02b7a90e478d715f38a8c6669b5c4b49d30a17385265909" "sleep" "infinity", kill_on_drop: false }`
[INFO] [stdout] 9aff67c5470f4bff2f30c222485804bb115f790bb4668925a3304f332f90cf62
[INFO] running `Command { std: "docker" "start" "9aff67c5470f4bff2f30c222485804bb115f790bb4668925a3304f332f90cf62", kill_on_drop: false }`
[INFO] running `Command { std: "docker" "inspect" "9aff67c5470f4bff2f30c222485804bb115f790bb4668925a3304f332f90cf62", kill_on_drop: false }`
[INFO] running `Command { std: "docker" "exec" "-e" "SOURCE_DIR=/opt/rustwide/workdir" "-e" "CARGO_HOME=/opt/rustwide/cargo-home" "-e" "RUSTUP_HOME=/opt/rustwide/rustup-home" "-e" "CARGO_TARGET_DIR=/opt/rustwide/target" "-w" "/opt/rustwide/workdir" "--user" "0:0" "9aff67c5470f4bff2f30c222485804bb115f790bb4668925a3304f332f90cf62" "/opt/rustwide/cargo-home/bin/cargo" "+1.99.0-beta.8" "metadata" "--no-deps" "--format-version=1", kill_on_drop: false }`
[INFO] running `Command { std: "docker" "inspect" "9aff67c5470f4bff2f30c222485804bb115f790bb4668925a3304f332f90cf62", kill_on_drop: false }`
[INFO] running `Command { std: "docker" "exec" "-e" "SOURCE_DIR=/opt/rustwide/workdir" "-e" "CARGO_HOME=/opt/rustwide/cargo-home" "-e" "RUSTUP_HOME=/opt/rustwide/rustup-home" "-e" "CARGO_TARGET_DIR=/opt/rustwide/target" "-e" "CARGO_INCREMENTAL=0" "-e" "RUST_BACKTRACE=full" "-e" "RUSTFLAGS=--cap-lints=warn" "-e" "RUSTDOCFLAGS=--cap-lints=warn" "-w" "/opt/rustwide/workdir" "--user" "0:0" "9aff67c5470f4bff2f30c222485804bb115f790bb4668925a3304f332f90cf62" "/opt/rustwide/cargo-home/bin/cargo" "+1.99.0-beta.8" "build" "--frozen" "--message-format=json", kill_on_drop: false }`
[INFO] [stderr]    Compiling syn v2.0.118
[INFO] [stderr]    Compiling regex-syntax v0.8.11
[INFO] [stderr]    Compiling foldhash v0.1.5
[INFO] [stderr]    Compiling zerocopy v0.8.54
[INFO] [stderr]    Compiling crossbeam-utils v0.8.22
[INFO] [stderr]    Compiling signal-hook v0.3.18
[INFO] [stderr]    Compiling errno v0.3.14
[INFO] [stderr]    Compiling rustix v0.38.44
[INFO] [stderr]    Compiling parking_lot_core v0.9.12
[INFO] [stderr]    Compiling anstyle-parse v0.2.7
[INFO] [stderr]    Compiling mio v1.2.2
[INFO] [stderr]    Compiling getrandom v0.2.17
[INFO] [stderr]    Compiling instability v0.3.10
[INFO] [stderr]    Compiling linux-raw-sys v0.4.15
[INFO] [stderr]    Compiling either v1.16.0
[INFO] [stderr]    Compiling serde_json v1.0.150
[INFO] [stderr]    Compiling clap_lex v0.7.7
[INFO] [stderr]    Compiling hashbrown v0.15.5
[INFO] [stderr]    Compiling signal-hook-registry v1.4.8
[INFO] [stderr]    Compiling anstream v0.6.21
[INFO] [stderr]    Compiling parking_lot v0.12.5
[INFO] [stderr]    Compiling unicode-width v0.1.14
[INFO] [stderr]    Compiling rand_core v0.6.4
[INFO] [stderr]    Compiling assert_cmd v2.0.16
[INFO] [stderr]    Compiling itertools v0.13.0
[INFO] [stderr]    Compiling unicode-segmentation v1.11.0
[INFO] [stderr]    Compiling indoc v2.0.7
[INFO] [stderr]    Compiling clap_builder v4.5.40
[INFO] [stderr]    Compiling compact_str v0.8.2
[INFO] [stderr]    Compiling predicates v3.1.4
[INFO] [stderr]    Compiling cassowary v0.3.0
[INFO] [stderr]    Compiling signal-hook-mio v0.2.5
[INFO] [stderr]    Compiling crossbeam-epoch v0.9.20
[INFO] [stderr]    Compiling unsafe-libyaml v0.2.11
[INFO] [stderr]    Compiling humansize v2.1.3
[INFO] [stderr]    Compiling tpt-snapshot-lite v0.1.0 (/opt/rustwide/workdir/crates/tpt-snapshot-lite)
[INFO] [stderr]    Compiling tpt-port-scout v0.1.0 (/opt/rustwide/workdir/crates/tpt-port-scout)
[INFO] [stderr]    Compiling cli-fixture v0.1.0 (/opt/rustwide/workdir/crates/cli-fixture)
[INFO] [stderr]    Compiling crossbeam-deque v0.8.7
[INFO] [stderr]    Compiling crossterm v0.28.1
[INFO] [stderr]    Compiling indexmap v2.7.1
[INFO] [stderr]    Compiling lru v0.12.5
[INFO] [stderr]    Compiling regex-automata v0.4.15
[INFO] [stderr]    Compiling unicode-truncate v1.1.0
[INFO] [stderr]    Compiling darling_core v0.20.11
[INFO] [stderr]    Compiling serde_derive v1.0.228
[INFO] [stderr]    Compiling strum_macros v0.26.4
[INFO] [stderr]    Compiling tracing-attributes v0.1.31
[INFO] [stderr]    Compiling clap_derive v4.5.40
[INFO] [stderr]    Compiling out-faker-rs-derive v0.1.0 (/opt/rustwide/workdir/crates/out-faker-rs-derive)
[INFO] [stderr]    Compiling tpt-fixture-macros v0.1.0 (/opt/rustwide/workdir/crates/tpt-fixture-macros)
[INFO] [stderr]    Compiling tpt-env-mocker-macros v0.1.0 (/opt/rustwide/workdir/crates/tpt-env-mocker-macros)
[INFO] [stderr]    Compiling tpt-env-mocker v0.1.0 (/opt/rustwide/workdir/crates/tpt-env-mocker)
[INFO] [stderr]    Compiling tpt-fixture v0.1.0 (/opt/rustwide/workdir/crates/tpt-fixture)
[INFO] [stderr]    Compiling bstr v1.12.3
[INFO] [stderr]    Compiling matchers v0.2.0
[INFO] [stderr]    Compiling tracing v0.1.44
[INFO] [stderr]    Compiling tracing-subscriber v0.3.23
[INFO] [stderr]    Compiling globset v0.4.16
[INFO] [stderr]    Compiling strum v0.26.3
[INFO] [stderr]    Compiling ppv-lite86 v0.2.21
[INFO] [stderr]    Compiling clap v4.5.40
[INFO] [stderr]    Compiling tpt-cli-snap v0.1.0 (/opt/rustwide/workdir/crates/tpt-cli-snap)
[INFO] [stderr]    Compiling rand_chacha v0.3.1
[INFO] [stderr]    Compiling ignore v0.4.23
[INFO] [stderr]    Compiling rand v0.8.7
[INFO] [stderr]    Compiling darling_macro v0.20.11
[INFO] [stderr]    Compiling tpt-log-tap v0.1.0 (/opt/rustwide/workdir/crates/tpt-log-tap)
[INFO] [stderr]    Compiling darling v0.20.11
[INFO] [stderr]    Compiling serde v1.0.228
[INFO] [stderr]    Compiling out-faker-rs v0.1.0 (/opt/rustwide/workdir/crates/out-faker-rs)
[INFO] [stderr]    Compiling ratatui v0.28.1
[INFO] [stderr]    Compiling serde_yaml v0.9.34+deprecated
[INFO] [stderr]    Compiling tpt-http-stub v0.1.0 (/opt/rustwide/workdir/crates/tpt-http-stub)
[INFO] [stderr]    Compiling tpt-temp-fs v0.1.0 (/opt/rustwide/workdir/crates/tpt-temp-fs)
[INFO] [stderr]    Compiling tpt-cargo-scrub v0.1.0 (/opt/rustwide/workdir/crates/tpt-cargo-scrub)
[INFO] [stderr]     Finished `dev` profile [unoptimized + debuginfo] target(s) in 42.59s
[INFO] running `Command { std: "docker" "inspect" "9aff67c5470f4bff2f30c222485804bb115f790bb4668925a3304f332f90cf62", kill_on_drop: false }`
[INFO] running `Command { std: "docker" "exec" "-e" "SOURCE_DIR=/opt/rustwide/workdir" "-e" "CARGO_HOME=/opt/rustwide/cargo-home" "-e" "RUSTUP_HOME=/opt/rustwide/rustup-home" "-e" "CARGO_TARGET_DIR=/opt/rustwide/target" "-e" "CARGO_INCREMENTAL=0" "-e" "RUST_BACKTRACE=full" "-e" "RUSTFLAGS=--cap-lints=warn" "-e" "RUSTDOCFLAGS=--cap-lints=warn" "-w" "/opt/rustwide/workdir" "--user" "0:0" "9aff67c5470f4bff2f30c222485804bb115f790bb4668925a3304f332f90cf62" "/opt/rustwide/cargo-home/bin/cargo" "+1.99.0-beta.8" "test" "--frozen" "--no-run" "--message-format=json", kill_on_drop: false }`
[INFO] [stderr]    Compiling tpt-fixture-macros v0.1.0 (/opt/rustwide/workdir/crates/tpt-fixture-macros)
[INFO] [stderr]    Compiling escargot v0.5.15
[INFO] [stderr]    Compiling tpt-env-mocker-macros v0.1.0 (/opt/rustwide/workdir/crates/tpt-env-mocker-macros)
[INFO] [stderr]    Compiling tokio-macros v2.7.1
[INFO] [stderr]    Compiling out-faker-rs-derive v0.1.0 (/opt/rustwide/workdir/crates/out-faker-rs-derive)
[INFO] [stderr]    Compiling tpt-log-tap v0.1.0 (/opt/rustwide/workdir/crates/tpt-log-tap)
[INFO] [stderr]    Compiling tpt-temp-fs v0.1.0 (/opt/rustwide/workdir/crates/tpt-temp-fs)
[INFO] [stderr]    Compiling tpt-http-stub v0.1.0 (/opt/rustwide/workdir/crates/tpt-http-stub)
[INFO] [stderr]    Compiling tpt-cargo-scrub v0.1.0 (/opt/rustwide/workdir/crates/tpt-cargo-scrub)
[INFO] [stderr]    Compiling tpt-port-scout v0.1.0 (/opt/rustwide/workdir/crates/tpt-port-scout)
[INFO] [stderr]    Compiling tpt-snapshot-lite v0.1.0 (/opt/rustwide/workdir/crates/tpt-snapshot-lite)
[INFO] [stderr]    Compiling cli-fixture v0.1.0 (/opt/rustwide/workdir/crates/cli-fixture)
[INFO] [stderr]    Compiling tpt-env-mocker v0.1.0 (/opt/rustwide/workdir/crates/tpt-env-mocker)
[INFO] [stderr]    Compiling tpt-fixture v0.1.0 (/opt/rustwide/workdir/crates/tpt-fixture)
[INFO] [stderr]    Compiling out-faker-rs v0.1.0 (/opt/rustwide/workdir/crates/out-faker-rs)
[INFO] [stderr]    Compiling tokio v1.53.0
[INFO] [stderr]    Compiling tpt-cli-snap v0.1.0 (/opt/rustwide/workdir/crates/tpt-cli-snap)
[INFO] [stderr]     Finished `test` profile [unoptimized + debuginfo] target(s) in 12.36s
[INFO] running `Command { std: "docker" "inspect" "9aff67c5470f4bff2f30c222485804bb115f790bb4668925a3304f332f90cf62", kill_on_drop: false }`
[INFO] running `Command { std: "docker" "exec" "-e" "SOURCE_DIR=/opt/rustwide/workdir" "-e" "CARGO_HOME=/opt/rustwide/cargo-home" "-e" "RUSTUP_HOME=/opt/rustwide/rustup-home" "-e" "CARGO_TARGET_DIR=/opt/rustwide/target" "-e" "CARGO_INCREMENTAL=0" "-e" "RUST_BACKTRACE=full" "-e" "RUSTFLAGS=--cap-lints=warn" "-e" "RUSTDOCFLAGS=--cap-lints=warn" "-w" "/opt/rustwide/workdir" "--user" "0:0" "9aff67c5470f4bff2f30c222485804bb115f790bb4668925a3304f332f90cf62" "/opt/rustwide/cargo-home/bin/cargo" "+1.99.0-beta.8" "test" "--frozen", kill_on_drop: false }`
[INFO] [stderr]     Finished `test` profile [unoptimized + debuginfo] target(s) in 4.82s
[INFO] [stdout] 
[INFO] [stderr]      Running unittests src/main.rs (/opt/rustwide/target/debug/deps/cli_fixture-a6aee0eb0fd75466)
[INFO] [stdout] running 0 tests
[INFO] [stderr]      Running unittests src/lib.rs (/opt/rustwide/target/debug/deps/out_faker_rs-1b5ee97445091e6d)
[INFO] [stdout] 
[INFO] [stderr]      Running unittests src/lib.rs (/opt/rustwide/target/debug/deps/out_faker_rs_derive-bf2bd5d6cd18c1ec)
[INFO] [stdout] test result: ok. 0 passed; 0 failed; 0 ignored; 0 measured; 0 filtered out; finished in 0.00s
[INFO] [stderr]      Running unittests src/main.rs (/opt/rustwide/target/debug/deps/tpt_cargo_scrub-d6e83bed8b6b8f24)
[INFO] [stdout] 
[INFO] [stdout] 
[INFO] [stdout] running 8 tests
[INFO] [stdout] test tests::iso_date_format ... ok
[INFO] [stdout] test gen::tests::default_name_is_english ... ok
[INFO] [stdout] test tests::ipv4_four_octets ... ok
[INFO] [stdout] test tests::uuid_format ... ok
[INFO] [stdout] test tests::luhn_card_passes_check ... ok
[INFO] [stdout] test tests::derive_locale_name_is_generated ... ok
[INFO] [stdout] test tests::email_contains_at ... ok
[INFO] [stdout] test gen::tests::locale_names_come_from_locale_lists ... ok
[INFO] [stdout] 
[INFO] [stdout] test result: ok. 8 passed; 0 failed; 0 ignored; 0 measured; 0 filtered out; finished in 0.00s
[INFO] [stdout] 
[INFO] [stdout] 
[INFO] [stdout] running 0 tests
[INFO] [stdout] 
[INFO] [stdout] test result: ok. 0 passed; 0 failed; 0 ignored; 0 measured; 0 filtered out; finished in 0.00s
[INFO] [stdout] 
[INFO] [stdout] 
[INFO] [stdout] running 29 tests
[INFO] [stdout] test scan::tests::epoch_is_1970_jan_01 ... ok
[INFO] [stdout] test scan::tests::format_with_time_components ... ok
[INFO] [stdout] test scan::tests::format_known_timestamp ... ok
[INFO] [stdout] test scan::tests::format_one_day_after_epoch ... ok
[INFO] [stdout] test scan::tests::format_epoch ... ok
[INFO] [stdout] test scan::tests::leap_year_2000_feb_29 ... ok
[INFO] [stdout] test scan::tests::known_date_2000_jan_01 ... ok
[INFO] [stdout] test scan::tests::leap_year_2024_feb_29 ... ok
[INFO] [stdout] test scan::tests::non_leap_century_2100_mar_01 ... ok
[INFO] [stdout] test scan::tests::non_leap_century_2100_feb_28 ... ok
[INFO] [stdout] test scan::tests::year_boundary_1971_jan_01 ... ok
[INFO] [stdout] test scan::tests::year_boundary_1970_dec_31 ... ok
[INFO] [stdout] test scan::tests::one_day_after_epoch ... ok
[INFO] [stdout] test tui::tests::delete_selected_dry_run_plural_status ... ok
[INFO] [stdout] test tui::tests::delete_selected_dry_run_removes_entries ... ok
[INFO] [stdout] test tui::tests::delete_selected_dry_run_singular_status ... ok
[INFO] [stdout] test tui::tests::move_down_advances_cursor ... ok
[INFO] [stdout] test tui::tests::move_down_clamps_at_last ... ok
[INFO] [stdout] test tui::tests::large_is_red ... ok
[INFO] [stdout] test tui::tests::medium_is_yellow ... ok
[INFO] [stdout] test tui::tests::new_selects_first_entry ... ok
[INFO] [stdout] test tui::tests::move_up_clamps_at_first ... ok
[INFO] [stdout] test tui::tests::new_empty_no_selection ... ok
[INFO] [stdout] test tui::tests::select_all_fills_then_clears ... ok
[INFO] [stdout] test tui::tests::small_is_green ... ok
[INFO] [stdout] test tui::tests::toggle_selected_adds_and_removes ... ok
[INFO] [stdout] test scan::tests::finds_cargo_targets_and_skips_nested ... ok
[INFO] [stdout] test scan::tests::ignores_non_cargo_target_dirs ... ok
[INFO] [stdout] test scan::tests::older_than_filters_recent_targets ... ok
[INFO] [stdout] 
[INFO] [stdout] test result: ok. 29 passed; 0 failed; 0 ignored; 0 measured; 0 filtered out; finished in 0.02s
[INFO] [stdout] 
[INFO] [stderr]      Running unittests src/lib.rs (/opt/rustwide/target/debug/deps/tpt_cli_snap-7130aa16073f0696)
[INFO] [stdout] 
[INFO] [stdout] running 0 tests
[INFO] [stdout] 
[INFO] [stdout] test result: ok. 0 passed; 0 failed; 0 ignored; 0 measured; 0 filtered out; finished in 0.00s
[INFO] [stdout] 
[INFO] [stderr]      Running tests/cli_tests.rs (/opt/rustwide/target/debug/deps/cli_tests-a383cdea6986f4e4)
[INFO] [stdout] 
[INFO] [stdout] running 6 tests
[INFO] [stdout] test snapshots_both_streams ... ok
[INFO] [stdout] test snapshots_stderr_variant ... ok
[INFO] [stdout] test explicit_snap_dir_override ... ok
[INFO] [stdout] test env_and_stdin_passthrough ... ok
[INFO] [stdout] test runs_fixture_and_snapshots_stdout ... ok
[INFO] [stdout] test exit_code_chaining ... ok
[INFO] [stdout] 
[INFO] [stdout] test result: ok. 6 passed; 0 failed; 0 ignored; 0 measured; 0 filtered out; finished in 0.69s
[INFO] [stdout] 
[INFO] [stderr]      Running unittests src/lib.rs (/opt/rustwide/target/debug/deps/tpt_env_mocker-76ebae011f96f82a)
[INFO] [stdout] 
[INFO] [stdout] running 4 tests
[INFO] [stdout] test tests::sets_and_restores_env_var ... ok
[INFO] [stdout] test tests::remove_op ... ok
[INFO] [stdout] test tests::restores_original_value ... ok
[INFO] [stdout] test tests::multiple_vars ... ok
[INFO] [stdout] 
[INFO] [stdout] test result: ok. 4 passed; 0 failed; 0 ignored; 0 measured; 0 filtered out; finished in 0.00s
[INFO] [stdout] 
[INFO] [stderr]      Running unittests src/lib.rs (/opt/rustwide/target/debug/deps/tpt_env_mocker_macros-cd7a7354ea6d4718)
[INFO] [stdout] 
[INFO] [stdout] running 0 tests
[INFO] [stdout] 
[INFO] [stdout] test result: ok. 0 passed; 0 failed; 0 ignored; 0 measured; 0 filtered out; finished in 0.00s
[INFO] [stdout] 
[INFO] [stderr]      Running unittests src/lib.rs (/opt/rustwide/target/debug/deps/tpt_fixture-5e4757e22fdec360)
[INFO] [stdout] 
[INFO] [stdout] running 4 tests
[INFO] [stdout] test tests::test_scope_builds_fresh_each_time_and_tears_down ... ok
[INFO] [stdout] test tests::async_init_runs_via_block_on ... ok
[INFO] [stdout] test tests::suite_scope_initialises_once_and_is_shared ... ok
[INFO] [stdout] test tests::parallel_test_scopes_isolated ... ok
[INFO] [stdout] 
[INFO] [stdout] test result: ok. 4 passed; 0 failed; 0 ignored; 0 measured; 0 filtered out; finished in 0.00s
[INFO] [stdout] 
[INFO] [stderr]      Running tests/integration.rs (/opt/rustwide/target/debug/deps/integration-3cc79451e95b1a84)
[INFO] [stdout] 
[INFO] [stdout] running 7 tests
[INFO] [stdout] test suite_test_two ... ok
[INFO] [stdout] test verify_teardown_fires_on_shutdown ... ok
[INFO] [stdout] test suite_test_one ... ok
[INFO] [stdout] test async_fixture_test ... ok
[INFO] [stdout] test test_scope_first ... ok
[INFO] [stdout] test test_scope_second ... ok
[INFO] [stdout] test verify_shared_reference_is_the_same_instance ... FAILED
[INFO] [stdout] 
[INFO] [stdout] failures:
[INFO] [stdout] 
[INFO] [stdout] ---- verify_shared_reference_is_the_same_instance stdout ----
[INFO] [stdout] 
[INFO] [stdout] thread 'verify_shared_reference_is_the_same_instance' (2069) panicked at crates/tpt-fixture/tests/integration.rs:88:5:
[INFO] [stdout] assertion `left == right` failed: suite fixture must initialise exactly once
[INFO] [stdout]   left: 2
[INFO] [stdout]  right: 1
[INFO] [stdout] stack backtrace:
[INFO] [stdout]    0:     0x61ef3cb72081 - std[70759c8f55707aa4]::backtrace_rs::backtrace::libunwind::trace
[INFO] [stdout]                                at /rustc/dfb0accb7f508ae8be965d8629557221c889dd98/library/std/src/../../backtrace/src/backtrace/libunwind.rs:117:9
[INFO] [stdout]    1:     0x61ef3cb72081 - std[70759c8f55707aa4]::backtrace_rs::backtrace::trace_unsynchronized::<std[70759c8f55707aa4]::sys::backtrace::_print_fmt::{closure#1}>
[INFO] [stdout]                                at /rustc/dfb0accb7f508ae8be965d8629557221c889dd98/library/std/src/../../backtrace/src/backtrace/mod.rs:66:14
[INFO] [stdout]    2:     0x61ef3cb72081 - std[70759c8f55707aa4]::sys::backtrace::_print_fmt
[INFO] [stdout]                                at /rustc/dfb0accb7f508ae8be965d8629557221c889dd98/library/std/src/sys/backtrace.rs:74:9
[INFO] [stdout]    3:     0x61ef3cb72081 - <<std[70759c8f55707aa4]::sys::backtrace::BacktraceLock>::print::DisplayBacktrace as core[df12db4294e9bfd3]::fmt::Display>::fmt
[INFO] [stdout]                                at /rustc/dfb0accb7f508ae8be965d8629557221c889dd98/library/std/src/sys/backtrace.rs:44:26
[INFO] [stdout]    4:     0x61ef3cb8629a - <core[df12db4294e9bfd3]::fmt::rt::Argument>::fmt
[INFO] [stdout]                                at /rustc/dfb0accb7f508ae8be965d8629557221c889dd98/library/core/src/fmt/rt.rs:152:76
[INFO] [stdout]    5:     0x61ef3cb8629a - core[df12db4294e9bfd3]::fmt::write
[INFO] [stdout]    6:     0x61ef3cb7651c - core[df12db4294e9bfd3]::io::write::default_write_fmt::<alloc[2182bb758b4b3781]::vec::Vec<u8>>
[INFO] [stdout]                                at /rustc/dfb0accb7f508ae8be965d8629557221c889dd98/library/core/src/io/write.rs:402:11
[INFO] [stdout]    7:     0x61ef3cb7651c - <alloc[2182bb758b4b3781]::vec::Vec<u8> as core[df12db4294e9bfd3]::io::write::Write>::write_fmt
[INFO] [stdout]                                at /rustc/dfb0accb7f508ae8be965d8629557221c889dd98/library/core/src/io/write.rs:335:13
[INFO] [stdout]    8:     0x61ef3cb4e3a6 - <std[70759c8f55707aa4]::sys::backtrace::BacktraceLock>::print
[INFO] [stdout]                                at /rustc/dfb0accb7f508ae8be965d8629557221c889dd98/library/std/src/sys/backtrace.rs:47:9
[INFO] [stdout]    9:     0x61ef3cb4e3a6 - std[70759c8f55707aa4]::panicking::default_hook::{closure#0}
[INFO] [stdout]                                at /rustc/dfb0accb7f508ae8be965d8629557221c889dd98/library/std/src/panicking.rs:292:27
[INFO] [stdout]   10:     0x61ef3cb6a7a9 - std[70759c8f55707aa4]::panicking::default_hook
[INFO] [stdout]                                at /rustc/dfb0accb7f508ae8be965d8629557221c889dd98/library/std/src/panicking.rs:316:9
[INFO] [stdout]   11:     0x61ef3cb015d0 - <alloc[2182bb758b4b3781]::boxed::Box<dyn for<'a, 'b> core[df12db4294e9bfd3]::ops::function::Fn<(&'a std[70759c8f55707aa4]::panic::PanicHookInfo<'b>,), Output = ()> + core[df12db4294e9bfd3]::marker::Send + core[df12db4294e9bfd3]::marker::Sync> as core[df12db4294e9bfd3]::ops::function::Fn<(&std[70759c8f55707aa4]::panic::PanicHookInfo,)>>::call
[INFO] [stdout]                                at /rustc/dfb0accb7f508ae8be965d8629557221c889dd98/library/alloc/src/boxed.rs:2334:9
[INFO] [stdout]   12:     0x61ef3cb015d0 - test[9d35eded1c95d3be]::test_main_inner::<test[9d35eded1c95d3be]::test_main_static::{closure#0}>::{closure#0}
[INFO] [stdout]                                at /rustc/dfb0accb7f508ae8be965d8629557221c889dd98/library/test/src/lib.rs:155:21
[INFO] [stdout]   13:     0x61ef3cb6a962 - <alloc[2182bb758b4b3781]::boxed::Box<dyn for<'a, 'b> core[df12db4294e9bfd3]::ops::function::Fn<(&'a std[70759c8f55707aa4]::panic::PanicHookInfo<'b>,), Output = ()> + core[df12db4294e9bfd3]::marker::Send + core[df12db4294e9bfd3]::marker::Sync> as core[df12db4294e9bfd3]::ops::function::Fn<(&std[70759c8f55707aa4]::panic::PanicHookInfo,)>>::call
[INFO] [stdout]                                at /rustc/dfb0accb7f508ae8be965d8629557221c889dd98/library/alloc/src/boxed.rs:2334:9
[INFO] [stdout]   14:     0x61ef3cb6a962 - std[70759c8f55707aa4]::panicking::panic_with_hook
[INFO] [stdout]                                at /rustc/dfb0accb7f508ae8be965d8629557221c889dd98/library/std/src/panicking.rs:823:13
[INFO] [stdout]   15:     0x61ef3cb4e452 - std[70759c8f55707aa4]::panicking::panic_handler::{closure#0}
[INFO] [stdout]                                at /rustc/dfb0accb7f508ae8be965d8629557221c889dd98/library/std/src/panicking.rs:688:13
[INFO] [stdout]   16:     0x61ef3cb471d9 - std[70759c8f55707aa4]::sys::backtrace::__rust_end_short_backtrace::<std[70759c8f55707aa4]::panicking::panic_handler::{closure#0}, !>
[INFO] [stdout]                                at /rustc/dfb0accb7f508ae8be965d8629557221c889dd98/library/std/src/sys/backtrace.rs:182:18
[INFO] [stdout]   17:     0x61ef3cb4f04d - __rustc[8fa7c3cbc660c2b3]::rust_begin_unwind
[INFO] [stdout]                                at /rustc/dfb0accb7f508ae8be965d8629557221c889dd98/library/std/src/panicking.rs:679:5
[INFO] [stdout]   18:     0x61ef3cb86a7c - core[df12db4294e9bfd3]::panicking::panic_fmt
[INFO] [stdout]                                at /rustc/dfb0accb7f508ae8be965d8629557221c889dd98/library/core/src/panicking.rs:80:14
[INFO] [stdout]   19:     0x61ef3cb86973 - core[df12db4294e9bfd3]::panicking::assert_failed_inner
[INFO] [stdout]                                at /rustc/dfb0accb7f508ae8be965d8629557221c889dd98/library/core/src/panicking.rs:447:23
[INFO] [stdout]   20:     0x61ef3cb831d8 - core[df12db4294e9bfd3]::panicking::assert_failed::<usize, usize>
[INFO] [stdout]                                at /rustc/dfb0accb7f508ae8be965d8629557221c889dd98/library/core/src/panicking.rs:407:5
[INFO] [stdout]   21:     0x61ef3cac1e67 - integration[73b093cc2a511000]::verify_shared_reference_is_the_same_instance
[INFO] [stdout]                                at /opt/rustwide/workdir/crates/tpt-fixture/tests/integration.rs:88:5
[INFO] [stdout]   22:     0x61ef3cac11f7 - integration[73b093cc2a511000]::verify_shared_reference_is_the_same_instance::{closure#0}
[INFO] [stdout]                                at /opt/rustwide/workdir/crates/tpt-fixture/tests/integration.rs:84:65
[INFO] [stdout]   23:     0x61ef3cac5606 - <integration[73b093cc2a511000]::verify_shared_reference_is_the_same_instance::{closure#0} as core[df12db4294e9bfd3]::ops::function::FnOnce<()>>::call_once
[INFO] [stdout]                                at /rustc/dfb0accb7f508ae8be965d8629557221c889dd98/library/core/src/ops/function.rs:250:5
[INFO] [stdout]   24:     0x61ef3caf48bb - <fn() -> core[df12db4294e9bfd3]::result::Result<(), alloc[2182bb758b4b3781]::string::String> as core[df12db4294e9bfd3]::ops::function::FnOnce<()>>::call_once
[INFO] [stdout]                                at /rustc/dfb0accb7f508ae8be965d8629557221c889dd98/library/core/src/ops/function.rs:250:5
[INFO] [stdout]   25:     0x61ef3caf48bb - test[9d35eded1c95d3be]::__rust_begin_short_backtrace::<core[df12db4294e9bfd3]::result::Result<(), alloc[2182bb758b4b3781]::string::String>, fn() -> core[df12db4294e9bfd3]::result::Result<(), alloc[2182bb758b4b3781]::string::String>>
[INFO] [stdout]                                at /rustc/dfb0accb7f508ae8be965d8629557221c889dd98/library/test/src/lib.rs:733:18
[INFO] [stdout]   26:     0x61ef3cb01f25 - test[9d35eded1c95d3be]::run_test_in_process::{closure#0}
[INFO] [stdout]                                at /rustc/dfb0accb7f508ae8be965d8629557221c889dd98/library/test/src/lib.rs:756:74
[INFO] [stdout]   27:     0x61ef3cb01f25 - <core[df12db4294e9bfd3]::panic::unwind_safe::AssertUnwindSafe<test[9d35eded1c95d3be]::run_test_in_process::{closure#0}> as core[df12db4294e9bfd3]::ops::function::FnOnce<()>>::call_once
[INFO] [stdout]                                at /rustc/dfb0accb7f508ae8be965d8629557221c889dd98/library/core/src/panic/unwind_safe.rs:275:9
[INFO] [stdout]   28:     0x61ef3cb01f25 - std[70759c8f55707aa4]::panicking::catch_unwind::do_call::<core[df12db4294e9bfd3]::panic::unwind_safe::AssertUnwindSafe<test[9d35eded1c95d3be]::run_test_in_process::{closure#0}>, core[df12db4294e9bfd3]::result::Result<(), alloc[2182bb758b4b3781]::string::String>>
[INFO] [stdout]                                at /rustc/dfb0accb7f508ae8be965d8629557221c889dd98/library/std/src/panicking.rs:576:43
[INFO] [stdout]   29:     0x61ef3cb01f25 - std[70759c8f55707aa4]::panicking::catch_unwind::<core[df12db4294e9bfd3]::result::Result<(), alloc[2182bb758b4b3781]::string::String>, core[df12db4294e9bfd3]::panic::unwind_safe::AssertUnwindSafe<test[9d35eded1c95d3be]::run_test_in_process::{closure#0}>>
[INFO] [stdout]                                at /rustc/dfb0accb7f508ae8be965d8629557221c889dd98/library/std/src/panicking.rs:544:19
[INFO] [stdout]   30:     0x61ef3cb01f25 - std[70759c8f55707aa4]::panic::catch_unwind::<core[df12db4294e9bfd3]::panic::unwind_safe::AssertUnwindSafe<test[9d35eded1c95d3be]::run_test_in_process::{closure#0}>, core[df12db4294e9bfd3]::result::Result<(), alloc[2182bb758b4b3781]::string::String>>
[INFO] [stdout]                                at /rustc/dfb0accb7f508ae8be965d8629557221c889dd98/library/std/src/panic.rs:359:14
[INFO] [stdout]   31:     0x61ef3cb01f25 - test[9d35eded1c95d3be]::run_test_in_process
[INFO] [stdout]                                at /rustc/dfb0accb7f508ae8be965d8629557221c889dd98/library/test/src/lib.rs:756:27
[INFO] [stdout]   32:     0x61ef3cb01f25 - test[9d35eded1c95d3be]::run_test::{closure#0}
[INFO] [stdout]                                at /rustc/dfb0accb7f508ae8be965d8629557221c889dd98/library/test/src/lib.rs:677:43
[INFO] [stdout]   33:     0x61ef3cafb7e4 - test[9d35eded1c95d3be]::run_test::{closure#1}
[INFO] [stdout]                                at /rustc/dfb0accb7f508ae8be965d8629557221c889dd98/library/test/src/lib.rs:707:41
[INFO] [stdout]   34:     0x61ef3cafb7e4 - std[70759c8f55707aa4]::sys::backtrace::__rust_begin_short_backtrace::<test[9d35eded1c95d3be]::run_test::{closure#1}, ()>
[INFO] [stdout]                                at /rustc/dfb0accb7f508ae8be965d8629557221c889dd98/library/std/src/sys/backtrace.rs:166:18
[INFO] [stdout]   35:     0x61ef3cb05082 - std[70759c8f55707aa4]::thread::lifecycle::spawn_unchecked::<test[9d35eded1c95d3be]::run_test::{closure#1}, ()>::{closure#1}::{closure#0}
[INFO] [stdout]                                at /rustc/dfb0accb7f508ae8be965d8629557221c889dd98/library/std/src/thread/lifecycle.rs:70:13
[INFO] [stdout]   36:     0x61ef3cb05082 - <core[df12db4294e9bfd3]::panic::unwind_safe::AssertUnwindSafe<std[70759c8f55707aa4]::thread::lifecycle::spawn_unchecked<test[9d35eded1c95d3be]::run_test::{closure#1}, ()>::{closure#1}::{closure#0}> as core[df12db4294e9bfd3]::ops::function::FnOnce<()>>::call_once
[INFO] [stdout]                                at /rustc/dfb0accb7f508ae8be965d8629557221c889dd98/library/core/src/panic/unwind_safe.rs:275:9
[INFO] [stdout]   37:     0x61ef3cb05082 - std[70759c8f55707aa4]::panicking::catch_unwind::do_call::<core[df12db4294e9bfd3]::panic::unwind_safe::AssertUnwindSafe<std[70759c8f55707aa4]::thread::lifecycle::spawn_unchecked<test[9d35eded1c95d3be]::run_test::{closure#1}, ()>::{closure#1}::{closure#0}>, ()>
[INFO] [stdout]                                at /rustc/dfb0accb7f508ae8be965d8629557221c889dd98/library/std/src/panicking.rs:576:43
[INFO] [stdout]   38:     0x61ef3cb05082 - std[70759c8f55707aa4]::panicking::catch_unwind::<(), core[df12db4294e9bfd3]::panic::unwind_safe::AssertUnwindSafe<std[70759c8f55707aa4]::thread::lifecycle::spawn_unchecked<test[9d35eded1c95d3be]::run_test::{closure#1}, ()>::{closure#1}::{closure#0}>>
[INFO] [stdout]                                at /rustc/dfb0accb7f508ae8be965d8629557221c889dd98/library/std/src/panicking.rs:544:19
[INFO] [stdout]   39:     0x61ef3cb05082 - std[70759c8f55707aa4]::panic::catch_unwind::<core[df12db4294e9bfd3]::panic::unwind_safe::AssertUnwindSafe<std[70759c8f55707aa4]::thread::lifecycle::spawn_unchecked<test[9d35eded1c95d3be]::run_test::{closure#1}, ()>::{closure#1}::{closure#0}>, ()>
[INFO] [stdout]                                at /rustc/dfb0accb7f508ae8be965d8629557221c889dd98/library/std/src/panic.rs:359:14
[INFO] [stdout]   40:     0x61ef3cb05082 - std[70759c8f55707aa4]::thread::lifecycle::spawn_unchecked::<test[9d35eded1c95d3be]::run_test::{closure#1}, ()>::{closure#1}
[INFO] [stdout]                                at /rustc/dfb0accb7f508ae8be965d8629557221c889dd98/library/std/src/thread/lifecycle.rs:68:26
[INFO] [stdout]   41:     0x61ef3cb05082 - <std[70759c8f55707aa4]::thread::lifecycle::spawn_unchecked<test[9d35eded1c95d3be]::run_test::{closure#1}, ()>::{closure#1} as core[df12db4294e9bfd3]::ops::function::FnOnce<()>>::call_once::{shim:vtable#0}
[INFO] [stdout]                                at /rustc/dfb0accb7f508ae8be965d8629557221c889dd98/library/core/src/ops/function.rs:250:5
[INFO] [stdout]   42:     0x61ef3cb71959 - <alloc[2182bb758b4b3781]::boxed::Box<dyn core[df12db4294e9bfd3]::ops::function::FnOnce<(), Output = ()> + core[df12db4294e9bfd3]::marker::Send> as core[df12db4294e9bfd3]::ops::function::FnOnce<()>>::call_once
[INFO] [stdout]                                at /rustc/dfb0accb7f508ae8be965d8629557221c889dd98/library/alloc/src/boxed.rs:2320:9
[INFO] [stdout]   43:     0x61ef3cb71959 - <std[70759c8f55707aa4]::sys::thread::unix::Thread>::new::thread_start
[INFO] [stdout]                                at /rustc/dfb0accb7f508ae8be965d8629557221c889dd98/library/std/src/sys/thread/unix.rs:123:17
[INFO] [stdout]   44:     0x72f1864cedfa - <unknown>
[INFO] [stdout]   45:     0x72f1865623d4 - clone
[INFO] [stdout]   46:                0x0 - <unknown>
[INFO] [stdout] 
[INFO] [stdout] 
[INFO] [stdout] failures:
[INFO] [stdout]     verify_shared_reference_is_the_same_instance
[INFO] [stdout] 
[INFO] [stdout] test result: FAILED. 6 passed; 1 failed; 0 ignored; 0 measured; 0 filtered out; finished in 0.03s
[INFO] [stdout] 
[INFO] [stderr] error: test failed, to rerun pass `-p tpt-fixture --test integration`
[INFO] running `Command { std: "docker" "inspect" "9aff67c5470f4bff2f30c222485804bb115f790bb4668925a3304f332f90cf62", kill_on_drop: false }`
[INFO] running `Command { std: "docker" "rm" "-f" "9aff67c5470f4bff2f30c222485804bb115f790bb4668925a3304f332f90cf62", kill_on_drop: false }`
[INFO] [stdout] 9aff67c5470f4bff2f30c222485804bb115f790bb4668925a3304f332f90cf62
