[INFO] cloning repository https://github.com/auser/uor-semantic
[INFO] running `Command { std: "git" "-c" "credential.helper=" "-c" "credential.helper=/workspace/cargo-home/bin/git-credential-null" "clone" "--bare" "https://github.com/auser/uor-semantic" "/workspace/cache/git-repos/https%3A%2F%2Fgithub.com%2Fauser%2Fuor-semantic", kill_on_drop: false }`
[INFO] [stderr] Cloning into bare repository '/workspace/cache/git-repos/https%3A%2F%2Fgithub.com%2Fauser%2Fuor-semantic'...
[INFO] running `Command { std: "git" "rev-parse" "HEAD", kill_on_drop: false }`
[INFO] [stdout] 1ba84e726f34893485e59ce89bd56197c9188c4a
[INFO] testing auser/uor-semantic against 1.99.0-beta.8 for beta-1.100-2
[INFO] running `Command { std: "git" "clone" "/workspace/cache/git-repos/https%3A%2F%2Fgithub.com%2Fauser%2Fuor-semantic" "/workspace/builds/worker-1-tc1/source", kill_on_drop: false }`
[INFO] [stderr] Cloning into '/workspace/builds/worker-1-tc1/source'...
[INFO] [stderr] done.
[INFO] removed /workspace/builds/worker-1-tc1/source/.cargo/config.toml
[INFO] removed /workspace/builds/worker-1-tc1/source/rust-toolchain.toml
[INFO] started tweaking git repo https://github.com/auser/uor-semantic
[INFO] finished tweaking git repo https://github.com/auser/uor-semantic
[INFO] tweaked toml for git repo https://github.com/auser/uor-semantic written to /workspace/builds/worker-1-tc1/source/Cargo.toml
[INFO] validating manifest of git repo https://github.com/auser/uor-semantic on toolchain 1.99.0-beta.8
[INFO] running `Command { std: CARGO_HOME="/workspace/cargo-home" RUSTUP_HOME="/workspace/rustup-home" "/workspace/cargo-home/bin/cargo" "+1.99.0-beta.8" "metadata" "--manifest-path" "Cargo.toml" "--no-deps", kill_on_drop: false }`
[INFO] crate git repo https://github.com/auser/uor-semantic already has a lockfile, it will not be regenerated
[INFO] running `Command { std: CARGO_HOME="/workspace/cargo-home" RUSTUP_HOME="/workspace/rustup-home" "/workspace/cargo-home/bin/cargo" "+1.99.0-beta.8" "fetch" "--manifest-path" "Cargo.toml", kill_on_drop: false }`
[INFO] [stderr]     Updating crates.io index
[INFO] [stderr]  Downloading crates ...
[INFO] [stderr]   Downloaded arrayref v0.3.9
[INFO] [stderr]   Downloaded cc v1.4.0
[INFO] [stderr]   Downloaded constant_time_eq v0.3.1
[INFO] [stderr]   Downloaded blake3 v1.5.0
[INFO] running `Command { std: "docker" "create" "-v" "/var/lib/crater-agent-workspace/builds/worker-1-tc1/source:/opt/rustwide/workdir:ro,Z" "-v" "/var/lib/crater-agent-workspace/builds/worker-1-tc1/target:/opt/rustwide/target:rw,Z" "-v" "/var/lib/crater-agent-workspace/cargo-home:/opt/rustwide/cargo-home:ro,Z" "-v" "/var/lib/crater-agent-workspace/rustup-home:/opt/rustwide/rustup-home:ro,Z" "-m" "1610612736" "--network" "none" "ghcr.io/rust-lang/crates-build-env/linux@sha256:3111399a4047eeb3a02b7a90e478d715f38a8c6669b5c4b49d30a17385265909" "sleep" "infinity", kill_on_drop: false }`
[INFO] [stdout] 0441eb5a68082d76d62050f649de341aeda9a753e5133bc7199c051bdb40ee98
[INFO] running `Command { std: "docker" "start" "0441eb5a68082d76d62050f649de341aeda9a753e5133bc7199c051bdb40ee98", kill_on_drop: false }`
[INFO] running `Command { std: "docker" "inspect" "0441eb5a68082d76d62050f649de341aeda9a753e5133bc7199c051bdb40ee98", kill_on_drop: false }`
[INFO] running `Command { std: "docker" "exec" "-e" "SOURCE_DIR=/opt/rustwide/workdir" "-e" "CARGO_HOME=/opt/rustwide/cargo-home" "-e" "RUSTUP_HOME=/opt/rustwide/rustup-home" "-e" "CARGO_TARGET_DIR=/opt/rustwide/target" "-w" "/opt/rustwide/workdir" "--user" "0:0" "0441eb5a68082d76d62050f649de341aeda9a753e5133bc7199c051bdb40ee98" "/opt/rustwide/cargo-home/bin/cargo" "+1.99.0-beta.8" "metadata" "--no-deps" "--format-version=1", kill_on_drop: false }`
[INFO] running `Command { std: "docker" "inspect" "0441eb5a68082d76d62050f649de341aeda9a753e5133bc7199c051bdb40ee98", kill_on_drop: false }`
[INFO] running `Command { std: "docker" "exec" "-e" "SOURCE_DIR=/opt/rustwide/workdir" "-e" "CARGO_HOME=/opt/rustwide/cargo-home" "-e" "RUSTUP_HOME=/opt/rustwide/rustup-home" "-e" "CARGO_TARGET_DIR=/opt/rustwide/target" "-e" "CARGO_INCREMENTAL=0" "-e" "RUST_BACKTRACE=full" "-e" "RUSTFLAGS=--cap-lints=warn" "-e" "RUSTDOCFLAGS=--cap-lints=warn" "-w" "/opt/rustwide/workdir" "--user" "0:0" "0441eb5a68082d76d62050f649de341aeda9a753e5133bc7199c051bdb40ee98" "/opt/rustwide/cargo-home/bin/cargo" "+1.99.0-beta.8" "build" "--frozen" "--message-format=json", kill_on_drop: false }`
[INFO] [stderr]    Compiling proc-macro2 v1.0.107
[INFO] [stderr]    Compiling unicode-ident v1.0.24
[INFO] [stderr]    Compiling quote v1.0.47
[INFO] [stderr]    Compiling serde_core v1.0.229
[INFO] [stderr]    Compiling serde v1.0.229
[INFO] [stderr]    Compiling find-msvc-tools v0.1.9
[INFO] [stderr]    Compiling shlex v2.0.1
[INFO] [stderr]    Compiling hashbrown v0.17.1
[INFO] [stderr]    Compiling equivalent v1.0.2
[INFO] [stderr]    Compiling toml_write v0.1.2
[INFO] [stderr]    Compiling arrayvec v0.7.8
[INFO] [stderr]    Compiling constant_time_eq v0.3.1
[INFO] [stderr]    Compiling cfg-if v1.0.4
[INFO] [stderr]    Compiling arrayref v0.3.9
[INFO] [stderr]    Compiling winnow v0.7.15
[INFO] [stderr]    Compiling uor-semantic v0.1.0 (/opt/rustwide/workdir/crates/uor-semantic)
[INFO] [stderr]    Compiling cc v1.4.0
[INFO] [stderr]    Compiling indexmap v2.14.0
[INFO] [stderr]    Compiling syn v3.0.3
[INFO] [stderr]    Compiling blake3 v1.5.0
[INFO] [stderr]    Compiling uor-semantic-compiler v0.1.0 (/opt/rustwide/workdir/crates/uor-semantic-compiler)
[INFO] [stderr]    Compiling uor-semantic-cli v0.1.0 (/opt/rustwide/workdir/crates/uor-semantic-cli)
[INFO] [stderr]    Compiling serde_derive v1.0.229
[INFO] [stderr]    Compiling serde_spanned v0.6.9
[INFO] [stderr]    Compiling toml_datetime v0.6.11
[INFO] [stderr]    Compiling toml_edit v0.22.27
[INFO] [stderr]    Compiling toml v0.8.23
[INFO] [stderr]    Compiling repo-model v0.1.0 (/opt/rustwide/workdir/crates/model)
[INFO] [stderr]    Compiling repo-conformance v0.1.0 (/opt/rustwide/workdir/crates/conformance)
[INFO] [stderr]    Compiling xtask v0.1.0 (/opt/rustwide/workdir/xtask)
[INFO] [stderr]     Finished `dev` profile [unoptimized + debuginfo] target(s) in 18.44s
[INFO] running `Command { std: "docker" "inspect" "0441eb5a68082d76d62050f649de341aeda9a753e5133bc7199c051bdb40ee98", kill_on_drop: false }`
[INFO] running `Command { std: "docker" "exec" "-e" "SOURCE_DIR=/opt/rustwide/workdir" "-e" "CARGO_HOME=/opt/rustwide/cargo-home" "-e" "RUSTUP_HOME=/opt/rustwide/rustup-home" "-e" "CARGO_TARGET_DIR=/opt/rustwide/target" "-e" "CARGO_INCREMENTAL=0" "-e" "RUST_BACKTRACE=full" "-e" "RUSTFLAGS=--cap-lints=warn" "-e" "RUSTDOCFLAGS=--cap-lints=warn" "-w" "/opt/rustwide/workdir" "--user" "0:0" "0441eb5a68082d76d62050f649de341aeda9a753e5133bc7199c051bdb40ee98" "/opt/rustwide/cargo-home/bin/cargo" "+1.99.0-beta.8" "test" "--frozen" "--no-run" "--message-format=json", kill_on_drop: false }`
[INFO] [stderr]    Compiling uor-semantic v0.1.0 (/opt/rustwide/workdir/crates/uor-semantic)
[INFO] [stderr]    Compiling repo-model v0.1.0 (/opt/rustwide/workdir/crates/model)
[INFO] [stderr]    Compiling repo-conformance v0.1.0 (/opt/rustwide/workdir/crates/conformance)
[INFO] [stderr]    Compiling xtask v0.1.0 (/opt/rustwide/workdir/xtask)
[INFO] [stderr]     Finished `test` profile [unoptimized + debuginfo] target(s) in 2.72s
[INFO] running `Command { std: "docker" "inspect" "0441eb5a68082d76d62050f649de341aeda9a753e5133bc7199c051bdb40ee98", kill_on_drop: false }`
[INFO] running `Command { std: "docker" "exec" "-e" "SOURCE_DIR=/opt/rustwide/workdir" "-e" "CARGO_HOME=/opt/rustwide/cargo-home" "-e" "RUSTUP_HOME=/opt/rustwide/rustup-home" "-e" "CARGO_TARGET_DIR=/opt/rustwide/target" "-e" "CARGO_INCREMENTAL=0" "-e" "RUST_BACKTRACE=full" "-e" "RUSTFLAGS=--cap-lints=warn" "-e" "RUSTDOCFLAGS=--cap-lints=warn" "-w" "/opt/rustwide/workdir" "--user" "0:0" "0441eb5a68082d76d62050f649de341aeda9a753e5133bc7199c051bdb40ee98" "/opt/rustwide/cargo-home/bin/cargo" "+1.99.0-beta.8" "test" "--frozen", kill_on_drop: false }`
[INFO] [stderr]     Finished `test` profile [unoptimized + debuginfo] target(s) in 0.05s
[INFO] [stdout] 
[INFO] [stderr]      Running unittests src/lib.rs (/opt/rustwide/target/debug/deps/repo_conformance-23210b2d9341b9b6)
[INFO] [stdout] running 3 tests
[INFO] [stderr]      Running tests/accuracy.rs (/opt/rustwide/target/debug/deps/accuracy-6a775b1c6a93c7ea)
[INFO] [stdout] test source_audit::tests::source_audit_ignores_documentation_and_strings ... ok
[INFO] [stderr]      Running tests/bdd.rs (/opt/rustwide/target/debug/deps/bdd-06985475b7780d7a)
[INFO] [stdout] test meta::tests::assertive_vocabulary_is_falsifiable ... ok
[INFO] [stdout] test source_audit::tests::source_audit_detects_a_forbidden_product ... ok
[INFO] [stdout] 
[INFO] [stdout] test result: ok. 3 passed; 0 failed; 0 ignored; 0 measured; 0 filtered out; finished in 0.01s
[INFO] [stdout] 
[INFO] [stdout] 
[INFO] [stdout] running 1 test
[INFO] [stdout] test contextual_stop_fixture_routes_every_declared_case_ac_01 ... ok
[INFO] [stdout] 
[INFO] [stdout] test result: ok. 1 passed; 0 failed; 0 ignored; 0 measured; 0 filtered out; finished in 0.00s
[INFO] [stdout] 
[INFO] [stdout] 
[INFO] [stdout] running 4 tests
[INFO] [stdout] test no_scenario_is_pending_cm_02 ... ok
[INFO] [stdout] test every_id_has_a_scenario_and_a_test_cm_02 ... ok
[INFO] [stdout] test every_some_true_claim_cites_an_authority_cm_03 ... ok
[INFO] [stdout] test the_meta_gate_is_falsifiable_cm_02 ... ok
[INFO] [stdout] 
[INFO] [stdout] test result: ok. 4 passed; 0 failed; 0 ignored; 0 measured; 0 filtered out; finished in 0.10s
[INFO] [stdout] 
[INFO] [stdout] 
[INFO] [stderr]      Running tests/construction.rs (/opt/rustwide/target/debug/deps/construction-051d7e5eca425d94)
[INFO] [stdout] running 4 tests
[INFO] [stdout] test candidate_set_rejects_excess_and_duplicate_regions ... ok
[INFO] [stdout] test path_capacity_and_prefix_failures_preserve_state ... ok
[INFO] [stdout] test address_duplicate_and_capacity_failures_preserve_state ... ok
[INFO] [stdout] test zero_capacity_cloud_reports_every_match_as_truncated ... ok
[INFO] [stdout] 
[INFO] [stdout] test result: ok. 4 passed; 0 failed; 0 ignored; 0 measured; 0 filtered out; finished in 0.00s
[INFO] [stdout] 
[INFO] [stderr]      Running tests/model_pipeline.rs (/opt/rustwide/target/debug/deps/model_pipeline-d524ddda70ef9977)
[INFO] [stdout] 
[INFO] [stdout] running 45 tests
[INFO] [stdout] test autoregressive_rollout_reports_sequence_and_eos_parity_gn_02 ... ok
[INFO] [stdout] test artifact_parser_rejects_resource_limits_ar_03 ... ok
[INFO] [stdout] test accuracy_profile_preserves_bounded_graph_work_gp_06 ... ok
[INFO] [stdout] test artifact_round_trip_preserves_exact_prediction_ar_01 ... ok
[INFO] [stdout] test canonical_compiler_output_is_byte_identical_cp_01 ... ok
[INFO] [stdout] test artifact_identity_rejects_tampering_ar_02 ... ok
[INFO] [stdout] test captured_observations_compile_to_runtime_artifact_hf_02 ... ok
[INFO] [stdout] test cli_compile_writes_optional_structural_r4g1_container_cx_15 ... ok
[INFO] [stdout] test compatibility_manifest_binds_r4g1_and_tla5_identity_cx_01 ... ok
[INFO] [stdout] test default_accuracy_profile_uses_cross_validated_graph_settings_gp_05 ... ok
[INFO] [stdout] test indexed_candidate_routing_avoids_full_region_scan_ar_04 ... ok
[INFO] [stdout] test graph_only_parity_reports_indexed_candidate_work_ac_04 ... ok
[INFO] [stdout] test exact_context_lane_matches_teacher_argmax_gp_01 ... ok
[INFO] [stdout] test greedy_generation_follows_compiled_teacher_chain_gn_01 ... ok
[INFO] [stdout] test compiled_artifact_exports_to_structural_r4g1_with_valid_cids_cx_14 ... ok
[INFO] [stdout] test cli_self_test_runs_end_to_end_cl_01 ... ok
[INFO] [stdout] test compatibility_witness_enforces_identity_status_token_and_region_cx_03 ... ok
[INFO] [stdout] test r4g1_export_emits_root_prior_and_rx1_exct_cx_17 ... ok
[INFO] [stdout] test compatibility_prediction_equivalence_preserves_ranked_output_cx_04 ... ok
[INFO] [stdout] test r4g1_graph_view_rejects_invalid_ranges_and_endpoints_cx_10 ... ok
[INFO] [stdout] test parity_certificate_rejects_unmet_threshold_gp_02 ... ok
[INFO] [stdout] test r4g1_graph_view_rejects_invalid_rout_bytecode_cx_13 ... ok
[INFO] [stdout] test r4g1_graph_view_validates_and_exposes_records_cx_09 ... ok
[INFO] [stdout] test graph_only_held_out_fixture_is_measured_without_exact_lookup_ac_02 ... ok
[INFO] [stdout] test interactive_artifact_commands_succeed_cl_02 ... ok
[INFO] [stdout] test compatibility_status_mapping_preserves_target_outcomes_cx_02 ... ok
[INFO] [stdout] test hugging_face_download_command_requires_immutable_revision_hf_01 ... ok
[INFO] [stdout] test parity_certificate_requires_coverage_and_top_k_floors_gp_04 ... ok
[INFO] [stdout] test r4g1_export_emits_predictive_edges_with_refinement_ranges_cx_19 ... ok
[INFO] [stdout] test graph_only_parity_reports_top_k_recall_gp_03 ... ok
[INFO] [stdout] test r4g1_graph_view_validates_edge_flags_and_reverse_ids_cx_16 ... ok
[INFO] [stdout] test r4g1_identity_header_rejects_malformed_containers_cx_06 ... ok
[INFO] [stdout] test separate_held_out_input_forces_exact_lookup_off_ac_03 ... ok
[INFO] [stdout] test r4g1_structure_view_exposes_required_sections_cx_07 ... ok
[INFO] [stdout] test r4g1_structure_view_rejects_unsafe_section_topology_cx_08 ... ok
[INFO] [stdout] test typed_source_compile_preflights_corpus_before_teacher_bridge_cx_12 ... ok
[INFO] [stdout] test r4g1_scoring_accumulates_unique_residuals_with_deterministic_ties_cx_18 ... ok
[INFO] [stdout] test typed_r4_lifecycle_entry_points_pin_and_compile_cx_11 ... ok
[INFO] [stdout] test tokenizer_identity_mismatch_fails_before_parity_measurement_hf_06 ... ok
[INFO] [stdout] test r4g1_runtime_replays_route_and_emit_without_allocation_cx_21 ... ok
[INFO] [stdout] test r4g1_identity_header_maps_to_manifest_cx_05 ... ok
[INFO] [stdout] test r4g1_target_width_signature_and_chain_residuals_cx_23 ... ok
[INFO] [stdout] test r4g1_replay_certificate_reports_predictive_score_agreement_cx_20 ... ok
[INFO] [stdout] test r4g1_runtime_predicts_bounded_top_k_tokens_cx_22 ... ok
[INFO] [stderr]      Running tests/no_alloc.rs (/opt/rustwide/target/debug/deps/no_alloc-77b80dba43830c8b)
[INFO] [stdout] test symmetric_graph_cross_validation_keeps_exact_lookup_off_ac_05 ... ok
[INFO] [stdout] 
[INFO] [stdout] test result: ok. 45 passed; 0 failed; 0 ignored; 0 measured; 0 filtered out; finished in 0.06s
[INFO] [stdout] 
[INFO] [stdout] 
[INFO] [stdout] running 4 tests
[INFO] [stdout] test r4g1_route_and_emit_perform_zero_heap_operations_cx_21 ... ok
[INFO] [stdout] test warmed_routing_performs_zero_heap_operations_rt_02 ... ok
[INFO] [stdout] test artifact_parse_predict_and_generation_perform_zero_heap_operations_rt_03 ... ok
[INFO] [stdout] test r4g1_prediction_performs_zero_heap_operations_cx_22 ... FAILED
[INFO] [stderr] error: test failed, to rerun pass `-p repo-conformance --test no_alloc`
[INFO] [stdout] 
[INFO] [stdout] failures:
[INFO] [stdout] 
[INFO] [stdout] ---- r4g1_prediction_performs_zero_heap_operations_cx_22 stdout ----
[INFO] [stdout] 
[INFO] [stdout] thread 'r4g1_prediction_performs_zero_heap_operations_cx_22' (1059) panicked at crates/conformance/tests/no_alloc.rs:233:5:
[INFO] [stdout] assertion `left == right` failed
[INFO] [stdout]   left: 1340
[INFO] [stdout]  right: 1336
[INFO] [stdout] stack backtrace:
[INFO] [stdout]    0:     0x60bbef7baac1 - std[70759c8f55707aa4]::backtrace_rs::backtrace::libunwind::trace
[INFO] [stdout]                                at /rustc/dfb0accb7f508ae8be965d8629557221c889dd98/library/std/src/../../backtrace/src/backtrace/libunwind.rs:117:9
[INFO] [stdout]    1:     0x60bbef7baac1 - std[70759c8f55707aa4]::backtrace_rs::backtrace::trace_unsynchronized::<std[70759c8f55707aa4]::sys::backtrace::_print_fmt::{closure#1}>
[INFO] [stdout]                                at /rustc/dfb0accb7f508ae8be965d8629557221c889dd98/library/std/src/../../backtrace/src/backtrace/mod.rs:66:14
[INFO] [stdout]    2:     0x60bbef7baac1 - std[70759c8f55707aa4]::sys::backtrace::_print_fmt
[INFO] [stdout]                                at /rustc/dfb0accb7f508ae8be965d8629557221c889dd98/library/std/src/sys/backtrace.rs:74:9
[INFO] [stdout]    3:     0x60bbef7baac1 - <<std[70759c8f55707aa4]::sys::backtrace::BacktraceLock>::print::DisplayBacktrace as core[df12db4294e9bfd3]::fmt::Display>::fmt
[INFO] [stdout]                                at /rustc/dfb0accb7f508ae8be965d8629557221c889dd98/library/std/src/sys/backtrace.rs:44:26
[INFO] [stdout]    4:     0x60bbef7cf77a - <core[df12db4294e9bfd3]::fmt::rt::Argument>::fmt
[INFO] [stdout]                                at /rustc/dfb0accb7f508ae8be965d8629557221c889dd98/library/core/src/fmt/rt.rs:152:76
[INFO] [stdout]    5:     0x60bbef7cf77a - core[df12db4294e9bfd3]::fmt::write
[INFO] [stdout]    6:     0x60bbef7bef5c - core[df12db4294e9bfd3]::io::write::default_write_fmt::<alloc[2182bb758b4b3781]::vec::Vec<u8>>
[INFO] [stdout]                                at /rustc/dfb0accb7f508ae8be965d8629557221c889dd98/library/core/src/io/write.rs:402:11
[INFO] [stdout]    7:     0x60bbef7bef5c - <alloc[2182bb758b4b3781]::vec::Vec<u8> as core[df12db4294e9bfd3]::io::write::Write>::write_fmt
[INFO] [stdout]                                at /rustc/dfb0accb7f508ae8be965d8629557221c889dd98/library/core/src/io/write.rs:335:13
[INFO] [stdout]    8:     0x60bbef797266 - <std[70759c8f55707aa4]::sys::backtrace::BacktraceLock>::print
[INFO] [stdout]                                at /rustc/dfb0accb7f508ae8be965d8629557221c889dd98/library/std/src/sys/backtrace.rs:47:9
[INFO] [stdout]    9:     0x60bbef797266 - std[70759c8f55707aa4]::panicking::default_hook::{closure#0}
[INFO] [stdout]                                at /rustc/dfb0accb7f508ae8be965d8629557221c889dd98/library/std/src/panicking.rs:292:27
[INFO] [stdout]   10:     0x60bbef7b3229 - std[70759c8f55707aa4]::panicking::default_hook
[INFO] [stdout]                                at /rustc/dfb0accb7f508ae8be965d8629557221c889dd98/library/std/src/panicking.rs:316:9
[INFO] [stdout]   11:     0x60bbef738440 - <alloc[2182bb758b4b3781]::boxed::Box<dyn for<'a, 'b> core[df12db4294e9bfd3]::ops::function::Fn<(&'a std[70759c8f55707aa4]::panic::PanicHookInfo<'b>,), Output = ()> + core[df12db4294e9bfd3]::marker::Send + core[df12db4294e9bfd3]::marker::Sync> as core[df12db4294e9bfd3]::ops::function::Fn<(&std[70759c8f55707aa4]::panic::PanicHookInfo,)>>::call
[INFO] [stdout]                                at /rustc/dfb0accb7f508ae8be965d8629557221c889dd98/library/alloc/src/boxed.rs:2334:9
[INFO] [stdout]   12:     0x60bbef738440 - test[9d35eded1c95d3be]::test_main_inner::<test[9d35eded1c95d3be]::test_main_static::{closure#0}>::{closure#0}
[INFO] [stdout]                                at /rustc/dfb0accb7f508ae8be965d8629557221c889dd98/library/test/src/lib.rs:155:21
[INFO] [stdout]   13:     0x60bbef7b33e2 - <alloc[2182bb758b4b3781]::boxed::Box<dyn for<'a, 'b> core[df12db4294e9bfd3]::ops::function::Fn<(&'a std[70759c8f55707aa4]::panic::PanicHookInfo<'b>,), Output = ()> + core[df12db4294e9bfd3]::marker::Send + core[df12db4294e9bfd3]::marker::Sync> as core[df12db4294e9bfd3]::ops::function::Fn<(&std[70759c8f55707aa4]::panic::PanicHookInfo,)>>::call
[INFO] [stdout]                                at /rustc/dfb0accb7f508ae8be965d8629557221c889dd98/library/alloc/src/boxed.rs:2334:9
[INFO] [stdout]   14:     0x60bbef7b33e2 - std[70759c8f55707aa4]::panicking::panic_with_hook
[INFO] [stdout]                                at /rustc/dfb0accb7f508ae8be965d8629557221c889dd98/library/std/src/panicking.rs:823:13
[INFO] [stdout]   15:     0x60bbef797312 - std[70759c8f55707aa4]::panicking::panic_handler::{closure#0}
[INFO] [stdout]                                at /rustc/dfb0accb7f508ae8be965d8629557221c889dd98/library/std/src/panicking.rs:688:13
[INFO] [stdout]   16:     0x60bbef790099 - std[70759c8f55707aa4]::sys::backtrace::__rust_end_short_backtrace::<std[70759c8f55707aa4]::panicking::panic_handler::{closure#0}, !>
[INFO] [stdout]                                at /rustc/dfb0accb7f508ae8be965d8629557221c889dd98/library/std/src/sys/backtrace.rs:182:18
[INFO] [stdout]   17:     0x60bbef797ded - __rustc[8fa7c3cbc660c2b3]::rust_begin_unwind
[INFO] [stdout]                                at /rustc/dfb0accb7f508ae8be965d8629557221c889dd98/library/std/src/panicking.rs:679:5
[INFO] [stdout]   18:     0x60bbef7cff6c - core[df12db4294e9bfd3]::panicking::panic_fmt
[INFO] [stdout]                                at /rustc/dfb0accb7f508ae8be965d8629557221c889dd98/library/core/src/panicking.rs:80:14
[INFO] [stdout]   19:     0x60bbef7cfe03 - core[df12db4294e9bfd3]::panicking::assert_failed_inner
[INFO] [stdout]                                at /rustc/dfb0accb7f508ae8be965d8629557221c889dd98/library/core/src/panicking.rs:452:17
[INFO] [stdout]   20:     0x60bbef7cc40d - core[df12db4294e9bfd3]::panicking::assert_failed::<usize, usize>
[INFO] [stdout]                                at /rustc/dfb0accb7f508ae8be965d8629557221c889dd98/library/core/src/panicking.rs:407:5
[INFO] [stdout]   21:     0x60bbef67eddc - no_alloc[7dffcf02239525b1]::r4g1_prediction_performs_zero_heap_operations_cx_22
[INFO] [stdout]                                at /opt/rustwide/workdir/crates/conformance/tests/no_alloc.rs:233:5
[INFO] [stdout]   22:     0x60bbef67e527 - no_alloc[7dffcf02239525b1]::r4g1_prediction_performs_zero_heap_operations_cx_22::{closure#0}
[INFO] [stdout]                                at /opt/rustwide/workdir/crates/conformance/tests/no_alloc.rs:191:57
[INFO] [stdout]   23:     0x60bbef685706 - <no_alloc[7dffcf02239525b1]::r4g1_prediction_performs_zero_heap_operations_cx_22::{closure#0} as core[df12db4294e9bfd3]::ops::function::FnOnce<()>>::call_once
[INFO] [stdout]                                at /rustc/dfb0accb7f508ae8be965d8629557221c889dd98/library/core/src/ops/function.rs:250:5
[INFO] [stdout]   24:     0x60bbef72b72b - <fn() -> core[df12db4294e9bfd3]::result::Result<(), alloc[2182bb758b4b3781]::string::String> as core[df12db4294e9bfd3]::ops::function::FnOnce<()>>::call_once
[INFO] [stdout]                                at /rustc/dfb0accb7f508ae8be965d8629557221c889dd98/library/core/src/ops/function.rs:250:5
[INFO] [stdout]   25:     0x60bbef72b72b - test[9d35eded1c95d3be]::__rust_begin_short_backtrace::<core[df12db4294e9bfd3]::result::Result<(), alloc[2182bb758b4b3781]::string::String>, fn() -> core[df12db4294e9bfd3]::result::Result<(), alloc[2182bb758b4b3781]::string::String>>
[INFO] [stdout]                                at /rustc/dfb0accb7f508ae8be965d8629557221c889dd98/library/test/src/lib.rs:733:18
[INFO] [stdout]   26:     0x60bbef738d95 - test[9d35eded1c95d3be]::run_test_in_process::{closure#0}
[INFO] [stdout]                                at /rustc/dfb0accb7f508ae8be965d8629557221c889dd98/library/test/src/lib.rs:756:74
[INFO] [stdout]   27:     0x60bbef738d95 - <core[df12db4294e9bfd3]::panic::unwind_safe::AssertUnwindSafe<test[9d35eded1c95d3be]::run_test_in_process::{closure#0}> as core[df12db4294e9bfd3]::ops::function::FnOnce<()>>::call_once
[INFO] [stdout]                                at /rustc/dfb0accb7f508ae8be965d8629557221c889dd98/library/core/src/panic/unwind_safe.rs:275:9
[INFO] [stdout]   28:     0x60bbef738d95 - std[70759c8f55707aa4]::panicking::catch_unwind::do_call::<core[df12db4294e9bfd3]::panic::unwind_safe::AssertUnwindSafe<test[9d35eded1c95d3be]::run_test_in_process::{closure#0}>, core[df12db4294e9bfd3]::result::Result<(), alloc[2182bb758b4b3781]::string::String>>
[INFO] [stdout]                                at /rustc/dfb0accb7f508ae8be965d8629557221c889dd98/library/std/src/panicking.rs:576:43
[INFO] [stdout]   29:     0x60bbef738d95 - std[70759c8f55707aa4]::panicking::catch_unwind::<core[df12db4294e9bfd3]::result::Result<(), alloc[2182bb758b4b3781]::string::String>, core[df12db4294e9bfd3]::panic::unwind_safe::AssertUnwindSafe<test[9d35eded1c95d3be]::run_test_in_process::{closure#0}>>
[INFO] [stdout]                                at /rustc/dfb0accb7f508ae8be965d8629557221c889dd98/library/std/src/panicking.rs:544:19
[INFO] [stdout]   30:     0x60bbef738d95 - std[70759c8f55707aa4]::panic::catch_unwind::<core[df12db4294e9bfd3]::panic::unwind_safe::AssertUnwindSafe<test[9d35eded1c95d3be]::run_test_in_process::{closure#0}>, core[df12db4294e9bfd3]::result::Result<(), alloc[2182bb758b4b3781]::string::String>>
[INFO] [stdout]                                at /rustc/dfb0accb7f508ae8be965d8629557221c889dd98/library/std/src/panic.rs:359:14
[INFO] [stdout]   31:     0x60bbef738d95 - test[9d35eded1c95d3be]::run_test_in_process
[INFO] [stdout]                                at /rustc/dfb0accb7f508ae8be965d8629557221c889dd98/library/test/src/lib.rs:756:27
[INFO] [stdout]   32:     0x60bbef738d95 - test[9d35eded1c95d3be]::run_test::{closure#0}
[INFO] [stdout]                                at /rustc/dfb0accb7f508ae8be965d8629557221c889dd98/library/test/src/lib.rs:677:43
[INFO] [stdout]   33:     0x60bbef732654 - test[9d35eded1c95d3be]::run_test::{closure#1}
[INFO] [stdout]                                at /rustc/dfb0accb7f508ae8be965d8629557221c889dd98/library/test/src/lib.rs:707:41
[INFO] [stdout]   34:     0x60bbef732654 - std[70759c8f55707aa4]::sys::backtrace::__rust_begin_short_backtrace::<test[9d35eded1c95d3be]::run_test::{closure#1}, ()>
[INFO] [stdout]                                at /rustc/dfb0accb7f508ae8be965d8629557221c889dd98/library/std/src/sys/backtrace.rs:166:18
[INFO] [stdout]   35:     0x60bbef73bef2 - std[70759c8f55707aa4]::thread::lifecycle::spawn_unchecked::<test[9d35eded1c95d3be]::run_test::{closure#1}, ()>::{closure#1}::{closure#0}
[INFO] [stdout]                                at /rustc/dfb0accb7f508ae8be965d8629557221c889dd98/library/std/src/thread/lifecycle.rs:70:13
[INFO] [stdout]   36:     0x60bbef73bef2 - <core[df12db4294e9bfd3]::panic::unwind_safe::AssertUnwindSafe<std[70759c8f55707aa4]::thread::lifecycle::spawn_unchecked<test[9d35eded1c95d3be]::run_test::{closure#1}, ()>::{closure#1}::{closure#0}> as core[df12db4294e9bfd3]::ops::function::FnOnce<()>>::call_once
[INFO] [stdout]                                at /rustc/dfb0accb7f508ae8be965d8629557221c889dd98/library/core/src/panic/unwind_safe.rs:275:9
[INFO] [stdout]   37:     0x60bbef73bef2 - std[70759c8f55707aa4]::panicking::catch_unwind::do_call::<core[df12db4294e9bfd3]::panic::unwind_safe::AssertUnwindSafe<std[70759c8f55707aa4]::thread::lifecycle::spawn_unchecked<test[9d35eded1c95d3be]::run_test::{closure#1}, ()>::{closure#1}::{closure#0}>, ()>
[INFO] [stdout]                                at /rustc/dfb0accb7f508ae8be965d8629557221c889dd98/library/std/src/panicking.rs:576:43
[INFO] [stdout]   38:     0x60bbef73bef2 - std[70759c8f55707aa4]::panicking::catch_unwind::<(), core[df12db4294e9bfd3]::panic::unwind_safe::AssertUnwindSafe<std[70759c8f55707aa4]::thread::lifecycle::spawn_unchecked<test[9d35eded1c95d3be]::run_test::{closure#1}, ()>::{closure#1}::{closure#0}>>
[INFO] [stdout]                                at /rustc/dfb0accb7f508ae8be965d8629557221c889dd98/library/std/src/panicking.rs:544:19
[INFO] [stdout]   39:     0x60bbef73bef2 - std[70759c8f55707aa4]::panic::catch_unwind::<core[df12db4294e9bfd3]::panic::unwind_safe::AssertUnwindSafe<std[70759c8f55707aa4]::thread::lifecycle::spawn_unchecked<test[9d35eded1c95d3be]::run_test::{closure#1}, ()>::{closure#1}::{closure#0}>, ()>
[INFO] [stdout]                                at /rustc/dfb0accb7f508ae8be965d8629557221c889dd98/library/std/src/panic.rs:359:14
[INFO] [stdout]   40:     0x60bbef73bef2 - std[70759c8f55707aa4]::thread::lifecycle::spawn_unchecked::<test[9d35eded1c95d3be]::run_test::{closure#1}, ()>::{closure#1}
[INFO] [stdout]                                at /rustc/dfb0accb7f508ae8be965d8629557221c889dd98/library/std/src/thread/lifecycle.rs:68:26
[INFO] [stdout]   41:     0x60bbef73bef2 - <std[70759c8f55707aa4]::thread::lifecycle::spawn_unchecked<test[9d35eded1c95d3be]::run_test::{closure#1}, ()>::{closure#1} as core[df12db4294e9bfd3]::ops::function::FnOnce<()>>::call_once::{shim:vtable#0}
[INFO] [stdout]                                at /rustc/dfb0accb7f508ae8be965d8629557221c889dd98/library/core/src/ops/function.rs:250:5
[INFO] [stdout]   42:     0x60bbef7ba399 - <alloc[2182bb758b4b3781]::boxed::Box<dyn core[df12db4294e9bfd3]::ops::function::FnOnce<(), Output = ()> + core[df12db4294e9bfd3]::marker::Send> as core[df12db4294e9bfd3]::ops::function::FnOnce<()>>::call_once
[INFO] [stdout]                                at /rustc/dfb0accb7f508ae8be965d8629557221c889dd98/library/alloc/src/boxed.rs:2320:9
[INFO] [stdout]   43:     0x60bbef7ba399 - <std[70759c8f55707aa4]::sys::thread::unix::Thread>::new::thread_start
[INFO] [stdout]                                at /rustc/dfb0accb7f508ae8be965d8629557221c889dd98/library/std/src/sys/thread/unix.rs:123:17
[INFO] [stdout]   44:     0x70da2fd42dfa - <unknown>
[INFO] [stdout]   45:     0x70da2fdd63d4 - clone
[INFO] [stdout]   46:                0x0 - <unknown>
[INFO] [stdout] 
[INFO] [stdout] 
[INFO] [stdout] failures:
[INFO] [stdout]     r4g1_prediction_performs_zero_heap_operations_cx_22
[INFO] [stdout] 
[INFO] [stdout] test result: FAILED. 3 passed; 1 failed; 0 ignored; 0 measured; 0 filtered out; finished in 0.60s
[INFO] [stdout] 
[INFO] running `Command { std: "docker" "inspect" "0441eb5a68082d76d62050f649de341aeda9a753e5133bc7199c051bdb40ee98", kill_on_drop: false }`
[INFO] running `Command { std: "docker" "rm" "-f" "0441eb5a68082d76d62050f649de341aeda9a753e5133bc7199c051bdb40ee98", kill_on_drop: false }`
[INFO] [stdout] 0441eb5a68082d76d62050f649de341aeda9a753e5133bc7199c051bdb40ee98
