[INFO] cloning repository https://github.com/acaradonna/goblin-camp
[INFO] running `Command { std: "git" "-c" "credential.helper=" "-c" "credential.helper=/workspace/cargo-home/bin/git-credential-null" "clone" "--bare" "https://github.com/acaradonna/goblin-camp" "/workspace/cache/git-repos/https%3A%2F%2Fgithub.com%2Facaradonna%2Fgoblin-camp", kill_on_drop: false }`
[INFO] [stderr] Cloning into bare repository '/workspace/cache/git-repos/https%3A%2F%2Fgithub.com%2Facaradonna%2Fgoblin-camp'...
[INFO] running `Command { std: "git" "rev-parse" "HEAD", kill_on_drop: false }`
[INFO] [stdout] 1748450e0a42a74d03bedcdb844d5276a3bcf2c8
[INFO] testing acaradonna/goblin-camp against 1.99.0-beta.8 for beta-1.100-2
[INFO] running `Command { std: "git" "clone" "/workspace/cache/git-repos/https%3A%2F%2Fgithub.com%2Facaradonna%2Fgoblin-camp" "/workspace/builds/worker-4-tc1/source", kill_on_drop: false }`
[INFO] [stderr] Cloning into '/workspace/builds/worker-4-tc1/source'...
[INFO] [stderr] done.
[INFO] started tweaking git repo https://github.com/acaradonna/goblin-camp
[INFO] finished tweaking git repo https://github.com/acaradonna/goblin-camp
[INFO] tweaked toml for git repo https://github.com/acaradonna/goblin-camp written to /workspace/builds/worker-4-tc1/source/Cargo.toml
[INFO] validating manifest of git repo https://github.com/acaradonna/goblin-camp on toolchain 1.99.0-beta.8
[INFO] running `Command { std: CARGO_HOME="/workspace/cargo-home" RUSTUP_HOME="/workspace/rustup-home" "/workspace/cargo-home/bin/cargo" "+1.99.0-beta.8" "metadata" "--manifest-path" "Cargo.toml" "--no-deps", kill_on_drop: false }`
[INFO] crate git repo https://github.com/acaradonna/goblin-camp already has a lockfile, it will not be regenerated
[INFO] running `Command { std: CARGO_HOME="/workspace/cargo-home" RUSTUP_HOME="/workspace/rustup-home" "/workspace/cargo-home/bin/cargo" "+1.99.0-beta.8" "fetch" "--manifest-path" "Cargo.toml", kill_on_drop: false }`
[INFO] [stderr]     Blocking waiting for file lock on package cache
[INFO] [stderr]     Updating crates.io index
[INFO] [stderr]     Blocking waiting for file lock on package cache
[INFO] [stderr]  Downloading crates ...
[INFO] [stderr]   Downloaded either v1.15.0
[INFO] [stderr]   Downloaded strum_macros v0.26.4
[INFO] [stderr]   Downloaded anstyle-query v1.1.4
[INFO] [stderr]   Downloaded signal-hook-mio v0.2.4
[INFO] [stderr]   Downloaded ciborium-ll v0.2.2
[INFO] [stderr]   Downloaded integer-sqrt v0.1.5
[INFO] [stderr]   Downloaded wasm-bindgen-shared v0.2.100
[INFO] [stderr]   Downloaded colorchoice v1.0.4
[INFO] [stderr]   Downloaded anstyle-parse v0.2.7
[INFO] [stderr]   Downloaded ciborium v0.2.2
[INFO] [stderr]   Downloaded futures-io v0.3.31
[INFO] [stderr]   Downloaded clap_derive v4.5.45
[INFO] [stderr]   Downloaded ciborium-io v0.2.2
[INFO] [stderr]   Downloaded bevy_ecs_macros v0.14.2
[INFO] [stderr]   Downloaded cfg-if v1.0.3
[INFO] [stderr]   Downloaded plotters-svg v0.3.7
[INFO] [stderr]   Downloaded errno v0.3.13
[INFO] [stderr]   Downloaded windows-link v0.1.3
[INFO] [stderr]   Downloaded once_cell_polyfill v1.70.1
[INFO] [stderr]   Downloaded castaway v0.2.4
[INFO] [stderr]   Downloaded nonmax v0.5.5
[INFO] [stderr]   Downloaded crossterm_winapi v0.9.1
[INFO] [stderr]   Downloaded is_terminal_polyfill v1.70.1
[INFO] [stderr]   Downloaded plotters-backend v0.3.7
[INFO] [stderr]   Downloaded fastrand v2.3.0
[INFO] [stderr]   Downloaded futures-core v0.3.31
[INFO] [stderr]   Downloaded bevy_macro_utils v0.14.2
[INFO] [stderr]   Downloaded bevy_ptr v0.14.2
[INFO] [stderr]   Downloaded deprecate-until v0.1.1
[INFO] [stderr]   Downloaded is-terminal v0.4.16
[INFO] [stderr]   Downloaded fixedbitset v0.4.2
[INFO] [stderr]   Downloaded anstyle v1.0.11
[INFO] [stderr]   Downloaded anstyle-wincon v3.0.10
[INFO] [stderr]   Downloaded bevy_utils_proc_macros v0.14.2
[INFO] [stderr]   Downloaded crunchy v0.2.4
[INFO] [stderr]   Downloaded wasm-bindgen-futures v0.4.50
[INFO] [stderr]   Downloaded lru v0.12.5
[INFO] [stderr]   Downloaded slab v0.4.11
[INFO] [stderr]   Downloaded wasm-bindgen-macro v0.2.100
[INFO] [stderr]   Downloaded pin-project-lite v0.2.16
[INFO] [stderr]   Downloaded bevy_tasks v0.14.2
[INFO] [stderr]   Downloaded thread_local v1.1.9
[INFO] [stderr]   Downloaded erased-serde v0.4.6
[INFO] [stderr]   Downloaded async-task v4.7.1
[INFO] [stderr]   Downloaded downcast-rs v1.2.1
[INFO] [stderr]   Downloaded strum v0.26.3
[INFO] [stderr]   Downloaded anes v0.1.6
[INFO] [stderr]   Downloaded anstream v0.6.20
[INFO] [stderr]   Downloaded fixedbitset v0.5.7
[INFO] [stderr]   Downloaded bevy_utils v0.14.2
[INFO] [stderr]   Downloaded async-executor v1.13.3
[INFO] [stderr]   Downloaded unicode-truncate v1.1.0
[INFO] [stderr]   Downloaded typeid v1.0.3
[INFO] [stderr]   Downloaded futures-lite v2.6.1
[INFO] [stderr]   Downloaded bevy_reflect_derive v0.14.2
[INFO] [stderr]   Downloaded itoa v1.0.15
[INFO] [stderr]   Downloaded tracing-core v0.1.34
[INFO] [stderr]   Downloaded half v2.6.0
[INFO] [stderr]   Downloaded winapi-util v0.1.10
[INFO] [stderr]   Downloaded rustc-hash v2.1.1
[INFO] [stderr]   Downloaded stability v0.2.1
[INFO] [stderr]   Downloaded tracing v0.1.41
[INFO] [stderr]   Downloaded anyhow v1.0.99
[INFO] [stderr]   Downloaded rand_xorshift v0.3.0
[INFO] [stderr]   Downloaded bevy_reflect v0.14.2
[INFO] [stderr]   Downloaded crossterm v0.28.1
[INFO] [stderr]   Downloaded winnow v0.7.13
[INFO] [stderr]   Downloaded windows-targets v0.53.3
[INFO] [stderr]   Downloaded rustix v0.38.44
[INFO] [stderr]   Downloaded bevy_ecs v0.14.2
[INFO] [stderr]   Downloaded paste v1.0.15
[INFO] [stderr]   Downloaded thiserror v2.0.16
[INFO] [stderr]   Downloaded hermit-abi v0.5.2
[INFO] [stderr]   Downloaded signal-hook-registry v1.4.6
[INFO] [stderr]   Downloaded petgraph v0.6.5
[INFO] [stderr]   Downloaded redox_syscall v0.5.17
[INFO] [stderr]   Downloaded autocfg v1.5.0
[INFO] [stderr]   Downloaded cast v0.3.0
[INFO] [stderr]   Downloaded cassowary v0.3.0
[INFO] [stderr]   Downloaded linux-raw-sys v0.4.15
[INFO] [stderr]   Downloaded criterion-plot v0.5.0
[INFO] [stderr]   Downloaded semver v1.0.26
[INFO] [stderr]   Downloaded tinytemplate v1.2.1
[INFO] [stderr]   Downloaded rustversion v1.0.22
[INFO] [stderr]   Downloaded quote v1.0.40
[INFO] [stderr]   Downloaded thiserror-impl v2.0.16
[INFO] [stderr]   Downloaded clap_lex v0.7.5
[INFO] [stderr]   Downloaded parking_lot_core v0.9.11
[INFO] [stderr]   Downloaded smallvec v1.15.1
[INFO] [stderr]   Downloaded lock_api v0.4.13
[INFO] [stderr]   Downloaded bitflags v2.9.3
[INFO] [stderr]   Downloaded log v0.4.27
[INFO] [stderr]   Downloaded wasm-bindgen-macro-support v0.2.100
[INFO] [stderr]   Downloaded crossbeam-deque v0.8.6
[INFO] [stderr]   Downloaded parking_lot v0.12.4
[INFO] [stderr]   Downloaded once_cell v1.21.3
[INFO] [stderr]   Downloaded oorandom v11.1.5
[INFO] [stderr]   Downloaded crossbeam-utils v0.8.21
[INFO] [stderr]   Downloaded getrandom v0.2.16
[INFO] [stderr]   Downloaded wasm-bindgen-backend v0.2.100
[INFO] [stderr]   Downloaded ryu v1.0.20
[INFO] [stderr]   Downloaded serde_derive v1.0.219
[INFO] [stderr]   Downloaded wasm-bindgen v0.2.100
[INFO] [stderr]   Downloaded uuid v1.18.0
[INFO] [stderr]   Downloaded compact_str v0.7.1
[INFO] [stderr]   Downloaded js-sys v0.3.77
[INFO] [stderr]   Downloaded getrandom v0.3.3
[INFO] [stderr]   Downloaded clap v4.5.46
[INFO] [stderr]   Downloaded itertools v0.13.0
[INFO] [stderr]   Downloaded signal-hook v0.3.18
[INFO] [stderr]   Downloaded proc-macro2 v1.0.101
[INFO] [stderr]   Downloaded wit-bindgen v0.45.0
[INFO] [stderr]   Downloaded crossbeam-epoch v0.9.18
[INFO] [stderr]   Downloaded unicode-ident v1.0.18
[INFO] [stderr]   Downloaded ron v0.8.1
[INFO] [stderr]   Downloaded rayon-core v1.13.0
[INFO] [stderr]   Downloaded serde v1.0.219
[INFO] [stderr]   Downloaded base64 v0.21.7
[INFO] [stderr]   Downloaded noise v0.9.0
[INFO] [stderr]   Downloaded zerocopy-derive v0.8.26
[INFO] [stderr]   Downloaded bumpalo v3.19.0
[INFO] [stderr]   Downloaded memchr v2.7.5
[INFO] [stderr]   Downloaded mio v0.8.11
[INFO] [stderr]   Downloaded indexmap v2.11.0
[INFO] [stderr]   Downloaded mio v1.0.4
[INFO] [stderr]   Downloaded criterion v0.5.1
[INFO] [stderr]   Downloaded crossterm v0.27.0
[INFO] [stderr]   Downloaded plotters v0.3.7
[INFO] [stderr]   Downloaded wasi v0.14.3+wasi-0.2.4
[INFO] [stderr]   Downloaded serde_json v1.0.143
[INFO] [stderr]   Downloaded regex v1.11.2
[INFO] [stderr]   Downloaded pathfinding v4.14.0
[INFO] [stderr]   Downloaded rayon v1.11.0
[INFO] [stderr]   Downloaded clap_builder v4.5.46
[INFO] [stderr]   Downloaded zerocopy v0.8.26
[INFO] [stderr]   Downloaded syn v2.0.106
[INFO] [stderr]   Downloaded regex-syntax v0.8.6
[INFO] [stderr]   Downloaded ratatui v0.27.0
[INFO] [stderr]   Downloaded regex-automata v0.4.10
[INFO] [stderr]   Downloaded web-sys v0.3.77
[INFO] [stderr]   Downloaded libc v0.2.175
[INFO] [stderr]   Downloaded windows_aarch64_gnullvm v0.53.0
[INFO] [stderr]   Downloaded windows_x86_64_gnullvm v0.53.0
[INFO] [stderr]   Downloaded windows_x86_64_msvc v0.53.0
[INFO] [stderr]   Downloaded windows_aarch64_msvc v0.53.0
[INFO] [stderr]   Downloaded windows_i686_gnullvm v0.53.0
[INFO] [stderr]   Downloaded windows_i686_msvc v0.53.0
[INFO] [stderr]   Downloaded windows_x86_64_gnu v0.53.0
[INFO] [stderr]   Downloaded windows_i686_gnu v0.53.0
[INFO] [stderr]   Downloaded windows-sys v0.59.0
[INFO] [stderr]   Downloaded windows-sys v0.60.2
[INFO] running `Command { std: "docker" "create" "-v" "/var/lib/crater-agent-workspace/builds/worker-4-tc1/source:/opt/rustwide/workdir:ro,Z" "-v" "/var/lib/crater-agent-workspace/builds/worker-4-tc1/target:/opt/rustwide/target:rw,Z" "-v" "/var/lib/crater-agent-workspace/cargo-home:/opt/rustwide/cargo-home:ro,Z" "-v" "/var/lib/crater-agent-workspace/rustup-home:/opt/rustwide/rustup-home:ro,Z" "-m" "1610612736" "--network" "none" "ghcr.io/rust-lang/crates-build-env/linux@sha256:3111399a4047eeb3a02b7a90e478d715f38a8c6669b5c4b49d30a17385265909" "sleep" "infinity", kill_on_drop: false }`
[INFO] [stdout] b9520ff98ef4dc7d8e4c4c17658336133a11c960ab8302266c1a365dba753dfb
[INFO] running `Command { std: "docker" "start" "b9520ff98ef4dc7d8e4c4c17658336133a11c960ab8302266c1a365dba753dfb", kill_on_drop: false }`
[INFO] running `Command { std: "docker" "inspect" "b9520ff98ef4dc7d8e4c4c17658336133a11c960ab8302266c1a365dba753dfb", kill_on_drop: false }`
[INFO] running `Command { std: "docker" "exec" "-e" "SOURCE_DIR=/opt/rustwide/workdir" "-e" "CARGO_HOME=/opt/rustwide/cargo-home" "-e" "RUSTUP_HOME=/opt/rustwide/rustup-home" "-e" "CARGO_TARGET_DIR=/opt/rustwide/target" "-w" "/opt/rustwide/workdir" "--user" "0:0" "b9520ff98ef4dc7d8e4c4c17658336133a11c960ab8302266c1a365dba753dfb" "/opt/rustwide/cargo-home/bin/cargo" "+1.99.0-beta.8" "metadata" "--no-deps" "--format-version=1", kill_on_drop: false }`
[INFO] running `Command { std: "docker" "inspect" "b9520ff98ef4dc7d8e4c4c17658336133a11c960ab8302266c1a365dba753dfb", kill_on_drop: false }`
[INFO] running `Command { std: "docker" "exec" "-e" "SOURCE_DIR=/opt/rustwide/workdir" "-e" "CARGO_HOME=/opt/rustwide/cargo-home" "-e" "RUSTUP_HOME=/opt/rustwide/rustup-home" "-e" "CARGO_TARGET_DIR=/opt/rustwide/target" "-e" "CARGO_INCREMENTAL=0" "-e" "RUST_BACKTRACE=full" "-e" "RUSTFLAGS=--cap-lints=warn" "-e" "RUSTDOCFLAGS=--cap-lints=warn" "-w" "/opt/rustwide/workdir" "--user" "0:0" "b9520ff98ef4dc7d8e4c4c17658336133a11c960ab8302266c1a365dba753dfb" "/opt/rustwide/cargo-home/bin/cargo" "+1.99.0-beta.8" "build" "--frozen" "--message-format=json", kill_on_drop: false }`
[INFO] [stderr]    Compiling proc-macro2 v1.0.101
[INFO] [stderr]    Compiling unicode-ident v1.0.18
[INFO] [stderr]    Compiling cfg-if v1.0.3
[INFO] [stderr]    Compiling libc v0.2.175
[INFO] [stderr]    Compiling serde v1.0.219
[INFO] [stderr]    Compiling autocfg v1.5.0
[INFO] [stderr]    Compiling equivalent v1.0.2
[INFO] [stderr]    Compiling getrandom v0.3.3
[INFO] [stderr]    Compiling zerocopy v0.8.26
[INFO] [stderr]    Compiling allocator-api2 v0.2.21
[INFO] [stderr]    Compiling foldhash v0.1.5
[INFO] [stderr]    Compiling pin-project-lite v0.2.16
[INFO] [stderr]    Compiling once_cell v1.21.3
[INFO] [stderr]    Compiling hashbrown v0.15.5
[INFO] [stderr]    Compiling smallvec v1.15.1
[INFO] [stderr]    Compiling version_check v0.9.5
[INFO] [stderr]    Compiling winnow v0.7.13
[INFO] [stderr]    Compiling toml_datetime v0.6.11
[INFO] [stderr]    Compiling rustversion v1.0.22
[INFO] [stderr]    Compiling crossbeam-utils v0.8.21
[INFO] [stderr]    Compiling signal-hook v0.3.18
[INFO] [stderr]    Compiling ahash v0.8.12
[INFO] [stderr]    Compiling typeid v1.0.3
[INFO] [stderr]    Compiling parking_lot_core v0.9.11
[INFO] [stderr]    Compiling log v0.4.27
[INFO] [stderr]    Compiling tracing-core v0.1.34
[INFO] [stderr]    Compiling num-traits v0.2.19
[INFO] [stderr]    Compiling lock_api v0.4.13
[INFO] [stderr]    Compiling semver v1.0.26
[INFO] [stderr]    Compiling scopeguard v1.2.0
[INFO] [stderr]    Compiling futures-core v0.3.31
[INFO] [stderr]    Compiling thiserror v1.0.69
[INFO] [stderr]    Compiling parking v2.2.1
[INFO] [stderr]    Compiling heck v0.5.0
[INFO] [stderr]    Compiling futures-io v0.3.31
[INFO] [stderr]    Compiling fastrand v2.3.0
[INFO] [stderr]    Compiling concurrent-queue v2.5.0
[INFO] [stderr]    Compiling thread_local v1.1.9
[INFO] [stderr]    Compiling thiserror v2.0.16
[INFO] [stderr]    Compiling web-time v1.1.0
[INFO] [stderr]    Compiling itoa v1.0.15
[INFO] [stderr]    Compiling ryu v1.0.20
[INFO] [stderr]    Compiling futures-lite v2.6.1
[INFO] [stderr]    Compiling slab v0.4.11
[INFO] [stderr]    Compiling async-task v4.7.1
[INFO] [stderr]    Compiling half v2.6.0
[INFO] [stderr]    Compiling tracing v0.1.41
[INFO] [stderr]    Compiling indexmap v2.11.0
[INFO] [stderr]    Compiling rustix v0.38.44
[INFO] [stderr]    Compiling paste v1.0.15
[INFO] [stderr]    Compiling getrandom v0.2.16
[INFO] [stderr]    Compiling signal-hook-registry v1.4.6
[INFO] [stderr]    Compiling rand_core v0.6.4
[INFO] [stderr]    Compiling mio v1.0.4
[INFO] [stderr]    Compiling quote v1.0.40
[INFO] [stderr]    Compiling mio v0.8.11
[INFO] [stderr]    Compiling either v1.15.0
[INFO] [stderr]    Compiling parking_lot v0.12.4
[INFO] [stderr]    Compiling downcast-rs v1.2.1
[INFO] [stderr]    Compiling utf8parse v0.2.2
[INFO] [stderr]    Compiling syn v2.0.106
[INFO] [stderr]    Compiling uuid v1.18.0
[INFO] [stderr]    Compiling serde_json v1.0.143
[INFO] [stderr]    Compiling ciborium-io v0.2.2
[INFO] [stderr]    Compiling fixedbitset v0.4.2
[INFO] [stderr]    Compiling bevy_ptr v0.14.2
[INFO] [stderr]    Compiling ciborium-ll v0.2.2
[INFO] [stderr]    Compiling async-executor v1.13.3
[INFO] [stderr]    Compiling anstyle-parse v0.2.7
[INFO] [stderr]    Compiling itertools v0.13.0
[INFO] [stderr]    Compiling rand_xorshift v0.3.0
[INFO] [stderr]    Compiling lru v0.12.5
[INFO] [stderr]    Compiling signal-hook-mio v0.2.4
[INFO] [stderr]    Compiling castaway v0.2.4
[INFO] [stderr]    Compiling colorchoice v1.0.4
[INFO] [stderr]    Compiling anstyle-query v1.1.4
[INFO] [stderr]    Compiling unicode-width v0.1.14
[INFO] [stderr]    Compiling static_assertions v1.1.0
[INFO] [stderr]    Compiling memchr v2.7.5
[INFO] [stderr]    Compiling fixedbitset v0.5.7
[INFO] [stderr]    Compiling unicode-segmentation v1.12.0
[INFO] [stderr]    Compiling anyhow v1.0.99
[INFO] [stderr]    Compiling integer-sqrt v0.1.5
[INFO] [stderr]    Compiling nonmax v0.5.5
[INFO] [stderr]    Compiling bevy_tasks v0.14.2
[INFO] [stderr]    Compiling anstyle v1.0.11
[INFO] [stderr]    Compiling rustc-hash v2.1.1
[INFO] [stderr]    Compiling linux-raw-sys v0.4.15
[INFO] [stderr]    Compiling base64 v0.21.7
[INFO] [stderr]    Compiling is_terminal_polyfill v1.70.1
[INFO] [stderr]    Compiling compact_str v0.7.1
[INFO] [stderr]    Compiling anstream v0.6.20
[INFO] [stderr]    Compiling strsim v0.11.1
[INFO] [stderr]    Compiling clap_lex v0.7.5
[INFO] [stderr]    Compiling cassowary v0.3.0
[INFO] [stderr]    Compiling toml_edit v0.22.27
[INFO] [stderr]    Compiling petgraph v0.6.5
[INFO] [stderr]    Compiling clap_builder v4.5.46
[INFO] [stderr]    Compiling ppv-lite86 v0.2.21
[INFO] [stderr]    Compiling rand_chacha v0.3.1
[INFO] [stderr]    Compiling rand v0.8.5
[INFO] [stderr]    Compiling unicode-truncate v1.1.0
[INFO] [stderr]    Compiling noise v0.9.0
[INFO] [stderr]    Compiling bevy_macro_utils v0.14.2
[INFO] [stderr]    Compiling serde_derive v1.0.219
[INFO] [stderr]    Compiling thiserror-impl v1.0.69
[INFO] [stderr]    Compiling bevy_utils_proc_macros v0.14.2
[INFO] [stderr]    Compiling bevy_reflect_derive v0.14.2
[INFO] [stderr]    Compiling thiserror-impl v2.0.16
[INFO] [stderr]    Compiling deprecate-until v0.1.1
[INFO] [stderr]    Compiling bevy_ecs_macros v0.14.2
[INFO] [stderr]    Compiling strum_macros v0.26.4
[INFO] [stderr]    Compiling stability v0.2.1
[INFO] [stderr]    Compiling clap_derive v4.5.45
[INFO] [stderr]    Compiling pathfinding v4.14.0
[INFO] [stderr]    Compiling clap v4.5.46
[INFO] [stderr]    Compiling strum v0.26.3
[INFO] [stderr]    Compiling bitflags v2.9.3
[INFO] [stderr]    Compiling hashbrown v0.14.5
[INFO] [stderr]    Compiling erased-serde v0.4.6
[INFO] [stderr]    Compiling ciborium v0.2.2
[INFO] [stderr]    Compiling crossterm v0.27.0
[INFO] [stderr]    Compiling ron v0.8.1
[INFO] [stderr]    Compiling bevy_utils v0.14.2
[INFO] [stderr]    Compiling bevy_reflect v0.14.2
[INFO] [stderr]    Compiling ratatui v0.27.0
[INFO] [stderr]    Compiling crossterm v0.28.1
[INFO] [stderr]    Compiling bevy_ecs v0.14.2
[INFO] [stderr]    Compiling gc_core v0.1.0 (/opt/rustwide/workdir/crates/gc_core)
[INFO] [stderr]    Compiling gc_tui v0.1.0 (/opt/rustwide/workdir/crates/gc_tui)
[INFO] [stderr]    Compiling gc_cli v0.1.0 (/opt/rustwide/workdir/crates/gc_cli)
[INFO] [stderr]     Finished `dev` profile [unoptimized + debuginfo] target(s) in 1m 00s
[INFO] running `Command { std: "docker" "inspect" "b9520ff98ef4dc7d8e4c4c17658336133a11c960ab8302266c1a365dba753dfb", kill_on_drop: false }`
[INFO] running `Command { std: "docker" "exec" "-e" "SOURCE_DIR=/opt/rustwide/workdir" "-e" "CARGO_HOME=/opt/rustwide/cargo-home" "-e" "RUSTUP_HOME=/opt/rustwide/rustup-home" "-e" "CARGO_TARGET_DIR=/opt/rustwide/target" "-e" "CARGO_INCREMENTAL=0" "-e" "RUST_BACKTRACE=full" "-e" "RUSTFLAGS=--cap-lints=warn" "-e" "RUSTDOCFLAGS=--cap-lints=warn" "-w" "/opt/rustwide/workdir" "--user" "0:0" "b9520ff98ef4dc7d8e4c4c17658336133a11c960ab8302266c1a365dba753dfb" "/opt/rustwide/cargo-home/bin/cargo" "+1.99.0-beta.8" "test" "--frozen" "--no-run" "--message-format=json", kill_on_drop: false }`
[INFO] [stderr]    Compiling crossbeam-utils v0.8.21
[INFO] [stderr]    Compiling rayon-core v1.13.0
[INFO] [stderr]    Compiling regex-syntax v0.8.6
[INFO] [stderr]    Compiling plotters-backend v0.3.7
[INFO] [stderr]    Compiling itertools v0.10.5
[INFO] [stderr]    Compiling cast v0.3.0
[INFO] [stderr]    Compiling same-file v1.0.6
[INFO] [stderr]    Compiling tinytemplate v1.2.1
[INFO] [stderr]    Compiling is-terminal v0.4.16
[INFO] [stderr]    Compiling anes v0.1.6
[INFO] [stderr]    Compiling oorandom v11.1.5
[INFO] [stderr]    Compiling walkdir v2.5.0
[INFO] [stderr]    Compiling plotters-svg v0.3.7
[INFO] [stderr]    Compiling plotters v0.3.7
[INFO] [stderr]    Compiling concurrent-queue v2.5.0
[INFO] [stderr]    Compiling crossbeam-epoch v0.9.18
[INFO] [stderr]    Compiling criterion-plot v0.5.0
[INFO] [stderr]    Compiling crossbeam-deque v0.8.6
[INFO] [stderr]    Compiling async-executor v1.13.3
[INFO] [stderr]    Compiling bevy_tasks v0.14.2
[INFO] [stderr]    Compiling rayon v1.11.0
[INFO] [stderr]    Compiling bevy_ecs v0.14.2
[INFO] [stderr]    Compiling regex-automata v0.4.10
[INFO] [stderr]    Compiling regex v1.11.2
[INFO] [stderr]    Compiling criterion v0.5.1
[INFO] [stderr]    Compiling gc_core v0.1.0 (/opt/rustwide/workdir/crates/gc_core)
[INFO] [stderr]    Compiling gc_tui v0.1.0 (/opt/rustwide/workdir/crates/gc_tui)
[INFO] [stderr]    Compiling gc_cli v0.1.0 (/opt/rustwide/workdir/crates/gc_cli)
[INFO] [stderr]     Finished `test` profile [unoptimized + debuginfo] target(s) in 27.12s
[INFO] running `Command { std: "docker" "inspect" "b9520ff98ef4dc7d8e4c4c17658336133a11c960ab8302266c1a365dba753dfb", kill_on_drop: false }`
[INFO] running `Command { std: "docker" "exec" "-e" "SOURCE_DIR=/opt/rustwide/workdir" "-e" "CARGO_HOME=/opt/rustwide/cargo-home" "-e" "RUSTUP_HOME=/opt/rustwide/rustup-home" "-e" "CARGO_TARGET_DIR=/opt/rustwide/target" "-e" "CARGO_INCREMENTAL=0" "-e" "RUST_BACKTRACE=full" "-e" "RUSTFLAGS=--cap-lints=warn" "-e" "RUSTDOCFLAGS=--cap-lints=warn" "-w" "/opt/rustwide/workdir" "--user" "0:0" "b9520ff98ef4dc7d8e4c4c17658336133a11c960ab8302266c1a365dba753dfb" "/opt/rustwide/cargo-home/bin/cargo" "+1.99.0-beta.8" "test" "--frozen", kill_on_drop: false }`
[INFO] [stderr]     Finished `test` profile [unoptimized + debuginfo] target(s) in 0.24s
[INFO] [stderr]      Running unittests src/main.rs (/opt/rustwide/target/debug/deps/gc_cli-b3713e3ab77958ee)
[INFO] [stderr]      Running unittests src/lib.rs (/opt/rustwide/target/debug/deps/gc_core-82c541f160279909)
[INFO] [stdout] 
[INFO] [stdout] running 0 tests
[INFO] [stdout] 
[INFO] [stdout] test result: ok. 0 passed; 0 failed; 0 ignored; 0 measured; 0 filtered out; finished in 0.00s
[INFO] [stdout] 
[INFO] [stdout] 
[INFO] [stdout] running 9 tests
[INFO] [stdout] test components::tests::faction_hostility_rules ... ok
[INFO] [stdout] test components::tests::combat_stats_hit_chance ... ok
[INFO] [stdout] test components::tests::health_creation_and_validation ... ok
[INFO] [stdout] test components::tests::combat_stats_validation ... ok
[INFO] [stdout] test components::tests::health_percentage ... ok
[INFO] [stdout] test components::tests::attack_cooldown_timing ... ok
[INFO] [stdout] test components::tests::health_healing ... ok
[INFO] [stdout] test components::tests::health_life_death_checks ... ok
[INFO] [stdout] test components::tests::target_creation ... ok
[INFO] [stdout] 
[INFO] [stdout] test result: ok. 9 passed; 0 failed; 0 ignored; 0 measured; 0 filtered out; finished in 0.01s
[INFO] [stdout] 
[INFO] [stderr]      Running tests/designation_lifecycle_tests.rs (/opt/rustwide/target/debug/deps/designation_lifecycle_tests-c9a2fcddc34e90f6)
[INFO] [stdout] 
[INFO] [stdout] running 7 tests
[INFO] [stdout] test only_active_designations_create_jobs ... ok
[INFO] [stdout] test different_positions_remain_active ... ok
[INFO] [stdout] test single_designation_remains_active ... ok
[INFO] [stdout] test designation_lifecycle_defaults_to_active ... ok
[INFO] [stdout] test ignored_designations_stay_ignored ... ok
[INFO] [stdout] test duplicate_designations_marked_ignored ... ok
[INFO] [stdout] test full_pipeline_dedup_then_jobs ... ok
[INFO] [stdout] 
[INFO] [stdout] test result: ok. 7 passed; 0 failed; 0 ignored; 0 measured; 0 filtered out; finished in 0.01s
[INFO] [stdout] 
[INFO] [stderr]      Running tests/determinism_tests.rs (/opt/rustwide/target/debug/deps/determinism_tests-f92f57356844138f)
[INFO] [stdout] 
[INFO] [stdout] running 3 tests
[INFO] [stdout] test deterministic_rng_consistent_sequences ... ok
[INFO] [stdout] test deterministic_save_entity_ordering ... ok
[INFO] [stdout] test deterministic_behavior_across_systems ... ok
[INFO] [stdout] 
[INFO] [stdout] test result: ok. 3 passed; 0 failed; 0 ignored; 0 measured; 0 filtered out; finished in 0.01s
[INFO] [stdout] 
[INFO] [stderr]      Running tests/inventory_tests.rs (/opt/rustwide/target/debug/deps/inventory_tests-0dcc0064037919e1)
[INFO] [stdout] 
[INFO] [stdout] running 8 tests
[INFO] [stdout] test put_down_item_success ... ok
[INFO] [stdout] test inventory_integrates_with_job_system ... ok
[INFO] [stdout] test pick_up_item_fails_when_already_carrying ... ok
[INFO] [stdout] test put_down_item_fails_when_not_carrying ... ok
[INFO] [stdout] test inventory_component_defaults_to_empty ... ok
[INFO] [stdout] test pick_up_item_success ... ok
[INFO] [stdout] test get_carried_item_check ... ok
[INFO] [stdout] test is_carrying_item_check ... ok
[INFO] [stdout] 
[INFO] [stdout] test result: ok. 8 passed; 0 failed; 0 ignored; 0 measured; 0 filtered out; finished in 0.04s
[INFO] [stdout] 
[INFO] [stderr]      Running tests/lib_tests.rs (/opt/rustwide/target/debug/deps/lib_tests-6182375eab7a7a63)
[INFO] [stdout] 
[INFO] [stdout] running 5 tests
[INFO] [stdout] test action_log_maintains_chronological_order ... ok
[INFO] [stdout] test action_log_clear_empties_events ... ok
[INFO] [stdout] test action_log_can_log_events ... ok
[INFO] [stdout] test prelude_exports_work ... ok
[INFO] [stdout] test action_log_new_log_is_empty ... ok
[INFO] [stdout] 
[INFO] [stdout] test result: ok. 5 passed; 0 failed; 0 ignored; 0 measured; 0 filtered out; finished in 0.00s
[INFO] [stdout] 
[INFO] [stderr]      Running tests/m0_core_tests.rs (/opt/rustwide/target/debug/deps/m0_core_tests-d26449ea5fc928b1)
[INFO] [stdout] 
[INFO] [stdout] running 6 tests
[INFO] [stdout] test load_legacy_save_without_determinism_fields ... ok
[INFO] [stdout] test save_load_roundtrip ... ok
[INFO] [stdout] test los_through_wall_blocks ... ok
[INFO] [stdout] test item_entity_creation ... ok
[INFO] [stdout] test item_save_load_roundtrip ... ok
[INFO] [stdout] test a_star_finds_path_on_floor ... ok
[INFO] [stdout] 
[INFO] [stderr]      Running tests/m2_job_execution_tests.rs (/opt/rustwide/target/debug/deps/m2_job_execution_tests-75693e6736495a14)
[INFO] [stdout] test result: ok. 6 passed; 0 failed; 0 ignored; 0 measured; 0 filtered out; finished in 0.01s
[INFO] [stdout] 
[INFO] [stdout] 
[INFO] [stdout] running 2 tests
[INFO] [stdout] test multiple_items_create_multiple_haul_jobs ... ok
[INFO] [stdout] test mining_to_item_to_haul_pipeline ... ok
[INFO] [stdout] 
[INFO] [stdout] test result: ok. 2 passed; 0 failed; 0 ignored; 0 measured; 0 filtered out; finished in 0.01s
[INFO] [stdout] 
[INFO] [stderr]      Running tests/mining_item_haul_tests.rs (/opt/rustwide/target/debug/deps/mining_item_haul_tests-0c9fece07579896d)
[INFO] [stdout] 
[INFO] [stdout] running 2 tests
[INFO] [stdout] test mining_without_wall_does_nothing ... ok
[INFO] [stdout] test mining_item_haul_end_to_end ... ok
[INFO] [stdout] 
[INFO] [stdout] test result: ok. 2 passed; 0 failed; 0 ignored; 0 measured; 0 filtered out; finished in 0.01s
[INFO] [stdout] 
[INFO] [stderr]      Running tests/mining_tests.rs (/opt/rustwide/target/debug/deps/mining_tests-ae03365e399da5fa)
[INFO] [stdout] 
[INFO] [stdout] running 3 tests
[INFO] [stdout] test mine_job_does_not_affect_non_wall_tiles ... ok
[INFO] [stdout] test mine_job_converts_wall_to_floor ... ok
[INFO] [stdout] test miner_gets_assigned_mine_jobs ... ok
[INFO] [stdout] 
[INFO] [stdout] test result: ok. 3 passed; 0 failed; 0 ignored; 0 measured; 0 filtered out; finished in 0.24s
[INFO] [stdout] 
[INFO] [stderr]      Running tests/pathfinding_advanced_tests.rs (/opt/rustwide/target/debug/deps/pathfinding_advanced_tests-5e6170896217c856)
[INFO] [stdout] 
[INFO] [stdout] running 13 tests
[INFO] [stdout] test astar_path_same_start_and_goal ... ok
[INFO] [stdout] test path_service_cache_eviction ... ok
[INFO] [stdout] test path_service_new_creates_with_capacity ... ok
[INFO] [stdout] test path_request_equality ... ok
[INFO] [stdout] test path_request_debug_and_clone ... ok
[INFO] [stdout] test astar_path_adjacent_positions ... ok
[INFO] [stdout] test path_service_cache_hits_work ... ok
[INFO] [stdout] test path_service_reset_stats ... ok
[INFO] [stdout] test astar_path_no_path_available ... ok
[INFO] [stdout] test path_service_new_with_zero_capacity_still_works ... ok
[INFO] [stdout] test astar_path_around_obstacles ... ok
[INFO] [stdout] test path_service_batch_processing ... ok
[INFO] [stdout] test path_to_unreachable_area ... ok
[INFO] [stdout] 
[INFO] [stdout] test result: ok. 13 passed; 0 failed; 0 ignored; 0 measured; 0 filtered out; finished in 0.00s
[INFO] [stdout] 
[INFO] [stderr]      Running tests/stockpile_tests.rs (/opt/rustwide/target/debug/deps/stockpile_tests-d5d26db6ad8e0bc2)
[INFO] [stdout] 
[INFO] [stdout] running 8 tests
[INFO] [stdout] test find_nearest_stockpile_returns_none_when_empty ... ok
[INFO] [stdout] test zone_bounds_center_calculation ... ok
[INFO] [stdout] test zone_bounds_contains_works_correctly ... ok
[INFO] [stdout] test find_nearest_stockpile_returns_closest ... ok
[INFO] [stdout] test stockpile_bundle_creates_with_correct_center ... ok
[INFO] [stderr]      Running tests/systems_tests.rs (/opt/rustwide/target/debug/deps/systems_tests-6689f6245ad5f205)
[INFO] [stdout] test stockpile_integration_with_ecs ... ok
[INFO] [stdout] test find_stockpiles_at_position_returns_all_overlapping ... ok
[INFO] [stdout] test position_in_stockpile_detects_membership ... ok
[INFO] [stdout] 
[INFO] [stdout] test result: ok. 8 passed; 0 failed; 0 ignored; 0 measured; 0 filtered out; finished in 0.01s
[INFO] [stdout] 
[INFO] [stdout] 
[INFO] [stdout] running 14 tests
[INFO] [stdout] test deterministic_rng_stream_independence ... ok
[INFO] [stdout] test deterministic_rng_different_seeds ... ok
[INFO] [stdout] test deterministic_rng_creation ... ok
[INFO] [stdout] test hauling_execution_system_basic ... ok
[INFO] [stdout] test designation_to_jobs_system_basic ... ok
[INFO] [stdout] test advance_time_system ... ok
[INFO] [stdout] test confine_to_map_system ... ok
[INFO] [stdout] test mining_execution_system_basic ... ok
[INFO] [stdout] test movement_system_basic ... ok
[INFO] [stdout] test job_assignment_system_basic ... ok
[INFO] [stdout] test movement_system_no_velocity ... ok
[INFO] [stdout] test mining_job_assignment_system ... ok
[INFO] [stdout] test time_resource_with_different_tick_rates ... ok
[INFO] [stdout] test time_resource_creation ... ok
[INFO] [stdout] 
[INFO] [stdout] test result: ok. 14 passed; 0 failed; 0 ignored; 0 measured; 0 filtered out; finished in 0.01s
[INFO] [stdout] 
[INFO] [stderr]      Running tests/visibility_and_cache_tests.rs (/opt/rustwide/target/debug/deps/visibility_and_cache_tests-e577c692f2549cfd)
[INFO] [stdout] 
[INFO] [stdout] running 2 tests
[INFO] [stdout] test visibility_resource_contains_entity_tiles ... ok
[INFO] [stdout] test path_cache_hits_on_repeat_requests ... ok
[INFO] [stdout] 
[INFO] [stdout] test result: ok. 2 passed; 0 failed; 0 ignored; 0 measured; 0 filtered out; finished in 0.01s
[INFO] [stdout] 
[INFO] [stderr]      Running unittests src/lib.rs (/opt/rustwide/target/debug/deps/gc_tui-aa81334b65c80122)
[INFO] [stdout] 
[INFO] [stdout] running 0 tests
[INFO] [stderr]      Running tests/snapshot_render.rs (/opt/rustwide/target/debug/deps/snapshot_render-b4c68c699feb5b36)
[INFO] [stdout] 
[INFO] [stdout] test result: ok. 0 passed; 0 failed; 0 ignored; 0 measured; 0 filtered out; finished in 0.00s
[INFO] [stdout] 
[INFO] [stdout] 
[INFO] [stdout] running 2 tests
[INFO] [stdout] test tui_ascii_snapshot_20x10_seed42_no_vis ... ok
[INFO] [stdout] test tui_ascii_snapshot_20x10_seed42_with_vis ... FAILED
[INFO] [stdout] 
[INFO] [stdout] failures:
[INFO] [stdout] 
[INFO] [stdout] ---- tui_ascii_snapshot_20x10_seed42_with_vis stdout ----
[INFO] [stdout] 
[INFO] [stdout] thread 'tui_ascii_snapshot_20x10_seed42_with_vis' (3074) panicked at crates/gc_tui/tests/snapshot_render.rs:52:5:
[INFO] [stdout] assertion `left == right` failed: ASCII snapshot mismatch; run with UPDATE_SNAPSHOTS=1 to refresh
[INFO] [stdout]   left: "************.......~\n************........\n**************......\n****************.~~.\n*****************...\n**********@******...\n******************..\n******************..\n******************~~\n*******************.\n"
[INFO] [stdout]  right: "************.......~\n************........\n*************.......\n*************..~.~~.\n*************.......\n**********@***~.....\n*************~......\n*************.......\n*************....~~~\n************........\n"
[INFO] [stdout] stack backtrace:
[INFO] [stdout]    0:     0x599f1f47d731 - std[70759c8f55707aa4]::backtrace_rs::backtrace::libunwind::trace
[INFO] [stdout]                                at /rustc/dfb0accb7f508ae8be965d8629557221c889dd98/library/std/src/../../backtrace/src/backtrace/libunwind.rs:117:9
[INFO] [stdout]    1:     0x599f1f47d731 - std[70759c8f55707aa4]::backtrace_rs::backtrace::trace_unsynchronized::<std[70759c8f55707aa4]::sys::backtrace::_print_fmt::{closure#1}>
[INFO] [stdout]                                at /rustc/dfb0accb7f508ae8be965d8629557221c889dd98/library/std/src/../../backtrace/src/backtrace/mod.rs:66:14
[INFO] [stdout]    2:     0x599f1f47d731 - std[70759c8f55707aa4]::sys::backtrace::_print_fmt
[INFO] [stdout]                                at /rustc/dfb0accb7f508ae8be965d8629557221c889dd98/library/std/src/sys/backtrace.rs:74:9
[INFO] [stdout]    3:     0x599f1f47d731 - <<std[70759c8f55707aa4]::sys::backtrace::BacktraceLock>::print::DisplayBacktrace as core[df12db4294e9bfd3]::fmt::Display>::fmt
[INFO] [stdout]                                at /rustc/dfb0accb7f508ae8be965d8629557221c889dd98/library/std/src/sys/backtrace.rs:44:26
[INFO] [stdout]    4:     0x599f1f4925ba - <core[df12db4294e9bfd3]::fmt::rt::Argument>::fmt
[INFO] [stdout]                                at /rustc/dfb0accb7f508ae8be965d8629557221c889dd98/library/core/src/fmt/rt.rs:152:76
[INFO] [stdout]    5:     0x599f1f4925ba - core[df12db4294e9bfd3]::fmt::write
[INFO] [stdout]    6:     0x599f1f481c1c - core[df12db4294e9bfd3]::io::write::default_write_fmt::<alloc[2182bb758b4b3781]::vec::Vec<u8>>
[INFO] [stdout]                                at /rustc/dfb0accb7f508ae8be965d8629557221c889dd98/library/core/src/io/write.rs:402:11
[INFO] [stdout]    7:     0x599f1f481c1c - <alloc[2182bb758b4b3781]::vec::Vec<u8> as core[df12db4294e9bfd3]::io::write::Write>::write_fmt
[INFO] [stdout]                                at /rustc/dfb0accb7f508ae8be965d8629557221c889dd98/library/core/src/io/write.rs:335:13
[INFO] [stdout]    8:     0x599f1f458c06 - <std[70759c8f55707aa4]::sys::backtrace::BacktraceLock>::print
[INFO] [stdout]                                at /rustc/dfb0accb7f508ae8be965d8629557221c889dd98/library/std/src/sys/backtrace.rs:47:9
[INFO] [stdout]    9:     0x599f1f458c06 - std[70759c8f55707aa4]::panicking::default_hook::{closure#0}
[INFO] [stdout]                                at /rustc/dfb0accb7f508ae8be965d8629557221c889dd98/library/std/src/panicking.rs:292:27
[INFO] [stdout]   10:     0x599f1f475639 - std[70759c8f55707aa4]::panicking::default_hook
[INFO] [stdout]                                at /rustc/dfb0accb7f508ae8be965d8629557221c889dd98/library/std/src/panicking.rs:316:9
[INFO] [stdout]   11:     0x599f1f266e80 - <alloc[2182bb758b4b3781]::boxed::Box<dyn for<'a, 'b> core[df12db4294e9bfd3]::ops::function::Fn<(&'a std[70759c8f55707aa4]::panic::PanicHookInfo<'b>,), Output = ()> + core[df12db4294e9bfd3]::marker::Send + core[df12db4294e9bfd3]::marker::Sync> as core[df12db4294e9bfd3]::ops::function::Fn<(&std[70759c8f55707aa4]::panic::PanicHookInfo,)>>::call
[INFO] [stdout]                                at /rustc/dfb0accb7f508ae8be965d8629557221c889dd98/library/alloc/src/boxed.rs:2334:9
[INFO] [stdout]   12:     0x599f1f266e80 - test[9d35eded1c95d3be]::test_main_inner::<test[9d35eded1c95d3be]::test_main_static::{closure#0}>::{closure#0}
[INFO] [stdout]                                at /rustc/dfb0accb7f508ae8be965d8629557221c889dd98/library/test/src/lib.rs:155:21
[INFO] [stdout]   13:     0x599f1f475962 - <alloc[2182bb758b4b3781]::boxed::Box<dyn for<'a, 'b> core[df12db4294e9bfd3]::ops::function::Fn<(&'a std[70759c8f55707aa4]::panic::PanicHookInfo<'b>,), Output = ()> + core[df12db4294e9bfd3]::marker::Send + core[df12db4294e9bfd3]::marker::Sync> as core[df12db4294e9bfd3]::ops::function::Fn<(&std[70759c8f55707aa4]::panic::PanicHookInfo,)>>::call
[INFO] [stdout]                                at /rustc/dfb0accb7f508ae8be965d8629557221c889dd98/library/alloc/src/boxed.rs:2334:9
[INFO] [stdout]   14:     0x599f1f475962 - std[70759c8f55707aa4]::panicking::panic_with_hook
[INFO] [stdout]                                at /rustc/dfb0accb7f508ae8be965d8629557221c889dd98/library/std/src/panicking.rs:823:13
[INFO] [stdout]   15:     0x599f1f458cb2 - std[70759c8f55707aa4]::panicking::panic_handler::{closure#0}
[INFO] [stdout]                                at /rustc/dfb0accb7f508ae8be965d8629557221c889dd98/library/std/src/panicking.rs:688:13
[INFO] [stdout]   16:     0x599f1f451789 - std[70759c8f55707aa4]::sys::backtrace::__rust_end_short_backtrace::<std[70759c8f55707aa4]::panicking::panic_handler::{closure#0}, !>
[INFO] [stdout]                                at /rustc/dfb0accb7f508ae8be965d8629557221c889dd98/library/std/src/sys/backtrace.rs:182:18
[INFO] [stdout]   17:     0x599f1f4598ad - __rustc[8fa7c3cbc660c2b3]::rust_begin_unwind
[INFO] [stdout]                                at /rustc/dfb0accb7f508ae8be965d8629557221c889dd98/library/std/src/panicking.rs:679:5
[INFO] [stdout]   18:     0x599f1f492d9c - core[df12db4294e9bfd3]::panicking::panic_fmt
[INFO] [stdout]                                at /rustc/dfb0accb7f508ae8be965d8629557221c889dd98/library/core/src/panicking.rs:80:14
[INFO] [stdout]   19:     0x599f1f492c93 - core[df12db4294e9bfd3]::panicking::assert_failed_inner
[INFO] [stdout]                                at /rustc/dfb0accb7f508ae8be965d8629557221c889dd98/library/core/src/panicking.rs:447:23
[INFO] [stdout]   20:     0x599f1f25947a - core[df12db4294e9bfd3]::panicking::assert_failed::<alloc[2182bb758b4b3781]::string::String, alloc[2182bb758b4b3781]::string::String>
[INFO] [stdout]                                at /rustc/dfb0accb7f508ae8be965d8629557221c889dd98/library/core/src/panicking.rs:407:5
[INFO] [stdout]   21:     0x599f1f25999d - snapshot_render[61b07ad9824b387f]::assert_snapshot
[INFO] [stdout]                                at /opt/rustwide/workdir/crates/gc_tui/tests/snapshot_render.rs:52:5
[INFO] [stdout]   22:     0x599f1f259be7 - snapshot_render[61b07ad9824b387f]::tui_ascii_snapshot_20x10_seed42_with_vis
[INFO] [stdout]                                at /opt/rustwide/workdir/crates/gc_tui/tests/snapshot_render.rs:65:5
[INFO] [stdout]   23:     0x599f1f259517 - snapshot_render[61b07ad9824b387f]::tui_ascii_snapshot_20x10_seed42_with_vis::{closure#0}
[INFO] [stdout]                                at /opt/rustwide/workdir/crates/gc_tui/tests/snapshot_render.rs:64:46
[INFO] [stdout]   24:     0x599f1f25a116 - <snapshot_render[61b07ad9824b387f]::tui_ascii_snapshot_20x10_seed42_with_vis::{closure#0} as core[df12db4294e9bfd3]::ops::function::FnOnce<()>>::call_once
[INFO] [stdout]                                at /rustc/dfb0accb7f508ae8be965d8629557221c889dd98/library/core/src/ops/function.rs:250:5
[INFO] [stdout]   25:     0x599f1f25a16b - <fn() -> core[df12db4294e9bfd3]::result::Result<(), alloc[2182bb758b4b3781]::string::String> as core[df12db4294e9bfd3]::ops::function::FnOnce<()>>::call_once
[INFO] [stdout]                                at /rustc/dfb0accb7f508ae8be965d8629557221c889dd98/library/core/src/ops/function.rs:250:5
[INFO] [stdout]   26:     0x599f1f25a16b - test[9d35eded1c95d3be]::__rust_begin_short_backtrace::<core[df12db4294e9bfd3]::result::Result<(), alloc[2182bb758b4b3781]::string::String>, fn() -> core[df12db4294e9bfd3]::result::Result<(), alloc[2182bb758b4b3781]::string::String>>
[INFO] [stdout]                                at /rustc/dfb0accb7f508ae8be965d8629557221c889dd98/library/test/src/lib.rs:733:18
[INFO] [stdout]   27:     0x599f1f2677d5 - test[9d35eded1c95d3be]::run_test_in_process::{closure#0}
[INFO] [stdout]                                at /rustc/dfb0accb7f508ae8be965d8629557221c889dd98/library/test/src/lib.rs:756:74
[INFO] [stdout]   28:     0x599f1f2677d5 - <core[df12db4294e9bfd3]::panic::unwind_safe::AssertUnwindSafe<test[9d35eded1c95d3be]::run_test_in_process::{closure#0}> as core[df12db4294e9bfd3]::ops::function::FnOnce<()>>::call_once
[INFO] [stdout]                                at /rustc/dfb0accb7f508ae8be965d8629557221c889dd98/library/core/src/panic/unwind_safe.rs:275:9
[INFO] [stdout]   29:     0x599f1f2677d5 - std[70759c8f55707aa4]::panicking::catch_unwind::do_call::<core[df12db4294e9bfd3]::panic::unwind_safe::AssertUnwindSafe<test[9d35eded1c95d3be]::run_test_in_process::{closure#0}>, core[df12db4294e9bfd3]::result::Result<(), alloc[2182bb758b4b3781]::string::String>>
[INFO] [stdout]                                at /rustc/dfb0accb7f508ae8be965d8629557221c889dd98/library/std/src/panicking.rs:576:43
[INFO] [stdout]   30:     0x599f1f2677d5 - std[70759c8f55707aa4]::panicking::catch_unwind::<core[df12db4294e9bfd3]::result::Result<(), alloc[2182bb758b4b3781]::string::String>, core[df12db4294e9bfd3]::panic::unwind_safe::AssertUnwindSafe<test[9d35eded1c95d3be]::run_test_in_process::{closure#0}>>
[INFO] [stdout]                                at /rustc/dfb0accb7f508ae8be965d8629557221c889dd98/library/std/src/panicking.rs:544:19
[INFO] [stdout]   31:     0x599f1f2677d5 - std[70759c8f55707aa4]::panic::catch_unwind::<core[df12db4294e9bfd3]::panic::unwind_safe::AssertUnwindSafe<test[9d35eded1c95d3be]::run_test_in_process::{closure#0}>, core[df12db4294e9bfd3]::result::Result<(), alloc[2182bb758b4b3781]::string::String>>
[INFO] [stdout]                                at /rustc/dfb0accb7f508ae8be965d8629557221c889dd98/library/std/src/panic.rs:359:14
[INFO] [stdout]   32:     0x599f1f2677d5 - test[9d35eded1c95d3be]::run_test_in_process
[INFO] [stdout]                                at /rustc/dfb0accb7f508ae8be965d8629557221c889dd98/library/test/src/lib.rs:756:27
[INFO] [stdout]   33:     0x599f1f2677d5 - test[9d35eded1c95d3be]::run_test::{closure#0}
[INFO] [stdout]                                at /rustc/dfb0accb7f508ae8be965d8629557221c889dd98/library/test/src/lib.rs:677:43
[INFO] [stdout]   34:     0x599f1f261094 - test[9d35eded1c95d3be]::run_test::{closure#1}
[INFO] [stdout]                                at /rustc/dfb0accb7f508ae8be965d8629557221c889dd98/library/test/src/lib.rs:707:41
[INFO] [stdout]   35:     0x599f1f261094 - std[70759c8f55707aa4]::sys::backtrace::__rust_begin_short_backtrace::<test[9d35eded1c95d3be]::run_test::{closure#1}, ()>
[INFO] [stdout]                                at /rustc/dfb0accb7f508ae8be965d8629557221c889dd98/library/std/src/sys/backtrace.rs:166:18
[INFO] [stdout]   36:     0x599f1f26a932 - std[70759c8f55707aa4]::thread::lifecycle::spawn_unchecked::<test[9d35eded1c95d3be]::run_test::{closure#1}, ()>::{closure#1}::{closure#0}
[INFO] [stdout]                                at /rustc/dfb0accb7f508ae8be965d8629557221c889dd98/library/std/src/thread/lifecycle.rs:70:13
[INFO] [stdout]   37:     0x599f1f26a932 - <core[df12db4294e9bfd3]::panic::unwind_safe::AssertUnwindSafe<std[70759c8f55707aa4]::thread::lifecycle::spawn_unchecked<test[9d35eded1c95d3be]::run_test::{closure#1}, ()>::{closure#1}::{closure#0}> as core[df12db4294e9bfd3]::ops::function::FnOnce<()>>::call_once
[INFO] [stdout]                                at /rustc/dfb0accb7f508ae8be965d8629557221c889dd98/library/core/src/panic/unwind_safe.rs:275:9
[INFO] [stdout]   38:     0x599f1f26a932 - std[70759c8f55707aa4]::panicking::catch_unwind::do_call::<core[df12db4294e9bfd3]::panic::unwind_safe::AssertUnwindSafe<std[70759c8f55707aa4]::thread::lifecycle::spawn_unchecked<test[9d35eded1c95d3be]::run_test::{closure#1}, ()>::{closure#1}::{closure#0}>, ()>
[INFO] [stdout]                                at /rustc/dfb0accb7f508ae8be965d8629557221c889dd98/library/std/src/panicking.rs:576:43
[INFO] [stdout]   39:     0x599f1f26a932 - std[70759c8f55707aa4]::panicking::catch_unwind::<(), core[df12db4294e9bfd3]::panic::unwind_safe::AssertUnwindSafe<std[70759c8f55707aa4]::thread::lifecycle::spawn_unchecked<test[9d35eded1c95d3be]::run_test::{closure#1}, ()>::{closure#1}::{closure#0}>>
[INFO] [stdout]                                at /rustc/dfb0accb7f508ae8be965d8629557221c889dd98/library/std/src/panicking.rs:544:19
[INFO] [stdout]   40:     0x599f1f26a932 - std[70759c8f55707aa4]::panic::catch_unwind::<core[df12db4294e9bfd3]::panic::unwind_safe::AssertUnwindSafe<std[70759c8f55707aa4]::thread::lifecycle::spawn_unchecked<test[9d35eded1c95d3be]::run_test::{closure#1}, ()>::{closure#1}::{closure#0}>, ()>
[INFO] [stdout]                                at /rustc/dfb0accb7f508ae8be965d8629557221c889dd98/library/std/src/panic.rs:359:14
[INFO] [stdout]   41:     0x599f1f26a932 - std[70759c8f55707aa4]::thread::lifecycle::spawn_unchecked::<test[9d35eded1c95d3be]::run_test::{closure#1}, ()>::{closure#1}
[INFO] [stdout]                                at /rustc/dfb0accb7f508ae8be965d8629557221c889dd98/library/std/src/thread/lifecycle.rs:68:26
[INFO] [stdout]   42:     0x599f1f26a932 - <std[70759c8f55707aa4]::thread::lifecycle::spawn_unchecked<test[9d35eded1c95d3be]::run_test::{closure#1}, ()>::{closure#1} as core[df12db4294e9bfd3]::ops::function::FnOnce<()>>::call_once::{shim:vtable#0}
[INFO] [stdout]                                at /rustc/dfb0accb7f508ae8be965d8629557221c889dd98/library/core/src/ops/function.rs:250:5
[INFO] [stdout]   43:     0x599f1f47ca69 - <alloc[2182bb758b4b3781]::boxed::Box<dyn core[df12db4294e9bfd3]::ops::function::FnOnce<(), Output = ()> + core[df12db4294e9bfd3]::marker::Send> as core[df12db4294e9bfd3]::ops::function::FnOnce<()>>::call_once
[INFO] [stdout]                                at /rustc/dfb0accb7f508ae8be965d8629557221c889dd98/library/alloc/src/boxed.rs:2320:9
[INFO] [stdout]   44:     0x599f1f47ca69 - <std[70759c8f55707aa4]::sys::thread::unix::Thread>::new::thread_start
[INFO] [stdout]                                at /rustc/dfb0accb7f508ae8be965d8629557221c889dd98/library/std/src/sys/thread/unix.rs:123:17
[INFO] [stdout]   45:     0x7c6c4b78cdfa - <unknown>
[INFO] [stdout]   46:     0x7c6c4b8203d4 - clone
[INFO] [stdout]   47:                0x0 - <unknown>
[INFO] [stdout] 
[INFO] [stdout] 
[INFO] [stdout] failures:
[INFO] [stdout]     tui_ascii_snapshot_20x10_seed42_with_vis
[INFO] [stdout] 
[INFO] [stdout] test result: FAILED. 1 passed; 1 failed; 0 ignored; 0 measured; 0 filtered out; finished in 0.23s
[INFO] [stdout] 
[INFO] [stderr] error: test failed, to rerun pass `-p gc_tui --test snapshot_render`
[INFO] running `Command { std: "docker" "inspect" "b9520ff98ef4dc7d8e4c4c17658336133a11c960ab8302266c1a365dba753dfb", kill_on_drop: false }`
[INFO] running `Command { std: "docker" "rm" "-f" "b9520ff98ef4dc7d8e4c4c17658336133a11c960ab8302266c1a365dba753dfb", kill_on_drop: false }`
[INFO] [stdout] b9520ff98ef4dc7d8e4c4c17658336133a11c960ab8302266c1a365dba753dfb
