[INFO] fetching crate rcmd-tui-core 4.68.2...
[INFO] testing rcmd-tui-core-4.68.2 against 1.100.0-beta.1 for beta-1.100-2
[INFO] extracting crate rcmd-tui-core 4.68.2 into /workspace/builds/worker-1-tc2/source
[INFO] started tweaking crates.io crate rcmd-tui-core 4.68.2
[INFO] finished tweaking crates.io crate rcmd-tui-core 4.68.2
[INFO] tweaked toml for crates.io crate rcmd-tui-core 4.68.2 written to /workspace/builds/worker-1-tc2/source/Cargo.toml
[INFO] validating manifest of crates.io crate rcmd-tui-core 4.68.2 on toolchain 1.100.0-beta.1
[INFO] running `Command { std: CARGO_HOME="/workspace/cargo-home" RUSTUP_HOME="/workspace/rustup-home" "/workspace/cargo-home/bin/cargo" "+1.100.0-beta.1" "metadata" "--manifest-path" "Cargo.toml" "--no-deps", kill_on_drop: false }`
[INFO] crate crates.io crate rcmd-tui-core 4.68.2 already has a lockfile, it will not be regenerated
[INFO] running `Command { std: CARGO_HOME="/workspace/cargo-home" RUSTUP_HOME="/workspace/rustup-home" "/workspace/cargo-home/bin/cargo" "+1.100.0-beta.1" "fetch" "--manifest-path" "Cargo.toml", kill_on_drop: false }`
[INFO] [stderr] warning: `package.homepage` is redundant with `package.repository`
[INFO] [stderr]   --> Cargo.toml:70:12
[INFO] [stderr]    |
[INFO] [stderr] 70 | homepage = "https://github.com/jaroslavpachola/rcmd"
[INFO] [stderr]    |            ^^^^^^^^^^^^^^^^^^^^^^^^^^^^^^^^^^^^^^^^^
[INFO] [stderr] ...
[INFO] [stderr] 75 | repository = "https://github.com/jaroslavpachola/rcmd"
[INFO] [stderr]    |              -----------------------------------------
[INFO] [stderr]    |
[INFO] [stderr]    = note: `cargo::redundant_homepage` is set to `warn` by default
[INFO] [stderr] help: consider removing `package.homepage`
[INFO] [stderr] warning: `rcmd-tui-core` (manifest) generated 1 warning
[INFO] running `Command { std: "docker" "create" "-v" "/var/lib/crater-agent-workspace/builds/worker-1-tc2/source:/opt/rustwide/workdir:ro,Z" "-v" "/var/lib/crater-agent-workspace/builds/worker-1-tc2/target:/opt/rustwide/target:rw,Z" "-v" "/var/lib/crater-agent-workspace/cargo-home:/opt/rustwide/cargo-home:ro,Z" "-v" "/var/lib/crater-agent-workspace/rustup-home:/opt/rustwide/rustup-home:ro,Z" "-m" "1610612736" "--network" "none" "ghcr.io/rust-lang/crates-build-env/linux@sha256:3111399a4047eeb3a02b7a90e478d715f38a8c6669b5c4b49d30a17385265909" "sleep" "infinity", kill_on_drop: false }`
[INFO] [stderr] Error response from daemon: failed to create prepare snapshot dir: mkdir /var/lib/containerd/io.containerd.snapshotter.v1.overlayfs/snapshots/new-517358985/work: no space left on device
[INFO] testing rcmd-tui-core-4.68.2 against 1.100.0-beta.1 for beta-1.100-2
[INFO] extracting crate rcmd-tui-core 4.68.2 into /workspace/builds/worker-1-tc2/source
[INFO] started tweaking crates.io crate rcmd-tui-core 4.68.2
[INFO] finished tweaking crates.io crate rcmd-tui-core 4.68.2
[INFO] tweaked toml for crates.io crate rcmd-tui-core 4.68.2 written to /workspace/builds/worker-1-tc2/source/Cargo.toml
[INFO] validating manifest of crates.io crate rcmd-tui-core 4.68.2 on toolchain 1.100.0-beta.1
[INFO] running `Command { std: CARGO_HOME="/workspace/cargo-home" RUSTUP_HOME="/workspace/rustup-home" "/workspace/cargo-home/bin/cargo" "+1.100.0-beta.1" "metadata" "--manifest-path" "Cargo.toml" "--no-deps", kill_on_drop: false }`
[INFO] crate crates.io crate rcmd-tui-core 4.68.2 already has a lockfile, it will not be regenerated
[INFO] running `Command { std: CARGO_HOME="/workspace/cargo-home" RUSTUP_HOME="/workspace/rustup-home" "/workspace/cargo-home/bin/cargo" "+1.100.0-beta.1" "fetch" "--manifest-path" "Cargo.toml", kill_on_drop: false }`
[INFO] [stderr] warning: `package.homepage` is redundant with `package.repository`
[INFO] [stderr]   --> Cargo.toml:70:12
[INFO] [stderr]    |
[INFO] [stderr] 70 | homepage = "https://github.com/jaroslavpachola/rcmd"
[INFO] [stderr]    |            ^^^^^^^^^^^^^^^^^^^^^^^^^^^^^^^^^^^^^^^^^
[INFO] [stderr] ...
[INFO] [stderr] 75 | repository = "https://github.com/jaroslavpachola/rcmd"
[INFO] [stderr]    |              -----------------------------------------
[INFO] [stderr]    |
[INFO] [stderr]    = note: `cargo::redundant_homepage` is set to `warn` by default
[INFO] [stderr] help: consider removing `package.homepage`
[INFO] [stderr] warning: `rcmd-tui-core` (manifest) generated 1 warning
[INFO] [stderr]     Blocking waiting for file lock on package cache
[INFO] running `Command { std: "docker" "create" "-v" "/var/lib/crater-agent-workspace/builds/worker-1-tc2/source:/opt/rustwide/workdir:ro,Z" "-v" "/var/lib/crater-agent-workspace/builds/worker-1-tc2/target:/opt/rustwide/target:rw,Z" "-v" "/var/lib/crater-agent-workspace/cargo-home:/opt/rustwide/cargo-home:ro,Z" "-v" "/var/lib/crater-agent-workspace/rustup-home:/opt/rustwide/rustup-home:ro,Z" "-m" "1610612736" "--network" "none" "ghcr.io/rust-lang/crates-build-env/linux@sha256:3111399a4047eeb3a02b7a90e478d715f38a8c6669b5c4b49d30a17385265909" "sleep" "infinity", kill_on_drop: false }`
[INFO] [stderr] Error response from daemon: failed to create prepare snapshot dir: failed to create temp dir: mkdir /var/lib/containerd/io.containerd.snapshotter.v1.overlayfs/snapshots/new-2163702840: no space left on device
[INFO] testing rcmd-tui-core-4.68.2 against 1.100.0-beta.1 for beta-1.100-2
[INFO] extracting crate rcmd-tui-core 4.68.2 into /workspace/builds/worker-1-tc2/source
[INFO] started tweaking crates.io crate rcmd-tui-core 4.68.2
[INFO] finished tweaking crates.io crate rcmd-tui-core 4.68.2
[INFO] tweaked toml for crates.io crate rcmd-tui-core 4.68.2 written to /workspace/builds/worker-1-tc2/source/Cargo.toml
[INFO] validating manifest of crates.io crate rcmd-tui-core 4.68.2 on toolchain 1.100.0-beta.1
[INFO] running `Command { std: CARGO_HOME="/workspace/cargo-home" RUSTUP_HOME="/workspace/rustup-home" "/workspace/cargo-home/bin/cargo" "+1.100.0-beta.1" "metadata" "--manifest-path" "Cargo.toml" "--no-deps", kill_on_drop: false }`
[INFO] crate crates.io crate rcmd-tui-core 4.68.2 already has a lockfile, it will not be regenerated
[INFO] running `Command { std: CARGO_HOME="/workspace/cargo-home" RUSTUP_HOME="/workspace/rustup-home" "/workspace/cargo-home/bin/cargo" "+1.100.0-beta.1" "fetch" "--manifest-path" "Cargo.toml", kill_on_drop: false }`
[INFO] [stderr] warning: `package.homepage` is redundant with `package.repository`
[INFO] [stderr]   --> Cargo.toml:70:12
[INFO] [stderr]    |
[INFO] [stderr] 70 | homepage = "https://github.com/jaroslavpachola/rcmd"
[INFO] [stderr]    |            ^^^^^^^^^^^^^^^^^^^^^^^^^^^^^^^^^^^^^^^^^
[INFO] [stderr] ...
[INFO] [stderr] 75 | repository = "https://github.com/jaroslavpachola/rcmd"
[INFO] [stderr]    |              -----------------------------------------
[INFO] [stderr]    |
[INFO] [stderr]    = note: `cargo::redundant_homepage` is set to `warn` by default
[INFO] [stderr] help: consider removing `package.homepage`
[INFO] [stderr] warning: `rcmd-tui-core` (manifest) generated 1 warning
[INFO] [stderr]     Blocking waiting for file lock on package cache
[INFO] running `Command { std: "docker" "create" "-v" "/var/lib/crater-agent-workspace/builds/worker-1-tc2/source:/opt/rustwide/workdir:ro,Z" "-v" "/var/lib/crater-agent-workspace/builds/worker-1-tc2/target:/opt/rustwide/target:rw,Z" "-v" "/var/lib/crater-agent-workspace/cargo-home:/opt/rustwide/cargo-home:ro,Z" "-v" "/var/lib/crater-agent-workspace/rustup-home:/opt/rustwide/rustup-home:ro,Z" "-m" "1610612736" "--network" "none" "ghcr.io/rust-lang/crates-build-env/linux@sha256:3111399a4047eeb3a02b7a90e478d715f38a8c6669b5c4b49d30a17385265909" "sleep" "infinity", kill_on_drop: false }`
[INFO] [stdout] 794d7f71f24f2d402d75882f7a3d9b163f5dd4439b7ff277fb4af5e2e9fe6277
[INFO] running `Command { std: "docker" "start" "794d7f71f24f2d402d75882f7a3d9b163f5dd4439b7ff277fb4af5e2e9fe6277", kill_on_drop: false }`
[INFO] running `Command { std: "docker" "inspect" "794d7f71f24f2d402d75882f7a3d9b163f5dd4439b7ff277fb4af5e2e9fe6277", kill_on_drop: false }`
[INFO] running `Command { std: "docker" "exec" "-e" "SOURCE_DIR=/opt/rustwide/workdir" "-e" "CARGO_HOME=/opt/rustwide/cargo-home" "-e" "RUSTUP_HOME=/opt/rustwide/rustup-home" "-e" "CARGO_TARGET_DIR=/opt/rustwide/target" "-w" "/opt/rustwide/workdir" "--user" "0:0" "794d7f71f24f2d402d75882f7a3d9b163f5dd4439b7ff277fb4af5e2e9fe6277" "/opt/rustwide/cargo-home/bin/cargo" "+1.100.0-beta.1" "metadata" "--no-deps" "--format-version=1", kill_on_drop: false }`
[INFO] running `Command { std: "docker" "inspect" "794d7f71f24f2d402d75882f7a3d9b163f5dd4439b7ff277fb4af5e2e9fe6277", kill_on_drop: false }`
[INFO] running `Command { std: "docker" "exec" "-e" "SOURCE_DIR=/opt/rustwide/workdir" "-e" "CARGO_HOME=/opt/rustwide/cargo-home" "-e" "RUSTUP_HOME=/opt/rustwide/rustup-home" "-e" "CARGO_TARGET_DIR=/opt/rustwide/target" "-e" "CARGO_INCREMENTAL=0" "-e" "RUST_BACKTRACE=full" "-e" "RUSTFLAGS=--cap-lints=warn" "-e" "RUSTDOCFLAGS=--cap-lints=warn" "-w" "/opt/rustwide/workdir" "--user" "0:0" "794d7f71f24f2d402d75882f7a3d9b163f5dd4439b7ff277fb4af5e2e9fe6277" "/opt/rustwide/cargo-home/bin/cargo" "+1.100.0-beta.1" "build" "--frozen" "--message-format=json", kill_on_drop: false }`
[INFO] [stderr] warning: `package.homepage` is redundant with `package.repository`
[INFO] [stderr]   --> Cargo.toml:70:12
[INFO] [stderr]    |
[INFO] [stderr] 70 | homepage = "https://github.com/jaroslavpachola/rcmd"
[INFO] [stderr]    |            ^^^^^^^^^^^^^^^^^^^^^^^^^^^^^^^^^^^^^^^^^
[INFO] [stderr] ...
[INFO] [stderr] 75 | repository = "https://github.com/jaroslavpachola/rcmd"
[INFO] [stderr]    |              -----------------------------------------
[INFO] [stderr]    |
[INFO] [stderr]    = note: `cargo::redundant_homepage` is set to `warn` by default
[INFO] [stderr] help: consider removing `package.homepage`
[INFO] [stderr] warning: `rcmd-tui-core` (manifest) generated 1 warning
[INFO] [stderr]    Compiling find-msvc-tools v0.1.9
[INFO] [stderr]    Compiling shlex v2.0.1
[INFO] [stderr]    Compiling pkg-config v0.3.33
[INFO] [stderr]    Compiling crossbeam-epoch v0.9.21
[INFO] [stderr]    Compiling quote v1.0.46
[INFO] [stderr]    Compiling crossbeam-deque v0.8.8
[INFO] [stderr]    Compiling autocfg v1.5.1
[INFO] [stderr]    Compiling typenum v1.20.1
[INFO] [stderr]    Compiling cc v1.2.65
[INFO] [stderr]    Compiling bitflags v2.13.0
[INFO] [stderr]    Compiling scopeguard v1.2.0
[INFO] [stderr]    Compiling rustix v1.1.4
[INFO] [stderr]    Compiling syn v2.0.118
[INFO] [stderr]    Compiling simd-adler32 v0.3.9
[INFO] [stderr]    Compiling memchr v2.8.2
[INFO] [stderr]    Compiling num-traits v0.2.19
[INFO] [stderr]    Compiling generic-array v0.14.7
[INFO] [stderr]    Compiling log v0.4.33
[INFO] [stderr]    Compiling linux-raw-sys v0.12.1
[INFO] [stderr]    Compiling smallvec v1.15.2
[INFO] [stderr]    Compiling miniz_oxide v0.8.9
[INFO] [stderr]    Compiling block-buffer v0.10.4
[INFO] [stderr]    Compiling crypto-common v0.1.7
[INFO] [stderr]    Compiling parking_lot_core v0.9.12
[INFO] [stderr]    Compiling rayon-core v1.13.0
[INFO] [stderr]    Compiling aho-corasick v1.1.4
[INFO] [stderr]    Compiling lock_api v0.4.14
[INFO] [stderr]    Compiling libz-sys v1.1.29
[INFO] [stderr]    Compiling openssl-sys v0.9.117
[INFO] [stderr]    Compiling libssh2-sys v0.3.3
[INFO] [stderr]    Compiling lzma-sys v0.1.20
[INFO] [stderr]    Compiling bzip2-sys v0.1.13+1.0.8
[INFO] [stderr]    Compiling crossbeam-channel v0.5.17
[INFO] [stderr]    Compiling crossbeam-queue v0.3.14
[INFO] [stderr]    Compiling regex-syntax v0.8.11
[INFO] [stderr]    Compiling hashbrown v0.17.1
[INFO] [stderr]    Compiling iana-time-zone v0.1.65
[INFO] [stderr]    Compiling either v1.16.0
[INFO] [stderr]    Compiling zip v2.4.2
[INFO] [stderr]    Compiling bumpalo v3.20.3
[INFO] [stderr]    Compiling indexmap v2.14.0
[INFO] [stderr]    Compiling zopfli v0.8.3
[INFO] [stderr]    Compiling xattr v1.6.1
[INFO] [stderr]    Compiling regex-automata v0.4.14
[INFO] [stderr]    Compiling thiserror-impl v2.0.18
[INFO] [stderr]    Compiling displaydoc v0.2.6
[INFO] [stderr]    Compiling rayon v1.12.0
[INFO] [stderr]    Compiling chrono v0.4.45
[INFO] [stderr]    Compiling crossbeam v0.8.5
[INFO] [stderr]    Compiling parking_lot v0.12.5
[INFO] [stderr]    Compiling digest v0.10.7
[INFO] [stderr]    Compiling flate2 v1.1.9
[INFO] [stderr]    Compiling filetime v0.2.29
[INFO] [stderr]    Compiling thiserror v2.0.18
[INFO] [stderr]    Compiling urlencoding v2.1.3
[INFO] [stderr]    Compiling twox-hash v2.1.3
[INFO] [stderr]    Compiling sha2 v0.10.9
[INFO] [stderr]    Compiling ruzstd v0.9.0
[INFO] [stderr]    Compiling trash v5.2.9
[INFO] [stderr]    Compiling regex v1.12.4
[INFO] [stderr]    Compiling tar v0.4.46
[INFO] [stderr]    Compiling jwalk v0.9.0
[INFO] [stderr]    Compiling bzip2 v0.4.4
[INFO] [stderr]    Compiling xz2 v0.1.7
[INFO] [stderr]    Compiling ssh2 v0.9.6
[INFO] [stderr]    Compiling rcmd-tui-core v4.68.2 (/opt/rustwide/workdir)
[INFO] [stderr]     Finished `dev` profile [unoptimized + debuginfo] target(s) in 59.33s
[INFO] running `Command { std: "docker" "inspect" "794d7f71f24f2d402d75882f7a3d9b163f5dd4439b7ff277fb4af5e2e9fe6277", kill_on_drop: false }`
[INFO] running `Command { std: "docker" "exec" "-e" "SOURCE_DIR=/opt/rustwide/workdir" "-e" "CARGO_HOME=/opt/rustwide/cargo-home" "-e" "RUSTUP_HOME=/opt/rustwide/rustup-home" "-e" "CARGO_TARGET_DIR=/opt/rustwide/target" "-e" "CARGO_INCREMENTAL=0" "-e" "RUST_BACKTRACE=full" "-e" "RUSTFLAGS=--cap-lints=warn" "-e" "RUSTDOCFLAGS=--cap-lints=warn" "-w" "/opt/rustwide/workdir" "--user" "0:0" "794d7f71f24f2d402d75882f7a3d9b163f5dd4439b7ff277fb4af5e2e9fe6277" "/opt/rustwide/cargo-home/bin/cargo" "+1.100.0-beta.1" "test" "--frozen" "--no-run" "--message-format=json", kill_on_drop: false }`
[INFO] [stderr] warning: `package.homepage` is redundant with `package.repository`
[INFO] [stderr]   --> Cargo.toml:70:12
[INFO] [stderr]    |
[INFO] [stderr] 70 | homepage = "https://github.com/jaroslavpachola/rcmd"
[INFO] [stderr]    |            ^^^^^^^^^^^^^^^^^^^^^^^^^^^^^^^^^^^^^^^^^
[INFO] [stderr] ...
[INFO] [stderr] 75 | repository = "https://github.com/jaroslavpachola/rcmd"
[INFO] [stderr]    |              -----------------------------------------
[INFO] [stderr]    |
[INFO] [stderr]    = note: `cargo::redundant_homepage` is set to `warn` by default
[INFO] [stderr] help: consider removing `package.homepage`
[INFO] [stderr] warning: `rcmd-tui-core` (manifest) generated 1 warning
[INFO] [stderr]    Compiling rustix v1.1.4
[INFO] [stderr]    Compiling getrandom v0.4.3
[INFO] [stderr]    Compiling fastrand v2.4.1
[INFO] [stderr]    Compiling xattr v1.6.1
[INFO] [stderr]    Compiling tempfile v3.27.0
[INFO] [stderr]    Compiling tar v0.4.46
[INFO] [stderr]    Compiling rcmd-tui-core v4.68.2 (/opt/rustwide/workdir)
[INFO] [stderr]     Finished `test` profile [unoptimized + debuginfo] target(s) in 37.23s
[INFO] running `Command { std: "docker" "inspect" "794d7f71f24f2d402d75882f7a3d9b163f5dd4439b7ff277fb4af5e2e9fe6277", kill_on_drop: false }`
[INFO] running `Command { std: "docker" "exec" "-e" "SOURCE_DIR=/opt/rustwide/workdir" "-e" "CARGO_HOME=/opt/rustwide/cargo-home" "-e" "RUSTUP_HOME=/opt/rustwide/rustup-home" "-e" "CARGO_TARGET_DIR=/opt/rustwide/target" "-e" "CARGO_INCREMENTAL=0" "-e" "RUST_BACKTRACE=full" "-e" "RUSTFLAGS=--cap-lints=warn" "-e" "RUSTDOCFLAGS=--cap-lints=warn" "-w" "/opt/rustwide/workdir" "--user" "0:0" "794d7f71f24f2d402d75882f7a3d9b163f5dd4439b7ff277fb4af5e2e9fe6277" "/opt/rustwide/cargo-home/bin/cargo" "+1.100.0-beta.1" "test" "--frozen", kill_on_drop: false }`
[INFO] [stderr] warning: `package.homepage` is redundant with `package.repository`
[INFO] [stderr]   --> Cargo.toml:70:12
[INFO] [stderr]    |
[INFO] [stderr] 70 | homepage = "https://github.com/jaroslavpachola/rcmd"
[INFO] [stderr]    |            ^^^^^^^^^^^^^^^^^^^^^^^^^^^^^^^^^^^^^^^^^
[INFO] [stderr] ...
[INFO] [stderr] 75 | repository = "https://github.com/jaroslavpachola/rcmd"
[INFO] [stderr]    |              -----------------------------------------
[INFO] [stderr]    |
[INFO] [stderr]    = note: `cargo::redundant_homepage` is set to `warn` by default
[INFO] [stderr] help: consider removing `package.homepage`
[INFO] [stderr] warning: `rcmd-tui-core` (manifest) generated 1 warning
[INFO] [stderr]     Finished `test` profile [unoptimized + debuginfo] target(s) in 0.18s
[INFO] [stderr]      Running unittests src/lib.rs (/opt/rustwide/target/debug/build/rcmd-tui-core/3ba01c77b2e3b6a5/out/rcmd_core-3ba01c77b2e3b6a5)
[INFO] [stdout] 
[INFO] [stdout] running 382 tests
[INFO] [stdout] test ar::tests::reads_a_bsd_long_name_from_the_front_of_the_data ... ok
[INFO] [stdout] test ar::tests::reads_gnu_long_names_from_the_name_table ... ok
[INFO] [stdout] test ar::tests::refuses_a_file_that_is_not_an_archive ... ok
[INFO] [stdout] test archive::tests::a_compressed_patch_is_the_same_patch ... ok
[INFO] [stdout] test archive::tests::a_damaged_zip_member_is_an_error_not_a_wrong_file ... ok
[INFO] [stdout] test archive::tests::a_file_with_no_diff_in_it_is_refused ... ok
[INFO] [stdout] test archive::tests::a_file_with_no_messages_is_refused ... ok
[INFO] [stdout] test archive::tests::a_lone_compressed_file_reads_as_what_it_holds ... ok
[INFO] [stdout] test archive::tests::a_job_reads_an_archive_in_its_own_order ... ok
[INFO] [stdout] test archive::tests::a_tar_hard_link_lists_and_reads_as_what_it_links_to ... ok
[INFO] [stdout] test archive::tests::a_plain_tar_goes_straight_to_a_member ... ok
[INFO] [stdout] test ar::tests::lists_members_and_finds_their_bytes ... ok
[INFO] [stdout] test archive::tests::an_external_tool_archive_unpacks_once_for_a_job ... ok
[INFO] [stdout] test archive::tests::cpio_gz_is_the_same_archive_through_a_wrapper ... ok
[INFO] [stdout] test archive::tests::cpio_hard_link_borrows_the_size_and_the_bytes ... ok
[INFO] [stdout] test archive::tests::cpio_index_listing_and_reads ... ok
[INFO] [stdout] test archive::tests::cpio_round_trip_against_gnu_cpio ... ok
[INFO] [stdout] test archive::tests::a_deb_is_read_in_one_pass_per_half ... ok
[INFO] [stdout] test ar::tests::round_trips_against_the_system_ar ... ok
[INFO] [stdout] test archive::tests::datetime_and_mode_helpers ... ok
[INFO] [stdout] test archive::tests::a_cpio_is_read_in_one_pass_and_a_hard_link_finds_its_bytes ... ok
[INFO] [stdout] test archive::tests::mbox_lists_its_messages ... ok
[INFO] [stdout] test archive::tests::an_rpm_payload_is_read_in_one_pass ... ok
[INFO] [stdout] test archive::tests::parses_7z_slt_listings ... ok
[INFO] [stdout] test archive::tests::parses_unrar_vt_listings ... ok
[INFO] [stdout] test archive::tests::patch_lists_as_the_tree_it_would_apply_to ... ok
[INFO] [stdout] test archive::tests::deb_shows_both_halves_of_the_package ... ok
[INFO] [stdout] test archive::tests::peels_compression_suffixes ... ok
[INFO] [stdout] test archive::tests::deb_reads_whichever_wrapper_dpkg_chose ... ok
[INFO] [stdout] test archive::tests::rpm_shows_the_header_the_scripts_and_the_payload ... ok
[INFO] [stdout] test archive::tests::refuses_unknown_extensions_and_garbage ... ok
[INFO] [stdout] test archive::tests::rar_round_trip_via_external_tools ... ok
[INFO] [stdout] test archive::tests::tar_xz_and_bz2_round_trip ... ok
[INFO] [stdout] test archive::tests::sevenz_round_trip_via_external_tools ... ok
[INFO] [stdout] test archive::tests::targz_index_listing_and_reads ... ok
[INFO] [stdout] test archive::tests::tar_zst_round_trip ... ok
[INFO] [stdout] test archive::tests::sevenz_member_names_are_taken_literally ... ok
[INFO] [stdout] test archive::tests::zip_index_listing_and_reads ... ok
[INFO] [stdout] test archive::tests::iso_browses_a_disc_image ... ok
[INFO] [stdout] test archive::tests::members_read_in_order_are_one_pass ... ok
[INFO] [stdout] test attrs::tests::a_flag_set_is_a_flag_read_back ... ok
[INFO] [stdout] test calc::tests::arithmetic_the_way_it_is_written ... ok
[INFO] [stdout] test attrs::tests::extended_attributes_are_listed_by_name ... ok
[INFO] [stdout] test calc::tests::bases_and_sizes ... ok
[INFO] [stdout] test category::tests::categories_are_found_in_any_case_and_the_rest_are_reported ... ok
[INFO] [stdout] test charset::tests::names_round_trip_through_a_codepage ... ok
[INFO] [stdout] test charset::tests::round_trips_through_a_single_byte_codepage ... ok
[INFO] [stdout] test archive::tests::ar_lists_a_static_library_flat ... ok
[INFO] [stdout] test calc::tests::nonsense_says_where ... ok
[INFO] [stdout] test compare::tests::the_three_modes_disagree_where_they_should ... ok
[INFO] [stdout] test complete::tests::absolute_and_missing ... ok
[INFO] [stdout] test complete::tests::ambiguous_match_stops_at_common_prefix ... ok
[INFO] [stdout] test complete::tests::every_candidate_knows_the_word_it_makes ... ok
[INFO] [stdout] test charset::tests::every_listed_codepage_resolves ... ok
[INFO] [stdout] test complete::tests::spaces_round_trip_escaped ... ok
[INFO] [stdout] test complete::tests::the_first_word_of_a_command_is_a_command ... ok
[INFO] [stdout] test compare::tests::contents_settle_what_the_listing_cannot ... ok
[INFO] [stdout] test complete::tests::variables_and_home_directories ... ok
[INFO] [stdout] test cpio::tests::number_tolerates_space_padding ... ok
[INFO] [stdout] test cpio::tests::reads_all_three_header_formats ... ok
[INFO] [stdout] test complete::tests::word_start_honours_escapes ... ok
[INFO] [stdout] test cpio::tests::refuses_a_truncated_header ... ok
[INFO] [stdout] test cpio::tests::refuses_an_impossible_name_length ... ok
[INFO] [stdout] test cpio::tests::skips_over_data_the_caller_never_asked_for ... ok
[INFO] [stdout] test cpio::tests::stops_at_the_trailer_and_ignores_what_follows ... ok
[INFO] [stdout] test complete::tests::unique_match_completes_fully ... ok
[INFO] [stdout] test cpio::tests::carries_the_identity_a_hard_link_shares ... ok
[INFO] [stdout] test diff::tests::a_block_names_the_lines_each_side_has ... ok
[INFO] [stdout] test diff::tests::a_changed_line_shows_as_one_row ... ok
[INFO] [stdout] test diff::tests::identical_files_are_all_context ... ok
[INFO] [stdout] test diff::tests::insertions_and_deletions_keep_their_side ... ok
[INFO] [stdout] test diff::tests::inside_a_line_the_changed_words_are_found ... ok
[INFO] [stdout] test diff::tests::options_ignore_what_they_say ... ok
[INFO] [stdout] test diff::tests::blocks_group_runs_of_changed_rows ... ok
[INFO] [stdout] test cpio::tests::refuses_a_stream_that_is_not_cpio ... ok
[INFO] [stdout] test diff::tests::the_inline_highlight_follows_the_options ... ok
[INFO] [stdout] test disks::tests::a_mount_point_is_one_name_and_back ... ok
[INFO] [stdout] test archive::tests::the_external_tool_formats_reach_the_external_tool ... ok
[INFO] [stdout] test disks::tests::a_table_is_listed_with_the_sizes_of_its_volumes ... ok
[INFO] [stdout] test disks::tests::used_is_counted_against_what_is_not_reserved ... ok
[INFO] [stdout] test diff::tests::the_edit_script_is_the_shortest ... ok
[INFO] [stdout] test disks::tests::the_mount_table_is_read_with_its_escapes_binds_and_overmounts ... ok
[INFO] [stdout] test extfs::tests::listings_in_both_date_shapes_become_a_tree ... ok
[INFO] [stdout] test extfs::tests::a_file_is_read_through_its_two_commands ... ok
[INFO] [stdout] test find::tests::a_find_can_look_inside_archives ... ok
[INFO] [stdout] test find::tests::a_hit_knows_its_line_and_what_it_says ... ok
[INFO] [stdout] test find::tests::a_long_line_shows_the_match_not_its_start ... ok
[INFO] [stdout] test find::tests::all_charsets_finds_the_word_as_another_machine_spelled_it ... ok
[INFO] [stdout] test dupes::tests::duplicates_come_in_groups_with_all_but_one_marked ... ok
[INFO] [stdout] test find::tests::content_filter_is_case_insensitive_unless_asked ... ok
[INFO] [stdout] test find::tests::content_straddling_chunk_boundary_is_found ... ok
[INFO] [stdout] test find::tests::depth_and_ignored_directories_prune_the_walk ... ok
[INFO] [stdout] test find::tests::files_only_walks_into_directories_without_listing_them ... ok
[INFO] [stdout] test find::tests::finds_by_name_glob_with_relative_paths ... ok
[INFO] [stdout] test find::tests::hidden_files_are_skipped_when_asked ... ok
[INFO] [stdout] test find::tests::lines_are_counted_across_chunks ... ok
[INFO] [stdout] test find::tests::size_and_age_are_asked_of_files ... ok
[INFO] [stdout] test diff::tests::a_small_change_in_a_large_file_is_cheap ... ok
[INFO] [stdout] test find::tests::skip_prunes_files_and_whole_trees ... ok
[INFO] [stdout] test find::tests::symlinked_directories_are_walked_only_when_asked ... ok
[INFO] [stdout] test find::tests::whole_words_and_regular_expressions ... ok
[INFO] [stdout] test fish::tests::a_truncated_record_is_dropped_rather_than_guessed_at ... ok
[INFO] [stdout] test fish::tests::an_error_is_reported_by_its_first_useful_line ... ok
[INFO] [stdout] test fish::tests::empty_output_is_an_empty_directory ... ok
[INFO] [stdout] test fish::tests::names_that_ls_could_not_survive_come_through ... ok
[INFO] [stdout] test fish::tests::paths_reach_the_shell_as_one_word ... ok
[INFO] [stdout] test fish::tests::reads_the_listing_the_script_prints ... ok
[INFO] [stdout] test fish::tests::shell_urls_name_the_command_that_reaches_the_shell ... ok
[INFO] [stdout] test fish::tests::sudo_asks_for_its_password_until_it_is_right_or_three_times ... ok
[INFO] [stdout] test fsops::tests::a_copied_relative_link_still_resolves ... ok
[INFO] [stdout] test fsops::tests::a_copy_that_will_not_fit_asks_first ... ok
[INFO] [stdout] test fsops::tests::a_directory_is_changed_after_what_is_inside_it ... ok
[INFO] [stdout] test fsops::tests::a_failed_copy_leaves_no_partial_file ... ok
[INFO] [stdout] test fsops::tests::a_failed_overwrite_keeps_the_old_file ... ok
[INFO] [stdout] test fsops::tests::a_failed_provider_overwrite_keeps_the_old_file ... ok
[INFO] [stdout] test fsops::tests::a_fifo_in_a_copied_tree_is_recreated_not_read ... ok
[INFO] [stdout] test fish::tests::a_shell_through_a_local_command_is_a_whole_filesystem ... ok
[INFO] [stdout] test fsops::tests::a_mask_that_neither_filters_nor_renames_is_dropped ... ok
[INFO] [stdout] test fsops::tests::a_move_across_devices_keeps_a_file_it_could_not_read ... ok
[INFO] [stdout] test fsops::tests::a_move_across_devices_keeps_what_it_skipped ... ok
[INFO] [stdout] test fsops::tests::a_move_onto_a_taken_name_is_not_offered_as_undoable ... ok
[INFO] [stdout] test fsops::tests::a_move_reports_what_it_moved_and_the_undo_puts_it_back ... ok
[INFO] [stdout] test fsops::tests::a_proc_file_is_copied_with_its_contents ... ok
[INFO] [stdout] test fsops::tests::a_provider_copy_resumes ... ok
[INFO] [stdout] test fsops::tests::a_provider_transfer_honours_the_form ... ok
[INFO] [stdout] test fsops::tests::a_recursive_chmod_reaches_the_whole_tree ... ok
[INFO] [stdout] test fsops::tests::a_source_mask_leaves_the_others_where_they_are ... ok
[INFO] [stdout] test find::tests::cancel_stops_the_walk ... ok
[INFO] [stdout] test fsops::tests::a_sync_plan_copies_both_ways_and_deletes_into_the_trash ... ok
[INFO] [stdout] test find::tests::dropping_the_handle_stops_the_walk ... ok
[INFO] [stdout] test fsops::tests::a_tar_name_nobody_taught_it_is_refused_not_bzipped ... ok
[INFO] [stdout] test fsops::tests::a_target_mask_renames_on_the_way ... ok
[INFO] [stdout] test fsops::tests::a_held_job_waits_and_a_paused_one_stops ... ok
[INFO] [stdout] test fsops::tests::an_archive_no_one_can_change_says_so_and_is_left_alone ... ok
[INFO] [stdout] test fsops::tests::an_empty_change_does_nothing_at_all ... ok
[INFO] [stdout] test fsops::tests::append_adds_to_the_target_instead_of_replacing_it ... ok
[INFO] [stdout] test fsops::tests::an_undo_leaves_a_name_that_was_taken_again_alone ... ok
[INFO] [stdout] test fsops::tests::archive_edit_removes_renames_and_makes_directories ... ok
[INFO] [stdout] test fsops::tests::copy_dir_into_itself_is_refused ... ok
[INFO] [stdout] test fsops::tests::checksums_are_written_and_checked ... ok
[INFO] [stdout] test fsops::tests::copy_recursive_tree_with_symlink ... ok
[INFO] [stdout] test fsops::tests::copying_a_directory_into_itself_through_a_symlink_is_refused ... ok
[INFO] [stdout] test fsops::tests::copying_a_file_onto_a_symlink_to_itself_is_refused ... ok
[INFO] [stdout] test fsops::tests::copy_preserves_mtime ... ok
[INFO] [stdout] test fsops::tests::copying_a_file_onto_its_own_hard_link_is_refused ... ok
[INFO] [stdout] test fsops::tests::delete_fs_removes_tree_through_provider ... ok
[INFO] [stdout] test fsops::tests::dive_decides_whether_a_directory_lands_inside_or_merges ... ok
[INFO] [stdout] test fsops::tests::every_skip_is_reported_with_its_reason ... ok
[INFO] [stdout] test fsops::tests::extract_from_targz_recreates_tree ... ok
[INFO] [stdout] test fsops::tests::extracting_a_7z_unpacks_it_once_and_cleans_up ... ok
[INFO] [stdout] test fsops::tests::abort_reply_stops_the_job ... ok
[INFO] [stdout] test fsops::tests::extracting_drops_setuid_and_setgid ... ok
[INFO] [stdout] test fsops::tests::move_renames_within_filesystem ... ok
[INFO] [stdout] test fsops::tests::follow_links_copies_the_content_instead_of_the_link ... ok
[INFO] [stdout] test fsops::tests::moving_a_file_onto_its_own_hard_link_is_refused ... ok
[INFO] [stdout] test fsops::tests::open_read_refuses_what_is_not_a_regular_file ... ok
[INFO] [stdout] test fsops::tests::overwrite_asks_and_honors_skip_then_overwrite ... ok
[INFO] [stdout] test fsops::tests::pack_rewrites_tar_archives ... ok
[INFO] [stdout] test fsops::tests::pack_appends_into_existing_zip ... ok
[INFO] [stdout] test fsops::tests::packing_into_a_name_that_is_not_there_yet_creates_it ... ok
[INFO] [stdout] test fsops::tests::packing_into_a_zip_replaces_rather_than_shadows ... ok
[INFO] [stdout] test fsops::tests::permanent_delete_removes_tree ... ok
[INFO] [stdout] test fsops::tests::preserve_keeps_directory_modes_access_times_and_hard_links ... ok
[INFO] [stdout] test fsops::tests::preserve_keeps_extended_attributes ... ok
[INFO] [stdout] test archive::tests::zip_members_stream_both_ways_they_are_stored ... ok
[INFO] [stdout] test fsops::tests::preserve_off_leaves_the_targets_own_times ... ok
[INFO] [stdout] test fsops::tests::reget_resumes_a_half_copied_file ... ok
[INFO] [stdout] test fsops::tests::progress_reports_the_file_in_hand ... ok
[INFO] [stdout] test fsops::tests::renaming_one_file_does_not_turn_it_into_a_directory ... ok
[INFO] [stdout] test fsops::tests::removing_a_directory_takes_what_is_inside_it ... ok
[INFO] [stdout] test fsops::tests::a_sparse_file_stays_sparse ... ok
[INFO] [stdout] test fsops::tests::sha256_is_the_hash_everything_else_calls_sha256 ... ok
[INFO] [stdout] test fsops::tests::restore_puts_back_and_asks_before_overwriting ... ok
[INFO] [stdout] test fsops::tests::stable_symlinks_keep_pointing_at_the_same_file ... ok
[INFO] [stdout] test fsops::tests::the_overwrite_question_carries_both_files ... ok
[INFO] [stdout] test fsops::tests::transfer_across_providers_copies_tree_with_metadata ... ok
[INFO] [stdout] test fsops::tests::transfer_into_readonly_provider_is_refused ... ok
[INFO] [stdout] test fsops::tests::size_differs_overwrites_only_the_ones_that_differ ... ok
[INFO] [stdout] test fsops::tests::transfer_move_across_providers_copies_then_deletes ... ok
[INFO] [stdout] test fsops::tests::transfer_move_same_provider_renames_and_removes_source ... ok
[INFO] [stdout] test fsops::tests::update_overwrites_only_where_the_source_is_newer ... ok
[INFO] [stdout] test fsops::tests::transfer_overwrite_asks_through_provider ... ok
[INFO] [stdout] test fsops::tests::verify_reads_the_copy_back ... ok
[INFO] [stdout] test ftp::tests::a_name_cannot_smuggle_a_second_command ... ok
[INFO] [stdout] test fsops::tests::without_recursion_only_the_named_paths_change ... ok
[INFO] [stdout] test ftp::tests::a_pooled_connection_hung_up_on_logs_in_again ... ok
[INFO] [stdout] test ftp::tests::an_ipv6_host_is_bracketed ... ok
[INFO] [stdout] test ftp::tests::a_wrong_password_is_refused_and_says_so ... ok
[INFO] [stdout] test fsops::tests::wipe_overwrites_before_it_unlinks ... ok
[INFO] [stdout] test ftp::tests::mlsd_says_what_everything_is ... ok
[INFO] [stdout] test ftp::tests::falls_back_to_list_when_the_server_refuses_mlsd ... ok
[INFO] [stdout] test ftp::tests::netrc_fills_in_what_the_url_left_out ... ok
[INFO] [stdout] test ftp::tests::list_output_is_read_as_the_ls_it_imitates ... ok
[INFO] [stdout] test ftp::tests::parses_urls_the_way_people_write_them ... ok
[INFO] [stdout] test ftp::tests::reads_the_current_directory_out_of_its_quotes ... ok
[INFO] [stdout] test ftp::tests::reads_the_two_passive_mode_replies ... ok
[INFO] [stdout] test ftp::tests::writes_to_a_real_server ... ok
[INFO] [stdout] test ftp::tests::talks_to_a_real_server ... ok
[INFO] [stdout] test ftp::tests::timestamps_round_trip_through_the_wire_format ... ok
[INFO] [stdout] test fuzzy::tests::a_run_beats_scattered_letters ... ok
[INFO] [stdout] test fuzzy::tests::letters_in_order_or_nothing ... ok
[INFO] [stdout] test fuzzy::tests::a_capital_asks_for_case ... ok
[INFO] [stdout] test fuzzy::tests::the_file_name_beats_the_directories ... ok
[INFO] [stdout] test fuzzy::tests::blanks_are_ignored_and_empty_matches_everything ... ok
[INFO] [stdout] test fuzzy::tests::positions_are_the_tightest_window ... ok
[INFO] [stdout] test fuzzy::tests::word_starts_count ... ok
[INFO] [stdout] test glob::tests::literals_and_wildcards ... ok
[INFO] [stdout] test iso::tests::record_time_reads_the_seven_byte_field ... ok
[INFO] [stdout] test iso::tests::refuses_a_file_that_is_not_an_image ... ok
[INFO] [stdout] test iso::tests::the_base_format_still_lists_without_either_extension ... ok
[INFO] [stdout] test mail::tests::a_from_line_inside_a_body_does_not_start_a_message ... ok
[INFO] [stdout] test mail::tests::a_message_with_no_subject_is_still_named ... ok
[INFO] [stdout] test mail::tests::a_slash_in_a_subject_does_not_become_a_directory ... ok
[INFO] [stdout] test mail::tests::an_encoded_subject_becomes_readable ... ok
[INFO] [stdout] test mail::tests::an_unescaped_from_line_after_a_blank_is_still_body_text ... ok
[INFO] [stdout] test mail::tests::decodes_both_encoded_word_forms ... ok
[INFO] [stdout] test mail::tests::folded_headers_are_read_as_one_value ... ok
[INFO] [stdout] test mail::tests::splits_an_mbox_into_its_messages ... ok
[INFO] [stdout] test mail::tests::text_that_is_not_an_mbox_yields_nothing ... ok
[INFO] [stdout] test mail::tests::the_separator_rule_wants_a_sender_and_a_year ... ok
[INFO] [stdout] test mask::tests::a_catch_all_mask_is_recognised ... ok
[INFO] [stdout] test iso::tests::joliet_carries_the_long_names_when_rock_ridge_is_absent ... ok
[INFO] [stdout] test mask::tests::a_destination_only_carries_a_mask_when_it_has_wildcards ... ok
[INFO] [stdout] test mask::tests::backslash_quotes_a_wildcard ... ok
[INFO] [stdout] test mask::tests::backslash_zero_is_the_whole_name ... ok
[INFO] [stdout] test mask::tests::a_name_that_does_not_match_captures_nothing ... ok
[INFO] [stdout] test mask::tests::case_conversions_follow_mcs_rules ... ok
[INFO] [stdout] test mask::tests::question_marks_capture_one_character_each ... ok
[INFO] [stdout] test mask::tests::stars_are_greedy_like_the_regex_mc_builds ... ok
[INFO] [stdout] test mounts::tests::a_mount_point_is_listed_once ... ok
[INFO] [stdout] test mask::tests::mcs_own_examples ... ok
[INFO] [stdout] test mounts::tests::df_output_becomes_mounts ... ok
[INFO] [stdout] test mounts::tests::a_path_knows_the_filesystem_it_is_on ... ok
[INFO] [stdout] test mounts::tests::the_real_system_has_a_root ... ok
[INFO] [stdout] test iso::tests::rock_ridge_gives_unix_names_modes_and_symlinks ... ok
[INFO] [stdout] test panel::tests::a_refresh_keeps_a_panelized_listing ... ok
[INFO] [stdout] test panel::tests::adopt_remote_and_return_to_local ... ok
[INFO] [stdout] test panel::tests::an_archive_inside_an_archive_opens_through_a_copy_and_leaves_to_it ... ok
[INFO] [stdout] test panel::tests::abandoned_history_navigation_self_corrects ... ok
[INFO] [stdout] test panel::tests::changing_directory_clears_marks ... ok
[INFO] [stdout] test panel::tests::cd_leaves_archive ... ok
[INFO] [stdout] test panel::tests::cursor_movement_clamps_at_both_ends ... ok
[INFO] [stdout] test panel::tests::enter_and_go_up_restores_cursor_on_origin_dir ... ok
[INFO] [stdout] test panel::tests::enter_on_file_is_a_no_op ... ok
[INFO] [stdout] test panel::tests::enter_and_leave_archive ... ok
[INFO] [stdout] test panel::tests::filter_hides_files_but_not_dirs ... ok
[INFO] [stdout] test panel::tests::find_prefix_is_case_insensitive_and_wraps ... ok
[INFO] [stdout] test panel::tests::history_walks_back_forward_and_truncates ... ok
[INFO] [stdout] test panel::tests::listing_sorts_dirs_first_then_name_case_insensitive ... ok
[INFO] [stdout] test panel::tests::local_entries_carry_extended_stat ... ok
[INFO] [stdout] test panel::tests::marks_toggle_glob_invert_and_targets ... ok
[INFO] [stdout] test panel::tests::mixed_and_case_sensitive_orders ... ok
[INFO] [stdout] test panel::tests::previous_location_is_where_we_came_from ... ok
[INFO] [stdout] test panel::tests::quick_search_matches_anywhere_in_the_name ... ok
[INFO] [stdout] test panel::tests::quick_search_wraps_both_ways ... ok
[INFO] [stdout] test panel::tests::resort_keeps_cursor_on_same_entry ... ok
[INFO] [stdout] test panel::tests::hidden_toggle_filters_dotfiles ... ok
[INFO] [stdout] test panel::tests::slow_listing_goes_pending_then_applies ... ok
[INFO] [stdout] test panel::tests::sort_groups_pin_classes_ahead_and_behind_whatever_the_key ... ok
[INFO] [stdout] test panel::tests::sorting_by_time_and_owner_reads_the_stat_the_listing_carries ... ok
[INFO] [stdout] test panel::tests::unsorted_keeps_the_order_the_listing_arrived_in ... ok
[INFO] [stdout] test panel::tests::version_sort_counts_the_numbers ... ok
[INFO] [stdout] test panel::tests::walking_about_an_archive_keeps_its_index ... ok
[INFO] [stdout] test patch::tests::a_context_diff_starts_a_section_too ... ok
[INFO] [stdout] test patch::tests::a_deleted_file_is_named_by_its_old_path ... ok
[INFO] [stdout] test patch::tests::a_git_patch_lists_the_files_it_touches ... ok
[INFO] [stdout] test patch::tests::a_plain_unified_diff_needs_no_git_header ... ok
[INFO] [stdout] test patch::tests::a_real_git_diff_splits_the_way_git_shows_it ... ok
[INFO] [stdout] test patch::tests::subversion_index_headers_open_a_section ... ok
[INFO] [stdout] test patch::tests::text_that_is_not_a_patch_yields_nothing ... ok
[INFO] [stdout] test panel::tests::cancelled_pending_load_never_applies ... ok
[INFO] [stdout] test pattern::tests::a_mask_list_is_any_of_its_masks ... ok
[INFO] [stdout] test pattern::tests::a_regular_expression_keeps_its_alternation ... ok
[INFO] [stdout] test pattern::tests::an_open_pattern_is_how_a_filter_is_cleared ... ok
[INFO] [stdout] test pattern::tests::categories_stand_for_their_extensions_in_any_case ... ok
[INFO] [stdout] test pattern::tests::masks_fold_case_on_both_sides ... ok
[INFO] [stdout] test pattern::tests::newer_than_is_an_age ... ok
[INFO] [stdout] test pattern::tests::several_mask_lists_join_into_one ... ok
[INFO] [stdout] test pattern::tests::shell_patterns_and_case ... ok
[INFO] [stdout] test pattern::tests::size_takes_the_forms_it_offers ... ok
[INFO] [stdout] test pattern::tests::what_follows_the_bar_is_taken_back_out ... ok
[INFO] [stdout] test pattern::tests::regular_expressions_are_the_other_switch ... ok
[INFO] [stdout] test procs::tests::a_name_carries_its_pid_and_no_slash ... ok
[INFO] [stdout] test procs::tests::a_stat_line_is_read_past_a_name_with_brackets_and_spaces ... ok
[INFO] [stdout] test procs::tests::no_proc_says_so ... ok
[INFO] [stdout] test panel::tests::sort_by_size_and_reverse_toggle ... FAILED
[INFO] [stdout] test rclone::tests::a_url_names_a_remote_and_a_place_in_it ... ok
[INFO] [stdout] test rclone::tests::lsf_lines_become_entries ... ok
[INFO] [stdout] test rclone::tests::paths_are_handed_to_rclone_the_way_it_wants_them ... ok
[INFO] [stdout] test rclone::tests::times_come_back_as_instants ... ok
[INFO] [stdout] test remote::tests::host_and_port_including_ipv6 ... ok
[INFO] [stdout] test rename::tests::a_swap_is_undone_by_its_inverse ... ok
[INFO] [stdout] test rename::tests::apply_handles_swaps_and_chains ... ok
[INFO] [stdout] test rename::tests::apply_refuses_occupied_targets_and_restores ... ok
[INFO] [stdout] test rename::tests::apply_rolls_back_when_a_source_is_missing ... ok
[INFO] [stdout] test rename::tests::buffer_round_trips_unchanged ... ok
[INFO] [stdout] test rename::tests::parse_rejects_bad_buffers ... ok
[INFO] [stdout] test rename::tests::renames_and_deletes_are_detected ... ok
[INFO] [stdout] test rpm::tests::an_index_entry_pointing_outside_the_store_is_dropped ... ok
[INFO] [stdout] test rpm::tests::lists_only_the_scriptlets_that_are_there ... ok
[INFO] [stdout] test rpm::tests::reads_the_tags_and_finds_the_payload ... ok
[INFO] [stdout] test rpm::tests::refuses_a_file_that_is_not_a_package ... ok
[INFO] [stdout] test rpm::tests::refuses_a_header_that_claims_an_impossible_size ... ok
[INFO] [stdout] test rpm::tests::renders_the_tags_as_something_readable ... ok
[INFO] [stdout] test sftp::tests::a_proxy_from_the_config_becomes_the_command_that_carries_it ... ok
[INFO] [stdout] test rclone::tests::a_remote_is_written_through_rclone ... ok
[INFO] [stdout] test sftp::tests::a_redial_says_what_the_login_was_told_and_nothing_more ... ok
[INFO] [stdout] test procs::tests::a_process_is_listed_described_and_signalled ... ok
[INFO] [stdout] test sftp::tests::base64_decode_roundtrip ... ok
[INFO] [stdout] test sftp::tests::base64_matches_openssh_style ... ok
[INFO] [stdout] test sftp::tests::an_ipv6_literal_parses ... ok
[INFO] [stdout] test sftp::tests::a_proxy_that_fails_says_why_in_its_own_words ... ok
[INFO] [stdout] test sftp::tests::passphrase_detection ... ok
[INFO] [stdout] test sftp::tests::only_the_socket_going_counts_as_a_dead_connection ... ok
[INFO] [stdout] test sftp::tests::ssh_config_fills_in_only_what_the_url_left_out ... ok
[INFO] [stdout] test sftp::tests::url_parse_full ... ok
[INFO] [stdout] test sshconfig::tests::a_host_gets_the_first_value_of_each_and_every_identity ... ok
[INFO] [stdout] test sshconfig::tests::a_proxy_set_to_none_stays_none ... ok
[INFO] [stdout] test sshconfig::tests::identity_tokens ... ok
[INFO] [stdout] test sftp::tests::url_parse_defaults ... ok
[INFO] [stdout] test sftp::tests::url_parse_rejects_junk ... ok
[INFO] [stdout] test sshconfig::tests::include_reads_other_files_where_it_stands ... ok
[INFO] [stdout] test sshconfig::tests::patterns_and_negations ... ok
[INFO] [stdout] test sync::tests::two_trees_are_walked_and_a_lone_directory_is_one_difference ... ok
[INFO] [stdout] test trashcan::tests::a_directory_leaving_the_trash_leaves_its_size_cache ... ok
[INFO] [stdout] test trashcan::tests::delete_is_for_good_and_find_takes_the_newest ... ok
[INFO] [stdout] test trashcan::tests::info_files_say_where_and_when ... ok
[INFO] [stdout] test trashcan::tests::the_panel_lists_reads_and_restores ... ok
[INFO] [stdout] test trashcan::tests::two_trashes_with_one_name_keep_both ... ok
[INFO] [stdout] test tree::tests::dynamic_mode_leaves_other_branches_shut ... ok
[INFO] [stdout] test tree::tests::files_are_not_in_the_figure ... ok
[INFO] [stdout] test tree::tests::down_moves_to_the_next_sibling ... ok
[INFO] [stdout] test tree::tests::a_missing_path_selects_the_deepest_ancestor ... ok
[INFO] [stdout] test tree::tests::forget_drops_a_branch_and_rescan_brings_it_back ... ok
[INFO] [stdout] test tree::tests::forgetting_the_root_is_a_no_op ... ok
[INFO] [stdout] test tree::tests::reveal_opens_the_path_and_selects_it ... ok
[INFO] [stdout] test tree::tests::hidden_directories_follow_the_flag ... ok
[INFO] [stdout] test tree::tests::right_steps_into_the_first_child_and_left_returns ... ok
[INFO] [stdout] test tree::tests::static_mode_keeps_every_scanned_branch ... ok
[INFO] [stdout] test usermenu::tests::a_pattern_looks_at_the_right_panel ... ok
[INFO] [stdout] test usermenu::tests::negation_and_joiners_read_left_to_right ... ok
[INFO] [stdout] test usermenu::tests::no_condition_is_always_true ... ok
[INFO] [stdout] test usermenu::tests::nonsense_is_false_rather_than_a_panic ... ok
[INFO] [stdout] test usermenu::tests::types_and_marks ... ok
[INFO] [stdout] test vfs::tests::an_archive_stem_loses_its_whole_suffix ... ok
[INFO] [stdout] test tree::tests::search_walks_the_matches ... ok
[INFO] [stdout] test tree::tests::trunk_flags_describe_the_figure ... ok
[INFO] [stdout] test vfslog::tests::the_password_never_lands_in_the_file ... ok
[INFO] [stdout] test vfslog::tests::control_bytes_cannot_rearrange_the_log ... ok
[INFO] [stdout] test view::goto_tests::a_bare_number_is_a_line ... ok
[INFO] [stdout] test vfslog::tests::a_url_password_is_not_kept ... ok
[INFO] [stdout] test view::goto_tests::hex_and_a_trailing_b_are_both_offsets ... ok
[INFO] [stdout] test view::goto_tests::a_trailing_percent_is_a_share_of_the_file ... ok
[INFO] [stdout] test view::search_tests::a_bad_regex_is_reported_rather_than_ignored ... ok
[INFO] [stdout] test view::goto_tests::nonsense_is_refused_rather_than_taken_as_line_zero ... ok
[INFO] [stdout] test view::goto_tests::the_three_forms_land_where_they_say ... ok
[INFO] [stdout] test view::search_tests::a_hexadecimal_pattern_has_to_be_hexadecimal ... ok
[INFO] [stdout] test view::search_tests::a_hexadecimal_search_finds_bytes_that_are_not_text ... ok
[INFO] [stdout] test view::search_tests::a_byte_search_crosses_the_chunk_boundary_it_scans_in ... ok
[INFO] [stdout] test view::search_tests::an_offset_maps_back_to_the_line_holding_it ... ok
[INFO] [stdout] test view::search_tests::a_plain_search_ignores_case_until_told_not_to ... ok
[INFO] [stdout] test view::search_tests::backwards_walks_the_other_way_and_stops_at_the_top ... ok
[INFO] [stdout] test view::search_tests::a_pattern_is_literal_unless_it_is_a_regex ... ok
[INFO] [stdout] test view::tests::a_file_that_does_not_declare_its_length_still_reads ... ok
[INFO] [stdout] test view::tests::an_empty_file_is_still_empty ... ok
[INFO] [stdout] test view::tests::an_undeclared_length_survives_a_break_on_the_chunk_boundary ... ok
[INFO] [stdout] test view::tests::crlf_and_lossy_decoding ... ok
[INFO] [stdout] test view::search_tests::whole_words_does_not_match_inside_one ... ok
[INFO] [stdout] test view::tests::empty_file_is_one_blank_line ... ok
[INFO] [stdout] test view::tests::long_lines_get_virtual_breaks ... ok
[INFO] [stdout] test view::tests::nroff_overstrikes_become_attributes ... ok
[INFO] [stdout] test view::tests::patched_bytes_land_where_they_were_asked_for ... ok
[INFO] [stdout] test view::tests::read_at_returns_raw_bytes ... ok
[INFO] [stdout] test view::tests::refresh_follows_appends_and_truncation ... ok
[INFO] [stdout] test view::tests::search_is_case_insensitive_and_positional ... ok
[INFO] [stdout] test view::tests::indexes_lines_across_chunk_boundaries ... ok
[INFO] [stdout] test view::search_tests::the_hex_view_finds_a_byte_offset_either_way ... ok
[INFO] [stdout] test fsops::tests::dropping_the_handle_stops_the_job ... ok
[INFO] [stdout] test fsops::tests::packing_takes_a_level_and_writes_tar_zst ... ok
[INFO] [stdout] test diff::tests::two_files_with_nothing_in_common_are_quick ... ok
[INFO] [stdout] test archive::tests::a_huge_directory_indexes_in_linear_time ... FAILED
[INFO] [stdout] test archive::tests::a_zip_is_parsed_once_however_many_members_are_read ... ok
[INFO] [stdout] 
[INFO] [stdout] failures:
[INFO] [stdout] 
[INFO] [stdout] ---- panel::tests::sort_by_size_and_reverse_toggle stdout ----
[INFO] [stdout] 
[INFO] [stdout] thread 'panel::tests::sort_by_size_and_reverse_toggle' (2273) panicked at src/panel.rs:1807:30:
[INFO] [stdout] index out of bounds: the len is 0 but the index is 1
[INFO] [stdout] stack backtrace:
[INFO] [stdout]    0:     0x5d97d1471a01 - std[617be2ca0a6fd877]::backtrace_rs::backtrace::libunwind::trace
[INFO] [stdout]                                at /rustc/e3feeb59cd1bdd011a2bfcc0747b55125d9b8527/library/std/src/../../backtrace/src/backtrace/libunwind.rs:117:9
[INFO] [stdout]    1:     0x5d97d1471a01 - std[617be2ca0a6fd877]::backtrace_rs::backtrace::trace_unsynchronized::<std[617be2ca0a6fd877]::sys::backtrace::_print_fmt::{closure#1}>
[INFO] [stdout]                                at /rustc/e3feeb59cd1bdd011a2bfcc0747b55125d9b8527/library/std/src/../../backtrace/src/backtrace/mod.rs:66:14
[INFO] [stdout]    2:     0x5d97d1471a01 - std[617be2ca0a6fd877]::sys::backtrace::_print_fmt
[INFO] [stdout]                                at /rustc/e3feeb59cd1bdd011a2bfcc0747b55125d9b8527/library/std/src/sys/backtrace.rs:74:9
[INFO] [stdout]    3:     0x5d97d1471a01 - <<std[617be2ca0a6fd877]::sys::backtrace::BacktraceLock>::print::DisplayBacktrace as core[a373ad73a504971]::fmt::Display>::fmt
[INFO] [stdout]                                at /rustc/e3feeb59cd1bdd011a2bfcc0747b55125d9b8527/library/std/src/sys/backtrace.rs:44:26
[INFO] [stdout]    4:     0x5d97d148a4fa - <core[a373ad73a504971]::fmt::rt::Argument>::fmt
[INFO] [stdout]                                at /rustc/e3feeb59cd1bdd011a2bfcc0747b55125d9b8527/library/core/src/fmt/rt.rs:152:76
[INFO] [stdout]    5:     0x5d97d148a4fa - core[a373ad73a504971]::fmt::write
[INFO] [stdout]    6:     0x5d97d14768dc - core[a373ad73a504971]::io::write::default_write_fmt::<alloc[2e1b2a31b91974c5]::vec::Vec<u8>>
[INFO] [stdout]                                at /rustc/e3feeb59cd1bdd011a2bfcc0747b55125d9b8527/library/core/src/io/write.rs:402:11
[INFO] [stdout]    7:     0x5d97d14768dc - <alloc[2e1b2a31b91974c5]::vec::Vec<u8> as core[a373ad73a504971]::io::write::Write>::write_fmt
[INFO] [stdout]                                at /rustc/e3feeb59cd1bdd011a2bfcc0747b55125d9b8527/library/core/src/io/write.rs:335:13
[INFO] [stdout]    8:     0x5d97d1447096 - <std[617be2ca0a6fd877]::sys::backtrace::BacktraceLock>::print
[INFO] [stdout]                                at /rustc/e3feeb59cd1bdd011a2bfcc0747b55125d9b8527/library/std/src/sys/backtrace.rs:47:9
[INFO] [stdout]    9:     0x5d97d1447096 - std[617be2ca0a6fd877]::panicking::default_hook::{closure#0}
[INFO] [stdout]                                at /rustc/e3feeb59cd1bdd011a2bfcc0747b55125d9b8527/library/std/src/panicking.rs:289:27
[INFO] [stdout]   10:     0x5d97d1466cf9 - std[617be2ca0a6fd877]::panicking::default_hook
[INFO] [stdout]                                at /rustc/e3feeb59cd1bdd011a2bfcc0747b55125d9b8527/library/std/src/panicking.rs:313:9
[INFO] [stdout]   11:     0x5d97d1323980 - <alloc[2e1b2a31b91974c5]::boxed::Box<dyn for<'a, 'b> core[a373ad73a504971]::ops::function::Fn<(&'a std[617be2ca0a6fd877]::panic::PanicHookInfo<'b>,), Output = ()> + core[a373ad73a504971]::marker::Sync + core[a373ad73a504971]::marker::Send> as core[a373ad73a504971]::ops::function::Fn<(&std[617be2ca0a6fd877]::panic::PanicHookInfo,)>>::call
[INFO] [stdout]                                at /rustc/e3feeb59cd1bdd011a2bfcc0747b55125d9b8527/library/alloc/src/boxed.rs:2328:9
[INFO] [stdout]   12:     0x5d97d1323980 - test[aada8e7e76ba119b]::test_main_inner::{closure#0}
[INFO] [stdout]                                at /rustc/e3feeb59cd1bdd011a2bfcc0747b55125d9b8527/library/test/src/lib.rs:137:21
[INFO] [stdout]   13:     0x5d97d1467022 - <alloc[2e1b2a31b91974c5]::boxed::Box<dyn for<'a, 'b> core[a373ad73a504971]::ops::function::Fn<(&'a std[617be2ca0a6fd877]::panic::PanicHookInfo<'b>,), Output = ()> + core[a373ad73a504971]::marker::Sync + core[a373ad73a504971]::marker::Send> as core[a373ad73a504971]::ops::function::Fn<(&std[617be2ca0a6fd877]::panic::PanicHookInfo,)>>::call
[INFO] [stdout]                                at /rustc/e3feeb59cd1bdd011a2bfcc0747b55125d9b8527/library/alloc/src/boxed.rs:2328:9
[INFO] [stdout]   14:     0x5d97d1467022 - std[617be2ca0a6fd877]::panicking::panic_with_hook
[INFO] [stdout]                                at /rustc/e3feeb59cd1bdd011a2bfcc0747b55125d9b8527/library/std/src/panicking.rs:819:13
[INFO] [stdout]   15:     0x5d97d1447142 - std[617be2ca0a6fd877]::panicking::panic_handler::{closure#0}
[INFO] [stdout]                                at /rustc/e3feeb59cd1bdd011a2bfcc0747b55125d9b8527/library/std/src/panicking.rs:685:13
[INFO] [stdout]   16:     0x5d97d143f799 - std[617be2ca0a6fd877]::sys::backtrace::__rust_end_short_backtrace::<std[617be2ca0a6fd877]::panicking::panic_handler::{closure#0}, !>
[INFO] [stdout]                                at /rustc/e3feeb59cd1bdd011a2bfcc0747b55125d9b8527/library/std/src/sys/backtrace.rs:182:18
[INFO] [stdout]   17:     0x5d97d14483dd - __rustc[ea4f61d10b84890b]::rust_begin_unwind
[INFO] [stdout]                                at /rustc/e3feeb59cd1bdd011a2bfcc0747b55125d9b8527/library/std/src/panicking.rs:676:5
[INFO] [stdout]   18:     0x5d97d148ad9c - core[a373ad73a504971]::panicking::panic_fmt
[INFO] [stdout]                                at /rustc/e3feeb59cd1bdd011a2bfcc0747b55125d9b8527/library/core/src/panicking.rs:80:14
[INFO] [stdout]   19:     0x5d97d148ab6c - core[a373ad73a504971]::panicking::panic_bounds_check
[INFO] [stdout]                                at /rustc/e3feeb59cd1bdd011a2bfcc0747b55125d9b8527/library/core/src/panicking.rs:271:5
[INFO] [stdout]   20:     0x5d97d0f21a37 - <usize as core[a373ad73a504971]::slice::index::SliceIndex<[rcmd_core[70707b2b28f6d53a]::entry::Entry]>>::index
[INFO] [stdout]                                at /rustc/e3feeb59cd1bdd011a2bfcc0747b55125d9b8527/library/core/src/slice/index.rs:238:10
[INFO] [stdout]   21:     0x5d97d0c29e63 - <[rcmd_core[70707b2b28f6d53a]::entry::Entry] as core[a373ad73a504971]::ops::index::Index<usize>>::index
[INFO] [stdout]                                at /rustc/e3feeb59cd1bdd011a2bfcc0747b55125d9b8527/library/core/src/slice/index.rs:19:15
[INFO] [stdout]   22:     0x5d97d0c29e63 - <alloc[2e1b2a31b91974c5]::vec::Vec<rcmd_core[70707b2b28f6d53a]::entry::Entry> as core[a373ad73a504971]::ops::index::Index<usize>>::index
[INFO] [stdout]                                at /rustc/e3feeb59cd1bdd011a2bfcc0747b55125d9b8527/library/alloc/src/vec/mod.rs:3969:9
[INFO] [stdout]   23:     0x5d97d0d0fee2 - rcmd_core[70707b2b28f6d53a]::panel::tests::sort_by_size_and_reverse_toggle
[INFO] [stdout]                                at /opt/rustwide/workdir/src/panel.rs:1807:30
[INFO] [stdout]   24:     0x5d97d0cda8e7 - rcmd_core[70707b2b28f6d53a]::panel::tests::sort_by_size_and_reverse_toggle::{closure#0}
[INFO] [stdout]                                at /opt/rustwide/workdir/src/panel.rs:1786:41
[INFO] [stdout]   25:     0x5d97d0e6fe96 - <rcmd_core[70707b2b28f6d53a]::panel::tests::sort_by_size_and_reverse_toggle::{closure#0} as core[a373ad73a504971]::ops::function::FnOnce<()>>::call_once
[INFO] [stdout]                                at /rustc/e3feeb59cd1bdd011a2bfcc0747b55125d9b8527/library/core/src/ops/function.rs:250:5
[INFO] [stdout]   26:     0x5d97d1316dcb - <fn() -> core[a373ad73a504971]::result::Result<(), alloc[2e1b2a31b91974c5]::string::String> as core[a373ad73a504971]::ops::function::FnOnce<()>>::call_once
[INFO] [stdout]                                at /rustc/e3feeb59cd1bdd011a2bfcc0747b55125d9b8527/library/core/src/ops/function.rs:250:5
[INFO] [stdout]   27:     0x5d97d1316dcb - test[aada8e7e76ba119b]::__rust_begin_short_backtrace::<core[a373ad73a504971]::result::Result<(), alloc[2e1b2a31b91974c5]::string::String>, fn() -> core[a373ad73a504971]::result::Result<(), alloc[2e1b2a31b91974c5]::string::String>>
[INFO] [stdout]                                at /rustc/e3feeb59cd1bdd011a2bfcc0747b55125d9b8527/library/test/src/lib.rs:701:18
[INFO] [stdout]   28:     0x5d97d1323fa5 - test[aada8e7e76ba119b]::run_test_in_process::{closure#0}
[INFO] [stdout]                                at /rustc/e3feeb59cd1bdd011a2bfcc0747b55125d9b8527/library/test/src/lib.rs:724:74
[INFO] [stdout]   29:     0x5d97d1323fa5 - <core[a373ad73a504971]::panic::unwind_safe::AssertUnwindSafe<test[aada8e7e76ba119b]::run_test_in_process::{closure#0}> as core[a373ad73a504971]::ops::function::FnOnce<()>>::call_once
[INFO] [stdout]                                at /rustc/e3feeb59cd1bdd011a2bfcc0747b55125d9b8527/library/core/src/panic/unwind_safe.rs:275:9
[INFO] [stdout]   30:     0x5d97d1323fa5 - std[617be2ca0a6fd877]::panicking::catch_unwind::do_call::<core[a373ad73a504971]::panic::unwind_safe::AssertUnwindSafe<test[aada8e7e76ba119b]::run_test_in_process::{closure#0}>, core[a373ad73a504971]::result::Result<(), alloc[2e1b2a31b91974c5]::string::String>>
[INFO] [stdout]                                at /rustc/e3feeb59cd1bdd011a2bfcc0747b55125d9b8527/library/std/src/panicking.rs:573:43
[INFO] [stdout]   31:     0x5d97d1323fa5 - std[617be2ca0a6fd877]::panicking::catch_unwind::<core[a373ad73a504971]::result::Result<(), alloc[2e1b2a31b91974c5]::string::String>, core[a373ad73a504971]::panic::unwind_safe::AssertUnwindSafe<test[aada8e7e76ba119b]::run_test_in_process::{closure#0}>>
[INFO] [stdout]                                at /rustc/e3feeb59cd1bdd011a2bfcc0747b55125d9b8527/library/std/src/panicking.rs:541:19
[INFO] [stdout]   32:     0x5d97d1323fa5 - std[617be2ca0a6fd877]::panic::catch_unwind::<core[a373ad73a504971]::panic::unwind_safe::AssertUnwindSafe<test[aada8e7e76ba119b]::run_test_in_process::{closure#0}>, core[a373ad73a504971]::result::Result<(), alloc[2e1b2a31b91974c5]::string::String>>
[INFO] [stdout]                                at /rustc/e3feeb59cd1bdd011a2bfcc0747b55125d9b8527/library/std/src/panic.rs:359:14
[INFO] [stdout]   33:     0x5d97d1323fa5 - test[aada8e7e76ba119b]::run_test_in_process
[INFO] [stdout]                                at /rustc/e3feeb59cd1bdd011a2bfcc0747b55125d9b8527/library/test/src/lib.rs:724:27
[INFO] [stdout]   34:     0x5d97d1323fa5 - test[aada8e7e76ba119b]::run_test::{closure#0}
[INFO] [stdout]                                at /rustc/e3feeb59cd1bdd011a2bfcc0747b55125d9b8527/library/test/src/lib.rs:645:43
[INFO] [stdout]   35:     0x5d97d131d894 - test[aada8e7e76ba119b]::run_test::{closure#1}
[INFO] [stdout]                                at /rustc/e3feeb59cd1bdd011a2bfcc0747b55125d9b8527/library/test/src/lib.rs:675:41
[INFO] [stdout]   36:     0x5d97d131d894 - std[617be2ca0a6fd877]::sys::backtrace::__rust_begin_short_backtrace::<test[aada8e7e76ba119b]::run_test::{closure#1}, ()>
[INFO] [stdout]                                at /rustc/e3feeb59cd1bdd011a2bfcc0747b55125d9b8527/library/std/src/sys/backtrace.rs:166:18
[INFO] [stdout]   37:     0x5d97d1327032 - std[617be2ca0a6fd877]::thread::lifecycle::spawn_unchecked::<test[aada8e7e76ba119b]::run_test::{closure#1}, ()>::{closure#1}::{closure#0}
[INFO] [stdout]                                at /rustc/e3feeb59cd1bdd011a2bfcc0747b55125d9b8527/library/std/src/thread/lifecycle.rs:70:13
[INFO] [stdout]   38:     0x5d97d1327032 - <core[a373ad73a504971]::panic::unwind_safe::AssertUnwindSafe<std[617be2ca0a6fd877]::thread::lifecycle::spawn_unchecked<test[aada8e7e76ba119b]::run_test::{closure#1}, ()>::{closure#1}::{closure#0}> as core[a373ad73a504971]::ops::function::FnOnce<()>>::call_once
[INFO] [stdout]                                at /rustc/e3feeb59cd1bdd011a2bfcc0747b55125d9b8527/library/core/src/panic/unwind_safe.rs:275:9
[INFO] [stdout]   39:     0x5d97d1327032 - std[617be2ca0a6fd877]::panicking::catch_unwind::do_call::<core[a373ad73a504971]::panic::unwind_safe::AssertUnwindSafe<std[617be2ca0a6fd877]::thread::lifecycle::spawn_unchecked<test[aada8e7e76ba119b]::run_test::{closure#1}, ()>::{closure#1}::{closure#0}>, ()>
[INFO] [stdout]                                at /rustc/e3feeb59cd1bdd011a2bfcc0747b55125d9b8527/library/std/src/panicking.rs:573:43
[INFO] [stdout]   40:     0x5d97d1327032 - std[617be2ca0a6fd877]::panicking::catch_unwind::<(), core[a373ad73a504971]::panic::unwind_safe::AssertUnwindSafe<std[617be2ca0a6fd877]::thread::lifecycle::spawn_unchecked<test[aada8e7e76ba119b]::run_test::{closure#1}, ()>::{closure#1}::{closure#0}>>
[INFO] [stdout]                                at /rustc/e3feeb59cd1bdd011a2bfcc0747b55125d9b8527/library/std/src/panicking.rs:541:19
[INFO] [stdout]   41:     0x5d97d1327032 - std[617be2ca0a6fd877]::panic::catch_unwind::<core[a373ad73a504971]::panic::unwind_safe::AssertUnwindSafe<std[617be2ca0a6fd877]::thread::lifecycle::spawn_unchecked<test[aada8e7e76ba119b]::run_test::{closure#1}, ()>::{closure#1}::{closure#0}>, ()>
[INFO] [stdout]                                at /rustc/e3feeb59cd1bdd011a2bfcc0747b55125d9b8527/library/std/src/panic.rs:359:14
[INFO] [stdout]   42:     0x5d97d1327032 - std[617be2ca0a6fd877]::thread::lifecycle::spawn_unchecked::<test[aada8e7e76ba119b]::run_test::{closure#1}, ()>::{closure#1}
[INFO] [stdout]                                at /rustc/e3feeb59cd1bdd011a2bfcc0747b55125d9b8527/library/std/src/thread/lifecycle.rs:68:26
[INFO] [stdout]   43:     0x5d97d1327032 - <std[617be2ca0a6fd877]::thread::lifecycle::spawn_unchecked<test[aada8e7e76ba119b]::run_test::{closure#1}, ()>::{closure#1} as core[a373ad73a504971]::ops::function::FnOnce<()>>::call_once::{shim:vtable#0}
[INFO] [stdout]                                at /rustc/e3feeb59cd1bdd011a2bfcc0747b55125d9b8527/library/core/src/ops/function.rs:250:5
[INFO] [stdout]   44:     0x5d97d14704bf - <alloc[2e1b2a31b91974c5]::boxed::Box<dyn core[a373ad73a504971]::ops::function::FnOnce<(), Output = ()> + core[a373ad73a504971]::marker::Send> as core[a373ad73a504971]::ops::function::FnOnce<()>>::call_once
[INFO] [stdout]                                at /rustc/e3feeb59cd1bdd011a2bfcc0747b55125d9b8527/library/alloc/src/boxed.rs:2314:9
[INFO] [stdout]   45:     0x5d97d14704bf - <std[617be2ca0a6fd877]::sys::thread::unix::Thread>::new::thread_start
[INFO] [stdout]                                at /rustc/e3feeb59cd1bdd011a2bfcc0747b55125d9b8527/library/std/src/sys/thread/unix.rs:127:17
[INFO] [stdout]   46:     0x7f7754559dfa - <unknown>
[INFO] [stdout]   47:     0x7f77545ed3d4 - clone
[INFO] [stdout]   48:                0x0 - <unknown>
[INFO] [stdout] 
[INFO] [stdout] ---- archive::tests::a_huge_directory_indexes_in_linear_time stdout ----
[INFO] [stdout] 
[INFO] [stdout] thread 'archive::tests::a_huge_directory_indexes_in_linear_time' (1539) panicked at src/archive.rs:1877:9:
[INFO] [stdout] 100000 entries took 5.123011846s
[INFO] [stdout] stack backtrace:
[INFO] [stdout]    0:     0x5d97d1471a01 - std[617be2ca0a6fd877]::backtrace_rs::backtrace::libunwind::trace
[INFO] [stdout]                                at /rustc/e3feeb59cd1bdd011a2bfcc0747b55125d9b8527/library/std/src/../../backtrace/src/backtrace/libunwind.rs:117:9
[INFO] [stdout]    1:     0x5d97d1471a01 - std[617be2ca0a6fd877]::backtrace_rs::backtrace::trace_unsynchronized::<std[617be2ca0a6fd877]::sys::backtrace::_print_fmt::{closure#1}>
[INFO] [stdout]                                at /rustc/e3feeb59cd1bdd011a2bfcc0747b55125d9b8527/library/std/src/../../backtrace/src/backtrace/mod.rs:66:14
[INFO] [stdout]    2:     0x5d97d1471a01 - std[617be2ca0a6fd877]::sys::backtrace::_print_fmt
[INFO] [stdout]                                at /rustc/e3feeb59cd1bdd011a2bfcc0747b55125d9b8527/library/std/src/sys/backtrace.rs:74:9
[INFO] [stdout]    3:     0x5d97d1471a01 - <<std[617be2ca0a6fd877]::sys::backtrace::BacktraceLock>::print::DisplayBacktrace as core[a373ad73a504971]::fmt::Display>::fmt
[INFO] [stdout]                                at /rustc/e3feeb59cd1bdd011a2bfcc0747b55125d9b8527/library/std/src/sys/backtrace.rs:44:26
[INFO] [stdout]    4:     0x5d97d148a4fa - <core[a373ad73a504971]::fmt::rt::Argument>::fmt
[INFO] [stdout]                                at /rustc/e3feeb59cd1bdd011a2bfcc0747b55125d9b8527/library/core/src/fmt/rt.rs:152:76
[INFO] [stdout]    5:     0x5d97d148a4fa - core[a373ad73a504971]::fmt::write
[INFO] [stdout]    6:     0x5d97d14768dc - core[a373ad73a504971]::io::write::default_write_fmt::<alloc[2e1b2a31b91974c5]::vec::Vec<u8>>
[INFO] [stdout]                                at /rustc/e3feeb59cd1bdd011a2bfcc0747b55125d9b8527/library/core/src/io/write.rs:402:11
[INFO] [stdout]    7:     0x5d97d14768dc - <alloc[2e1b2a31b91974c5]::vec::Vec<u8> as core[a373ad73a504971]::io::write::Write>::write_fmt
[INFO] [stdout]                                at /rustc/e3feeb59cd1bdd011a2bfcc0747b55125d9b8527/library/core/src/io/write.rs:335:13
[INFO] [stdout]    8:     0x5d97d1447096 - <std[617be2ca0a6fd877]::sys::backtrace::BacktraceLock>::print
[INFO] [stdout]                                at /rustc/e3feeb59cd1bdd011a2bfcc0747b55125d9b8527/library/std/src/sys/backtrace.rs:47:9
[INFO] [stdout]    9:     0x5d97d1447096 - std[617be2ca0a6fd877]::panicking::default_hook::{closure#0}
[INFO] [stdout]                                at /rustc/e3feeb59cd1bdd011a2bfcc0747b55125d9b8527/library/std/src/panicking.rs:289:27
[INFO] [stdout]   10:     0x5d97d1466cf9 - std[617be2ca0a6fd877]::panicking::default_hook
[INFO] [stdout]                                at /rustc/e3feeb59cd1bdd011a2bfcc0747b55125d9b8527/library/std/src/panicking.rs:313:9
[INFO] [stdout]   11:     0x5d97d1323980 - <alloc[2e1b2a31b91974c5]::boxed::Box<dyn for<'a, 'b> core[a373ad73a504971]::ops::function::Fn<(&'a std[617be2ca0a6fd877]::panic::PanicHookInfo<'b>,), Output = ()> + core[a373ad73a504971]::marker::Sync + core[a373ad73a504971]::marker::Send> as core[a373ad73a504971]::ops::function::Fn<(&std[617be2ca0a6fd877]::panic::PanicHookInfo,)>>::call
[INFO] [stdout]                                at /rustc/e3feeb59cd1bdd011a2bfcc0747b55125d9b8527/library/alloc/src/boxed.rs:2328:9
[INFO] [stdout]   12:     0x5d97d1323980 - test[aada8e7e76ba119b]::test_main_inner::{closure#0}
[INFO] [stdout]                                at /rustc/e3feeb59cd1bdd011a2bfcc0747b55125d9b8527/library/test/src/lib.rs:137:21
[INFO] [stdout]   13:     0x5d97d1467022 - <alloc[2e1b2a31b91974c5]::boxed::Box<dyn for<'a, 'b> core[a373ad73a504971]::ops::function::Fn<(&'a std[617be2ca0a6fd877]::panic::PanicHookInfo<'b>,), Output = ()> + core[a373ad73a504971]::marker::Sync + core[a373ad73a504971]::marker::Send> as core[a373ad73a504971]::ops::function::Fn<(&std[617be2ca0a6fd877]::panic::PanicHookInfo,)>>::call
[INFO] [stdout]                                at /rustc/e3feeb59cd1bdd011a2bfcc0747b55125d9b8527/library/alloc/src/boxed.rs:2328:9
[INFO] [stdout]   14:     0x5d97d1467022 - std[617be2ca0a6fd877]::panicking::panic_with_hook
[INFO] [stdout]                                at /rustc/e3feeb59cd1bdd011a2bfcc0747b55125d9b8527/library/std/src/panicking.rs:819:13
[INFO] [stdout]   15:     0x5d97d1447142 - std[617be2ca0a6fd877]::panicking::panic_handler::{closure#0}
[INFO] [stdout]                                at /rustc/e3feeb59cd1bdd011a2bfcc0747b55125d9b8527/library/std/src/panicking.rs:685:13
[INFO] [stdout]   16:     0x5d97d143f799 - std[617be2ca0a6fd877]::sys::backtrace::__rust_end_short_backtrace::<std[617be2ca0a6fd877]::panicking::panic_handler::{closure#0}, !>
[INFO] [stdout]                                at /rustc/e3feeb59cd1bdd011a2bfcc0747b55125d9b8527/library/std/src/sys/backtrace.rs:182:18
[INFO] [stdout]   17:     0x5d97d14483dd - __rustc[ea4f61d10b84890b]::rust_begin_unwind
[INFO] [stdout]                                at /rustc/e3feeb59cd1bdd011a2bfcc0747b55125d9b8527/library/std/src/panicking.rs:676:5
[INFO] [stdout]   18:     0x5d97d148ad9c - core[a373ad73a504971]::panicking::panic_fmt
[INFO] [stdout]                                at /rustc/e3feeb59cd1bdd011a2bfcc0747b55125d9b8527/library/core/src/panicking.rs:80:14
[INFO] [stdout]   19:     0x5d97d0d3abfa - rcmd_core[70707b2b28f6d53a]::archive::tests::a_huge_directory_indexes_in_linear_time
[INFO] [stdout]                                at /opt/rustwide/workdir/src/archive.rs:1877:9
[INFO] [stdout]   20:     0x5d97d0cdc4a7 - rcmd_core[70707b2b28f6d53a]::archive::tests::a_huge_directory_indexes_in_linear_time::{closure#0}
[INFO] [stdout]                                at /opt/rustwide/workdir/src/archive.rs:1864:49
[INFO] [stdout]   21:     0x5d97d0e70856 - <rcmd_core[70707b2b28f6d53a]::archive::tests::a_huge_directory_indexes_in_linear_time::{closure#0} as core[a373ad73a504971]::ops::function::FnOnce<()>>::call_once
[INFO] [stdout]                                at /rustc/e3feeb59cd1bdd011a2bfcc0747b55125d9b8527/library/core/src/ops/function.rs:250:5
[INFO] [stdout]   22:     0x5d97d1316dcb - <fn() -> core[a373ad73a504971]::result::Result<(), alloc[2e1b2a31b91974c5]::string::String> as core[a373ad73a504971]::ops::function::FnOnce<()>>::call_once
[INFO] [stdout]                                at /rustc/e3feeb59cd1bdd011a2bfcc0747b55125d9b8527/library/core/src/ops/function.rs:250:5
[INFO] [stdout]   23:     0x5d97d1316dcb - test[aada8e7e76ba119b]::__rust_begin_short_backtrace::<core[a373ad73a504971]::result::Result<(), alloc[2e1b2a31b91974c5]::string::String>, fn() -> core[a373ad73a504971]::result::Result<(), alloc[2e1b2a31b91974c5]::string::String>>
[INFO] [stdout]                                at /rustc/e3feeb59cd1bdd011a2bfcc0747b55125d9b8527/library/test/src/lib.rs:701:18
[INFO] [stdout]   24:     0x5d97d1323fa5 - test[aada8e7e76ba119b]::run_test_in_process::{closure#0}
[INFO] [stdout]                                at /rustc/e3feeb59cd1bdd011a2bfcc0747b55125d9b8527/library/test/src/lib.rs:724:74
[INFO] [stdout]   25:     0x5d97d1323fa5 - <core[a373ad73a504971]::panic::unwind_safe::AssertUnwindSafe<test[aada8e7e76ba119b]::run_test_in_process::{closure#0}> as core[a373ad73a504971]::ops::function::FnOnce<()>>::call_once
[INFO] [stdout]                                at /rustc/e3feeb59cd1bdd011a2bfcc0747b55125d9b8527/library/core/src/panic/unwind_safe.rs:275:9
[INFO] [stdout]   26:     0x5d97d1323fa5 - std[617be2ca0a6fd877]::panicking::catch_unwind::do_call::<core[a373ad73a504971]::panic::unwind_safe::AssertUnwindSafe<test[aada8e7e76ba119b]::run_test_in_process::{closure#0}>, core[a373ad73a504971]::result::Result<(), alloc[2e1b2a31b91974c5]::string::String>>
[INFO] [stdout]                                at /rustc/e3feeb59cd1bdd011a2bfcc0747b55125d9b8527/library/std/src/panicking.rs:573:43
[INFO] [stdout]   27:     0x5d97d1323fa5 - std[617be2ca0a6fd877]::panicking::catch_unwind::<core[a373ad73a504971]::result::Result<(), alloc[2e1b2a31b91974c5]::string::String>, core[a373ad73a504971]::panic::unwind_safe::AssertUnwindSafe<test[aada8e7e76ba119b]::run_test_in_process::{closure#0}>>
[INFO] [stdout]                                at /rustc/e3feeb59cd1bdd011a2bfcc0747b55125d9b8527/library/std/src/panicking.rs:541:19
[INFO] [stdout]   28:     0x5d97d1323fa5 - std[617be2ca0a6fd877]::panic::catch_unwind::<core[a373ad73a504971]::panic::unwind_safe::AssertUnwindSafe<test[aada8e7e76ba119b]::run_test_in_process::{closure#0}>, core[a373ad73a504971]::result::Result<(), alloc[2e1b2a31b91974c5]::string::String>>
[INFO] [stdout]                                at /rustc/e3feeb59cd1bdd011a2bfcc0747b55125d9b8527/library/std/src/panic.rs:359:14
[INFO] [stdout]   29:     0x5d97d1323fa5 - test[aada8e7e76ba119b]::run_test_in_process
[INFO] [stdout]                                at /rustc/e3feeb59cd1bdd011a2bfcc0747b55125d9b8527/library/test/src/lib.rs:724:27
[INFO] [stdout]   30:     0x5d97d1323fa5 - test[aada8e7e76ba119b]::run_test::{closure#0}
[INFO] [stdout]                                at /rustc/e3feeb59cd1bdd011a2bfcc0747b55125d9b8527/library/test/src/lib.rs:645:43
[INFO] [stdout]   31:     0x5d97d131d894 - test[aada8e7e76ba119b]::run_test::{closure#1}
[INFO] [stdout]                                at /rustc/e3feeb59cd1bdd011a2bfcc0747b55125d9b8527/library/test/src/lib.rs:675:41
[INFO] [stdout]   32:     0x5d97d131d894 - std[617be2ca0a6fd877]::sys::backtrace::__rust_begin_short_backtrace::<test[aada8e7e76ba119b]::run_test::{closure#1}, ()>
[INFO] [stdout]                                at /rustc/e3feeb59cd1bdd011a2bfcc0747b55125d9b8527/library/std/src/sys/backtrace.rs:166:18
[INFO] [stdout]   33:     0x5d97d1327032 - std[617be2ca0a6fd877]::thread::lifecycle::spawn_unchecked::<test[aada8e7e76ba119b]::run_test::{closure#1}, ()>::{closure#1}::{closure#0}
[INFO] [stdout]                                at /rustc/e3feeb59cd1bdd011a2bfcc0747b55125d9b8527/library/std/src/thread/lifecycle.rs:70:13
[INFO] [stdout]   34:     0x5d97d1327032 - <core[a373ad73a504971]::panic::unwind_safe::AssertUnwindSafe<std[617be2ca0a6fd877]::thread::lifecycle::spawn_unchecked<test[aada8e7e76ba119b]::run_test::{closure#1}, ()>::{closure#1}::{closure#0}> as core[a373ad73a504971]::ops::function::FnOnce<()>>::call_once
[INFO] [stdout]                                at /rustc/e3feeb59cd1bdd011a2bfcc0747b55125d9b8527/library/core/src/panic/unwind_safe.rs:275:9
[INFO] [stdout]   35:     0x5d97d1327032 - std[617be2ca0a6fd877]::panicking::catch_unwind::do_call::<core[a373ad73a504971]::panic::unwind_safe::AssertUnwindSafe<std[617be2ca0a6fd877]::thread::lifecycle::spawn_unchecked<test[aada8e7e76ba119b]::run_test::{closure#1}, ()>::{closure#1}::{closure#0}>, ()>
[INFO] [stdout]                                at /rustc/e3feeb59cd1bdd011a2bfcc0747b55125d9b8527/library/std/src/panicking.rs:573:43
[INFO] [stdout]   36:     0x5d97d1327032 - std[617be2ca0a6fd877]::panicking::catch_unwind::<(), core[a373ad73a504971]::panic::unwind_safe::AssertUnwindSafe<std[617be2ca0a6fd877]::thread::lifecycle::spawn_unchecked<test[aada8e7e76ba119b]::run_test::{closure#1}, ()>::{closure#1}::{closure#0}>>
[INFO] [stdout]                                at /rustc/e3feeb59cd1bdd011a2bfcc0747b55125d9b8527/library/std/src/panicking.rs:541:19
[INFO] [stdout]   37:     0x5d97d1327032 - std[617be2ca0a6fd877]::panic::catch_unwind::<core[a373ad73a504971]::panic::unwind_safe::AssertUnwindSafe<std[617be2ca0a6fd877]::thread::lifecycle::spawn_unchecked<test[aada8e7e76ba119b]::run_test::{closure#1}, ()>::{closure#1}::{closure#0}>, ()>
[INFO] [stdout]                                at /rustc/e3feeb59cd1bdd011a2bfcc0747b55125d9b8527/library/std/src/panic.rs:359:14
[INFO] [stdout]   38:     0x5d97d1327032 - std[617be2ca0a6fd877]::thread::lifecycle::spawn_unchecked::<test[aada8e7e76ba119b]::run_test::{closure#1}, ()>::{closure#1}
[INFO] [stdout]                                at /rustc/e3feeb59cd1bdd011a2bfcc0747b55125d9b8527/library/std/src/thread/lifecycle.rs:68:26
[INFO] [stdout]   39:     0x5d97d1327032 - <std[617be2ca0a6fd877]::thread::lifecycle::spawn_unchecked<test[aada8e7e76ba119b]::run_test::{closure#1}, ()>::{closure#1} as core[a373ad73a504971]::ops::function::FnOnce<()>>::call_once::{shim:vtable#0}
[INFO] [stdout]                                at /rustc/e3feeb59cd1bdd011a2bfcc0747b55125d9b8527/library/core/src/ops/function.rs:250:5
[INFO] [stdout]   40:     0x5d97d14704bf - <alloc[2e1b2a31b91974c5]::boxed::Box<dyn core[a373ad73a504971]::ops::function::FnOnce<(), Output = ()> + core[a373ad73a504971]::marker::Send> as core[a373ad73a504971]::ops::function::FnOnce<()>>::call_once
[INFO] [stdout]                                at /rustc/e3feeb59cd1bdd011a2bfcc0747b55125d9b8527/library/alloc/src/boxed.rs:2314:9
[INFO] [stdout]   41:     0x5d97d14704bf - <std[617be2ca0a6fd877]::sys::thread::unix::Thread>::new::thread_start
[INFO] [stdout]                                at /rustc/e3feeb59cd1bdd011a2bfcc0747b55125d9b8527/library/std/src/sys/thread/unix.rs:127:17
[INFO] [stdout]   42:     0x7f7754559dfa - <unknown>
[INFO] [stdout]   43:     0x7f77545ed3d4 - clone
[INFO] [stdout]   44:                0x0 - <unknown>
[INFO] [stdout] 
[INFO] [stdout] 
[INFO] [stdout] failures:
[INFO] [stdout]     archive::tests::a_huge_directory_indexes_in_linear_time
[INFO] [stdout]     panel::tests::sort_by_size_and_reverse_toggle
[INFO] [stdout] 
[INFO] [stdout] test result: FAILED. 380 passed; 2 failed; 0 ignored; 0 measured; 0 filtered out; finished in 6.71s
[INFO] [stdout] 
[INFO] [stderr] error: test failed, to rerun pass `--lib`
[INFO] running `Command { std: "docker" "inspect" "794d7f71f24f2d402d75882f7a3d9b163f5dd4439b7ff277fb4af5e2e9fe6277", kill_on_drop: false }`
[INFO] running `Command { std: "docker" "rm" "-f" "794d7f71f24f2d402d75882f7a3d9b163f5dd4439b7ff277fb4af5e2e9fe6277", kill_on_drop: false }`
[INFO] [stdout] 794d7f71f24f2d402d75882f7a3d9b163f5dd4439b7ff277fb4af5e2e9fe6277
