[INFO] fetching crate zookeeper-client-ck 0.11.0...
[INFO] testing zookeeper-client-ck-0.11.0 against 1.100.0-beta.1 for beta-1.100-2
[INFO] extracting crate zookeeper-client-ck 0.11.0 into /workspace/builds/worker-6-tc2/source
[INFO] started tweaking crates.io crate zookeeper-client-ck 0.11.0
[INFO] removed 0 missing tests
[INFO] finished tweaking crates.io crate zookeeper-client-ck 0.11.0
[INFO] tweaked toml for crates.io crate zookeeper-client-ck 0.11.0 written to /workspace/builds/worker-6-tc2/source/Cargo.toml
[INFO] validating manifest of crates.io crate zookeeper-client-ck 0.11.0 on toolchain 1.100.0-beta.1
[INFO] running `Command { std: CARGO_HOME="/workspace/cargo-home" RUSTUP_HOME="/workspace/rustup-home" "/workspace/cargo-home/bin/cargo" "+1.100.0-beta.1" "metadata" "--manifest-path" "Cargo.toml" "--no-deps", kill_on_drop: false }`
[INFO] crate crates.io crate zookeeper-client-ck 0.11.0 already has a lockfile, it will not be regenerated
[INFO] running `Command { std: CARGO_HOME="/workspace/cargo-home" RUSTUP_HOME="/workspace/rustup-home" "/workspace/cargo-home/bin/cargo" "+1.100.0-beta.1" "fetch" "--manifest-path" "Cargo.toml", kill_on_drop: false }`
[INFO] running `Command { std: "docker" "create" "-v" "/var/lib/crater-agent-workspace/builds/worker-6-tc2/source:/opt/rustwide/workdir:ro,Z" "-v" "/var/lib/crater-agent-workspace/builds/worker-6-tc2/target:/opt/rustwide/target:rw,Z" "-v" "/var/lib/crater-agent-workspace/cargo-home:/opt/rustwide/cargo-home:ro,Z" "-v" "/var/lib/crater-agent-workspace/rustup-home:/opt/rustwide/rustup-home:ro,Z" "-m" "1610612736" "--network" "none" "ghcr.io/rust-lang/crates-build-env/linux@sha256:3111399a4047eeb3a02b7a90e478d715f38a8c6669b5c4b49d30a17385265909" "sleep" "infinity", kill_on_drop: false }`
[INFO] [stdout] 509130aa5524d04878a09c6f970481994d30a6d0be000f63941e50c81422ab25
[INFO] running `Command { std: "docker" "start" "509130aa5524d04878a09c6f970481994d30a6d0be000f63941e50c81422ab25", kill_on_drop: false }`
[INFO] running `Command { std: "docker" "inspect" "509130aa5524d04878a09c6f970481994d30a6d0be000f63941e50c81422ab25", kill_on_drop: false }`
[INFO] running `Command { std: "docker" "exec" "-e" "SOURCE_DIR=/opt/rustwide/workdir" "-e" "CARGO_HOME=/opt/rustwide/cargo-home" "-e" "RUSTUP_HOME=/opt/rustwide/rustup-home" "-e" "CARGO_TARGET_DIR=/opt/rustwide/target" "-w" "/opt/rustwide/workdir" "--user" "0:0" "509130aa5524d04878a09c6f970481994d30a6d0be000f63941e50c81422ab25" "/opt/rustwide/cargo-home/bin/cargo" "+1.100.0-beta.1" "metadata" "--no-deps" "--format-version=1", kill_on_drop: false }`
[INFO] running `Command { std: "docker" "inspect" "509130aa5524d04878a09c6f970481994d30a6d0be000f63941e50c81422ab25", kill_on_drop: false }`
[INFO] running `Command { std: "docker" "exec" "-e" "SOURCE_DIR=/opt/rustwide/workdir" "-e" "CARGO_HOME=/opt/rustwide/cargo-home" "-e" "RUSTUP_HOME=/opt/rustwide/rustup-home" "-e" "CARGO_TARGET_DIR=/opt/rustwide/target" "-e" "CARGO_INCREMENTAL=0" "-e" "RUST_BACKTRACE=full" "-e" "RUSTFLAGS=--cap-lints=warn" "-e" "RUSTDOCFLAGS=--cap-lints=warn" "-w" "/opt/rustwide/workdir" "--user" "0:0" "509130aa5524d04878a09c6f970481994d30a6d0be000f63941e50c81422ab25" "/opt/rustwide/cargo-home/bin/cargo" "+1.100.0-beta.1" "build" "--frozen" "--message-format=json", kill_on_drop: false }`
[INFO] [stderr]    Compiling futures-core v0.3.32
[INFO] [stderr]    Compiling futures-io v0.3.32
[INFO] [stderr]    Compiling libc v0.2.186
[INFO] [stderr]    Compiling rustversion v1.0.22
[INFO] [stderr]    Compiling syn v2.0.117
[INFO] [stderr]    Compiling concurrent-queue v2.5.0
[INFO] [stderr]    Compiling rustix v1.1.4
[INFO] [stderr]    Compiling indexmap v2.14.0
[INFO] [stderr]    Compiling syn v1.0.109
[INFO] [stderr]    Compiling ahash v0.8.12
[INFO] [stderr]    Compiling bitflags v2.11.1
[INFO] [stderr]    Compiling linux-raw-sys v0.12.1
[INFO] [stderr]    Compiling event-listener v5.4.1
[INFO] [stderr]    Compiling futures-sink v0.3.32
[INFO] [stderr]    Compiling futures-channel v0.3.32
[INFO] [stderr]    Compiling async-io v2.6.0
[INFO] [stderr]    Compiling event-listener-strategy v0.5.4
[INFO] [stderr]    Compiling futures-lite v2.6.1
[INFO] [stderr]    Compiling ahash v0.7.8
[INFO] [stderr]    Compiling memchr v2.8.0
[INFO] [stderr]    Compiling toml_edit v0.19.15
[INFO] [stderr]    Compiling futures-task v0.3.32
[INFO] [stderr]    Compiling piper v0.2.5
[INFO] [stderr]    Compiling heck v0.3.3
[INFO] [stderr]    Compiling async-channel v2.5.0
[INFO] [stderr]    Compiling getrandom v0.2.17
[INFO] [stderr]    Compiling async-task v4.7.1
[INFO] [stderr]    Compiling konst_macro_rules v0.2.19
[INFO] [stderr]    Compiling const_format_proc_macros v0.2.34
[INFO] [stderr]    Compiling blocking v1.6.2
[INFO] [stderr]    Compiling konst v0.2.20
[INFO] [stderr]    Compiling hashbrown v0.14.5
[INFO] [stderr]    Compiling getrandom v0.4.2
[INFO] [stderr]    Compiling castaway v0.2.4
[INFO] [stderr]    Compiling asyncs-sync v0.4.0
[INFO] [stderr]    Compiling spawns-core v1.1.2
[INFO] [stderr]    Compiling uuid v1.23.1
[INFO] [stderr]    Compiling compact_str v0.4.1
[INFO] [stderr]    Compiling const_format v0.2.36
[INFO] [stderr]    Compiling hashlink v0.8.4
[INFO] [stderr]    Compiling hashbrown v0.12.3
[INFO] [stderr]    Compiling proc-macro-crate v1.3.1
[INFO] [stderr]    Compiling either v1.16.0
[INFO] [stderr]    Compiling ignore-result v0.2.0
[INFO] [stderr]    Compiling num_enum_derive v0.5.11
[INFO] [stderr]    Compiling strum_macros v0.23.1
[INFO] [stderr]    Compiling num_enum v0.5.11
[INFO] [stderr]    Compiling futures-macro v0.3.32
[INFO] [stderr]    Compiling async-select-proc-macros v0.3.0
[INFO] [stderr]    Compiling thiserror-impl v1.0.69
[INFO] [stderr]    Compiling tracing-attributes v0.1.31
[INFO] [stderr]    Compiling derive-where v1.6.1
[INFO] [stderr]    Compiling strum v0.23.0
[INFO] [stderr]    Compiling async-select v0.3.0
[INFO] [stderr]    Compiling asyncs v0.4.0
[INFO] [stderr]    Compiling futures-util v0.3.32
[INFO] [stderr]    Compiling thiserror v1.0.69
[INFO] [stderr]    Compiling tracing v0.1.44
[INFO] [stderr]    Compiling polling v3.11.0
[INFO] [stderr]    Compiling async-net v2.0.0
[INFO] [stderr]    Compiling futures-executor v0.3.32
[INFO] [stderr]    Compiling futures v0.3.32
[INFO] [stderr]    Compiling zookeeper-client-ck v0.11.0 (/opt/rustwide/workdir)
[INFO] [stderr]     Finished `dev` profile [unoptimized + debuginfo] target(s) in 32.85s
[INFO] running `Command { std: "docker" "inspect" "509130aa5524d04878a09c6f970481994d30a6d0be000f63941e50c81422ab25", kill_on_drop: false }`
[INFO] running `Command { std: "docker" "exec" "-e" "SOURCE_DIR=/opt/rustwide/workdir" "-e" "CARGO_HOME=/opt/rustwide/cargo-home" "-e" "RUSTUP_HOME=/opt/rustwide/rustup-home" "-e" "CARGO_TARGET_DIR=/opt/rustwide/target" "-e" "CARGO_INCREMENTAL=0" "-e" "RUST_BACKTRACE=full" "-e" "RUSTFLAGS=--cap-lints=warn" "-e" "RUSTDOCFLAGS=--cap-lints=warn" "-w" "/opt/rustwide/workdir" "--user" "0:0" "509130aa5524d04878a09c6f970481994d30a6d0be000f63941e50c81422ab25" "/opt/rustwide/cargo-home/bin/cargo" "+1.100.0-beta.1" "test" "--frozen" "--no-run" "--message-format=json", kill_on_drop: false }`
[INFO] [stderr]    Compiling libc v0.2.186
[INFO] [stderr]    Compiling futures-channel v0.3.32
[INFO] [stderr]    Compiling displaydoc v0.2.5
[INFO] [stderr]    Compiling futures-macro v0.3.32
[INFO] [stderr]    Compiling cc v1.2.62
[INFO] [stderr]    Compiling zerofrom v0.1.8
[INFO] [stderr]    Compiling serde_core v1.0.228
[INFO] [stderr]    Compiling rustix v1.1.4
[INFO] [stderr]    Compiling yoke v0.8.2
[INFO] [stderr]    Compiling time-macros v0.2.27
[INFO] [stderr]    Compiling zerovec v0.11.6
[INFO] [stderr]    Compiling zerotrie v0.2.4
[INFO] [stderr]    Compiling futures-util v0.3.32
[INFO] [stderr]    Compiling tinystr v0.8.3
[INFO] [stderr]    Compiling potential_utf v0.1.5
[INFO] [stderr]    Compiling futures-lite v2.6.1
[INFO] [stderr]    Compiling icu_locale_core v2.2.0
[INFO] [stderr]    Compiling aho-corasick v1.1.4
[INFO] [stderr]    Compiling ring v0.17.14
[INFO] [stderr]    Compiling memchr v2.8.0
[INFO] [stderr]    Compiling getrandom v0.2.17
[INFO] [stderr]    Compiling mio v1.2.0
[INFO] [stderr]    Compiling socket2 v0.6.3
[INFO] [stderr]    Compiling linkme-impl v0.3.36
[INFO] [stderr]    Compiling darling_core v0.23.0
[INFO] [stderr]    Compiling nom v7.1.3
[INFO] [stderr]    Compiling icu_collections v2.2.0
[INFO] [stderr]    Compiling tokio v1.52.3
[INFO] [stderr]    Compiling regex-automata v0.4.14
[INFO] [stderr]    Compiling futures-executor v0.3.32
[INFO] [stderr]    Compiling icu_provider v2.2.0
[INFO] [stderr]    Compiling time v0.3.47
[INFO] [stderr]    Compiling linkme v0.3.36
[INFO] [stderr]    Compiling serde v1.0.228
[INFO] [stderr]    Compiling rusticata-macros v4.1.0
[INFO] [stderr]    Compiling darling_macro v0.23.0
[INFO] [stderr]    Compiling asn1-rs-derive v0.6.0
[INFO] [stderr]    Compiling asn1-rs-impl v0.2.0
[INFO] [stderr]    Compiling rustls v0.23.40
[INFO] [stderr]    Compiling darling v0.23.0
[INFO] [stderr]    Compiling icu_properties v2.2.0
[INFO] [stderr]    Compiling rustls-webpki v0.103.13
[INFO] [stderr]    Compiling icu_normalizer v2.2.0
[INFO] [stderr]    Compiling asn1-rs v0.7.2
[INFO] [stderr]    Compiling futures v0.3.32
[INFO] [stderr]    Compiling winnow v1.0.3
[INFO] [stderr]    Compiling serde_json v1.0.150
[INFO] [stderr]    Compiling idna_adapter v1.2.2
[INFO] [stderr]    Compiling form_urlencoded v1.2.2
[INFO] [stderr]    Compiling num-bigint v0.4.6
[INFO] [stderr]    Compiling hyper v1.9.0
[INFO] [stderr]    Compiling regex v1.12.3
[INFO] [stderr]    Compiling hyper-util v0.1.20
[INFO] [stderr]    Compiling toml_parser v1.1.2+spec-1.1.0
[INFO] [stderr]    Compiling serde_with_macros v3.20.0
[INFO] [stderr]    Compiling spawns-core v1.1.2
[INFO] [stderr]    Compiling async-executor v1.14.0
[INFO] [stderr]    Compiling structmeta-derive v0.3.0
[INFO] [stderr]    Compiling async-shutdown v0.2.2
[INFO] [stderr]    Compiling toml_datetime v1.1.1+spec-1.1.0
[INFO] [stderr]    Compiling utf8parse v0.2.2
[INFO] [stderr]    Compiling anstyle-parse v1.0.0
[INFO] [stderr]    Compiling toml_edit v0.25.11+spec-1.1.0
[INFO] [stderr]    Compiling spawns-executor v0.1.2
[INFO] [stderr]    Compiling nix v0.29.0
[INFO] [stderr]    Compiling serde_with v3.20.0
[INFO] [stderr]    Compiling structmeta v0.3.0
[INFO] [stderr]    Compiling tokio-rustls v0.26.4
[INFO] [stderr]    Compiling der-parser v10.0.0
[INFO] [stderr]    Compiling oid-registry v0.8.1
[INFO] [stderr]    Compiling async-channel v2.5.0
[INFO] [stderr]    Compiling idna v1.1.0
[INFO] [stderr]    Compiling getrandom v0.4.2
[INFO] [stderr]    Compiling rstest_macros v0.25.0
[INFO] [stderr]    Compiling polling v3.11.0
[INFO] [stderr]    Compiling rand_core v0.6.4
[INFO] [stderr]    Compiling filetime v0.2.29
[INFO] [stderr]    Compiling ppv-lite86 v0.2.21
[INFO] [stderr]    Compiling async-select-proc-macros v0.3.0
[INFO] [stderr]    Compiling is_terminal_polyfill v1.70.2
[INFO] [stderr]    Compiling anstyle-query v1.1.5
[INFO] [stderr]    Compiling colorchoice v1.0.5
[INFO] [stderr]    Compiling home v0.5.12
[INFO] [stderr]    Compiling hyperlocal v0.9.1
[INFO] [stderr]    Compiling anstream v1.0.0
[INFO] [stderr]    Compiling rand_chacha v0.3.1
[INFO] [stderr]    Compiling async-select v0.3.0
[INFO] [stderr]    Compiling blocking v1.6.2
[INFO] [stderr]    Compiling async-io v2.6.0
[INFO] [stderr]    Compiling url v2.5.8
[INFO] [stderr]    Compiling proc-macro-crate v3.5.0
[INFO] [stderr]    Compiling hyper-rustls v0.27.9
[INFO] [stderr]    Compiling parse-display-derive v0.9.1
[INFO] [stderr]    Compiling bollard-stubs v1.47.1-rc.27.3.1
[INFO] [stderr]    Compiling ahash v0.7.8
[INFO] [stderr]    Compiling parking_lot_core v0.9.12
[INFO] [stderr]    Compiling spawns v0.2.6
[INFO] [stderr]    Compiling tokio-util v0.7.18
[INFO] [stderr]    Compiling tokio-stream v0.1.18
[INFO] [stderr]    Compiling serde_urlencoded v0.7.1
[INFO] [stderr]    Compiling matchers v0.2.0
[INFO] [stderr]    Compiling xattr v1.6.1
[INFO] [stderr]    Compiling inotify-sys v0.1.5
[INFO] [stderr]    Compiling rustls-pemfile v2.2.0
[INFO] [stderr]    Compiling test-log-core v0.2.20
[INFO] [stderr]    Compiling asyncs-test v0.4.0
[INFO] [stderr]    Compiling test-case-core v3.3.1
[INFO] [stderr]    Compiling env_filter v1.0.1
[INFO] [stderr]    Compiling instant v0.1.13
[INFO] [stderr]    Compiling sdd v3.0.10
[INFO] [stderr]    Compiling relative-path v1.9.3
[INFO] [stderr]    Compiling glob v0.3.3
[INFO] [stderr]    Compiling tracing-subscriber v0.3.23
[INFO] [stderr]    Compiling scc v2.4.0
[INFO] [stderr]    Compiling env_logger v0.11.10
[INFO] [stderr]    Compiling asyncs v0.4.0
[INFO] [stderr]    Compiling parse-display v0.9.1
[INFO] [stderr]    Compiling inotify v0.10.2
[INFO] [stderr]    Compiling notify-types v1.0.1
[INFO] [stderr]    Compiling test-log-macros v0.2.20
[INFO] [stderr]    Compiling tokio-tar v0.3.1
[INFO] [stderr]    Compiling hashbrown v0.12.3
[INFO] [stderr]    Compiling parking_lot v0.12.5
[INFO] [stderr]    Compiling test-case-macros v3.3.1
[INFO] [stderr]    Compiling async-net v2.0.0
[INFO] [stderr]    Compiling rand v0.8.6
[INFO] [stderr]    Compiling etcetera v0.8.0
[INFO] [stderr]    Compiling docker_credential v1.4.0
[INFO] [stderr]    Compiling x509-parser v0.18.1
[INFO] [stderr]    Compiling uuid v1.23.1
[INFO] [stderr]    Compiling pem v3.0.6
[INFO] [stderr]    Compiling yasna v0.6.0
[INFO] [stderr]    Compiling is-terminal v0.4.17
[INFO] [stderr]    Compiling derive-where v1.6.1
[INFO] [stderr]    Compiling serial_test_derive v3.4.0
[INFO] [stderr]    Compiling test-fork-macros v0.1.3
[INFO] [stderr]    Compiling futures-timer v3.0.4
[INFO] [stderr]    Compiling humantime v2.3.0
[INFO] [stderr]    Compiling diff v0.1.13
[INFO] [stderr]    Compiling test-fork-core v0.1.3
[INFO] [stderr]    Compiling yansi v1.0.1
[INFO] [stderr]    Compiling test-fork v0.1.3
[INFO] [stderr]    Compiling env_logger v0.10.2
[INFO] [stderr]    Compiling serial_test v3.4.0
[INFO] [stderr]    Compiling rcgen v0.14.8
[INFO] [stderr]    Compiling pretty_assertions v1.4.1
[INFO] [stderr]    Compiling atomic-write-file v0.2.3
[INFO] [stderr]    Compiling test-log v0.2.20
[INFO] [stderr]    Compiling test-case v3.3.1
[INFO] [stderr]    Compiling notify v7.0.0
[INFO] [stderr]    Compiling x509-parser v0.17.0
[INFO] [stderr]    Compiling tempfile v3.27.0
[INFO] [stderr]    Compiling assertor v0.0.2
[INFO] [stderr]    Compiling rstest v0.25.0
[INFO] [stderr]    Compiling assert_matches v1.5.0
[INFO] [stderr]    Compiling zookeeper-client-ck v0.11.0 (/opt/rustwide/workdir)
[INFO] [stderr]    Compiling bollard v0.18.1
[INFO] [stderr]    Compiling testcontainers v0.23.3
[INFO] [stdout] error[E0432]: unresolved import `testcontainers::clients`
[INFO] [stdout]     --> src/client/mod.rs:2290:29
[INFO] [stdout]      |
[INFO] [stdout] 2290 |         use testcontainers::clients::Cli as DockerCli;
[INFO] [stdout]      |                             ^^^^^^^ could not find `clients` in `testcontainers`
[INFO] [stdout] 
[INFO] [stdout] 
[INFO] [stdout] error[E0432]: unresolved import `testcontainers::core::Healthcheck`
[INFO] [stdout]     --> src/client/mod.rs:2291:36
[INFO] [stdout]      |
[INFO] [stdout] 2291 |         use testcontainers::core::{Healthcheck, WaitFor};
[INFO] [stdout]      |                                    ^^^^^^^^^^^ no `Healthcheck` in `core`
[INFO] [stdout] 
[INFO] [stdout] 
[INFO] [stdout] error[E0603]: module `images` is private
[INFO] [stdout]     --> src/client/mod.rs:2292:29
[INFO] [stdout]      |
[INFO] [stdout] 2292 |         use testcontainers::images::generic::GenericImage;
[INFO] [stdout]      |                             ^^^^^^           ------------ struct `GenericImage` is not publicly re-exported
[INFO] [stdout]      |                             |
[INFO] [stdout]      |                             private module
[INFO] [stdout]      |
[INFO] [stdout] note: the module `images` is defined here
[INFO] [stdout]     --> /opt/rustwide/cargo-home/registry/src/index.crates.io-1949cf8c6b5b557f/testcontainers-0.23.3/src/lib.rs:94:1
[INFO] [stdout]      |
[INFO] [stdout]   94 | mod images;
[INFO] [stdout]      | ^^^^^^^^^^
[INFO] [stdout] 
[INFO] [stdout] 
[INFO] [stdout] error[E0432]: unresolved import `testcontainers::clients`
[INFO] [stdout]   --> tests/zookeeper.rs:20:21
[INFO] [stdout]    |
[INFO] [stdout] 20 | use testcontainers::clients::Cli as DockerCli;
[INFO] [stdout]    |                     ^^^^^^^ could not find `clients` in `testcontainers`
[INFO] [stdout] 
[INFO] [stdout] 
[INFO] [stdout] error[E0432]: unresolved imports `testcontainers::core::Container`, `testcontainers::core::Healthcheck`, `testcontainers::core::LogStream`, `testcontainers::core::RunnableImage`
[INFO] [stdout]   --> tests/zookeeper.rs:21:28
[INFO] [stdout]    |
[INFO] [stdout] 21 | use testcontainers::core::{Container, Healthcheck, LogStream, RunnableImage, WaitFor};
[INFO] [stdout]    |                            ^^^^^^^^^  ^^^^^^^^^^^  ^^^^^^^^^  ^^^^^^^^^^^^^ no `RunnableImage` in `core`
[INFO] [stdout]    |                            |          |            |
[INFO] [stdout]    |                            |          |            no `LogStream` in `core`
[INFO] [stdout]    |                            |          no `Healthcheck` in `core`
[INFO] [stdout]    |                            no `Container` in `core`
[INFO] [stdout]    |
[INFO] [stdout] help: a similar name exists in the module
[INFO] [stdout]    |
[INFO] [stdout] 21 - use testcontainers::core::{Container, Healthcheck, LogStream, RunnableImage, WaitFor};
[INFO] [stdout] 21 + use testcontainers::core::{containers, Healthcheck, LogStream, RunnableImage, WaitFor};
[INFO] [stdout]    |
[INFO] [stdout] 
[INFO] [stdout] 
[INFO] [stdout] error[E0603]: module `images` is private
[INFO] [stdout]   --> tests/zookeeper.rs:22:21
[INFO] [stdout]    |
[INFO] [stdout] 22 | use testcontainers::images::generic::GenericImage;
[INFO] [stdout]    |                     ^^^^^^           ------------ struct `GenericImage` is not publicly re-exported
[INFO] [stdout]    |                     |
[INFO] [stdout]    |                     private module
[INFO] [stdout]    |
[INFO] [stdout] note: the module `images` is defined here
[INFO] [stdout]   --> /opt/rustwide/cargo-home/registry/src/index.crates.io-1949cf8c6b5b557f/testcontainers-0.23.3/src/lib.rs:94:1
[INFO] [stdout]    |
[INFO] [stdout] 94 | mod images;
[INFO] [stdout]    | ^^^^^^^^^^
[INFO] [stdout] 
[INFO] [stdout] 
[INFO] [stdout] Some errors have detailed explanations: E0432, E0603.
[INFO] [stdout] 
[INFO] [stdout] For more information about an error, try `rustc --explain E0432`.
[INFO] [stdout] 
[INFO] [stderr] error: could not compile `zookeeper-client-ck` (lib test) due to 3 previous errors
[INFO] [stderr] warning: build failed, waiting for other jobs to finish...
[INFO] [stdout] Some errors have detailed explanations: E0432, E0603.
[INFO] [stdout] 
[INFO] [stdout] For more information about an error, try `rustc --explain E0432`.
[INFO] [stdout] 
[INFO] [stderr] error: could not compile `zookeeper-client-ck` (test "zookeeper") due to 3 previous errors
[INFO] running `Command { std: "docker" "inspect" "509130aa5524d04878a09c6f970481994d30a6d0be000f63941e50c81422ab25", kill_on_drop: false }`
[INFO] running `Command { std: "docker" "rm" "-f" "509130aa5524d04878a09c6f970481994d30a6d0be000f63941e50c81422ab25", kill_on_drop: false }`
[INFO] [stdout] 509130aa5524d04878a09c6f970481994d30a6d0be000f63941e50c81422ab25
