[INFO] fetching crate zlink-macros 0.7.1...
[INFO] testing zlink-macros-0.7.1 against 1.99.0-beta.8 for beta-1.100-2
[INFO] extracting crate zlink-macros 0.7.1 into /workspace/builds/worker-2-tc1/source
[INFO] started tweaking crates.io crate zlink-macros 0.7.1
[INFO] removed 0 missing tests
[INFO] finished tweaking crates.io crate zlink-macros 0.7.1
[INFO] tweaked toml for crates.io crate zlink-macros 0.7.1 written to /workspace/builds/worker-2-tc1/source/Cargo.toml
[INFO] validating manifest of crates.io crate zlink-macros 0.7.1 on toolchain 1.99.0-beta.8
[INFO] running `Command { std: CARGO_HOME="/workspace/cargo-home" RUSTUP_HOME="/workspace/rustup-home" "/workspace/cargo-home/bin/cargo" "+1.99.0-beta.8" "metadata" "--manifest-path" "Cargo.toml" "--no-deps", kill_on_drop: false }`
[INFO] crate crates.io crate zlink-macros 0.7.1 already has a lockfile, it will not be regenerated
[INFO] running `Command { std: CARGO_HOME="/workspace/cargo-home" RUSTUP_HOME="/workspace/rustup-home" "/workspace/cargo-home/bin/cargo" "+1.99.0-beta.8" "fetch" "--manifest-path" "Cargo.toml", kill_on_drop: false }`
[INFO] [stderr]     Blocking waiting for file lock on package cache
[INFO] [stderr]     Updating crates.io index
[INFO] [stderr]     Blocking waiting for file lock on package cache
[INFO] [stderr]  Downloading crates ...
[INFO] [stderr]   Downloaded hash32 v0.3.1
[INFO] [stderr]   Downloaded serde-json-core v0.6.0
[INFO] [stderr]   Downloaded heapless v0.8.0
[INFO] running `Command { std: "docker" "create" "-v" "/var/lib/crater-agent-workspace/builds/worker-2-tc1/source:/opt/rustwide/workdir:ro,Z" "-v" "/var/lib/crater-agent-workspace/builds/worker-2-tc1/target:/opt/rustwide/target:rw,Z" "-v" "/var/lib/crater-agent-workspace/cargo-home:/opt/rustwide/cargo-home:ro,Z" "-v" "/var/lib/crater-agent-workspace/rustup-home:/opt/rustwide/rustup-home:ro,Z" "-m" "1610612736" "--network" "none" "ghcr.io/rust-lang/crates-build-env/linux@sha256:3111399a4047eeb3a02b7a90e478d715f38a8c6669b5c4b49d30a17385265909" "sleep" "infinity", kill_on_drop: false }`
[INFO] [stdout] f8bfec4da9b97f8afb3d7e713c01511a9915d3d39e4dbab2b06884a3752264d0
[INFO] running `Command { std: "docker" "start" "f8bfec4da9b97f8afb3d7e713c01511a9915d3d39e4dbab2b06884a3752264d0", kill_on_drop: false }`
[INFO] running `Command { std: "docker" "inspect" "f8bfec4da9b97f8afb3d7e713c01511a9915d3d39e4dbab2b06884a3752264d0", kill_on_drop: false }`
[INFO] running `Command { std: "docker" "exec" "-e" "SOURCE_DIR=/opt/rustwide/workdir" "-e" "CARGO_HOME=/opt/rustwide/cargo-home" "-e" "RUSTUP_HOME=/opt/rustwide/rustup-home" "-e" "CARGO_TARGET_DIR=/opt/rustwide/target" "-w" "/opt/rustwide/workdir" "--user" "0:0" "f8bfec4da9b97f8afb3d7e713c01511a9915d3d39e4dbab2b06884a3752264d0" "/opt/rustwide/cargo-home/bin/cargo" "+1.99.0-beta.8" "metadata" "--no-deps" "--format-version=1", kill_on_drop: false }`
[INFO] running `Command { std: "docker" "inspect" "f8bfec4da9b97f8afb3d7e713c01511a9915d3d39e4dbab2b06884a3752264d0", kill_on_drop: false }`
[INFO] running `Command { std: "docker" "exec" "-e" "SOURCE_DIR=/opt/rustwide/workdir" "-e" "CARGO_HOME=/opt/rustwide/cargo-home" "-e" "RUSTUP_HOME=/opt/rustwide/rustup-home" "-e" "CARGO_TARGET_DIR=/opt/rustwide/target" "-e" "CARGO_INCREMENTAL=0" "-e" "RUST_BACKTRACE=full" "-e" "RUSTFLAGS=--cap-lints=warn" "-e" "RUSTDOCFLAGS=--cap-lints=warn" "-w" "/opt/rustwide/workdir" "--user" "0:0" "f8bfec4da9b97f8afb3d7e713c01511a9915d3d39e4dbab2b06884a3752264d0" "/opt/rustwide/cargo-home/bin/cargo" "+1.99.0-beta.8" "build" "--frozen" "--message-format=json", kill_on_drop: false }`
[INFO] [stderr]    Compiling proc-macro2 v1.0.103
[INFO] [stderr]    Compiling unicode-ident v1.0.20
[INFO] [stderr]    Compiling quote v1.0.41
[INFO] [stderr]    Compiling winnow v0.7.13
[INFO] [stderr]    Compiling syn v2.0.108
[INFO] [stderr]    Compiling zlink-idl v0.7.1
[INFO] [stderr]    Compiling zlink-macros v0.7.1 (/opt/rustwide/workdir)
[INFO] [stdout] warning: enum `FieldMode` is never used
[INFO] [stdout]   --> src/attr_mode.rs:10:17
[INFO] [stdout]    |
[INFO] [stdout] 10 | pub(crate) enum FieldMode {
[INFO] [stdout]    |                 ^^^^^^^^^
[INFO] [stdout]    |
[INFO] [stdout]    = note: `#[warn(dead_code)]` (part of `#[warn(unused)]`) on by default
[INFO] [stdout] 
[INFO] [stdout] 
[INFO] [stdout] warning: function `field_mode` is never used
[INFO] [stdout]   --> src/attr_mode.rs:21:15
[INFO] [stdout]    |
[INFO] [stdout] 21 | pub(crate) fn field_mode<S>(attrs: &[Attribute], span: &S) -> Result<FieldMode, Error>
[INFO] [stdout]    |               ^^^^^^^^^^
[INFO] [stdout] 
[INFO] [stdout] 
[INFO] [stderr]     Finished `dev` profile [unoptimized + debuginfo] target(s) in 10.30s
[INFO] running `Command { std: "docker" "inspect" "f8bfec4da9b97f8afb3d7e713c01511a9915d3d39e4dbab2b06884a3752264d0", kill_on_drop: false }`
[INFO] running `Command { std: "docker" "exec" "-e" "SOURCE_DIR=/opt/rustwide/workdir" "-e" "CARGO_HOME=/opt/rustwide/cargo-home" "-e" "RUSTUP_HOME=/opt/rustwide/rustup-home" "-e" "CARGO_TARGET_DIR=/opt/rustwide/target" "-e" "CARGO_INCREMENTAL=0" "-e" "RUST_BACKTRACE=full" "-e" "RUSTFLAGS=--cap-lints=warn" "-e" "RUSTDOCFLAGS=--cap-lints=warn" "-w" "/opt/rustwide/workdir" "--user" "0:0" "f8bfec4da9b97f8afb3d7e713c01511a9915d3d39e4dbab2b06884a3752264d0" "/opt/rustwide/cargo-home/bin/cargo" "+1.99.0-beta.8" "test" "--frozen" "--no-run" "--message-format=json", kill_on_drop: false }`
[INFO] [stderr]    Compiling proc-macro2 v1.0.103
[INFO] [stderr]    Compiling unicode-ident v1.0.20
[INFO] [stderr]    Compiling libc v0.2.177
[INFO] [stderr]    Compiling quote v1.0.41
[INFO] [stderr]    Compiling tracing-core v0.1.34
[INFO] [stderr]    Compiling regex-automata v0.4.13
[INFO] [stderr]    Compiling getrandom v0.3.4
[INFO] [stderr]    Compiling heapless v0.8.0
[INFO] [stderr]    Compiling rustix v1.1.2
[INFO] [stderr]    Compiling hash32 v0.3.1
[INFO] [stderr]    Compiling bitflags v2.10.0
[INFO] [stderr]    Compiling winnow v0.7.13
[INFO] [stderr]    Compiling serde_json v1.0.145
[INFO] [stderr]    Compiling linux-raw-sys v0.11.0
[INFO] [stderr]    Compiling tracing v0.1.41
[INFO] [stderr]    Compiling futures-task v0.3.31
[INFO] [stderr]    Compiling futures-core v0.3.31
[INFO] [stderr]    Compiling futures-util v0.3.31
[INFO] [stderr]    Compiling syn v2.0.108
[INFO] [stderr]    Compiling zlink-idl v0.7.1
[INFO] [stderr]    Compiling matchers v0.2.0
[INFO] [stderr]    Compiling tempfile v3.23.0
[INFO] [stderr]    Compiling tracing-subscriber v0.3.20
[INFO] [stderr]    Compiling serde_derive v1.0.228
[INFO] [stderr]    Compiling test-log-macros v0.2.18
[INFO] [stderr]    Compiling tokio-macros v2.6.0
[INFO] [stderr]    Compiling serde-prefix-all v0.1.0
[INFO] [stderr]    Compiling zlink-macros v0.7.1 (/opt/rustwide/workdir)
[INFO] [stderr]    Compiling test-log v0.2.18
[INFO] [stderr]    Compiling tokio v1.48.0
[INFO] [stdout] warning: enum `FieldMode` is never used
[INFO] [stdout]   --> src/attr_mode.rs:10:17
[INFO] [stdout]    |
[INFO] [stdout] 10 | pub(crate) enum FieldMode {
[INFO] [stdout]    |                 ^^^^^^^^^
[INFO] [stdout]    |
[INFO] [stdout]    = note: `#[warn(dead_code)]` (part of `#[warn(unused)]`) on by default
[INFO] [stdout] 
[INFO] [stdout] 
[INFO] [stdout] warning: function `field_mode` is never used
[INFO] [stdout]   --> src/attr_mode.rs:21:15
[INFO] [stdout]    |
[INFO] [stdout] 21 | pub(crate) fn field_mode<S>(attrs: &[Attribute], span: &S) -> Result<FieldMode, Error>
[INFO] [stdout]    |               ^^^^^^^^^^
[INFO] [stdout] 
[INFO] [stdout] 
[INFO] [stderr]    Compiling serde v1.0.228
[INFO] [stderr]    Compiling serde-json-core v0.6.0
[INFO] [stdout] error[E0432]: unresolved import `zlink`
[INFO] [stdout]  --> tests/proxy_crate_attr.rs:5:5
[INFO] [stdout]   |
[INFO] [stdout] 5 | use zlink::proxy;
[INFO] [stdout]   |     ^^^^^ use of unresolved module or unlinked crate `zlink`
[INFO] [stdout]   |
[INFO] [stdout]   = help: if you wanted to use a crate named `zlink`, use `cargo add zlink` to add it to your `Cargo.toml`
[INFO] [stdout] 
[INFO] [stdout] 
[INFO] [stdout] error[E0433]: cannot find module or crate `zlink` in this scope
[INFO] [stdout]   --> tests/proxy_crate_attr.rs:25:35
[INFO] [stdout]    |
[INFO] [stdout] 25 | #[derive(Debug, Clone, PartialEq, zlink::ReplyError)]
[INFO] [stdout]    |                                   ^^^^^ use of unresolved module or unlinked crate `zlink`
[INFO] [stdout] 
[INFO] [stdout] 
[INFO] [stdout] error: cannot find attribute `zlink` in this scope
[INFO] [stdout]   --> tests/proxy_crate_attr.rs:26:3
[INFO] [stdout]    |
[INFO] [stdout] 26 | #[zlink(interface = "org.example.test")]
[INFO] [stdout]    |   ^^^^^
[INFO] [stdout]    |
[INFO] [stdout] help: a built-in attribute with a similar name exists
[INFO] [stdout]    |
[INFO] [stdout] 26 - #[zlink(interface = "org.example.test")]
[INFO] [stdout] 26 + #[link(interface = "org.example.test")]
[INFO] [stdout]    |
[INFO] [stdout] 
[INFO] [stdout] 
[INFO] [stdout] error[E0433]: cannot find module or crate `zlink` in this scope
[INFO] [stdout]   --> tests/proxy/fd_passing.rs:10:5
[INFO] [stdout]    |
[INFO] [stdout] 10 | use zlink::{Connection, proxy, test_utils::mock_socket::MockSocket};
[INFO] [stdout]    |     ^^^^^ use of unresolved module or unlinked crate `zlink`
[INFO] [stdout]    |
[INFO] [stdout]    = help: if you wanted to use a crate named `zlink`, use `cargo add zlink` to add it to your `Cargo.toml`
[INFO] [stdout] 
[INFO] [stdout] 
[INFO] [stdout] error[E0432]: unresolved import `zlink`
[INFO] [stdout]   --> tests/proxy/fd_passing.rs:10:5
[INFO] [stdout]    |
[INFO] [stdout] 10 | use zlink::{Connection, proxy, test_utils::mock_socket::MockSocket};
[INFO] [stdout]    |     ^^^^^ use of unresolved module or unlinked crate `zlink`
[INFO] [stdout]    |
[INFO] [stdout]    = help: if you wanted to use a crate named `zlink`, use `cargo add zlink` to add it to your `Cargo.toml`
[INFO] [stdout] 
[INFO] [stdout] 
[INFO] [stdout] error[E0433]: cannot find module or crate `zlink` in this scope
[INFO] [stdout]  --> tests/proxy/basic.rs:4:9
[INFO] [stdout]   |
[INFO] [stdout] 4 |     use zlink::{Connection, proxy, test_utils::mock_socket::MockSocket};
[INFO] [stdout]   |         ^^^^^ use of unresolved module or unlinked crate `zlink`
[INFO] [stdout]   |
[INFO] [stdout]   = help: if you wanted to use a crate named `zlink`, use `cargo add zlink` to add it to your `Cargo.toml`
[INFO] [stdout] 
[INFO] [stdout] 
[INFO] [stdout] error[E0432]: unresolved import `zlink`
[INFO] [stdout]  --> tests/proxy/basic.rs:4:9
[INFO] [stdout]   |
[INFO] [stdout] 4 |     use zlink::{Connection, proxy, test_utils::mock_socket::MockSocket};
[INFO] [stdout]   |         ^^^^^ use of unresolved module or unlinked crate `zlink`
[INFO] [stdout]   |
[INFO] [stdout]   = help: if you wanted to use a crate named `zlink`, use `cargo add zlink` to add it to your `Cargo.toml`
[INFO] [stdout] 
[INFO] [stdout] 
[INFO] [stdout] error[E0433]: cannot find module or crate `zlink` in this scope
[INFO] [stdout]   --> tests/proxy/basic.rs:29:9
[INFO] [stdout]    |
[INFO] [stdout] 29 |     use zlink::{Connection, proxy, test_utils::mock_socket::MockSocket};
[INFO] [stdout]    |         ^^^^^ use of unresolved module or unlinked crate `zlink`
[INFO] [stdout]    |
[INFO] [stdout]    = help: if you wanted to use a crate named `zlink`, use `cargo add zlink` to add it to your `Cargo.toml`
[INFO] [stdout] 
[INFO] [stdout] 
[INFO] [stdout] error[E0432]: unresolved import `zlink`
[INFO] [stdout]   --> tests/proxy/basic.rs:29:9
[INFO] [stdout]    |
[INFO] [stdout] 29 |     use zlink::{Connection, proxy, test_utils::mock_socket::MockSocket};
[INFO] [stdout]    |         ^^^^^ use of unresolved module or unlinked crate `zlink`
[INFO] [stdout]    |
[INFO] [stdout]    = help: if you wanted to use a crate named `zlink`, use `cargo add zlink` to add it to your `Cargo.toml`
[INFO] [stdout] 
[INFO] [stdout] 
[INFO] [stdout] error[E0433]: cannot find module or crate `zlink` in this scope
[INFO] [stdout]   --> tests/proxy/basic.rs:51:9
[INFO] [stdout]    |
[INFO] [stdout] 51 |     use zlink::{Connection, proxy, test_utils::mock_socket::MockSocket};
[INFO] [stdout]    |         ^^^^^ use of unresolved module or unlinked crate `zlink`
[INFO] [stdout]    |
[INFO] [stdout]    = help: if you wanted to use a crate named `zlink`, use `cargo add zlink` to add it to your `Cargo.toml`
[INFO] [stdout] 
[INFO] [stdout] 
[INFO] [stdout] error[E0432]: unresolved import `zlink`
[INFO] [stdout]   --> tests/proxy/basic.rs:51:9
[INFO] [stdout]    |
[INFO] [stdout] 51 |     use zlink::{Connection, proxy, test_utils::mock_socket::MockSocket};
[INFO] [stdout]    |         ^^^^^ use of unresolved module or unlinked crate `zlink`
[INFO] [stdout]    |
[INFO] [stdout]    = help: if you wanted to use a crate named `zlink`, use `cargo add zlink` to add it to your `Cargo.toml`
[INFO] [stdout] 
[INFO] [stdout] 
[INFO] [stdout] error[E0433]: cannot find module or crate `zlink` in this scope
[INFO] [stdout]  --> tests/proxy/complex_lifetimes.rs:6:9
[INFO] [stdout]   |
[INFO] [stdout] 6 |     use zlink::{Connection, proxy, test_utils::mock_socket::MockSocket};
[INFO] [stdout]   |         ^^^^^ use of unresolved module or unlinked crate `zlink`
[INFO] [stdout]   |
[INFO] [stdout]   = help: if you wanted to use a crate named `zlink`, use `cargo add zlink` to add it to your `Cargo.toml`
[INFO] [stdout] 
[INFO] [stdout] 
[INFO] [stdout] error[E0432]: unresolved import `zlink`
[INFO] [stdout]  --> tests/proxy/complex_lifetimes.rs:6:9
[INFO] [stdout]   |
[INFO] [stdout] 6 |     use zlink::{Connection, proxy, test_utils::mock_socket::MockSocket};
[INFO] [stdout]   |         ^^^^^ use of unresolved module or unlinked crate `zlink`
[INFO] [stdout]   |
[INFO] [stdout]   = help: if you wanted to use a crate named `zlink`, use `cargo add zlink` to add it to your `Cargo.toml`
[INFO] [stdout] 
[INFO] [stdout] 
[INFO] [stdout] error[E0433]: cannot find module or crate `zlink` in this scope
[INFO] [stdout]  --> tests/proxy/generics.rs:9:9
[INFO] [stdout]   |
[INFO] [stdout] 9 |     use zlink::{Connection, proxy, test_utils::mock_socket::MockSocket};
[INFO] [stdout]   |         ^^^^^ use of unresolved module or unlinked crate `zlink`
[INFO] [stdout]   |
[INFO] [stdout]   = help: if you wanted to use a crate named `zlink`, use `cargo add zlink` to add it to your `Cargo.toml`
[INFO] [stdout] 
[INFO] [stdout] 
[INFO] [stdout] error[E0432]: unresolved import `zlink`
[INFO] [stdout]  --> tests/proxy/generics.rs:9:9
[INFO] [stdout]   |
[INFO] [stdout] 9 |     use zlink::{Connection, proxy, test_utils::mock_socket::MockSocket};
[INFO] [stdout]   |         ^^^^^ use of unresolved module or unlinked crate `zlink`
[INFO] [stdout]   |
[INFO] [stdout]   = help: if you wanted to use a crate named `zlink`, use `cargo add zlink` to add it to your `Cargo.toml`
[INFO] [stdout] 
[INFO] [stdout] 
[INFO] [stdout] error[E0433]: cannot find module or crate `zlink` in this scope
[INFO] [stdout]   --> tests/proxy/generics.rs:53:9
[INFO] [stdout]    |
[INFO] [stdout] 53 |     use zlink::{Connection, proxy, test_utils::mock_socket::MockSocket};
[INFO] [stdout]    |         ^^^^^ use of unresolved module or unlinked crate `zlink`
[INFO] [stdout]    |
[INFO] [stdout]    = help: if you wanted to use a crate named `zlink`, use `cargo add zlink` to add it to your `Cargo.toml`
[INFO] [stdout] 
[INFO] [stdout] 
[INFO] [stdout] error[E0432]: unresolved import `zlink`
[INFO] [stdout]   --> tests/proxy/generics.rs:53:9
[INFO] [stdout]    |
[INFO] [stdout] 53 |     use zlink::{Connection, proxy, test_utils::mock_socket::MockSocket};
[INFO] [stdout]    |         ^^^^^ use of unresolved module or unlinked crate `zlink`
[INFO] [stdout]    |
[INFO] [stdout]    = help: if you wanted to use a crate named `zlink`, use `cargo add zlink` to add it to your `Cargo.toml`
[INFO] [stdout] 
[INFO] [stdout] 
[INFO] [stdout] error[E0433]: cannot find module or crate `zlink` in this scope
[INFO] [stdout]  --> tests/proxy/lifetimes.rs:5:9
[INFO] [stdout]   |
[INFO] [stdout] 5 |     use zlink::{Connection, proxy, test_utils::mock_socket::MockSocket};
[INFO] [stdout]   |         ^^^^^ use of unresolved module or unlinked crate `zlink`
[INFO] [stdout]   |
[INFO] [stdout]   = help: if you wanted to use a crate named `zlink`, use `cargo add zlink` to add it to your `Cargo.toml`
[INFO] [stdout] 
[INFO] [stdout] 
[INFO] [stdout] error[E0432]: unresolved import `zlink`
[INFO] [stdout]  --> tests/proxy/lifetimes.rs:5:9
[INFO] [stdout]   |
[INFO] [stdout] 5 |     use zlink::{Connection, proxy, test_utils::mock_socket::MockSocket};
[INFO] [stdout]   |         ^^^^^ use of unresolved module or unlinked crate `zlink`
[INFO] [stdout]   |
[INFO] [stdout]   = help: if you wanted to use a crate named `zlink`, use `cargo add zlink` to add it to your `Cargo.toml`
[INFO] [stdout] 
[INFO] [stdout] 
[INFO] [stdout] error[E0433]: cannot find module or crate `zlink` in this scope
[INFO] [stdout]  --> tests/proxy/optional_params.rs:5:9
[INFO] [stdout]   |
[INFO] [stdout] 5 |     use zlink::{Connection, proxy, test_utils::mock_socket::MockSocket};
[INFO] [stdout]   |         ^^^^^ use of unresolved module or unlinked crate `zlink`
[INFO] [stdout]   |
[INFO] [stdout]   = help: if you wanted to use a crate named `zlink`, use `cargo add zlink` to add it to your `Cargo.toml`
[INFO] [stdout] 
[INFO] [stdout] 
[INFO] [stdout] error[E0432]: unresolved import `zlink`
[INFO] [stdout]  --> tests/proxy/optional_params.rs:5:9
[INFO] [stdout]   |
[INFO] [stdout] 5 |     use zlink::{Connection, proxy, test_utils::mock_socket::MockSocket};
[INFO] [stdout]   |         ^^^^^ use of unresolved module or unlinked crate `zlink`
[INFO] [stdout]   |
[INFO] [stdout]   = help: if you wanted to use a crate named `zlink`, use `cargo add zlink` to add it to your `Cargo.toml`
[INFO] [stdout] 
[INFO] [stdout] 
[INFO] [stdout] error[E0433]: cannot find module or crate `zlink` in this scope
[INFO] [stdout]  --> tests/proxy/rename.rs:5:9
[INFO] [stdout]   |
[INFO] [stdout] 5 |     use zlink::{Connection, proxy, test_utils::mock_socket::MockSocket};
[INFO] [stdout]   |         ^^^^^ use of unresolved module or unlinked crate `zlink`
[INFO] [stdout]   |
[INFO] [stdout]   = help: if you wanted to use a crate named `zlink`, use `cargo add zlink` to add it to your `Cargo.toml`
[INFO] [stdout] 
[INFO] [stdout] 
[INFO] [stdout] error[E0432]: unresolved import `zlink`
[INFO] [stdout]  --> tests/proxy/rename.rs:5:9
[INFO] [stdout]   |
[INFO] [stdout] 5 |     use zlink::{Connection, proxy, test_utils::mock_socket::MockSocket};
[INFO] [stdout]   |         ^^^^^ use of unresolved module or unlinked crate `zlink`
[INFO] [stdout]   |
[INFO] [stdout]   = help: if you wanted to use a crate named `zlink`, use `cargo add zlink` to add it to your `Cargo.toml`
[INFO] [stdout] 
[INFO] [stdout] 
[INFO] [stdout] error[E0433]: cannot find module or crate `zlink` in this scope
[INFO] [stdout]   --> tests/proxy/rename.rs:68:9
[INFO] [stdout]    |
[INFO] [stdout] 68 |     use zlink::{Connection, proxy, test_utils::mock_socket::MockSocket};
[INFO] [stdout]    |         ^^^^^ use of unresolved module or unlinked crate `zlink`
[INFO] [stdout]    |
[INFO] [stdout]    = help: if you wanted to use a crate named `zlink`, use `cargo add zlink` to add it to your `Cargo.toml`
[INFO] [stdout] 
[INFO] [stdout] 
[INFO] [stdout] error[E0432]: unresolved import `zlink`
[INFO] [stdout]   --> tests/proxy/rename.rs:68:9
[INFO] [stdout]    |
[INFO] [stdout] 68 |     use zlink::{Connection, proxy, test_utils::mock_socket::MockSocket};
[INFO] [stdout]    |         ^^^^^ use of unresolved module or unlinked crate `zlink`
[INFO] [stdout]    |
[INFO] [stdout]    = help: if you wanted to use a crate named `zlink`, use `cargo add zlink` to add it to your `Cargo.toml`
[INFO] [stdout] 
[INFO] [stdout] 
[INFO] [stdout] error[E0433]: cannot find module or crate `zlink` in this scope
[INFO] [stdout]    --> tests/proxy/rename.rs:134:9
[INFO] [stdout]     |
[INFO] [stdout] 134 |     use zlink::{Connection, proxy, test_utils::mock_socket::MockSocket};
[INFO] [stdout]     |         ^^^^^ use of unresolved module or unlinked crate `zlink`
[INFO] [stdout]     |
[INFO] [stdout]     = help: if you wanted to use a crate named `zlink`, use `cargo add zlink` to add it to your `Cargo.toml`
[INFO] [stdout] 
[INFO] [stdout] 
[INFO] [stdout] error[E0432]: unresolved import `zlink`
[INFO] [stdout]    --> tests/proxy/rename.rs:134:9
[INFO] [stdout]     |
[INFO] [stdout] 134 |     use zlink::{Connection, proxy, test_utils::mock_socket::MockSocket};
[INFO] [stdout]     |         ^^^^^ use of unresolved module or unlinked crate `zlink`
[INFO] [stdout]     |
[INFO] [stdout]     = help: if you wanted to use a crate named `zlink`, use `cargo add zlink` to add it to your `Cargo.toml`
[INFO] [stdout] 
[INFO] [stdout] 
[INFO] [stdout] error[E0433]: cannot find module or crate `zlink` in this scope
[INFO] [stdout]    --> tests/proxy/rename.rs:164:9
[INFO] [stdout]     |
[INFO] [stdout] 164 |     use zlink::{Connection, proxy, test_utils::mock_socket::MockSocket};
[INFO] [stdout]     |         ^^^^^ use of unresolved module or unlinked crate `zlink`
[INFO] [stdout]     |
[INFO] [stdout]     = help: if you wanted to use a crate named `zlink`, use `cargo add zlink` to add it to your `Cargo.toml`
[INFO] [stdout] 
[INFO] [stdout] 
[INFO] [stdout] error[E0432]: unresolved import `zlink`
[INFO] [stdout]    --> tests/proxy/rename.rs:164:9
[INFO] [stdout]     |
[INFO] [stdout] 164 |     use zlink::{Connection, proxy, test_utils::mock_socket::MockSocket};
[INFO] [stdout]     |         ^^^^^ use of unresolved module or unlinked crate `zlink`
[INFO] [stdout]     |
[INFO] [stdout]     = help: if you wanted to use a crate named `zlink`, use `cargo add zlink` to add it to your `Cargo.toml`
[INFO] [stdout] 
[INFO] [stdout] 
[INFO] [stdout] error[E0433]: cannot find module or crate `zlink` in this scope
[INFO] [stdout]    --> tests/proxy/rename.rs:217:9
[INFO] [stdout]     |
[INFO] [stdout] 217 |     use zlink::{Connection, proxy, test_utils::mock_socket::MockSocket};
[INFO] [stdout]     |         ^^^^^ use of unresolved module or unlinked crate `zlink`
[INFO] [stdout]     |
[INFO] [stdout]     = help: if you wanted to use a crate named `zlink`, use `cargo add zlink` to add it to your `Cargo.toml`
[INFO] [stdout] 
[INFO] [stdout] 
[INFO] [stdout] error[E0432]: unresolved import `zlink`
[INFO] [stdout]    --> tests/proxy/rename.rs:217:9
[INFO] [stdout]     |
[INFO] [stdout] 217 |     use zlink::{Connection, proxy, test_utils::mock_socket::MockSocket};
[INFO] [stdout]     |         ^^^^^ use of unresolved module or unlinked crate `zlink`
[INFO] [stdout]     |
[INFO] [stdout]     = help: if you wanted to use a crate named `zlink`, use `cargo add zlink` to add it to your `Cargo.toml`
[INFO] [stdout] 
[INFO] [stdout] 
[INFO] [stdout] error[E0433]: cannot find module or crate `zlink` in this scope
[INFO] [stdout]    --> tests/proxy/rename.rs:257:9
[INFO] [stdout]     |
[INFO] [stdout] 257 |     use zlink::{Connection, proxy, test_utils::mock_socket::MockSocket};
[INFO] [stdout]     |         ^^^^^ use of unresolved module or unlinked crate `zlink`
[INFO] [stdout]     |
[INFO] [stdout]     = help: if you wanted to use a crate named `zlink`, use `cargo add zlink` to add it to your `Cargo.toml`
[INFO] [stdout] 
[INFO] [stdout] 
[INFO] [stdout] error[E0432]: unresolved import `zlink`
[INFO] [stdout]    --> tests/proxy/rename.rs:257:9
[INFO] [stdout]     |
[INFO] [stdout] 257 |     use zlink::{Connection, proxy, test_utils::mock_socket::MockSocket};
[INFO] [stdout]     |         ^^^^^ use of unresolved module or unlinked crate `zlink`
[INFO] [stdout]     |
[INFO] [stdout]     = help: if you wanted to use a crate named `zlink`, use `cargo add zlink` to add it to your `Cargo.toml`
[INFO] [stdout] 
[INFO] [stdout] 
[INFO] [stdout] error[E0433]: cannot find module or crate `zlink` in this scope
[INFO] [stdout]    --> tests/proxy/rename.rs:298:9
[INFO] [stdout]     |
[INFO] [stdout] 298 |     use zlink::{Connection, proxy, test_utils::mock_socket::MockSocket};
[INFO] [stdout]     |         ^^^^^ use of unresolved module or unlinked crate `zlink`
[INFO] [stdout]     |
[INFO] [stdout]     = help: if you wanted to use a crate named `zlink`, use `cargo add zlink` to add it to your `Cargo.toml`
[INFO] [stdout] 
[INFO] [stdout] 
[INFO] [stdout] error[E0432]: unresolved import `zlink`
[INFO] [stdout]    --> tests/proxy/rename.rs:298:9
[INFO] [stdout]     |
[INFO] [stdout] 298 |     use zlink::{Connection, proxy, test_utils::mock_socket::MockSocket};
[INFO] [stdout]     |         ^^^^^ use of unresolved module or unlinked crate `zlink`
[INFO] [stdout]     |
[INFO] [stdout]     = help: if you wanted to use a crate named `zlink`, use `cargo add zlink` to add it to your `Cargo.toml`
[INFO] [stdout] 
[INFO] [stdout] 
[INFO] [stdout] error[E0433]: cannot find module or crate `zlink` in this scope
[INFO] [stdout]    --> tests/proxy/rename.rs:337:9
[INFO] [stdout]     |
[INFO] [stdout] 337 |     use zlink::{Connection, proxy, test_utils::mock_socket::MockSocket};
[INFO] [stdout]     |         ^^^^^ use of unresolved module or unlinked crate `zlink`
[INFO] [stdout]     |
[INFO] [stdout]     = help: if you wanted to use a crate named `zlink`, use `cargo add zlink` to add it to your `Cargo.toml`
[INFO] [stdout] 
[INFO] [stdout] 
[INFO] [stdout] error[E0432]: unresolved import `zlink`
[INFO] [stdout]    --> tests/proxy/rename.rs:337:9
[INFO] [stdout]     |
[INFO] [stdout] 337 |     use zlink::{Connection, proxy, test_utils::mock_socket::MockSocket};
[INFO] [stdout]     |         ^^^^^ use of unresolved module or unlinked crate `zlink`
[INFO] [stdout]     |
[INFO] [stdout]     = help: if you wanted to use a crate named `zlink`, use `cargo add zlink` to add it to your `Cargo.toml`
[INFO] [stdout] 
[INFO] [stdout] 
[INFO] [stdout] error[E0433]: cannot find module or crate `zlink` in this scope
[INFO] [stdout]    --> tests/proxy/rename.rs:397:9
[INFO] [stdout]     |
[INFO] [stdout] 397 |     use zlink::{Connection, proxy, test_utils::mock_socket::MockSocket};
[INFO] [stdout]     |         ^^^^^ use of unresolved module or unlinked crate `zlink`
[INFO] [stdout]     |
[INFO] [stdout]     = help: if you wanted to use a crate named `zlink`, use `cargo add zlink` to add it to your `Cargo.toml`
[INFO] [stdout] 
[INFO] [stdout] 
[INFO] [stdout] error[E0432]: unresolved import `zlink`
[INFO] [stdout]    --> tests/proxy/rename.rs:397:9
[INFO] [stdout]     |
[INFO] [stdout] 397 |     use zlink::{Connection, proxy, test_utils::mock_socket::MockSocket};
[INFO] [stdout]     |         ^^^^^ use of unresolved module or unlinked crate `zlink`
[INFO] [stdout]     |
[INFO] [stdout]     = help: if you wanted to use a crate named `zlink`, use `cargo add zlink` to add it to your `Cargo.toml`
[INFO] [stdout] 
[INFO] [stdout] 
[INFO] [stdout] error[E0433]: cannot find module or crate `zlink` in this scope
[INFO] [stdout]    --> tests/proxy/rename.rs:439:9
[INFO] [stdout]     |
[INFO] [stdout] 439 |     use zlink::{Connection, proxy, test_utils::mock_socket::MockSocket};
[INFO] [stdout]     |         ^^^^^ use of unresolved module or unlinked crate `zlink`
[INFO] [stdout]     |
[INFO] [stdout]     = help: if you wanted to use a crate named `zlink`, use `cargo add zlink` to add it to your `Cargo.toml`
[INFO] [stdout] 
[INFO] [stdout] 
[INFO] [stdout] error[E0432]: unresolved import `zlink`
[INFO] [stdout]    --> tests/proxy/rename.rs:439:9
[INFO] [stdout]     |
[INFO] [stdout] 439 |     use zlink::{Connection, proxy, test_utils::mock_socket::MockSocket};
[INFO] [stdout]     |         ^^^^^ use of unresolved module or unlinked crate `zlink`
[INFO] [stdout]     |
[INFO] [stdout]     = help: if you wanted to use a crate named `zlink`, use `cargo add zlink` to add it to your `Cargo.toml`
[INFO] [stdout] 
[INFO] [stdout] 
[INFO] [stdout] error[E0433]: cannot find module or crate `zlink` in this scope
[INFO] [stdout]  --> tests/proxy/streaming.rs:8:9
[INFO] [stdout]   |
[INFO] [stdout] 8 |     use zlink::{Connection, proxy, test_utils::mock_socket::MockSocket};
[INFO] [stdout]   |         ^^^^^ use of unresolved module or unlinked crate `zlink`
[INFO] [stdout]   |
[INFO] [stdout]   = help: if you wanted to use a crate named `zlink`, use `cargo add zlink` to add it to your `Cargo.toml`
[INFO] [stdout] 
[INFO] [stdout] 
[INFO] [stdout] error[E0432]: unresolved import `zlink`
[INFO] [stdout]  --> tests/proxy/streaming.rs:8:9
[INFO] [stdout]   |
[INFO] [stdout] 8 |     use zlink::{Connection, proxy, test_utils::mock_socket::MockSocket};
[INFO] [stdout]   |         ^^^^^ use of unresolved module or unlinked crate `zlink`
[INFO] [stdout]   |
[INFO] [stdout]   = help: if you wanted to use a crate named `zlink`, use `cargo add zlink` to add it to your `Cargo.toml`
[INFO] [stdout] 
[INFO] [stdout] 
[INFO] [stdout] warning: unused import: `super::*`
[INFO] [stdout]    --> src/utils.rs:317:9
[INFO] [stdout]     |
[INFO] [stdout] 317 |     use super::*;
[INFO] [stdout]     |         ^^^^^^^^
[INFO] [stdout]     |
[INFO] [stdout]     = note: `#[warn(unused_imports)]` (part of `#[warn(unused)]`) on by default
[INFO] [stdout] 
[INFO] [stdout] 
[INFO] [stdout] warning: unused import: `syn::parse_quote`
[INFO] [stdout]    --> src/utils.rs:318:9
[INFO] [stdout]     |
[INFO] [stdout] 318 |     use syn::parse_quote;
[INFO] [stdout]     |         ^^^^^^^^^^^^^^^^
[INFO] [stdout] 
[INFO] [stdout] 
[INFO] [stdout] error[E0433]: cannot find `zlink` in the list of imported crates
[INFO] [stdout]   --> tests/proxy_crate_attr.rs:22:35
[INFO] [stdout]    |
[INFO] [stdout] 22 |     async fn test(&mut self) -> ::zlink::Result<Result<(), TestError>>;
[INFO] [stdout]    |                                   ^^^^^ could not find `zlink` in the list of imported crates
[INFO] [stdout] 
[INFO] [stdout] 
[INFO] [stdout] error[E0433]: cannot find module or crate `zlink` in this scope
[INFO] [stdout]   --> tests/proxy_crate_attr.rs:10:33
[INFO] [stdout]    |
[INFO] [stdout] 10 |     async fn test(&mut self) -> zlink::Result<Result<(), TestError>>;
[INFO] [stdout]    |                                 ^^^^^ use of unresolved module or unlinked crate `zlink`
[INFO] [stdout]    |
[INFO] [stdout]    = help: if you wanted to use a crate named `zlink`, use `cargo add zlink` to add it to your `Cargo.toml`
[INFO] [stdout] 
[INFO] [stdout] 
[INFO] [stderr] error: could not compile `zlink-macros` (test "proxy_crate_attr") due to 6 previous errors
[INFO] [stdout] error[E0433]: cannot find module or crate `zlink` in this scope
[INFO] [stdout]   --> tests/proxy_crate_attr.rs:16:33
[INFO] [stdout]    |
[INFO] [stdout] 16 |     async fn test(&mut self) -> zlink::Result<Result<(), TestError>>;
[INFO] [stdout]    |                                 ^^^^^ use of unresolved module or unlinked crate `zlink`
[INFO] [stdout]    |
[INFO] [stdout]    = help: if you wanted to use a crate named `zlink`, use `cargo add zlink` to add it to your `Cargo.toml`
[INFO] [stdout] 
[INFO] [stdout] 
[INFO] [stderr] warning: build failed, waiting for other jobs to finish...
[INFO] [stdout] Some errors have detailed explanations: E0432, E0433.
[INFO] [stdout] 
[INFO] [stdout] For more information about an error, try `rustc --explain E0432`.
[INFO] [stdout] 
[INFO] [stdout] error: cannot find attribute `zlink` in this scope
[INFO] [stdout]   --> tests/proxy/streaming.rs:17:11
[INFO] [stdout]    |
[INFO] [stdout] 17 |         #[zlink(more)]
[INFO] [stdout]    |           ^^^^^
[INFO] [stdout]    |
[INFO] [stdout] help: a built-in attribute with a similar name exists
[INFO] [stdout]    |
[INFO] [stdout] 17 -         #[zlink(more)]
[INFO] [stdout] 17 +         #[link(more)]
[INFO] [stdout]    |
[INFO] [stdout] 
[INFO] [stdout] 
[INFO] [stdout] error: cannot find attribute `zlink` in this scope
[INFO] [stdout]   --> tests/proxy/streaming.rs:22:11
[INFO] [stdout]    |
[INFO] [stdout] 22 |         #[zlink(rename = "CustomStream", more)]
[INFO] [stdout]    |           ^^^^^
[INFO] [stdout]    |
[INFO] [stdout] help: a built-in attribute with a similar name exists
[INFO] [stdout]    |
[INFO] [stdout] 22 -         #[zlink(rename = "CustomStream", more)]
[INFO] [stdout] 22 +         #[link(rename = "CustomStream", more)]
[INFO] [stdout]    |
[INFO] [stdout] 
[INFO] [stdout] 
[INFO] [stdout] error: cannot find attribute `zlink` in this scope
[INFO] [stdout]    --> tests/proxy/rename.rs:271:15
[INFO] [stdout]     |
[INFO] [stdout] 271 |             #[zlink(rename = "customName")] setting_name: String,
[INFO] [stdout]     |               ^^^^^
[INFO] [stdout]     |
[INFO] [stdout] help: a built-in attribute with a similar name exists
[INFO] [stdout]     |
[INFO] [stdout] 271 -             #[zlink(rename = "customName")] setting_name: String,
[INFO] [stdout] 271 +             #[link(rename = "customName")] setting_name: String,
[INFO] [stdout]     |
[INFO] [stdout] 
[INFO] [stdout] 
[INFO] [stdout] error: cannot find attribute `zlink` in this scope
[INFO] [stdout]   --> tests/proxy/rename.rs:78:15
[INFO] [stdout]    |
[INFO] [stdout] 78 |             #[zlink(rename = "dryRun")] dry_run: bool,
[INFO] [stdout]    |               ^^^^^
[INFO] [stdout]    |
[INFO] [stdout] help: a built-in attribute with a similar name exists
[INFO] [stdout]    |
[INFO] [stdout] 78 -             #[zlink(rename = "dryRun")] dry_run: bool,
[INFO] [stdout] 78 +             #[link(rename = "dryRun")] dry_run: bool,
[INFO] [stdout]    |
[INFO] [stdout] 
[INFO] [stdout] 
[INFO] [stdout] error: cannot find attribute `zlink` in this scope
[INFO] [stdout]   --> tests/proxy/rename.rs:79:15
[INFO] [stdout]    |
[INFO] [stdout] 79 |             #[zlink(rename = "configValue")] config_value: String,
[INFO] [stdout]    |               ^^^^^
[INFO] [stdout]    |
[INFO] [stdout] help: a built-in attribute with a similar name exists
[INFO] [stdout]    |
[INFO] [stdout] 79 -             #[zlink(rename = "configValue")] config_value: String,
[INFO] [stdout] 79 +             #[link(rename = "configValue")] config_value: String,
[INFO] [stdout]    |
[INFO] [stdout] 
[INFO] [stdout] 
[INFO] [stdout] error: cannot find attribute `zlink` in this scope
[INFO] [stdout]  --> tests/proxy/rename.rs:9:11
[INFO] [stdout]   |
[INFO] [stdout] 9 |         #[zlink(rename = "GetData")]
[INFO] [stdout]   |           ^^^^^
[INFO] [stdout]   |
[INFO] [stdout] help: a built-in attribute with a similar name exists
[INFO] [stdout]   |
[INFO] [stdout] 9 -         #[zlink(rename = "GetData")]
[INFO] [stdout] 9 +         #[link(rename = "GetData")]
[INFO] [stdout]   |
[INFO] [stdout] 
[INFO] [stdout] 
[INFO] [stdout] error: cannot find attribute `zlink` in this scope
[INFO] [stdout]   --> tests/proxy/rename.rs:12:11
[INFO] [stdout]    |
[INFO] [stdout] 12 |         #[zlink(rename = "SetValue")]
[INFO] [stdout]    |           ^^^^^
[INFO] [stdout]    |
[INFO] [stdout] help: a built-in attribute with a similar name exists
[INFO] [stdout]    |
[INFO] [stdout] 12 -         #[zlink(rename = "SetValue")]
[INFO] [stdout] 12 +         #[link(rename = "SetValue")]
[INFO] [stdout]    |
[INFO] [stdout] 
[INFO] [stdout] 
[INFO] [stdout] error: cannot find attribute `zlink` in this scope
[INFO] [stdout]   --> tests/proxy/fd_passing.rs:20:11
[INFO] [stdout]    |
[INFO] [stdout] 20 |         #[zlink(fds)] fds: Vec<OwnedFd>,
[INFO] [stdout]    |           ^^^^^
[INFO] [stdout]    |
[INFO] [stdout] help: a built-in attribute with a similar name exists
[INFO] [stdout]    |
[INFO] [stdout] 20 -         #[zlink(fds)] fds: Vec<OwnedFd>,
[INFO] [stdout] 20 +         #[link(fds)] fds: Vec<OwnedFd>,
[INFO] [stdout]    |
[INFO] [stdout] 
[INFO] [stdout] 
[INFO] [stdout] error: cannot find attribute `zlink` in this scope
[INFO] [stdout]   --> tests/proxy/fd_passing.rs:24:7
[INFO] [stdout]    |
[INFO] [stdout] 24 |     #[zlink(return_fds)]
[INFO] [stdout]    |       ^^^^^
[INFO] [stdout]    |
[INFO] [stdout] help: a built-in attribute with a similar name exists
[INFO] [stdout]    |
[INFO] [stdout] 24 -     #[zlink(return_fds)]
[INFO] [stdout] 24 +     #[link(return_fds)]
[INFO] [stdout]    |
[INFO] [stdout] 
[INFO] [stdout] 
[INFO] [stdout] error: cannot find attribute `zlink` in this scope
[INFO] [stdout]   --> tests/proxy/basic.rs:57:15
[INFO] [stdout]    |
[INFO] [stdout] 57 |             #[zlink(rename = "user_name")] name: String,
[INFO] [stdout]    |               ^^^^^
[INFO] [stdout]    |
[INFO] [stdout] help: a built-in attribute with a similar name exists
[INFO] [stdout]    |
[INFO] [stdout] 57 -             #[zlink(rename = "user_name")] name: String,
[INFO] [stdout] 57 +             #[link(rename = "user_name")] name: String,
[INFO] [stdout]    |
[INFO] [stdout] 
[INFO] [stdout] 
[INFO] [stdout] error: cannot find attribute `zlink` in this scope
[INFO] [stdout]   --> tests/proxy/basic.rs:58:15
[INFO] [stdout]    |
[INFO] [stdout] 58 |             #[zlink(rename = "user_email")] email: String,
[INFO] [stdout]    |               ^^^^^
[INFO] [stdout]    |
[INFO] [stdout] help: a built-in attribute with a similar name exists
[INFO] [stdout]    |
[INFO] [stdout] 58 -             #[zlink(rename = "user_email")] email: String,
[INFO] [stdout] 58 +             #[link(rename = "user_email")] email: String,
[INFO] [stdout]    |
[INFO] [stdout] 
[INFO] [stdout] 
[INFO] [stdout] error: cannot find attribute `zlink` in this scope
[INFO] [stdout]   --> tests/proxy/basic.rs:33:11
[INFO] [stdout]    |
[INFO] [stdout] 33 |         #[zlink(oneway)]
[INFO] [stdout]    |           ^^^^^
[INFO] [stdout]    |
[INFO] [stdout] help: a built-in attribute with a similar name exists
[INFO] [stdout]    |
[INFO] [stdout] 33 -         #[zlink(oneway)]
[INFO] [stdout] 33 +         #[link(oneway)]
[INFO] [stdout]    |
[INFO] [stdout] 
[INFO] [stdout] 
[INFO] [stdout] warning: enum `FieldMode` is never used
[INFO] [stdout]   --> src/attr_mode.rs:10:17
[INFO] [stdout]    |
[INFO] [stdout] 10 | pub(crate) enum FieldMode {
[INFO] [stdout]    |                 ^^^^^^^^^
[INFO] [stdout]    |
[INFO] [stdout]    = note: `#[warn(dead_code)]` (part of `#[warn(unused)]`) on by default
[INFO] [stdout] 
[INFO] [stdout] 
[INFO] [stdout] warning: function `field_mode` is never used
[INFO] [stdout]   --> src/attr_mode.rs:21:15
[INFO] [stdout]    |
[INFO] [stdout] 21 | pub(crate) fn field_mode<S>(attrs: &[Attribute], span: &S) -> Result<FieldMode, Error>
[INFO] [stdout]    |               ^^^^^^^^^^
[INFO] [stdout] 
[INFO] [stdout] 
[INFO] [stdout] error[E0433]: cannot find module or crate `zlink` in this scope
[INFO] [stdout]  --> tests/proxy/basic.rs:8:37
[INFO] [stdout]   |
[INFO] [stdout] 8 |         async fn ping(&mut self) -> zlink::Result<Result<(), BasicError>>;
[INFO] [stdout]   |                                     ^^^^^ use of unresolved module or unlinked crate `zlink`
[INFO] [stdout]   |
[INFO] [stdout]   = help: if you wanted to use a crate named `zlink`, use `cargo add zlink` to add it to your `Cargo.toml`
[INFO] [stdout] 
[INFO] [stdout] 
[INFO] [stdout] error[E0433]: cannot find module or crate `zlink` in this scope
[INFO] [stdout]   --> tests/proxy/basic.rs:34:56
[INFO] [stdout]    |
[INFO] [stdout] 34 |         async fn notify(&mut self, message: String) -> zlink::Result<()>;
[INFO] [stdout]    |                                                        ^^^^^ use of unresolved module or unlinked crate `zlink`
[INFO] [stdout]    |
[INFO] [stdout]    = help: if you wanted to use a crate named `zlink`, use `cargo add zlink` to add it to your `Cargo.toml`
[INFO] [stdout] 
[INFO] [stdout] 
[INFO] [stdout] error[E0433]: cannot find module or crate `zlink` in this scope
[INFO] [stdout]   --> tests/proxy/basic.rs:59:14
[INFO] [stdout]    |
[INFO] [stdout] 59 |         ) -> zlink::Result<Result<UserId, BasicError>>;
[INFO] [stdout]    |              ^^^^^ use of unresolved module or unlinked crate `zlink`
[INFO] [stdout]    |
[INFO] [stdout]    = help: if you wanted to use a crate named `zlink`, use `cargo add zlink` to add it to your `Cargo.toml`
[INFO] [stdout] 
[INFO] [stdout] 
[INFO] [stdout] error[E0433]: cannot find module or crate `zlink` in this scope
[INFO] [stdout]   --> tests/proxy/complex_lifetimes.rs:15:14
[INFO] [stdout]    |
[INFO] [stdout] 15 |         ) -> zlink::Result<Result<Vec<Item>, Error>>;
[INFO] [stdout]    |              ^^^^^ use of unresolved module or unlinked crate `zlink`
[INFO] [stdout]    |
[INFO] [stdout]    = help: if you wanted to use a crate named `zlink`, use `cargo add zlink` to add it to your `Cargo.toml`
[INFO] [stdout] 
[INFO] [stdout] 
[INFO] [stdout] error[E0433]: cannot find module or crate `zlink` in this scope
[INFO] [stdout]   --> tests/proxy/complex_lifetimes.rs:20:14
[INFO] [stdout]    |
[INFO] [stdout] 20 |         ) -> zlink::Result<Result<ProcessNestedReply<'_>, Error>>;
[INFO] [stdout]    |              ^^^^^ use of unresolved module or unlinked crate `zlink`
[INFO] [stdout]    |
[INFO] [stdout]    = help: if you wanted to use a crate named `zlink`, use `cargo add zlink` to add it to your `Cargo.toml`
[INFO] [stdout] 
[INFO] [stdout] 
[INFO] [stdout] error[E0433]: cannot find module or crate `zlink` in this scope
[INFO] [stdout]   --> tests/proxy/complex_lifetimes.rs:25:14
[INFO] [stdout]    |
[INFO] [stdout] 25 |         ) -> zlink::Result<Result<TuplesReply, Error>>;
[INFO] [stdout]    |              ^^^^^ use of unresolved module or unlinked crate `zlink`
[INFO] [stdout]    |
[INFO] [stdout]    = help: if you wanted to use a crate named `zlink`, use `cargo add zlink` to add it to your `Cargo.toml`
[INFO] [stdout] 
[INFO] [stdout] 
[INFO] [stdout] error[E0433]: cannot find module or crate `zlink` in this scope
[INFO] [stdout]   --> tests/proxy/complex_lifetimes.rs:30:14
[INFO] [stdout]    |
[INFO] [stdout] 30 |         ) -> zlink::Result<Result<Response<'_>, CustomError<'_>>>;
[INFO] [stdout]    |              ^^^^^ use of unresolved module or unlinked crate `zlink`
[INFO] [stdout]    |
[INFO] [stdout]    = help: if you wanted to use a crate named `zlink`, use `cargo add zlink` to add it to your `Cargo.toml`
[INFO] [stdout] 
[INFO] [stdout] 
[INFO] [stdout] error[E0433]: cannot find module or crate `zlink` in this scope
[INFO] [stdout]   --> tests/proxy/fd_passing.rs:21:10
[INFO] [stdout]    |
[INFO] [stdout] 21 |     ) -> zlink::Result<Result<ProcessInfo, FileError>>;
[INFO] [stdout]    |          ^^^^^ use of unresolved module or unlinked crate `zlink`
[INFO] [stdout]    |
[INFO] [stdout]    = help: if you wanted to use a crate named `zlink`, use `cargo add zlink` to add it to your `Cargo.toml`
[INFO] [stdout] 
[INFO] [stdout] 
[INFO] [stdout] error[E0433]: cannot find module or crate `zlink` in this scope
[INFO] [stdout]   --> tests/proxy/fd_passing.rs:28:10
[INFO] [stdout]    |
[INFO] [stdout] 28 |     ) -> zlink::Result<(Result<Vec<FileInfo>, FileError>, Vec<OwnedFd>)>;
[INFO] [stdout]    |          ^^^^^ use of unresolved module or unlinked crate `zlink`
[INFO] [stdout]    |
[INFO] [stdout]    = help: if you wanted to use a crate named `zlink`, use `cargo add zlink` to add it to your `Cargo.toml`
[INFO] [stdout] 
[INFO] [stdout] 
[INFO] [stdout] error[E0433]: cannot find module or crate `zlink` in this scope
[INFO] [stdout]   --> tests/proxy/generics.rs:22:14
[INFO] [stdout]    |
[INFO] [stdout] 22 |         ) -> zlink::Result<Result<ProcessReply<'_>, Error>>;
[INFO] [stdout]    |              ^^^^^ use of unresolved module or unlinked crate `zlink`
[INFO] [stdout]    |
[INFO] [stdout]    = help: if you wanted to use a crate named `zlink`, use `cargo add zlink` to add it to your `Cargo.toml`
[INFO] [stdout] 
[INFO] [stdout] 
[INFO] [stdout] error[E0433]: cannot find module or crate `zlink` in this scope
[INFO] [stdout]   --> tests/proxy/generics.rs:26:14
[INFO] [stdout]    |
[INFO] [stdout] 26 |         ) -> zlink::Result<Result<ProcessReply<'_>, Error>>;
[INFO] [stdout]    |              ^^^^^ use of unresolved module or unlinked crate `zlink`
[INFO] [stdout]    |
[INFO] [stdout]    = help: if you wanted to use a crate named `zlink`, use `cargo add zlink` to add it to your `Cargo.toml`
[INFO] [stdout] 
[INFO] [stdout] 
[INFO] [stdout] error[E0433]: cannot find module or crate `zlink` in this scope
[INFO] [stdout]   --> tests/proxy/generics.rs:63:49
[INFO] [stdout]    |
[INFO] [stdout] 63 |         async fn get<T>(&mut self, value: T) -> zlink::Result<Result<GetReply<'_>, Error>>
[INFO] [stdout]    |                                                 ^^^^^ use of unresolved module or unlinked crate `zlink`
[INFO] [stdout]    |
[INFO] [stdout]    = help: if you wanted to use a crate named `zlink`, use `cargo add zlink` to add it to your `Cargo.toml`
[INFO] [stdout] 
[INFO] [stdout] 
[INFO] [stdout] error[E0433]: cannot find module or crate `zlink` in this scope
[INFO] [stdout]   --> tests/proxy/generics.rs:66:50
[INFO] [stdout]    |
[INFO] [stdout] 66 |         async fn get2<U>(&mut self, value: U) -> zlink::Result<Result<GetReply<'_>, Error>>
[INFO] [stdout]    |                                                  ^^^^^ use of unresolved module or unlinked crate `zlink`
[INFO] [stdout]    |
[INFO] [stdout]    = help: if you wanted to use a crate named `zlink`, use `cargo add zlink` to add it to your `Cargo.toml`
[INFO] [stdout] 
[INFO] [stdout] 
[INFO] [stdout] error[E0433]: cannot find module or crate `zlink` in this scope
[INFO] [stdout]   --> tests/proxy/lifetimes.rs:14:14
[INFO] [stdout]    |
[INFO] [stdout] 14 |         ) -> zlink::Result<Result<Response<'_>, Error>>;
[INFO] [stdout]    |              ^^^^^ use of unresolved module or unlinked crate `zlink`
[INFO] [stdout]    |
[INFO] [stdout]    = help: if you wanted to use a crate named `zlink`, use `cargo add zlink` to add it to your `Cargo.toml`
[INFO] [stdout] 
[INFO] [stdout] 
[INFO] [stdout] error[E0433]: cannot find module or crate `zlink` in this scope
[INFO] [stdout]   --> tests/proxy/lifetimes.rs:19:14
[INFO] [stdout]    |
[INFO] [stdout] 19 |         ) -> zlink::Result<Result<LifetimeReply<'_>, Error>>;
[INFO] [stdout]    |              ^^^^^ use of unresolved module or unlinked crate `zlink`
[INFO] [stdout]    |
[INFO] [stdout]    = help: if you wanted to use a crate named `zlink`, use `cargo add zlink` to add it to your `Cargo.toml`
[INFO] [stdout] 
[INFO] [stdout] 
[INFO] [stdout] error[E0433]: cannot find module or crate `zlink` in this scope
[INFO] [stdout]   --> tests/proxy/optional_params.rs:15:14
[INFO] [stdout]    |
[INFO] [stdout] 15 |         ) -> zlink::Result<Result<OptionalsReply<'_>, Error>>;
[INFO] [stdout]    |              ^^^^^ use of unresolved module or unlinked crate `zlink`
[INFO] [stdout]    |
[INFO] [stdout]    = help: if you wanted to use a crate named `zlink`, use `cargo add zlink` to add it to your `Cargo.toml`
[INFO] [stdout] 
[INFO] [stdout] 
[INFO] [stdout] error[E0433]: cannot find module or crate `zlink` in this scope
[INFO] [stdout]   --> tests/proxy/optional_params.rs:25:14
[INFO] [stdout]    |
[INFO] [stdout] 25 |         ) -> zlink::Result<Result<(), Error>>;
[INFO] [stdout]    |              ^^^^^ use of unresolved module or unlinked crate `zlink`
[INFO] [stdout]    |
[INFO] [stdout]    = help: if you wanted to use a crate named `zlink`, use `cargo add zlink` to add it to your `Cargo.toml`
[INFO] [stdout] 
[INFO] [stdout] 
[INFO] [stdout] error[E0433]: cannot find module or crate `zlink` in this scope
[INFO] [stdout]   --> tests/proxy/rename.rs:10:41
[INFO] [stdout]    |
[INFO] [stdout] 10 |         async fn get_data(&mut self) -> zlink::Result<Result<GetDataReply<'_>, Error>>;
[INFO] [stdout]    |                                         ^^^^^ use of unresolved module or unlinked crate `zlink`
[INFO] [stdout]    |
[INFO] [stdout]    = help: if you wanted to use a crate named `zlink`, use `cargo add zlink` to add it to your `Cargo.toml`
[INFO] [stdout] 
[INFO] [stdout] 
[INFO] [stdout] error[E0433]: cannot find module or crate `zlink` in this scope
[INFO] [stdout]   --> tests/proxy/rename.rs:13:57
[INFO] [stdout]    |
[INFO] [stdout] 13 |         async fn update_value(&mut self, value: i32) -> zlink::Result<Result<(), Error>>;
[INFO] [stdout]    |                                                         ^^^^^ use of unresolved module or unlinked crate `zlink`
[INFO] [stdout]    |
[INFO] [stdout]    = help: if you wanted to use a crate named `zlink`, use `cargo add zlink` to add it to your `Cargo.toml`
[INFO] [stdout] 
[INFO] [stdout] 
[INFO] [stdout] error[E0433]: cannot find module or crate `zlink` in this scope
[INFO] [stdout]   --> tests/proxy/rename.rs:16:50
[INFO] [stdout]    |
[INFO] [stdout] 16 |         async fn snake_case_method(&mut self) -> zlink::Result<Result<(), Error>>;
[INFO] [stdout]    |                                                  ^^^^^ use of unresolved module or unlinked crate `zlink`
[INFO] [stdout]    |
[INFO] [stdout]    = help: if you wanted to use a crate named `zlink`, use `cargo add zlink` to add it to your `Cargo.toml`
[INFO] [stdout] 
[INFO] [stdout] 
[INFO] [stdout] error[E0433]: cannot find module or crate `zlink` in this scope
[INFO] [stdout]   --> tests/proxy/rename.rs:80:14
[INFO] [stdout]    |
[INFO] [stdout] 80 |         ) -> zlink::Result<Result<(), Error>>;
[INFO] [stdout]    |              ^^^^^ use of unresolved module or unlinked crate `zlink`
[INFO] [stdout]    |
[INFO] [stdout]    = help: if you wanted to use a crate named `zlink`, use `cargo add zlink` to add it to your `Cargo.toml`
[INFO] [stdout] 
[INFO] [stdout] 
[INFO] [stdout] error[E0433]: cannot find module or crate `zlink` in this scope
[INFO] [stdout]    --> tests/proxy/rename.rs:140:52
[INFO] [stdout]     |
[INFO] [stdout] 140 |         async fn r#type(&mut self, r#move: i32) -> zlink::Result<Result<(), Error>>;
[INFO] [stdout]     |                                                    ^^^^^ use of unresolved module or unlinked crate `zlink`
[INFO] [stdout]     |
[INFO] [stdout]     = help: if you wanted to use a crate named `zlink`, use `cargo add zlink` to add it to your `Cargo.toml`
[INFO] [stdout] 
[INFO] [stdout] 
[INFO] [stdout] error[E0433]: cannot find module or crate `zlink` in this scope
[INFO] [stdout]    --> tests/proxy/rename.rs:172:52
[INFO] [stdout]     |
[INFO] [stdout] 172 |         async fn r#type(&mut self, r#move: i32) -> zlink::Result<Result<(), Error>>;
[INFO] [stdout]     |                                                    ^^^^^ use of unresolved module or unlinked crate `zlink`
[INFO] [stdout]     |
[INFO] [stdout]     = help: if you wanted to use a crate named `zlink`, use `cargo add zlink` to add it to your `Cargo.toml`
[INFO] [stdout] 
[INFO] [stdout] 
[INFO] [stdout] error[E0433]: cannot find module or crate `zlink` in this scope
[INFO] [stdout]    --> tests/proxy/rename.rs:232:14
[INFO] [stdout]     |
[INFO] [stdout] 232 |         ) -> zlink::Result<Result<(), Error>>;
[INFO] [stdout]     |              ^^^^^ use of unresolved module or unlinked crate `zlink`
[INFO] [stdout]     |
[INFO] [stdout]     = help: if you wanted to use a crate named `zlink`, use `cargo add zlink` to add it to your `Cargo.toml`
[INFO] [stdout] 
[INFO] [stdout] 
[INFO] [stdout] error[E0433]: cannot find module or crate `zlink` in this scope
[INFO] [stdout]    --> tests/proxy/rename.rs:273:14
[INFO] [stdout]     |
[INFO] [stdout] 273 |         ) -> zlink::Result<Result<(), Error>>;
[INFO] [stdout]     |              ^^^^^ use of unresolved module or unlinked crate `zlink`
[INFO] [stdout]     |
[INFO] [stdout]     = help: if you wanted to use a crate named `zlink`, use `cargo add zlink` to add it to your `Cargo.toml`
[INFO] [stdout] 
[INFO] [stdout] 
[INFO] [stdout] error[E0433]: cannot find module or crate `zlink` in this scope
[INFO] [stdout]    --> tests/proxy/rename.rs:313:14
[INFO] [stdout]     |
[INFO] [stdout] 313 |         ) -> zlink::Result<Result<(), Error>>;
[INFO] [stdout]     |              ^^^^^ use of unresolved module or unlinked crate `zlink`
[INFO] [stdout]     |
[INFO] [stdout]     = help: if you wanted to use a crate named `zlink`, use `cargo add zlink` to add it to your `Cargo.toml`
[INFO] [stdout] 
[INFO] [stdout] 
[INFO] [stdout] error[E0433]: cannot find module or crate `zlink` in this scope
[INFO] [stdout]    --> tests/proxy/rename.rs:352:14
[INFO] [stdout]     |
[INFO] [stdout] 352 |         ) -> zlink::Result<Result<(), Error>>;
[INFO] [stdout]     |              ^^^^^ use of unresolved module or unlinked crate `zlink`
[INFO] [stdout]     |
[INFO] [stdout]     = help: if you wanted to use a crate named `zlink`, use `cargo add zlink` to add it to your `Cargo.toml`
[INFO] [stdout] 
[INFO] [stdout] 
[INFO] [stdout] error[E0433]: cannot find module or crate `zlink` in this scope
[INFO] [stdout]    --> tests/proxy/rename.rs:414:14
[INFO] [stdout]     |
[INFO] [stdout] 414 |         ) -> zlink::Result<Result<(), Error>>;
[INFO] [stdout]     |              ^^^^^ use of unresolved module or unlinked crate `zlink`
[INFO] [stdout]     |
[INFO] [stdout]     = help: if you wanted to use a crate named `zlink`, use `cargo add zlink` to add it to your `Cargo.toml`
[INFO] [stdout] 
[INFO] [stdout] 
[INFO] [stdout] error[E0433]: cannot find module or crate `zlink` in this scope
[INFO] [stdout]    --> tests/proxy/rename.rs:454:14
[INFO] [stdout]     |
[INFO] [stdout] 454 |         ) -> zlink::Result<Result<(), Error>>;
[INFO] [stdout]     |              ^^^^^ use of unresolved module or unlinked crate `zlink`
[INFO] [stdout]     |
[INFO] [stdout]     = help: if you wanted to use a crate named `zlink`, use `cargo add zlink` to add it to your `Cargo.toml`
[INFO] [stdout] 
[INFO] [stdout] 
[INFO] [stdout] error[E0433]: cannot find module or crate `zlink` in this scope
[INFO] [stdout]   --> tests/proxy/streaming.rs:15:43
[INFO] [stdout]    |
[INFO] [stdout] 15 |         async fn get_single(&mut self) -> zlink::Result<Result<SingleReply<'_>, Error>>;
[INFO] [stdout]    |                                           ^^^^^ use of unresolved module or unlinked crate `zlink`
[INFO] [stdout]    |
[INFO] [stdout]    = help: if you wanted to use a crate named `zlink`, use `cargo add zlink` to add it to your `Cargo.toml`
[INFO] [stdout] 
[INFO] [stdout] 
[INFO] [stdout] error[E0433]: cannot find module or crate `zlink` in this scope
[INFO] [stdout]   --> tests/proxy/streaming.rs:20:14
[INFO] [stdout]    |
[INFO] [stdout] 20 |         ) -> zlink::Result<impl Stream<Item = zlink::Result<Result<StreamReply, Error>>>>;
[INFO] [stdout]    |              ^^^^^ use of unresolved module or unlinked crate `zlink`
[INFO] [stdout]    |
[INFO] [stdout]    = help: if you wanted to use a crate named `zlink`, use `cargo add zlink` to add it to your `Cargo.toml`
[INFO] [stdout] 
[INFO] [stdout] 
[INFO] [stdout] error[E0433]: cannot find module or crate `zlink` in this scope
[INFO] [stdout]   --> tests/proxy/streaming.rs:20:47
[INFO] [stdout]    |
[INFO] [stdout] 20 |         ) -> zlink::Result<impl Stream<Item = zlink::Result<Result<StreamReply, Error>>>>;
[INFO] [stdout]    |                                               ^^^^^ use of unresolved module or unlinked crate `zlink`
[INFO] [stdout]    |
[INFO] [stdout]    = help: if you wanted to use a crate named `zlink`, use `cargo add zlink` to add it to your `Cargo.toml`
[INFO] [stdout] 
[INFO] [stdout] 
[INFO] [stdout] error[E0433]: cannot find module or crate `zlink` in this scope
[INFO] [stdout]   --> tests/proxy/streaming.rs:26:14
[INFO] [stdout]    |
[INFO] [stdout] 26 |         ) -> zlink::Result<impl Stream<Item = zlink::Result<Result<Item, Error>>>>;
[INFO] [stdout]    |              ^^^^^ use of unresolved module or unlinked crate `zlink`
[INFO] [stdout]    |
[INFO] [stdout]    = help: if you wanted to use a crate named `zlink`, use `cargo add zlink` to add it to your `Cargo.toml`
[INFO] [stdout] 
[INFO] [stdout] 
[INFO] [stdout] error[E0433]: cannot find module or crate `zlink` in this scope
[INFO] [stdout]   --> tests/proxy/streaming.rs:26:47
[INFO] [stdout]    |
[INFO] [stdout] 26 |         ) -> zlink::Result<impl Stream<Item = zlink::Result<Result<Item, Error>>>>;
[INFO] [stdout]    |                                               ^^^^^ use of unresolved module or unlinked crate `zlink`
[INFO] [stdout]    |
[INFO] [stdout]    = help: if you wanted to use a crate named `zlink`, use `cargo add zlink` to add it to your `Cargo.toml`
[INFO] [stdout] 
[INFO] [stdout] 
[INFO] [stdout] Some errors have detailed explanations: E0432, E0433.
[INFO] [stdout] 
[INFO] [stdout] For more information about an error, try `rustc --explain E0432`.
[INFO] [stdout] 
[INFO] [stderr] error: could not compile `zlink-macros` (test "proxy") due to 86 previous errors
[INFO] running `Command { std: "docker" "inspect" "f8bfec4da9b97f8afb3d7e713c01511a9915d3d39e4dbab2b06884a3752264d0", kill_on_drop: false }`
[INFO] running `Command { std: "docker" "rm" "-f" "f8bfec4da9b97f8afb3d7e713c01511a9915d3d39e4dbab2b06884a3752264d0", kill_on_drop: false }`
[INFO] [stdout] f8bfec4da9b97f8afb3d7e713c01511a9915d3d39e4dbab2b06884a3752264d0
