[INFO] fetching crate zk402-groth16 0.1.1...
[INFO] testing zk402-groth16-0.1.1 against 1.99.0-beta.8 for beta-1.100-2
[INFO] extracting crate zk402-groth16 0.1.1 into /workspace/builds/worker-5-tc1/source
[INFO] started tweaking crates.io crate zk402-groth16 0.1.1
[INFO] finished tweaking crates.io crate zk402-groth16 0.1.1
[INFO] tweaked toml for crates.io crate zk402-groth16 0.1.1 written to /workspace/builds/worker-5-tc1/source/Cargo.toml
[INFO] validating manifest of crates.io crate zk402-groth16 0.1.1 on toolchain 1.99.0-beta.8
[INFO] running `Command { std: CARGO_HOME="/workspace/cargo-home" RUSTUP_HOME="/workspace/rustup-home" "/workspace/cargo-home/bin/cargo" "+1.99.0-beta.8" "metadata" "--manifest-path" "Cargo.toml" "--no-deps", kill_on_drop: false }`
[INFO] crate crates.io crate zk402-groth16 0.1.1 already has a lockfile, it will not be regenerated
[INFO] running `Command { std: CARGO_HOME="/workspace/cargo-home" RUSTUP_HOME="/workspace/rustup-home" "/workspace/cargo-home/bin/cargo" "+1.99.0-beta.8" "fetch" "--manifest-path" "Cargo.toml", kill_on_drop: false }`
[INFO] [stderr]     Updating crates.io index
[INFO] [stderr]  Downloading crates ...
[INFO] [stderr]   Downloaded ark-serialize v0.4.2
[INFO] [stderr]   Downloaded zk402-core v0.1.1
[INFO] [stderr]   Downloaded ark-serialize-derive v0.4.2
[INFO] [stderr]   Downloaded ark-std v0.4.0
[INFO] [stderr]   Downloaded ark-relations v0.4.0
[INFO] [stderr]   Downloaded ark-ff-asm v0.4.2
[INFO] [stderr]   Downloaded ark-ec v0.4.2
[INFO] [stderr]   Downloaded ark-groth16 v0.4.0
[INFO] [stderr]   Downloaded ark-snark v0.4.0
[INFO] [stderr]   Downloaded ark-r1cs-std v0.4.0
[INFO] [stderr]   Downloaded ark-poly v0.4.2
[INFO] [stderr]   Downloaded ark-ed-on-bls12-381 v0.4.0
[INFO] [stderr]   Downloaded ark-ff v0.4.2
[INFO] [stderr]   Downloaded ark-bls12-381 v0.4.0
[INFO] [stderr]   Downloaded ark-ff-macros v0.4.2
[INFO] [stderr]   Downloaded ark-crypto-primitives v0.4.0
[INFO] running `Command { std: "docker" "create" "-v" "/var/lib/crater-agent-workspace/builds/worker-5-tc1/source:/opt/rustwide/workdir:ro,Z" "-v" "/var/lib/crater-agent-workspace/builds/worker-5-tc1/target:/opt/rustwide/target:rw,Z" "-v" "/var/lib/crater-agent-workspace/cargo-home:/opt/rustwide/cargo-home:ro,Z" "-v" "/var/lib/crater-agent-workspace/rustup-home:/opt/rustwide/rustup-home:ro,Z" "-m" "1610612736" "--network" "none" "ghcr.io/rust-lang/crates-build-env/linux@sha256:3111399a4047eeb3a02b7a90e478d715f38a8c6669b5c4b49d30a17385265909" "sleep" "infinity", kill_on_drop: false }`
[INFO] [stdout] b2b8c5c1eb5f8fbe83ac8847509e9f91c01eaad510bfe0ebf0d5c4e9229806bc
[INFO] running `Command { std: "docker" "start" "b2b8c5c1eb5f8fbe83ac8847509e9f91c01eaad510bfe0ebf0d5c4e9229806bc", kill_on_drop: false }`
[INFO] running `Command { std: "docker" "inspect" "b2b8c5c1eb5f8fbe83ac8847509e9f91c01eaad510bfe0ebf0d5c4e9229806bc", kill_on_drop: false }`
[INFO] running `Command { std: "docker" "exec" "-e" "SOURCE_DIR=/opt/rustwide/workdir" "-e" "CARGO_HOME=/opt/rustwide/cargo-home" "-e" "RUSTUP_HOME=/opt/rustwide/rustup-home" "-e" "CARGO_TARGET_DIR=/opt/rustwide/target" "-w" "/opt/rustwide/workdir" "--user" "0:0" "b2b8c5c1eb5f8fbe83ac8847509e9f91c01eaad510bfe0ebf0d5c4e9229806bc" "/opt/rustwide/cargo-home/bin/cargo" "+1.99.0-beta.8" "metadata" "--no-deps" "--format-version=1", kill_on_drop: false }`
[INFO] running `Command { std: "docker" "inspect" "b2b8c5c1eb5f8fbe83ac8847509e9f91c01eaad510bfe0ebf0d5c4e9229806bc", kill_on_drop: false }`
[INFO] running `Command { std: "docker" "exec" "-e" "SOURCE_DIR=/opt/rustwide/workdir" "-e" "CARGO_HOME=/opt/rustwide/cargo-home" "-e" "RUSTUP_HOME=/opt/rustwide/rustup-home" "-e" "CARGO_TARGET_DIR=/opt/rustwide/target" "-e" "CARGO_INCREMENTAL=0" "-e" "RUST_BACKTRACE=full" "-e" "RUSTFLAGS=--cap-lints=warn" "-e" "RUSTDOCFLAGS=--cap-lints=warn" "-w" "/opt/rustwide/workdir" "--user" "0:0" "b2b8c5c1eb5f8fbe83ac8847509e9f91c01eaad510bfe0ebf0d5c4e9229806bc" "/opt/rustwide/cargo-home/bin/cargo" "+1.99.0-beta.8" "build" "--frozen" "--message-format=json", kill_on_drop: false }`
[INFO] [stderr]    Compiling zerocopy v0.8.59
[INFO] [stderr]    Compiling libc v0.2.189
[INFO] [stderr]    Compiling either v1.18.0
[INFO] [stderr]    Compiling num-traits v0.2.19
[INFO] [stderr]    Compiling zeroize_derive v1.4.2
[INFO] [stderr]    Compiling syn v3.0.6
[INFO] [stderr]    Compiling num-integer v0.1.47
[INFO] [stderr]    Compiling ark-serialize-derive v0.4.2
[INFO] [stderr]    Compiling ark-ff-asm v0.4.2
[INFO] [stderr]    Compiling blake2 v0.10.6
[INFO] [stderr]    Compiling sha2 v0.10.9
[INFO] [stderr]    Compiling serde_json v1.0.151
[INFO] [stderr]    Compiling rayon v1.12.0
[INFO] [stderr]    Compiling itertools v0.10.5
[INFO] [stderr]    Compiling num-bigint v0.4.8
[INFO] [stderr]    Compiling zeroize v1.8.1
[INFO] [stderr]    Compiling getrandom v0.2.17
[INFO] [stderr]    Compiling rand_core v0.6.4
[INFO] [stderr]    Compiling ark-ff-macros v0.4.2
[INFO] [stderr]    Compiling serde_derive v1.0.229
[INFO] [stderr]    Compiling async-trait v0.1.92
[INFO] [stderr]    Compiling ppv-lite86 v0.2.21
[INFO] [stderr]    Compiling ahash v0.8.12
[INFO] [stderr]    Compiling hashbrown v0.13.2
[INFO] [stderr]    Compiling rand_chacha v0.3.1
[INFO] [stderr]    Compiling rand v0.8.8
[INFO] [stderr]    Compiling serde v1.0.229
[INFO] [stderr]    Compiling ark-std v0.4.0
[INFO] [stderr]    Compiling ark-serialize v0.4.2
[INFO] [stderr]    Compiling ark-ff v0.4.2
[INFO] [stderr]    Compiling zk402-core v0.1.1
[INFO] [stderr]    Compiling ark-poly v0.4.2
[INFO] [stderr]    Compiling ark-relations v0.4.0
[INFO] [stderr]    Compiling ark-snark v0.4.0
[INFO] [stderr]    Compiling ark-ec v0.4.2
[INFO] [stderr]    Compiling ark-r1cs-std v0.4.0
[INFO] [stderr]    Compiling ark-bls12-381 v0.4.0
[INFO] [stderr]    Compiling ark-crypto-primitives v0.4.0
[INFO] [stderr]    Compiling ark-ed-on-bls12-381 v0.4.0
[INFO] [stderr]    Compiling ark-groth16 v0.4.0
[INFO] [stderr]    Compiling zk402-groth16 v0.1.1 (/opt/rustwide/workdir)
[INFO] [stdout] warning: unused import: `super`
[INFO] [stdout]    --> src/lib.rs:226:9
[INFO] [stdout]     |
[INFO] [stdout] 226 |     use super::*;
[INFO] [stdout]     |         ^^^^^
[INFO] [stdout]     |
[INFO] [stdout]     = note: `#[warn(unused_imports)]` (part of `#[warn(unused)]`) on by default
[INFO] [stdout] 
[INFO] [stdout] 
[INFO] [stderr]     Finished `dev` profile [unoptimized + debuginfo] target(s) in 34.26s
[INFO] running `Command { std: "docker" "inspect" "b2b8c5c1eb5f8fbe83ac8847509e9f91c01eaad510bfe0ebf0d5c4e9229806bc", kill_on_drop: false }`
[INFO] running `Command { std: "docker" "exec" "-e" "SOURCE_DIR=/opt/rustwide/workdir" "-e" "CARGO_HOME=/opt/rustwide/cargo-home" "-e" "RUSTUP_HOME=/opt/rustwide/rustup-home" "-e" "CARGO_TARGET_DIR=/opt/rustwide/target" "-e" "CARGO_INCREMENTAL=0" "-e" "RUST_BACKTRACE=full" "-e" "RUSTFLAGS=--cap-lints=warn" "-e" "RUSTDOCFLAGS=--cap-lints=warn" "-w" "/opt/rustwide/workdir" "--user" "0:0" "b2b8c5c1eb5f8fbe83ac8847509e9f91c01eaad510bfe0ebf0d5c4e9229806bc" "/opt/rustwide/cargo-home/bin/cargo" "+1.99.0-beta.8" "test" "--frozen" "--no-run" "--message-format=json", kill_on_drop: false }`
[INFO] [stdout] warning: unused import: `super`
[INFO] [stdout]    --> src/lib.rs:226:9
[INFO] [stdout]     |
[INFO] [stdout] 226 |     use super::*;
[INFO] [stdout]     |         ^^^^^
[INFO] [stdout]     |
[INFO] [stdout]     = note: `#[warn(unused_imports)]` (part of `#[warn(unused)]`) on by default
[INFO] [stdout] 
[INFO] [stdout] 
[INFO] [stderr]    Compiling zk402-groth16 v0.1.1 (/opt/rustwide/workdir)
[INFO] [stdout] error[E0425]: cannot find function `setup` in this scope
[INFO] [stdout]    --> src/lib.rs:294:13
[INFO] [stdout]     |
[INFO] [stdout] 294 |             setup(&mut rng).unwrap()
[INFO] [stdout]     |             ^^^^^ not found in this scope
[INFO] [stdout]     |
[INFO] [stdout] help: consider importing this function
[INFO] [stdout]     |
[INFO] [stdout] 283 +     use crate::setup;
[INFO] [stdout]     |
[INFO] [stdout] 
[INFO] [stdout] 
[INFO] [stdout] error[E0425]: cannot find function `derive_public_key` in this scope
[INFO] [stdout]    --> src/lib.rs:302:26
[INFO] [stdout]     |
[INFO] [stdout] 302 |         let public_key = derive_public_key(secret_key).unwrap();
[INFO] [stdout]     |                          ^^^^^^^^^^^^^^^^^ not found in this scope
[INFO] [stdout]     |
[INFO] [stdout] help: consider importing this function
[INFO] [stdout]     |
[INFO] [stdout] 283 +     use crate::derive_public_key;
[INFO] [stdout]     |
[INFO] [stdout] 
[INFO] [stdout] 
[INFO] [stdout] error[E0425]: cannot find function `prove` in this scope
[INFO] [stdout]    --> src/lib.rs:303:21
[INFO] [stdout]     |
[INFO] [stdout] 303 |         let proof = prove(&test_keys().0, secret_key, message, nonce, &mut rng).unwrap();
[INFO] [stdout]     |                     ^^^^^ not found in this scope
[INFO] [stdout]     |
[INFO] [stdout] help: consider importing this function
[INFO] [stdout]     |
[INFO] [stdout] 283 +     use crate::prove;
[INFO] [stdout]     |
[INFO] [stdout] 
[INFO] [stdout] 
[INFO] [stdout] error[E0425]: cannot find function `verify` in this scope
[INFO] [stdout]    --> src/lib.rs:312:17
[INFO] [stdout]     |
[INFO] [stdout] 312 |         assert!(verify(&vk, &proof, &public_key, &msg).unwrap());
[INFO] [stdout]     |                 ^^^^^^ not found in this scope
[INFO] [stdout]     |
[INFO] [stdout] help: consider importing this function
[INFO] [stdout]     |
[INFO] [stdout] 283 +     use crate::verify;
[INFO] [stdout]     |
[INFO] [stdout] 
[INFO] [stdout] 
[INFO] [stdout] error[E0425]: cannot find function `verify` in this scope
[INFO] [stdout]    --> src/lib.rs:319:18
[INFO] [stdout]     |
[INFO] [stdout] 319 |         assert!(!verify(&vk, &proof, &public_key, &message("101", "0xabc")).unwrap());
[INFO] [stdout]     |                  ^^^^^^ not found in this scope
[INFO] [stdout]     |
[INFO] [stdout] help: consider importing this function
[INFO] [stdout]     |
[INFO] [stdout] 283 +     use crate::verify;
[INFO] [stdout]     |
[INFO] [stdout] 
[INFO] [stdout] 
[INFO] [stdout] error[E0425]: cannot find function `verify` in this scope
[INFO] [stdout]    --> src/lib.rs:326:18
[INFO] [stdout]     |
[INFO] [stdout] 326 |         assert!(!verify(&vk, &proof, &public_key, &message("100", "0xdef")).unwrap());
[INFO] [stdout]     |                  ^^^^^^ not found in this scope
[INFO] [stdout]     |
[INFO] [stdout] help: consider importing this function
[INFO] [stdout]     |
[INFO] [stdout] 283 +     use crate::verify;
[INFO] [stdout]     |
[INFO] [stdout] 
[INFO] [stdout] 
[INFO] [stdout] warning: unused import: `super`
[INFO] [stdout]    --> src/lib.rs:226:9
[INFO] [stdout]     |
[INFO] [stdout] 226 |     use super::*;
[INFO] [stdout]     |         ^^^^^
[INFO] [stdout]     |
[INFO] [stdout]     = note: `#[warn(unused_imports)]` (part of `#[warn(unused)]`) on by default
[INFO] [stdout] 
[INFO] [stdout] 
[INFO] [stdout] For more information about this error, try `rustc --explain E0425`.
[INFO] [stdout] 
[INFO] [stderr] error: could not compile `zk402-groth16` (lib test) due to 6 previous errors; 1 warning emitted
[INFO] running `Command { std: "docker" "inspect" "b2b8c5c1eb5f8fbe83ac8847509e9f91c01eaad510bfe0ebf0d5c4e9229806bc", kill_on_drop: false }`
[INFO] running `Command { std: "docker" "rm" "-f" "b2b8c5c1eb5f8fbe83ac8847509e9f91c01eaad510bfe0ebf0d5c4e9229806bc", kill_on_drop: false }`
[INFO] [stdout] b2b8c5c1eb5f8fbe83ac8847509e9f91c01eaad510bfe0ebf0d5c4e9229806bc
