[INFO] fetching crate zitadel-actions-manager 0.6.0...
[INFO] testing zitadel-actions-manager-0.6.0 against 1.99.0-beta.8 for beta-1.100-2
[INFO] extracting crate zitadel-actions-manager 0.6.0 into /workspace/builds/worker-6-tc1/source
[INFO] started tweaking crates.io crate zitadel-actions-manager 0.6.0
[INFO] removed 0 missing tests
[INFO] finished tweaking crates.io crate zitadel-actions-manager 0.6.0
[INFO] tweaked toml for crates.io crate zitadel-actions-manager 0.6.0 written to /workspace/builds/worker-6-tc1/source/Cargo.toml
[INFO] validating manifest of crates.io crate zitadel-actions-manager 0.6.0 on toolchain 1.99.0-beta.8
[INFO] running `Command { std: CARGO_HOME="/workspace/cargo-home" RUSTUP_HOME="/workspace/rustup-home" "/workspace/cargo-home/bin/cargo" "+1.99.0-beta.8" "metadata" "--manifest-path" "Cargo.toml" "--no-deps", kill_on_drop: false }`
[INFO] crate crates.io crate zitadel-actions-manager 0.6.0 already has a lockfile, it will not be regenerated
[INFO] running `Command { std: CARGO_HOME="/workspace/cargo-home" RUSTUP_HOME="/workspace/rustup-home" "/workspace/cargo-home/bin/cargo" "+1.99.0-beta.8" "fetch" "--manifest-path" "Cargo.toml", kill_on_drop: false }`
[INFO] [stderr]     Updating crates.io index
[INFO] [stderr]     Blocking waiting for file lock on package cache
[INFO] [stderr]  Downloading crates ...
[INFO] [stderr]   Downloaded wiremock v0.6.5
[INFO] [stderr]   Downloaded deadpool-runtime v0.1.4
[INFO] [stderr]   Downloaded assert-json-diff v2.0.2
[INFO] [stderr]   Downloaded zmij v1.0.19
[INFO] [stderr]   Downloaded deadpool v0.12.3
[INFO] [stderr]   Downloaded reqwest-middleware v0.5.1
[INFO] [stderr]   Downloaded snafu-derive v0.8.9
[INFO] [stderr]   Downloaded tracing-test-macro v0.2.5
[INFO] [stderr]   Downloaded wasm-bindgen-macro v0.2.108
[INFO] [stderr]   Downloaded tracing-test v0.2.5
[INFO] [stderr]   Downloaded url-macro v0.2.3
[INFO] [stderr]   Downloaded strip-ansi-escapes v0.2.1
[INFO] [stderr]   Downloaded tracing-instrument-mock v0.1.0
[INFO] [stderr]   Downloaded wasm-bindgen-shared v0.2.108
[INFO] [stderr]   Downloaded trait-variant v0.1.2
[INFO] [stderr]   Downloaded tracing-error v0.2.1
[INFO] [stderr]   Downloaded retry-policies v0.5.2
[INFO] [stderr]   Downloaded cache_control v0.2.0
[INFO] [stderr]   Downloaded anyhow_ext v0.2.1
[INFO] [stderr]   Downloaded headers-core v0.3.0
[INFO] [stderr]   Downloaded anyhow_trace v0.1.3
[INFO] [stderr]   Downloaded as_variant v1.3.0
[INFO] [stderr]   Downloaded deranged v0.5.5
[INFO] [stderr]   Downloaded wasm-bindgen-futures v0.4.58
[INFO] [stderr]   Downloaded time-macros v0.2.26
[INFO] [stderr]   Downloaded simple_asn1 v0.6.3
[INFO] [stderr]   Downloaded snafu v0.8.9
[INFO] [stderr]   Downloaded wasm-bindgen v0.2.108
[INFO] [stderr]   Downloaded reqwest-retry v0.9.1
[INFO] [stderr]   Downloaded tempfile v3.24.0
[INFO] [stderr]   Downloaded famedly_rust_utils v1.1.1
[INFO] [stderr]   Downloaded wasmtimer v0.4.3
[INFO] [stderr]   Downloaded vergen v8.3.2
[INFO] [stderr]   Downloaded js-sys v0.3.85
[INFO] [stderr]   Downloaded wasm-bindgen-macro-support v0.2.108
[INFO] [stderr]   Downloaded vte v0.14.1
[INFO] [stderr]   Downloaded ryu v1.0.22
[INFO] [stderr]   Downloaded jsonwebtoken v9.3.1
[INFO] [stderr]   Downloaded headers v0.4.1
[INFO] [stderr]   Downloaded clap v4.5.57
[INFO] [stderr]   Downloaded rand v0.9.4
[INFO] [stderr]   Downloaded cc v1.2.55
[INFO] [stderr]   Downloaded reqwest v0.13.3
[INFO] [stderr]   Downloaded clap_builder v4.5.57
[INFO] [stderr]   Downloaded time v0.3.46
[INFO] [stderr]   Downloaded aws-lc-rs v1.16.3
[INFO] [stderr]   Downloaded famedly-zitadel-rust-client v0.15.0
[INFO] [stderr]   Downloaded web-sys v0.3.85
[INFO] [stderr]   Downloaded aws-lc-sys v0.40.0
[INFO] running `Command { std: "docker" "create" "-v" "/var/lib/crater-agent-workspace/builds/worker-6-tc1/source:/opt/rustwide/workdir:ro,Z" "-v" "/var/lib/crater-agent-workspace/builds/worker-6-tc1/target:/opt/rustwide/target:rw,Z" "-v" "/var/lib/crater-agent-workspace/cargo-home:/opt/rustwide/cargo-home:ro,Z" "-v" "/var/lib/crater-agent-workspace/rustup-home:/opt/rustwide/rustup-home:ro,Z" "-m" "1610612736" "--network" "none" "ghcr.io/rust-lang/crates-build-env/linux@sha256:3111399a4047eeb3a02b7a90e478d715f38a8c6669b5c4b49d30a17385265909" "sleep" "infinity", kill_on_drop: false }`
[INFO] [stdout] 42ffb9e11f2fb7f92f83af5c3d0573c36ae7bcb7803693ee4968f24b9125ce1f
[INFO] running `Command { std: "docker" "start" "42ffb9e11f2fb7f92f83af5c3d0573c36ae7bcb7803693ee4968f24b9125ce1f", kill_on_drop: false }`
[INFO] running `Command { std: "docker" "inspect" "42ffb9e11f2fb7f92f83af5c3d0573c36ae7bcb7803693ee4968f24b9125ce1f", kill_on_drop: false }`
[INFO] running `Command { std: "docker" "exec" "-e" "SOURCE_DIR=/opt/rustwide/workdir" "-e" "CARGO_HOME=/opt/rustwide/cargo-home" "-e" "RUSTUP_HOME=/opt/rustwide/rustup-home" "-e" "CARGO_TARGET_DIR=/opt/rustwide/target" "-w" "/opt/rustwide/workdir" "--user" "0:0" "42ffb9e11f2fb7f92f83af5c3d0573c36ae7bcb7803693ee4968f24b9125ce1f" "/opt/rustwide/cargo-home/bin/cargo" "+1.99.0-beta.8" "metadata" "--no-deps" "--format-version=1", kill_on_drop: false }`
[INFO] running `Command { std: "docker" "inspect" "42ffb9e11f2fb7f92f83af5c3d0573c36ae7bcb7803693ee4968f24b9125ce1f", kill_on_drop: false }`
[INFO] running `Command { std: "docker" "exec" "-e" "SOURCE_DIR=/opt/rustwide/workdir" "-e" "CARGO_HOME=/opt/rustwide/cargo-home" "-e" "RUSTUP_HOME=/opt/rustwide/rustup-home" "-e" "CARGO_TARGET_DIR=/opt/rustwide/target" "-e" "CARGO_INCREMENTAL=0" "-e" "RUST_BACKTRACE=full" "-e" "RUSTFLAGS=--cap-lints=warn" "-e" "RUSTDOCFLAGS=--cap-lints=warn" "-w" "/opt/rustwide/workdir" "--user" "0:0" "42ffb9e11f2fb7f92f83af5c3d0573c36ae7bcb7803693ee4968f24b9125ce1f" "/opt/rustwide/cargo-home/bin/cargo" "+1.99.0-beta.8" "build" "--frozen" "--message-format=json", kill_on_drop: false }`
[INFO] [stderr]    Compiling quote v1.0.44
[INFO] [stderr]    Compiling fs_extra v1.3.0
[INFO] [stderr]    Compiling dunce v1.0.5
[INFO] [stderr]    Compiling aws-lc-rs v1.16.3
[INFO] [stderr]    Compiling proc-macro2 v1.0.106
[INFO] [stderr]    Compiling tracing-core v0.1.36
[INFO] [stderr]    Compiling litemap v0.8.1
[INFO] [stderr]    Compiling writeable v0.6.2
[INFO] [stderr]    Compiling hashbrown v0.16.1
[INFO] [stderr]    Compiling icu_normalizer_data v2.1.1
[INFO] [stderr]    Compiling icu_properties_data v2.1.2
[INFO] [stderr]    Compiling rustversion v1.0.22
[INFO] [stderr]    Compiling jobserver v0.1.34
[INFO] [stderr]    Compiling socket2 v0.6.2
[INFO] [stderr]    Compiling mio v1.1.1
[INFO] [stderr]    Compiling rustls v0.23.36
[INFO] [stderr]    Compiling futures-task v0.3.31
[INFO] [stderr]    Compiling deranged v0.5.5
[INFO] [stderr]    Compiling futures-channel v0.3.31
[INFO] [stderr]    Compiling futures-util v0.3.31
[INFO] [stderr]    Compiling num-conv v0.2.0
[INFO] [stderr]    Compiling time-core v0.1.8
[INFO] [stderr]    Compiling num_threads v0.1.7
[INFO] [stderr]    Compiling cc v1.2.55
[INFO] [stderr]    Compiling form_urlencoded v1.2.2
[INFO] [stderr]    Compiling iri-string v0.7.10
[INFO] [stderr]    Compiling tokio v1.49.0
[INFO] [stderr]    Compiling http-body-util v0.1.3
[INFO] [stderr]    Compiling vte v0.14.1
[INFO] [stderr]    Compiling ryu v1.0.22
[INFO] [stderr]    Compiling tracing-instrument-mock v0.1.0
[INFO] [stderr]    Compiling as_variant v1.3.0
[INFO] [stderr]    Compiling tracing-subscriber v0.3.22
[INFO] [stderr]    Compiling strip-ansi-escapes v0.2.1
[INFO] [stderr]    Compiling syn v2.0.114
[INFO] [stderr]    Compiling indexmap v2.13.0
[INFO] [stderr]    Compiling vergen v8.3.2
[INFO] [stderr]    Compiling cmake v0.1.58
[INFO] [stderr]    Compiling time v0.3.46
[INFO] [stderr]    Compiling aws-lc-sys v0.40.0
[INFO] [stderr]    Compiling zitadel-actions-manager v0.6.0 (/opt/rustwide/workdir)
[INFO] [stderr]    Compiling tokio-util v0.7.18
[INFO] [stderr]    Compiling tower v0.5.3
[INFO] [stderr]    Compiling synstructure v0.13.2
[INFO] [stderr]    Compiling tower-http v0.6.8
[INFO] [stderr]    Compiling zerofrom-derive v0.1.6
[INFO] [stderr]    Compiling yoke-derive v0.8.1
[INFO] [stderr]    Compiling zerovec-derive v0.11.2
[INFO] [stderr]    Compiling displaydoc v0.2.5
[INFO] [stderr]    Compiling tracing-attributes v0.1.31
[INFO] [stderr]    Compiling serde_derive v1.0.228
[INFO] [stderr]    Compiling thiserror-impl v1.0.69
[INFO] [stderr]    Compiling snafu-derive v0.8.9
[INFO] [stderr]    Compiling trait-variant v0.1.2
[INFO] [stderr]    Compiling thiserror v1.0.69
[INFO] [stderr]    Compiling zerofrom v0.1.6
[INFO] [stderr]    Compiling yoke v0.8.1
[INFO] [stderr]    Compiling zerotrie v0.2.3
[INFO] [stderr]    Compiling tracing v0.1.44
[INFO] [stderr]    Compiling snafu v0.8.9
[INFO] [stderr]    Compiling zerovec v0.11.5
[INFO] [stderr]    Compiling h2 v0.4.13
[INFO] [stderr]    Compiling tracing-error v0.2.1
[INFO] [stderr]    Compiling tinystr v0.8.2
[INFO] [stderr]    Compiling potential_utf v0.1.4
[INFO] [stderr]    Compiling icu_collections v2.1.1
[INFO] [stderr]    Compiling icu_locale_core v2.1.1
[INFO] [stderr]    Compiling serde v1.0.228
[INFO] [stderr]    Compiling icu_provider v2.1.1
[INFO] [stderr]    Compiling icu_properties v2.1.2
[INFO] [stderr]    Compiling icu_normalizer v2.1.1
[INFO] [stderr]    Compiling serde_yaml v0.9.34+deprecated
[INFO] [stderr]    Compiling idna_adapter v1.2.1
[INFO] [stderr]    Compiling idna v1.1.0
[INFO] [stderr]    Compiling hyper v1.8.1
[INFO] [stderr]    Compiling url v2.5.8
[INFO] [stderr]    Compiling hyper-util v0.1.20
[INFO] [stderr]    Compiling rustls-webpki v0.103.9
[INFO] [stderr]    Compiling tokio-rustls v0.26.4
[INFO] [stderr]    Compiling rustls-platform-verifier v0.7.0
[INFO] [stderr]    Compiling hyper-rustls v0.27.7
[INFO] [stderr]    Compiling reqwest v0.13.3
[INFO] [stderr]    Compiling famedly_rust_utils v1.1.1
[INFO] [stderr]     Finished `dev` profile [unoptimized + debuginfo] target(s) in 33.67s
[INFO] running `Command { std: "docker" "inspect" "42ffb9e11f2fb7f92f83af5c3d0573c36ae7bcb7803693ee4968f24b9125ce1f", kill_on_drop: false }`
[INFO] running `Command { std: "docker" "exec" "-e" "SOURCE_DIR=/opt/rustwide/workdir" "-e" "CARGO_HOME=/opt/rustwide/cargo-home" "-e" "RUSTUP_HOME=/opt/rustwide/rustup-home" "-e" "CARGO_TARGET_DIR=/opt/rustwide/target" "-e" "CARGO_INCREMENTAL=0" "-e" "RUST_BACKTRACE=full" "-e" "RUSTFLAGS=--cap-lints=warn" "-e" "RUSTDOCFLAGS=--cap-lints=warn" "-w" "/opt/rustwide/workdir" "--user" "0:0" "42ffb9e11f2fb7f92f83af5c3d0573c36ae7bcb7803693ee4968f24b9125ce1f" "/opt/rustwide/cargo-home/bin/cargo" "+1.99.0-beta.8" "test" "--frozen" "--no-run" "--message-format=json", kill_on_drop: false }`
[INFO] [stderr]    Compiling tracing-core v0.1.36
[INFO] [stderr]    Compiling tokio-macros v2.6.0
[INFO] [stderr]    Compiling futures-macro v0.3.31
[INFO] [stderr]    Compiling aho-corasick v1.1.4
[INFO] [stderr]    Compiling regex-syntax v0.8.9
[INFO] [stderr]    Compiling bitflags v2.10.0
[INFO] [stderr]    Compiling zmij v1.0.19
[INFO] [stderr]    Compiling smallvec v1.15.1
[INFO] [stderr]    Compiling vergen v8.3.2
[INFO] [stderr]    Compiling percent-encoding v2.3.2
[INFO] [stderr]    Compiling rustls-platform-verifier v0.7.0
[INFO] [stderr]    Compiling rustix v1.1.3
[INFO] [stderr]    Compiling thiserror-impl v2.0.18
[INFO] [stderr]    Compiling test-case-core v3.3.1
[INFO] [stderr]    Compiling num_cpus v1.17.0
[INFO] [stderr]    Compiling deadpool-runtime v0.1.4
[INFO] [stderr]    Compiling linux-raw-sys v0.11.0
[INFO] [stderr]    Compiling icu_normalizer v2.1.1
[INFO] [stderr]    Compiling getrandom v0.3.4
[INFO] [stderr]    Compiling form_urlencoded v1.2.2
[INFO] [stderr]    Compiling tracing-test-macro v0.2.5
[INFO] [stderr]    Compiling async-trait v0.1.89
[INFO] [stderr]    Compiling tracing v0.1.44
[INFO] [stderr]    Compiling tracing-log v0.2.0
[INFO] [stderr]    Compiling idna_adapter v1.2.1
[INFO] [stderr]    Compiling idna v1.1.0
[INFO] [stderr]    Compiling serde_json v1.0.149
[INFO] [stderr]    Compiling tokio v1.49.0
[INFO] [stderr]    Compiling zitadel-actions-manager v0.6.0 (/opt/rustwide/workdir)
[INFO] [stderr]    Compiling futures-util v0.3.31
[INFO] [stderr]    Compiling test-case-macros v3.3.1
[INFO] [stderr]    Compiling url v2.5.8
[INFO] [stderr]    Compiling test-case v3.3.1
[INFO] [stderr]    Compiling assert-json-diff v2.0.2
[INFO] [stderr]    Compiling url-macro v0.2.3
[INFO] [stderr]    Compiling thiserror v2.0.18
[INFO] [stderr]    Compiling tempfile v3.24.0
[INFO] [stderr]    Compiling regex-automata v0.4.14
[INFO] [stderr]    Compiling futures-executor v0.3.31
[INFO] [stderr]    Compiling futures v0.3.31
[INFO] [stderr]    Compiling tokio-util v0.7.18
[INFO] [stderr]    Compiling tower v0.5.3
[INFO] [stderr]    Compiling tokio-rustls v0.26.4
[INFO] [stderr]    Compiling deadpool v0.12.3
[INFO] [stderr]    Compiling matchers v0.2.0
[INFO] [stderr]    Compiling regex v1.12.3
[INFO] [stderr]    Compiling tracing-subscriber v0.3.22
[INFO] [stderr]    Compiling tower-http v0.6.8
[INFO] [stderr]    Compiling h2 v0.4.13
[INFO] [stderr]    Compiling tracing-error v0.2.1
[INFO] [stderr]    Compiling tracing-test v0.2.5
[INFO] [stderr]    Compiling hyper v1.8.1
[INFO] [stderr]    Compiling hyper-util v0.1.20
[INFO] [stderr]    Compiling hyper-rustls v0.27.7
[INFO] [stderr]    Compiling wiremock v0.6.5
[INFO] [stderr]    Compiling reqwest v0.13.3
[INFO] [stderr]    Compiling famedly_rust_utils v1.1.1
[INFO] [stderr]    Compiling reqwest-middleware v0.5.1
[INFO] [stdout] error: functions used as tests can not have any arguments
[INFO] [stdout]    --> tests/e2e/v1.rs:135:7
[INFO] [stdout]     |
[INFO] [stdout] 135 |   async fn test_simple<T: TestZitadelHandle>(_: PhantomData<T>) -> Result<()> {
[INFO] [stdout]     |  _______^
[INFO] [stdout] 136 | |     let flows = r#"
[INFO] [stdout] 137 | |     2:
[INFO] [stdout] 138 | |         4: [action1]
[INFO] [stdout] ...   |
[INFO] [stdout] 151 | |     Ok(())
[INFO] [stdout] 152 | | }
[INFO] [stdout]     | |_^
[INFO] [stdout] 
[INFO] [stdout] 
[INFO] [stdout] error: functions used as tests can not have any arguments
[INFO] [stdout]    --> tests/e2e/v1.rs:158:7
[INFO] [stdout]     |
[INFO] [stdout] 158 |   async fn test_resync<T: TestZitadelHandle>(_: PhantomData<T>) -> Result<()> {
[INFO] [stdout]     |  _______^
[INFO] [stdout] 159 | |     let flows = r#"
[INFO] [stdout] 160 | |     2:
[INFO] [stdout] 161 | |         4: [action1]
[INFO] [stdout] ...   |
[INFO] [stdout] 177 | |     Ok(())
[INFO] [stdout] 178 | | }
[INFO] [stdout]     | |_^
[INFO] [stdout] 
[INFO] [stdout] 
[INFO] [stdout] error: functions used as tests can not have any arguments
[INFO] [stdout]    --> tests/e2e/v1.rs:184:7
[INFO] [stdout]     |
[INFO] [stdout] 184 |   async fn test_update<T: TestZitadelHandle>(_: PhantomData<T>) -> Result<()> {
[INFO] [stdout]     |  _______^
[INFO] [stdout] 185 | |     let flows = r#"
[INFO] [stdout] 186 | |     2:
[INFO] [stdout] 187 | |         4: [action1]
[INFO] [stdout] ...   |
[INFO] [stdout] 217 | |     Ok(())
[INFO] [stdout] 218 | | }
[INFO] [stdout]     | |_^
[INFO] [stdout] 
[INFO] [stdout] 
[INFO] [stdout] error: functions used as tests can not have any arguments
[INFO] [stdout]    --> tests/e2e/v1.rs:224:7
[INFO] [stdout]     |
[INFO] [stdout] 224 |   async fn test_remove<T: TestZitadelHandle>(_: PhantomData<T>) -> Result<()> {
[INFO] [stdout]     |  _______^
[INFO] [stdout] 225 | |     let flows = r#"
[INFO] [stdout] 226 | |     2:
[INFO] [stdout] 227 | |         4: [action1]
[INFO] [stdout] ...   |
[INFO] [stdout] 249 | |     Ok(())
[INFO] [stdout] 250 | | }
[INFO] [stdout]     | |_^
[INFO] [stdout] 
[INFO] [stdout] 
[INFO] [stdout] error: functions used as tests can not have any arguments
[INFO] [stdout]    --> tests/e2e/v1.rs:288:7
[INFO] [stdout]     |
[INFO] [stdout] 288 |   async fn test_resync_only_once<T: TestZitadelHandle>(
[INFO] [stdout]     |  _______^
[INFO] [stdout] 289 | |     actions_str: &str,
[INFO] [stdout] 290 | |     _: PhantomData<T>,
[INFO] [stdout] 291 | | ) -> Result<()> {
[INFO] [stdout] ...   |
[INFO] [stdout] 430 | |     Ok(())
[INFO] [stdout] 431 | | }
[INFO] [stdout]     | |_^
[INFO] [stdout] 
[INFO] [stdout] 
[INFO] [stdout] error: functions used as tests can not have any arguments
[INFO] [stdout]    --> tests/e2e/v2.rs:161:7
[INFO] [stdout]     |
[INFO] [stdout] 161 |   async fn test_simple<T: TestZitadelHandle>(_: PhantomData<T>) -> Result<()> {
[INFO] [stdout]     |  _______^
[INFO] [stdout] 162 | |     let targets = r#"
[INFO] [stdout] 163 | |     target1:
[INFO] [stdout] 164 | |         restAsync: {}
[INFO] [stdout] ...   |
[INFO] [stdout] 176 | |     Ok(())
[INFO] [stdout] 177 | | }
[INFO] [stdout]     | |_^
[INFO] [stdout] 
[INFO] [stdout] 
[INFO] [stdout] error: functions used as tests can not have any arguments
[INFO] [stdout]    --> tests/e2e/v2.rs:183:7
[INFO] [stdout]     |
[INFO] [stdout] 183 |   async fn test_resync<T: TestZitadelHandle>(_: PhantomData<T>) -> Result<()> {
[INFO] [stdout]     |  _______^
[INFO] [stdout] 184 | |     let targets = r#"
[INFO] [stdout] 185 | |     target1:
[INFO] [stdout] 186 | |         restAsync: {}
[INFO] [stdout] ...   |
[INFO] [stdout] 201 | |     Ok(())
[INFO] [stdout] 202 | | }
[INFO] [stdout]     | |_^
[INFO] [stdout] 
[INFO] [stdout] 
[INFO] [stdout] error: functions used as tests can not have any arguments
[INFO] [stdout]    --> tests/e2e/v2.rs:208:7
[INFO] [stdout]     |
[INFO] [stdout] 208 |   async fn test_update<T: TestZitadelHandle>(_: PhantomData<T>) -> Result<()> {
[INFO] [stdout]     |  _______^
[INFO] [stdout] 209 | |     let targets = r#"
[INFO] [stdout] 210 | |     target1:
[INFO] [stdout] 211 | |         restAsync: {}
[INFO] [stdout] ...   |
[INFO] [stdout] 239 | |     Ok(())
[INFO] [stdout] 240 | | }
[INFO] [stdout]     | |_^
[INFO] [stdout] 
[INFO] [stdout] 
[INFO] [stdout] error: functions used as tests can not have any arguments
[INFO] [stdout]    --> tests/e2e/v2.rs:246:7
[INFO] [stdout]     |
[INFO] [stdout] 246 |   async fn test_remove<T: TestZitadelHandle>(_: PhantomData<T>) -> Result<()> {
[INFO] [stdout]     |  _______^
[INFO] [stdout] 247 | |     let targets = r#"
[INFO] [stdout] 248 | |     target1:
[INFO] [stdout] 249 | |         restAsync: {}
[INFO] [stdout] ...   |
[INFO] [stdout] 284 | |     Ok(())
[INFO] [stdout] 285 | | }
[INFO] [stdout]     | |_^
[INFO] [stdout] 
[INFO] [stdout] 
[INFO] [stdout] error: functions used as tests can not have any arguments
[INFO] [stdout]    --> tests/e2e/v2.rs:292:7
[INFO] [stdout]     |
[INFO] [stdout] 292 |   async fn test_resync_only_once<T: TestZitadelHandle>(_: PhantomData<T>) -> Result<()> {
[INFO] [stdout]     |  _______^
[INFO] [stdout] 293 | |     let targets = r#"
[INFO] [stdout] 294 | |     target1:
[INFO] [stdout] 295 | |         restWebhook:
[INFO] [stdout] ...   |
[INFO] [stdout] 424 | |     Ok(())
[INFO] [stdout] 425 | | }
[INFO] [stdout]     | |_^
[INFO] [stdout] 
[INFO] [stdout] 
[INFO] [stdout] error: functions used as tests can not have any arguments
[INFO] [stdout]    --> tests/e2e/v2.rs:480:7
[INFO] [stdout]     |
[INFO] [stdout] 480 |   async fn test_payload_types<T: TestZitadelHandle>(_: PhantomData<T>) -> Result<()> {
[INFO] [stdout]     |  _______^
[INFO] [stdout] 481 | |     let targets = payload_types_targets_yaml(TEST_PUBLIC_KEY_PEM);
[INFO] [stdout] 482 | |     let context = create_context::<T>(None, true).await;
[INFO] [stdout] 483 | |     test_v2::<T>(&targets, PAYLOAD_TYPES_EXECUTIONS, Some(context.clone())).await?;
[INFO] [stdout] ...   |
[INFO] [stdout] 541 | |     Ok(())
[INFO] [stdout] 542 | | }
[INFO] [stdout]     | |_^
[INFO] [stdout] 
[INFO] [stdout] 
[INFO] [stdout] error: functions used as tests can not have any arguments
[INFO] [stdout]    --> tests/e2e/v2.rs:549:7
[INFO] [stdout]     |
[INFO] [stdout] 549 |   async fn test_jwe_public_key_sync_once<T: TestZitadelHandle>(_: PhantomData<T>) -> Result<()> {
[INFO] [stdout]     |  _______^
[INFO] [stdout] 550 | |     let targets = format!(
[INFO] [stdout] 551 | |         r#"
[INFO] [stdout] 552 | | jwe_target:
[INFO] [stdout] ...   |
[INFO] [stdout] 720 | |     Ok(())
[INFO] [stdout] 721 | | }
[INFO] [stdout]     | |_^
[INFO] [stdout] 
[INFO] [stdout] 
[INFO] [stdout] error: functions used as tests can not have any arguments
[INFO] [stdout]    --> tests/e2e/v2.rs:730:7
[INFO] [stdout]     |
[INFO] [stdout] 730 |   async fn test_jwe_public_key_expiration_change_uploads_new_key<T: TestZitadelHandle>(
[INFO] [stdout]     |  _______^
[INFO] [stdout] 731 | |     _: PhantomData<T>,
[INFO] [stdout] 732 | | ) -> Result<()> {
[INFO] [stdout] 733 | |     const NEW_EXPIRATION: &str = "2027-01-01T00:00:00Z";
[INFO] [stdout] ...   |
[INFO] [stdout] 869 | |     Ok(())
[INFO] [stdout] 870 | | }
[INFO] [stdout]     | |_^
[INFO] [stdout] 
[INFO] [stdout] 
[INFO] [stdout] error[E0432]: unresolved import `tokio::fs`
[INFO] [stdout]    --> tests/e2e/v1.rs:13:5
[INFO] [stdout]     |
[INFO] [stdout]  13 | use tokio::fs;
[INFO] [stdout]     |     ^^^^^^^--
[INFO] [stdout]     |            |
[INFO] [stdout]     |            no `fs` in the root
[INFO] [stdout]     |
[INFO] [stdout] note: found an item that was configured out
[INFO] [stdout]    --> /opt/rustwide/cargo-home/registry/src/index.crates.io-1949cf8c6b5b557f/tokio-1.49.0/src/lib.rs:511:13
[INFO] [stdout]     |
[INFO] [stdout] 511 |     pub mod fs;
[INFO] [stdout]     |             ^^
[INFO] [stdout]     |
[INFO] [stdout]    ::: /opt/rustwide/cargo-home/registry/src/index.crates.io-1949cf8c6b5b557f/tokio-1.49.0/src/macros/cfg.rs:120:19
[INFO] [stdout]     |
[INFO] [stdout] 120 |             #[cfg(feature = "fs")]
[INFO] [stdout]     |                   -------------- the item is gated behind the `fs` feature
[INFO] [stdout] help: a similar name exists in the module
[INFO] [stdout]     |
[INFO] [stdout]  13 - use tokio::fs;
[INFO] [stdout]  13 + use tokio::os;
[INFO] [stdout]     |
[INFO] [stdout] help: consider importing one of these modules instead
[INFO] [stdout]     |
[INFO] [stdout]  13 - use tokio::fs;
[INFO] [stdout]  13 + use std::fs;
[INFO] [stdout]     |
[INFO] [stdout]  13 - use tokio::fs;
[INFO] [stdout]  13 + use std::os::linux::fs;
[INFO] [stdout]     |
[INFO] [stdout]  13 - use tokio::fs;
[INFO] [stdout]  13 + use std::os::unix::fs;
[INFO] [stdout]     |
[INFO] [stdout] 
[INFO] [stdout] 
[INFO] [stdout] error[E0433]: cannot find module or crate `famedly_zitadel_rust_client` in this scope
[INFO] [stdout]  --> tests/e2e/v2.rs:9:5
[INFO] [stdout]   |
[INFO] [stdout] 9 | use famedly_zitadel_rust_client::v2::actions::V2ListExecutionsRequest;
[INFO] [stdout]   |     ^^^^^^^^^^^^^^^^^^^^^^^^^^^ use of unresolved module or unlinked crate `famedly_zitadel_rust_client`
[INFO] [stdout]   |
[INFO] [stdout]   = help: if you wanted to use a crate named `famedly_zitadel_rust_client`, use `cargo add famedly_zitadel_rust_client` to add it to your `Cargo.toml`
[INFO] [stdout] 
[INFO] [stdout] 
[INFO] [stdout] error[E0432]: unresolved import `tokio::fs`
[INFO] [stdout]    --> tests/e2e/v2.rs:13:5
[INFO] [stdout]     |
[INFO] [stdout]  13 | use tokio::fs;
[INFO] [stdout]     |     ^^^^^^^--
[INFO] [stdout]     |            |
[INFO] [stdout]     |            no `fs` in the root
[INFO] [stdout]     |
[INFO] [stdout] note: found an item that was configured out
[INFO] [stdout]    --> /opt/rustwide/cargo-home/registry/src/index.crates.io-1949cf8c6b5b557f/tokio-1.49.0/src/lib.rs:511:13
[INFO] [stdout]     |
[INFO] [stdout] 511 |     pub mod fs;
[INFO] [stdout]     |             ^^
[INFO] [stdout]     |
[INFO] [stdout]    ::: /opt/rustwide/cargo-home/registry/src/index.crates.io-1949cf8c6b5b557f/tokio-1.49.0/src/macros/cfg.rs:120:19
[INFO] [stdout]     |
[INFO] [stdout] 120 |             #[cfg(feature = "fs")]
[INFO] [stdout]     |                   -------------- the item is gated behind the `fs` feature
[INFO] [stdout] help: a similar name exists in the module
[INFO] [stdout]     |
[INFO] [stdout]  13 - use tokio::fs;
[INFO] [stdout]  13 + use tokio::os;
[INFO] [stdout]     |
[INFO] [stdout] help: consider importing one of these modules instead
[INFO] [stdout]     |
[INFO] [stdout]  13 - use tokio::fs;
[INFO] [stdout]  13 + use std::fs;
[INFO] [stdout]     |
[INFO] [stdout]  13 - use tokio::fs;
[INFO] [stdout]  13 + use std::os::linux::fs;
[INFO] [stdout]     |
[INFO] [stdout]  13 - use tokio::fs;
[INFO] [stdout]  13 + use std::os::unix::fs;
[INFO] [stdout]     |
[INFO] [stdout] 
[INFO] [stdout] 
[INFO] [stdout] warning: unused imports: `OptionExt as _` and `ResultExt as _`
[INFO] [stdout]   --> tests/e2e/mod.rs:20:13
[INFO] [stdout]    |
[INFO] [stdout] 20 | use snafu::{OptionExt as _, ResultExt as _};
[INFO] [stdout]    |             ^^^^^^^^^^^^^^  ^^^^^^^^^^^^^^
[INFO] [stdout]    |
[INFO] [stdout]    = note: `#[warn(unused_imports)]` (part of `#[warn(unused)]`) on by default
[INFO] [stdout] 
[INFO] [stdout] 
[INFO] [stdout] warning: unused import: `test_case::test_case`
[INFO] [stdout]   --> tests/e2e/v1.rs:12:5
[INFO] [stdout]    |
[INFO] [stdout] 12 | use test_case::test_case;
[INFO] [stdout]    |     ^^^^^^^^^^^^^^^^^^^^
[INFO] [stdout] 
[INFO] [stdout] 
[INFO] [stdout] warning: unused import: `test_case::test_case`
[INFO] [stdout]   --> tests/e2e/v2.rs:12:5
[INFO] [stdout]    |
[INFO] [stdout] 12 | use test_case::test_case;
[INFO] [stdout]    |     ^^^^^^^^^^^^^^^^^^^^
[INFO] [stdout] 
[INFO] [stdout] 
[INFO] [stdout] Some errors have detailed explanations: E0432, E0433.
[INFO] [stdout] 
[INFO] [stdout] For more information about an error, try `rustc --explain E0432`.
[INFO] [stdout] 
[INFO] [stderr] error: could not compile `zitadel-actions-manager` (test "tests") due to 16 previous errors; 3 warnings emitted
[INFO] [stderr] warning: build failed, waiting for other jobs to finish...
[INFO] running `Command { std: "docker" "inspect" "42ffb9e11f2fb7f92f83af5c3d0573c36ae7bcb7803693ee4968f24b9125ce1f", kill_on_drop: false }`
[INFO] running `Command { std: "docker" "rm" "-f" "42ffb9e11f2fb7f92f83af5c3d0573c36ae7bcb7803693ee4968f24b9125ce1f", kill_on_drop: false }`
[INFO] [stdout] 42ffb9e11f2fb7f92f83af5c3d0573c36ae7bcb7803693ee4968f24b9125ce1f
