[INFO] fetching crate zisk-recurser 1.3.1-alpha...
[INFO] testing zisk-recurser-1.3.1-alpha against 1.100.0-beta.1 for beta-1.100-2
[INFO] extracting crate zisk-recurser 1.3.1-alpha into /workspace/builds/worker-7-tc2/source
[INFO] started tweaking crates.io crate zisk-recurser 1.3.1-alpha
[INFO] removed 0 missing tests
[INFO] finished tweaking crates.io crate zisk-recurser 1.3.1-alpha
[INFO] tweaked toml for crates.io crate zisk-recurser 1.3.1-alpha written to /workspace/builds/worker-7-tc2/source/Cargo.toml
[INFO] validating manifest of crates.io crate zisk-recurser 1.3.1-alpha on toolchain 1.100.0-beta.1
[INFO] running `Command { std: CARGO_HOME="/workspace/cargo-home" RUSTUP_HOME="/workspace/rustup-home" "/workspace/cargo-home/bin/cargo" "+1.100.0-beta.1" "metadata" "--manifest-path" "Cargo.toml" "--no-deps", kill_on_drop: false }`
[INFO] crate crates.io crate zisk-recurser 1.3.1-alpha already has a lockfile, it will not be regenerated
[INFO] running `Command { std: CARGO_HOME="/workspace/cargo-home" RUSTUP_HOME="/workspace/rustup-home" "/workspace/cargo-home/bin/cargo" "+1.100.0-beta.1" "fetch" "--manifest-path" "Cargo.toml", kill_on_drop: false }`
[INFO] [stderr] warning: `package.homepage` is redundant with `package.repository`
[INFO] [stderr]   --> Cargo.toml:65:12
[INFO] [stderr]    |
[INFO] [stderr] 65 | homepage = "https://github.com/0xPolygonHermez/zisk"
[INFO] [stderr]    |            ^^^^^^^^^^^^^^^^^^^^^^^^^^^^^^^^^^^^^^^^^
[INFO] [stderr] ...
[INFO] [stderr] 70 | repository = "https://github.com/0xPolygonHermez/zisk"
[INFO] [stderr]    |              -----------------------------------------
[INFO] [stderr]    |
[INFO] [stderr]    = note: `cargo::redundant_homepage` is set to `warn` by default
[INFO] [stderr] help: consider removing `package.homepage`
[INFO] [stderr] warning: `zisk-recurser` (manifest) generated 1 warning
[INFO] running `Command { std: "docker" "create" "-v" "/var/lib/crater-agent-workspace/builds/worker-7-tc2/source:/opt/rustwide/workdir:ro,Z" "-v" "/var/lib/crater-agent-workspace/builds/worker-7-tc2/target:/opt/rustwide/target:rw,Z" "-v" "/var/lib/crater-agent-workspace/cargo-home:/opt/rustwide/cargo-home:ro,Z" "-v" "/var/lib/crater-agent-workspace/rustup-home:/opt/rustwide/rustup-home:ro,Z" "-m" "1610612736" "--network" "none" "ghcr.io/rust-lang/crates-build-env/linux@sha256:3111399a4047eeb3a02b7a90e478d715f38a8c6669b5c4b49d30a17385265909" "sleep" "infinity", kill_on_drop: false }`
[INFO] [stdout] f3f3425a1e4e201159518e1be1086ab238ce60cc3805f7eee4b9c44b160354da
[INFO] running `Command { std: "docker" "start" "f3f3425a1e4e201159518e1be1086ab238ce60cc3805f7eee4b9c44b160354da", kill_on_drop: false }`
[INFO] running `Command { std: "docker" "inspect" "f3f3425a1e4e201159518e1be1086ab238ce60cc3805f7eee4b9c44b160354da", kill_on_drop: false }`
[INFO] running `Command { std: "docker" "exec" "-e" "SOURCE_DIR=/opt/rustwide/workdir" "-e" "CARGO_HOME=/opt/rustwide/cargo-home" "-e" "RUSTUP_HOME=/opt/rustwide/rustup-home" "-e" "CARGO_TARGET_DIR=/opt/rustwide/target" "-w" "/opt/rustwide/workdir" "--user" "0:0" "f3f3425a1e4e201159518e1be1086ab238ce60cc3805f7eee4b9c44b160354da" "/opt/rustwide/cargo-home/bin/cargo" "+1.100.0-beta.1" "metadata" "--no-deps" "--format-version=1", kill_on_drop: false }`
[INFO] running `Command { std: "docker" "inspect" "f3f3425a1e4e201159518e1be1086ab238ce60cc3805f7eee4b9c44b160354da", kill_on_drop: false }`
[INFO] running `Command { std: "docker" "exec" "-e" "SOURCE_DIR=/opt/rustwide/workdir" "-e" "CARGO_HOME=/opt/rustwide/cargo-home" "-e" "RUSTUP_HOME=/opt/rustwide/rustup-home" "-e" "CARGO_TARGET_DIR=/opt/rustwide/target" "-e" "CARGO_INCREMENTAL=0" "-e" "RUST_BACKTRACE=full" "-e" "RUSTFLAGS=--cap-lints=warn" "-e" "RUSTDOCFLAGS=--cap-lints=warn" "-w" "/opt/rustwide/workdir" "--user" "0:0" "f3f3425a1e4e201159518e1be1086ab238ce60cc3805f7eee4b9c44b160354da" "/opt/rustwide/cargo-home/bin/cargo" "+1.100.0-beta.1" "build" "--frozen" "--message-format=json", kill_on_drop: false }`
[INFO] [stderr] warning: `package.homepage` is redundant with `package.repository`
[INFO] [stderr]   --> Cargo.toml:65:12
[INFO] [stderr]    |
[INFO] [stderr] 65 | homepage = "https://github.com/0xPolygonHermez/zisk"
[INFO] [stderr]    |            ^^^^^^^^^^^^^^^^^^^^^^^^^^^^^^^^^^^^^^^^^
[INFO] [stderr] ...
[INFO] [stderr] 70 | repository = "https://github.com/0xPolygonHermez/zisk"
[INFO] [stderr]    |              -----------------------------------------
[INFO] [stderr]    |
[INFO] [stderr]    = note: `cargo::redundant_homepage` is set to `warn` by default
[INFO] [stderr] help: consider removing `package.homepage`
[INFO] [stderr] warning: `zisk-recurser` (manifest) generated 1 warning
[INFO] [stderr]    Compiling regex-syntax v0.8.11
[INFO] [stderr]    Compiling bitflags v2.13.2
[INFO] [stderr]    Compiling crossbeam-utils v0.8.23
[INFO] [stderr]    Compiling either v1.18.0
[INFO] [stderr]    Compiling cc v1.5.1
[INFO] [stderr]    Compiling libc v0.2.189
[INFO] [stderr]    Compiling serde_core v1.0.229
[INFO] [stderr]    Compiling crossbeam-epoch v0.9.21
[INFO] [stderr]    Compiling crossbeam-deque v0.8.8
[INFO] [stderr]    Compiling glob v0.3.4
[INFO] [stderr]    Compiling indexmap v2.14.2
[INFO] [stderr]    Compiling num-traits v0.2.19
[INFO] [stderr]    Compiling serde v1.0.229
[INFO] [stderr]    Compiling syn v2.0.119
[INFO] [stderr]    Compiling syn v3.0.6
[INFO] [stderr]    Compiling proofman-starks-src v1.3.1-alpha
[INFO] [stderr]    Compiling minimal-lexical v0.2.1
[INFO] [stderr]    Compiling libloading v0.8.9
[INFO] [stderr]    Compiling shell-words v1.1.1
[INFO] [stderr]    Compiling bindgen v0.72.1
[INFO] [stderr]    Compiling itertools v0.13.0
[INFO] [stderr]    Compiling build-probe-mpi v0.1.6
[INFO] [stderr]    Compiling proofman-starks-lib-c v1.3.1-alpha
[INFO] [stderr]    Compiling clang-sys v1.9.1
[INFO] [stderr]    Compiling log v0.4.34
[INFO] [stderr]    Compiling siphasher v1.0.4
[INFO] [stderr]    Compiling rustc-hash v2.1.3
[INFO] [stderr]    Compiling winnow v1.0.4
[INFO] [stderr]    Compiling nom v7.1.3
[INFO] [stderr]    Compiling cpufeatures v0.3.1
[INFO] [stderr]    Compiling toml_datetime v1.1.1+spec-1.1.0
[INFO] [stderr]    Compiling serde_json v1.0.151
[INFO] [stderr]    Compiling phf_shared v0.11.3
[INFO] [stderr]    Compiling crossbeam-channel v0.5.17
[INFO] [stderr]    Compiling rand_core v0.6.4
[INFO] [stderr]    Compiling thiserror v2.0.21
[INFO] [stderr]    Compiling rand v0.8.8
[INFO] [stderr]    Compiling rayon-core v1.13.0
[INFO] [stderr]    Compiling borsh v1.8.1
[INFO] [stderr]    Compiling num-integer v0.1.47
[INFO] [stderr]    Compiling mpi v0.8.2
[INFO] [stderr]    Compiling blake3 v1.8.7
[INFO] [stderr]    Compiling libffi-sys v4.2.2
[INFO] [stderr]    Compiling itertools v0.14.0
[INFO] [stderr]    Compiling regex-automata v0.4.18
[INFO] [stderr]    Compiling num-bigint v0.4.8
[INFO] [stderr] error: could not compile `syn` (lib)
[INFO] [stderr] 
[INFO] [stderr] Caused by:
[INFO] [stderr]   process didn't exit successfully: `/opt/rustwide/rustup-home/toolchains/1.100.0-beta.1-x86_64-unknown-linux-gnu/bin/rustc --crate-name syn --edition=2021 /opt/rustwide/cargo-home/registry/src/index.crates.io-1949cf8c6b5b557f/syn-3.0.6/src/lib.rs --error-format=json --json=diagnostic-rendered-ansi,artifacts,future-incompat,unused-externs-silent --crate-type lib --emit=dep-info,metadata,link -C embed-bitcode=no --cfg 'feature="clone-impls"' --cfg 'feature="default"' --cfg 'feature="derive"' --cfg 'feature="fold"' --cfg 'feature="full"' --cfg 'feature="parsing"' --cfg 'feature="printing"' --cfg 'feature="proc-macro"' --check-cfg 'cfg(docsrs,test)' --check-cfg 'cfg(feature, values("clone-impls", "default", "derive", "extra-traits", "fold", "full", "parsing", "printing", "proc-macro", "test", "visit", "visit-mut"))' -C metadata=4fbff7fe247bed2d -C extra-filename=-ee8b4f4242a4ba8b --out-dir /opt/rustwide/target/debug/build/syn/ee8b4f4242a4ba8b/out -L dependency=/opt/rustwide/target/debug/build/proc-macro2/9777a2717d7b7d19/out -L dependency=/opt/rustwide/target/debug/build/unicode-ident/7d090ccf0d71aea6/out --extern proc_macro2=/opt/rustwide/target/debug/build/proc-macro2/9777a2717d7b7d19/out/libproc_macro2-9777a2717d7b7d19.rmeta --extern quote=/opt/rustwide/target/debug/build/quote/12eb74adb1fe7137/out/libquote-12eb74adb1fe7137.rmeta --extern unicode_ident=/opt/rustwide/target/debug/build/unicode-ident/7d090ccf0d71aea6/out/libunicode_ident-7d090ccf0d71aea6.rmeta --cap-lints allow --cap-lints=warn --force-warn=unused_crate_dependencies` (signal: 9, SIGKILL: kill)
[INFO] [stderr] warning: build failed, waiting for other jobs to finish...
[INFO] [stderr] error: could not compile `regex-syntax` (lib)
[INFO] [stderr] 
[INFO] [stderr] Caused by:
[INFO] [stderr]   process didn't exit successfully: `/opt/rustwide/rustup-home/toolchains/1.100.0-beta.1-x86_64-unknown-linux-gnu/bin/rustc --crate-name regex_syntax --edition=2021 /opt/rustwide/cargo-home/registry/src/index.crates.io-1949cf8c6b5b557f/regex-syntax-0.8.11/src/lib.rs --error-format=json --json=diagnostic-rendered-ansi,artifacts,future-incompat,unused-externs-silent --crate-type lib --emit=dep-info,metadata,link -C embed-bitcode=no --cfg 'feature="std"' --cfg 'feature="unicode-bool"' --cfg 'feature="unicode-perl"' --check-cfg 'cfg(docsrs,test)' --check-cfg 'cfg(feature, values("arbitrary", "default", "std", "unicode", "unicode-age", "unicode-bool", "unicode-case", "unicode-gencat", "unicode-perl", "unicode-script", "unicode-segment"))' -C metadata=4b296892052f665f -C extra-filename=-45a697f265ba5efb --out-dir /opt/rustwide/target/debug/build/regex-syntax/45a697f265ba5efb/out --cap-lints allow --cap-lints=warn --force-warn=unused_crate_dependencies` (signal: 9, SIGKILL: kill)
[INFO] [stderr] error: could not compile `serde_core` (lib)
[INFO] [stderr] 
[INFO] [stderr] Caused by:
[INFO] [stderr]   process didn't exit successfully: `/opt/rustwide/rustup-home/toolchains/1.100.0-beta.1-x86_64-unknown-linux-gnu/bin/rustc --crate-name serde_core --edition=2021 /opt/rustwide/cargo-home/registry/src/index.crates.io-1949cf8c6b5b557f/serde_core-1.0.229/src/lib.rs --error-format=json --json=diagnostic-rendered-ansi,artifacts,future-incompat,unused-externs-silent --crate-type lib --emit=dep-info,metadata,link -C embed-bitcode=no -C debuginfo=2 --cfg 'feature="alloc"' --cfg 'feature="default"' --cfg 'feature="result"' --cfg 'feature="std"' --check-cfg 'cfg(docsrs,test)' --check-cfg 'cfg(feature, values("alloc", "default", "rc", "result", "std", "unstable"))' -C metadata=a37025e0300ad3a2 -C extra-filename=-7370a7595b05d50c --out-dir /opt/rustwide/target/debug/build/serde_core/7370a7595b05d50c/out --cap-lints allow --cap-lints=warn --force-warn=unused_crate_dependencies --check-cfg 'cfg(if_docsrs_then_no_serde_core)' --check-cfg 'cfg(no_core_cstr)' --check-cfg 'cfg(no_core_error)' --check-cfg 'cfg(no_core_net)' --check-cfg 'cfg(no_core_num_saturating)' --check-cfg 'cfg(no_diagnostic_namespace)' --check-cfg 'cfg(no_serde_derive)' --check-cfg 'cfg(no_std_atomic)' --check-cfg 'cfg(no_std_atomic64)' --check-cfg 'cfg(no_target_has_atomic)'` (signal: 9, SIGKILL: kill)
[INFO] [stderr] error: could not compile `winnow` (lib)
[INFO] [stderr] 
[INFO] [stderr] Caused by:
[INFO] [stderr]   process didn't exit successfully: `/opt/rustwide/rustup-home/toolchains/1.100.0-beta.1-x86_64-unknown-linux-gnu/bin/rustc --crate-name winnow --edition=2021 /opt/rustwide/cargo-home/registry/src/index.crates.io-1949cf8c6b5b557f/winnow-1.0.4/src/lib.rs --error-format=json --json=diagnostic-rendered-ansi,artifacts,future-incompat,unused-externs-silent --crate-type lib --emit=dep-info,metadata,link -C embed-bitcode=no --cfg 'feature="alloc"' --cfg 'feature="ascii"' --cfg 'feature="binary"' --cfg 'feature="default"' --cfg 'feature="parser"' --cfg 'feature="std"' --check-cfg 'cfg(docsrs,test)' --check-cfg 'cfg(feature, values("alloc", "ascii", "binary", "debug", "default", "parser", "simd", "std", "unstable-doc", "unstable-recover"))' -C metadata=2f893fec88df7c36 -C extra-filename=-09dfba2f043576e2 --out-dir /opt/rustwide/target/debug/build/winnow/09dfba2f043576e2/out --cap-lints allow --cap-lints=warn --force-warn=unused_crate_dependencies` (signal: 9, SIGKILL: kill)
[INFO] [stderr] error: could not compile `syn` (lib)
[INFO] [stderr] 
[INFO] [stderr] Caused by:
[INFO] [stderr]   process didn't exit successfully: `/opt/rustwide/rustup-home/toolchains/1.100.0-beta.1-x86_64-unknown-linux-gnu/bin/rustc --crate-name syn --edition=2021 /opt/rustwide/cargo-home/registry/src/index.crates.io-1949cf8c6b5b557f/syn-2.0.119/src/lib.rs --error-format=json --json=diagnostic-rendered-ansi,artifacts,future-incompat,unused-externs-silent --crate-type lib --emit=dep-info,metadata,link -C embed-bitcode=no --cfg 'feature="clone-impls"' --cfg 'feature="default"' --cfg 'feature="derive"' --cfg 'feature="extra-traits"' --cfg 'feature="full"' --cfg 'feature="parsing"' --cfg 'feature="printing"' --cfg 'feature="proc-macro"' --cfg 'feature="visit-mut"' --check-cfg 'cfg(docsrs,test)' --check-cfg 'cfg(feature, values("clone-impls", "default", "derive", "extra-traits", "fold", "full", "parsing", "printing", "proc-macro", "test", "visit", "visit-mut"))' -C metadata=005c506ec66c417c -C extra-filename=-c4a348a72df653cc --out-dir /opt/rustwide/target/debug/build/syn/c4a348a72df653cc/out -L dependency=/opt/rustwide/target/debug/build/proc-macro2/9777a2717d7b7d19/out -L dependency=/opt/rustwide/target/debug/build/unicode-ident/7d090ccf0d71aea6/out --extern proc_macro2=/opt/rustwide/target/debug/build/proc-macro2/9777a2717d7b7d19/out/libproc_macro2-9777a2717d7b7d19.rmeta --extern quote=/opt/rustwide/target/debug/build/quote/12eb74adb1fe7137/out/libquote-12eb74adb1fe7137.rmeta --extern unicode_ident=/opt/rustwide/target/debug/build/unicode-ident/7d090ccf0d71aea6/out/libunicode_ident-7d090ccf0d71aea6.rmeta --cap-lints allow --cap-lints=warn --force-warn=unused_crate_dependencies` (signal: 9, SIGKILL: kill)
[INFO] [stderr] error: could not compile `clang-sys` (lib)
[INFO] [stderr] 
[INFO] [stderr] Caused by:
[INFO] [stderr]   process didn't exit successfully: `/opt/rustwide/rustup-home/toolchains/1.100.0-beta.1-x86_64-unknown-linux-gnu/bin/rustc --crate-name clang_sys --edition=2021 /opt/rustwide/cargo-home/registry/src/index.crates.io-1949cf8c6b5b557f/clang-sys-1.9.1/src/lib.rs --error-format=json --json=diagnostic-rendered-ansi,artifacts,future-incompat,unused-externs-silent --crate-type lib --emit=dep-info,metadata,link -C embed-bitcode=no --cfg 'feature="clang_10_0"' --cfg 'feature="clang_11_0"' --cfg 'feature="clang_3_5"' --cfg 'feature="clang_3_6"' --cfg 'feature="clang_3_7"' --cfg 'feature="clang_3_8"' --cfg 'feature="clang_3_9"' --cfg 'feature="clang_4_0"' --cfg 'feature="clang_5_0"' --cfg 'feature="clang_6_0"' --cfg 'feature="clang_7_0"' --cfg 'feature="clang_8_0"' --cfg 'feature="clang_9_0"' --cfg 'feature="libloading"' --cfg 'feature="runtime"' --check-cfg 'cfg(docsrs,test)' --check-cfg 'cfg(feature, values("clang_10_0", "clang_11_0", "clang_12_0", "clang_13_0", "clang_14_0", "clang_15_0", "clang_16_0", "clang_17_0", "clang_18_0", "clang_19_0", "clang_20_0", "clang_3_5", "clang_3_6", "clang_3_7", "clang_3_8", "clang_3_9", "clang_4_0", "clang_5_0", "clang_6_0", "clang_7_0", "clang_8_0", "clang_9_0", "libcpp", "libloading", "runtime", "static"))' -C metadata=5c67e67a2a331a15 -C extra-filename=-5a82064083f5a4f0 --out-dir /opt/rustwide/target/debug/build/clang-sys/5a82064083f5a4f0/out -L dependency=/opt/rustwide/target/debug/build/cfg-if/5addb699396bfe5f/out --extern glob=/opt/rustwide/target/debug/build/glob/2bc5213235b146c5/out/libglob-2bc5213235b146c5.rmeta --extern libc=/opt/rustwide/target/debug/build/libc/bd86e24dffdca8bb/out/liblibc-bd86e24dffdca8bb.rmeta --extern libloading=/opt/rustwide/target/debug/build/libloading/2decf72ef2dcaf73/out/liblibloading-2decf72ef2dcaf73.rmeta --cap-lints allow --cap-lints=warn --force-warn=unused_crate_dependencies` (signal: 9, SIGKILL: kill)
[INFO] [stderr] error: could not compile `rayon-core` (lib)
[INFO] [stderr] 
[INFO] [stderr] Caused by:
[INFO] [stderr]   process didn't exit successfully: `/opt/rustwide/rustup-home/toolchains/1.100.0-beta.1-x86_64-unknown-linux-gnu/bin/rustc --crate-name rayon_core --edition=2021 /opt/rustwide/cargo-home/registry/src/index.crates.io-1949cf8c6b5b557f/rayon-core-1.13.0/src/lib.rs --error-format=json --json=diagnostic-rendered-ansi,artifacts,future-incompat,unused-externs-silent --crate-type lib --emit=dep-info,metadata,link -C embed-bitcode=no -C debuginfo=2 --check-cfg 'cfg(docsrs,test)' --check-cfg 'cfg(feature, values("web_spin_lock"))' -C metadata=e09bfd63f0884dc4 -C extra-filename=-7a0f25d355d0e40b --out-dir /opt/rustwide/target/debug/build/rayon-core/7a0f25d355d0e40b/out -L dependency=/opt/rustwide/target/debug/build/crossbeam-epoch/e96f732a673912e5/out -L dependency=/opt/rustwide/target/debug/build/crossbeam-utils/7ff32d1cfd9997e2/out --extern crossbeam_deque=/opt/rustwide/target/debug/build/crossbeam-deque/5efa23ddfe237181/out/libcrossbeam_deque-5efa23ddfe237181.rmeta --extern crossbeam_utils=/opt/rustwide/target/debug/build/crossbeam-utils/7ff32d1cfd9997e2/out/libcrossbeam_utils-7ff32d1cfd9997e2.rmeta --cap-lints allow --cap-lints=warn --force-warn=unused_crate_dependencies` (signal: 9, SIGKILL: kill)
[INFO] [stderr] error: could not compile `regex-automata` (lib)
[INFO] [stderr] 
[INFO] [stderr] Caused by:
[INFO] [stderr]   process didn't exit successfully: `/opt/rustwide/rustup-home/toolchains/1.100.0-beta.1-x86_64-unknown-linux-gnu/bin/rustc --crate-name regex_automata --edition=2021 /opt/rustwide/cargo-home/registry/src/index.crates.io-1949cf8c6b5b557f/regex-automata-0.4.18/src/lib.rs --error-format=json --json=diagnostic-rendered-ansi,artifacts,future-incompat,unused-externs-silent --crate-type lib --emit=dep-info,metadata,link -C embed-bitcode=no --cfg 'feature="alloc"' --cfg 'feature="meta"' --cfg 'feature="nfa-pikevm"' --cfg 'feature="nfa-thompson"' --cfg 'feature="std"' --cfg 'feature="syntax"' --cfg 'feature="unicode-bool"' --cfg 'feature="unicode-perl"' --cfg 'feature="unicode-word-boundary"' --check-cfg 'cfg(docsrs,test)' --check-cfg 'cfg(feature, values("alloc", "default", "dfa", "dfa-build", "dfa-onepass", "dfa-search", "hybrid", "internal-instrument", "internal-instrument-pikevm", "logging", "meta", "nfa", "nfa-backtrack", "nfa-pikevm", "nfa-thompson", "perf", "perf-inline", "perf-literal", "perf-literal-multisubstring", "perf-literal-substring", "std", "syntax", "unicode", "unicode-age", "unicode-bool", "unicode-case", "unicode-gencat", "unicode-perl", "unicode-script", "unicode-segment", "unicode-word-boundary"))' -C metadata=fd98d26e97b73821 -C extra-filename=-04d3c80e63796e39 --out-dir /opt/rustwide/target/debug/build/regex-automata/04d3c80e63796e39/out --extern regex_syntax=/opt/rustwide/target/debug/build/regex-syntax/45a697f265ba5efb/out/libregex_syntax-45a697f265ba5efb.rmeta --cap-lints allow --cap-lints=warn --force-warn=unused_crate_dependencies` (signal: 9, SIGKILL: kill)
[INFO] [stderr] error: could not compile `num-bigint` (lib)
[INFO] [stderr] 
[INFO] [stderr] Caused by:
[INFO] [stderr]   process didn't exit successfully: `/opt/rustwide/rustup-home/toolchains/1.100.0-beta.1-x86_64-unknown-linux-gnu/bin/rustc --crate-name num_bigint --edition=2021 /opt/rustwide/cargo-home/registry/src/index.crates.io-1949cf8c6b5b557f/num-bigint-0.4.8/src/lib.rs --error-format=json --json=diagnostic-rendered-ansi,artifacts,future-incompat,unused-externs-silent --crate-type lib --emit=dep-info,metadata,link -C embed-bitcode=no -C debuginfo=2 --cfg 'feature="default"' --cfg 'feature="std"' --check-cfg 'cfg(docsrs,test)' --check-cfg 'cfg(feature, values("arbitrary", "default", "quickcheck", "rand", "serde", "std"))' -C metadata=75e5c7c696db05b2 -C extra-filename=-428af12eab17a1c6 --out-dir /opt/rustwide/target/debug/build/num-bigint/428af12eab17a1c6/out -L dependency=/opt/rustwide/target/debug/build/libm/24398d5f7d3c709c/out -L dependency=/opt/rustwide/target/debug/build/num-traits/68e0d171d32a4dd9/out --extern num_integer=/opt/rustwide/target/debug/build/num-integer/185eca27a8fa2d55/out/libnum_integer-185eca27a8fa2d55.rmeta --extern num_traits=/opt/rustwide/target/debug/build/num-traits/68e0d171d32a4dd9/out/libnum_traits-68e0d171d32a4dd9.rmeta --cap-lints allow --cap-lints=warn --force-warn=unused_crate_dependencies` (signal: 9, SIGKILL: kill)
[INFO] [stderr] error: could not compile `nom` (lib)
[INFO] [stderr] 
[INFO] [stderr] Caused by:
[INFO] [stderr]   process didn't exit successfully: `/opt/rustwide/rustup-home/toolchains/1.100.0-beta.1-x86_64-unknown-linux-gnu/bin/rustc --crate-name nom --edition=2018 /opt/rustwide/cargo-home/registry/src/index.crates.io-1949cf8c6b5b557f/nom-7.1.3/src/lib.rs --error-format=json --json=diagnostic-rendered-ansi,artifacts,future-incompat,unused-externs-silent --crate-type lib --emit=dep-info,metadata,link -C embed-bitcode=no --cfg 'feature="alloc"' --cfg 'feature="std"' --check-cfg 'cfg(docsrs,test)' --check-cfg 'cfg(feature, values("alloc", "default", "docsrs", "std"))' -C metadata=e08b170e6d099de3 -C extra-filename=-ec954dbc4d0e081c --out-dir /opt/rustwide/target/debug/build/nom/ec954dbc4d0e081c/out --extern memchr=/opt/rustwide/target/debug/build/memchr/a932478bde794617/out/libmemchr-a932478bde794617.rmeta --extern minimal_lexical=/opt/rustwide/target/debug/build/minimal-lexical/5c460c37ff8bd65d/out/libminimal_lexical-5c460c37ff8bd65d.rmeta --cap-lints allow --cap-lints=warn --force-warn=unused_crate_dependencies` (signal: 9, SIGKILL: kill)
[INFO] [stderr] error: could not compile `itertools` (lib)
[INFO] [stderr] 
[INFO] [stderr] Caused by:
[INFO] [stderr]   process didn't exit successfully: `/opt/rustwide/rustup-home/toolchains/1.100.0-beta.1-x86_64-unknown-linux-gnu/bin/rustc --crate-name itertools --edition=2018 /opt/rustwide/cargo-home/registry/src/index.crates.io-1949cf8c6b5b557f/itertools-0.14.0/src/lib.rs --error-format=json --json=diagnostic-rendered-ansi,artifacts,future-incompat,unused-externs-silent --crate-type lib --emit=dep-info,metadata,link -C embed-bitcode=no --cfg 'feature="default"' --cfg 'feature="use_alloc"' --cfg 'feature="use_std"' --check-cfg 'cfg(docsrs,test)' --check-cfg 'cfg(feature, values("default", "use_alloc", "use_std"))' -C metadata=dc17d1d880a34310 -C extra-filename=-6094e8e2015763db --out-dir /opt/rustwide/target/debug/build/itertools/6094e8e2015763db/out --extern either=/opt/rustwide/target/debug/build/either/3a172af21e7c9555/out/libeither-3a172af21e7c9555.rmeta --cap-lints allow --cap-lints=warn --force-warn=unused_crate_dependencies` (signal: 9, SIGKILL: kill)
[INFO] [stderr] warning: proofman-starks-lib-c@1.3.1-alpha: [BUILD INFO] STARKS compiled with CPU-only support (CUDA not detected)
[INFO] [stderr] error: failed to run custom build command for `proofman-starks-lib-c v1.3.1-alpha`
[INFO] [stderr] note: To improve backtraces for build dependencies, set the CARGO_PROFILE_DEV_BUILD_OVERRIDE_DEBUG=true environment variable to enable debug information generation.
[INFO] [stderr] 
[INFO] [stderr] Caused by:
[INFO] [stderr]   process didn't exit successfully: `/opt/rustwide/target/debug/build/proofman-starks-lib-c/63c5ad721b6cd22b/out/build_script_build` (exit status: 101)
[INFO] [stderr]   --- stdout
[INFO] [stderr]   cargo:rerun-if-env-changed=CUDA_ARCHS
[INFO] [stderr]   cargo:rerun-if-env-changed=CUDA_ARCH
[INFO] [stderr]   cargo:rerun-if-env-changed=CUDA_GENCODE_FLAGS
[INFO] [stderr]   cargo:warning=[BUILD INFO] STARKS compiled with CPU-only support (CUDA not detected)
[INFO] [stderr]   cargo:rustc-env=STARKS_BUILD_MODE=CPU
[INFO] [stderr]   cargo:rerun-if-changed=/opt/rustwide/target/debug/build/proofman-starks-lib-c/af84399dd8013de4/out/pil2-stark/.gitattributes
[INFO] [stderr]   cargo:rerun-if-changed=/opt/rustwide/target/debug/build/proofman-starks-lib-c/af84399dd8013de4/out/pil2-stark/LICENSE
[INFO] [stderr]   cargo:rerun-if-changed=/opt/rustwide/target/debug/build/proofman-starks-lib-c/af84399dd8013de4/out/pil2-stark/.gitignore
[INFO] [stderr]   cargo:rerun-if-changed=/opt/rustwide/target/debug/build/proofman-starks-lib-c/af84399dd8013de4/out/pil2-stark/Cargo.toml
[INFO] [stderr]   cargo:rerun-if-changed=/opt/rustwide/target/debug/build/proofman-starks-lib-c/af84399dd8013de4/out/pil2-stark/Cargo.lock
[INFO] [stderr]   cargo:rerun-if-changed=/opt/rustwide/target/debug/build/proofman-starks-lib-c/af84399dd8013de4/out/pil2-stark/starks_src.rs
[INFO] [stderr]   cargo:rerun-if-changed=/opt/rustwide/target/debug/build/proofman-starks-lib-c/af84399dd8013de4/out/pil2-stark/Makefile
[INFO] [stderr]   cargo:rerun-if-changed=/opt/rustwide/target/debug/build/proofman-starks-lib-c/af84399dd8013de4/out/pil2-stark/external/blst/.gitattributes
[INFO] [stderr]   cargo:rerun-if-changed=/opt/rustwide/target/debug/build/proofman-starks-lib-c/af84399dd8013de4/out/pil2-stark/external/blst/LICENSE
[INFO] [stderr]   cargo:rerun-if-changed=/opt/rustwide/target/debug/build/proofman-starks-lib-c/af84399dd8013de4/out/pil2-stark/external/blst/.gitignore
[INFO] [stderr]   cargo:rerun-if-changed=/opt/rustwide/target/debug/build/proofman-starks-lib-c/af84399dd8013de4/out/pil2-stark/external/blst/.github/workflows/ci.yml
[INFO] [stderr]   cargo:rerun-if-changed=/opt/rustwide/target/debug/build/proofman-starks-lib-c/af84399dd8013de4/out/pil2-stark/external/blst/.github/workflows/golang-lint.yml
[INFO] [stderr]   cargo:rerun-if-changed=/opt/rustwide/target/debug/build/proofman-starks-lib-c/af84399dd8013de4/out/pil2-stark/external/blst/.github/workflows/codeql-analysis.yml
[INFO] [stderr]   cargo:rerun-if-changed=/opt/rustwide/target/debug/build/proofman-starks-lib-c/af84399dd8013de4/out/pil2-stark/external/blst/go.mod
[INFO] [stderr]   cargo:rerun-if-changed=/opt/rustwide/target/debug/build/proofman-starks-lib-c/af84399dd8013de4/out/pil2-stark/external/blst/.lgtm.yml
[INFO] [stderr]   cargo:rerun-if-changed=/opt/rustwide/target/debug/build/proofman-starks-lib-c/af84399dd8013de4/out/pil2-stark/external/blst/blst_logo_small.png
[INFO] [stderr]   cargo:rerun-if-changed=/opt/rustwide/target/debug/build/proofman-starks-lib-c/af84399dd8013de4/out/pil2-stark/external/blst/.travis.yml
[INFO] [stderr]   cargo:rerun-if-changed=/opt/rustwide/target/debug/build/proofman-starks-lib-c/af84399dd8013de4/out/pil2-stark/external/blst/build.zig
[INFO] [stderr]   cargo:rerun-if-changed=/opt/rustwide/target/debug/build/proofman-starks-lib-c/af84399dd8013de4/out/pil2-stark/external/blst/SECURITY.md
[INFO] [stderr]   cargo:rerun-if-changed=/opt/rustwide/target/debug/build/proofman-starks-lib-c/af84399dd8013de4/out/pil2-stark/external/blst/build.zig.zon
[INFO] [stderr]   cargo:rerun-if-changed=/opt/rustwide/target/debug/build/proofman-starks-lib-c/af84399dd8013de4/out/pil2-stark/external/blst/build.sh
[INFO] [stderr]   cargo:rerun-if-changed=/opt/rustwide/target/debug/build/proofman-starks-lib-c/af84399dd8013de4/out/pil2-stark/external/blst/src/aggregate.c
[INFO] [stderr]   cargo:rerun-if-changed=/opt/rustwide/target/debug/build/proofman-starks-lib-c/af84399dd8013de4/out/pil2-stark/external/blst/src/map_to_g2.c
[INFO] [stderr]   cargo:rerun-if-changed=/opt/rustwide/target/debug/build/proofman-starks-lib-c/af84399dd8013de4/out/pil2-stark/external/blst/src/client_min_sig.c
[INFO] [stderr]   cargo:rerun-if-changed=/opt/rustwide/target/debug/build/proofman-starks-lib-c/af84399dd8013de4/out/pil2-stark/external/blst/src/e2.c
[INFO] [stderr]   cargo:rerun-if-changed=/opt/rustwide/target/debug/build/proofman-starks-lib-c/af84399dd8013de4/out/pil2-stark/external/blst/src/pairing.c
[INFO] [stderr]   cargo:rerun-if-changed=/opt/rustwide/target/debug/build/proofman-starks-lib-c/af84399dd8013de4/out/pil2-stark/external/blst/src/sha256.h
[INFO] [stderr]   cargo:rerun-if-changed=/opt/rustwide/target/debug/build/proofman-starks-lib-c/af84399dd8013de4/out/pil2-stark/external/blst/src/sqrt-addchain.h
[INFO] [stderr]   cargo:rerun-if-changed=/opt/rustwide/target/debug/build/proofman-starks-lib-c/af84399dd8013de4/out/pil2-stark/external/blst/src/asm/mulq_mont_256-x86_64.pl
[INFO] [stderr]   cargo:rerun-if-changed=/opt/rustwide/target/debug/build/proofman-starks-lib-c/af84399dd8013de4/out/pil2-stark/external/blst/src/asm/add_mod_384-armv8.pl
[INFO] [stderr]   cargo:rerun-if-changed=/opt/rustwide/target/debug/build/proofman-starks-lib-c/af84399dd8013de4/out/pil2-stark/external/blst/src/asm/mulx_mont_384-x86_64.pl
[INFO] [stderr]   cargo:rerun-if-changed=/opt/rustwide/target/debug/build/proofman-starks-lib-c/af84399dd8013de4/out/pil2-stark/external/blst/src/asm/mul_mont_384-armv8.pl
[INFO] [stderr]   cargo:rerun-if-changed=/opt/rustwide/target/debug/build/proofman-starks-lib-c/af84399dd8013de4/out/pil2-stark/external/blst/src/asm/mulx_mont_256-x86_64.pl
[INFO] [stderr]   cargo:rerun-if-changed=/opt/rustwide/target/debug/build/proofman-starks-lib-c/af84399dd8013de4/out/pil2-stark/external/blst/src/asm/ct_is_square_mod_384-armv8.pl
[INFO] [stderr]   cargo:rerun-if-changed=/opt/rustwide/target/debug/build/proofman-starks-lib-c/af84399dd8013de4/out/pil2-stark/external/blst/src/asm/arm-xlate.pl
[INFO] [stderr]   cargo:rerun-if-changed=/opt/rustwide/target/debug/build/proofman-starks-lib-c/af84399dd8013de4/out/pil2-stark/external/blst/src/asm/mulq_mont_384-x86_64.pl
[INFO] [stderr]   cargo:rerun-if-changed=/opt/rustwide/target/debug/build/proofman-starks-lib-c/af84399dd8013de4/out/pil2-stark/external/blst/src/asm/ctq_inverse_mod_384-x86_64.pl
[INFO] [stderr]   cargo:rerun-if-changed=/opt/rustwide/target/debug/build/proofman-starks-lib-c/af84399dd8013de4/out/pil2-stark/external/blst/src/asm/ct_inverse_mod_256-x86_64.pl
[INFO] [stderr]   cargo:rerun-if-changed=/opt/rustwide/target/debug/build/proofman-starks-lib-c/af84399dd8013de4/out/pil2-stark/external/blst/src/asm/div3w-x86_64.pl
[INFO] [stderr]   cargo:rerun-if-changed=/opt/rustwide/target/debug/build/proofman-starks-lib-c/af84399dd8013de4/out/pil2-stark/external/blst/src/asm/ct_is_square_mod_384-x86_64.pl
[INFO] [stderr]   cargo:rerun-if-changed=/opt/rustwide/target/debug/build/proofman-starks-lib-c/af84399dd8013de4/out/pil2-stark/external/blst/src/asm/ctx_inverse_mod_384-x86_64.pl
[INFO] [stderr]   cargo:rerun-if-changed=/opt/rustwide/target/debug/build/proofman-starks-lib-c/af84399dd8013de4/out/pil2-stark/external/blst/src/asm/ct_inverse_mod_384-armv8.pl
[INFO] [stderr]   cargo:rerun-if-changed=/opt/rustwide/target/debug/build/proofman-starks-lib-c/af84399dd8013de4/out/pil2-stark/external/blst/src/asm/sha256-portable-x86_64.pl
[INFO] [stderr]   cargo:rerun-if-changed=/opt/rustwide/target/debug/build/proofman-starks-lib-c/af84399dd8013de4/out/pil2-stark/external/blst/src/asm/sha256-armv8.pl
[INFO] [stderr]   cargo:rerun-if-changed=/opt/rustwide/target/debug/build/proofman-starks-lib-c/af84399dd8013de4/out/pil2-stark/external/blst/src/asm/add_mod_384x384-x86_64.pl
[INFO] [stderr]   cargo:rerun-if-changed=/opt/rustwide/target/debug/build/proofman-starks-lib-c/af84399dd8013de4/out/pil2-stark/external/blst/src/asm/sha256-x86_64.pl
[INFO] [stderr]   cargo:rerun-if-changed=/opt/rustwide/target/debug/build/proofman-starks-lib-c/af84399dd8013de4/out/pil2-stark/external/blst/src/asm/x86_64-xlate.pl
[INFO] [stderr]   cargo:rerun-if-changed=/opt/rustwide/target/debug/build/proofman-starks-lib-c/af84399dd8013de4/out/pil2-stark/external/blst/src/asm/add_mod_384-x86_64.pl
[INFO] [stderr]   cargo:rerun-if-changed=/opt/rustwide/target/debug/build/proofman-starks-lib-c/af84399dd8013de4/out/pil2-stark/external/blst/src/asm/div3w-armv8.pl
[INFO] [stderr]   cargo:rerun-if-changed=/opt/rustwide/target/debug/build/proofman-starks-lib-c/af84399dd8013de4/out/pil2-stark/external/blst/src/asm/mul_mont_256-armv8.pl
[INFO] [stderr]   cargo:rerun-if-changed=/opt/rustwide/target/debug/build/proofman-starks-lib-c/af84399dd8013de4/out/pil2-stark/external/blst/src/asm/ct_inverse_mod_256-armv8.pl
[INFO] [stderr]   cargo:rerun-if-changed=/opt/rustwide/target/debug/build/proofman-starks-lib-c/af84399dd8013de4/out/pil2-stark/external/blst/src/asm/add_mod_256-armv8.pl
[INFO] [stderr]   cargo:rerun-if-changed=/opt/rustwide/target/debug/build/proofman-starks-lib-c/af84399dd8013de4/out/pil2-stark/external/blst/src/asm/add_mod_256-x86_64.pl
[INFO] [stderr]   cargo:rerun-if-changed=/opt/rustwide/target/debug/build/proofman-starks-lib-c/af84399dd8013de4/out/pil2-stark/external/blst/src/recip.c
[INFO] [stderr]   cargo:rerun-if-changed=/opt/rustwide/target/debug/build/proofman-starks-lib-c/af84399dd8013de4/out/pil2-stark/external/blst/src/exports.c
[INFO] [stderr]   cargo:rerun-if-changed=/opt/rustwide/target/debug/build/proofman-starks-lib-c/af84399dd8013de4/out/pil2-stark/external/blst/src/point.h
[INFO] [stderr]   cargo:rerun-if-changed=/opt/rustwide/target/debug/build/proofman-starks-lib-c/af84399dd8013de4/out/pil2-stark/external/blst/src/map_to_g1.c
[INFO] [stderr]   cargo:rerun-if-changed=/opt/rustwide/target/debug/build/proofman-starks-lib-c/af84399dd8013de4/out/pil2-stark/external/blst/src/sqrt.c
[INFO] [stderr]   cargo:rerun-if-changed=/opt/rustwide/target/debug/build/proofman-starks-lib-c/af84399dd8013de4/out/pil2-stark/external/blst/src/no_asm.h
[INFO] [stderr]   cargo:rerun-if-changed=/opt/rustwide/target/debug/build/proofman-starks-lib-c/af84399dd8013de4/out/pil2-stark/external/blst/src/ec_mult.h
[INFO] [stderr]   cargo:rerun-if-changed=/opt/rustwide/target/debug/build/proofman-starks-lib-c/af84399dd8013de4/out/pil2-stark/external/blst/src/exp.c
[INFO] [stderr]   cargo:rerun-if-changed=/opt/rustwide/target/debug/build/proofman-starks-lib-c/af84399dd8013de4/out/pil2-stark/external/blst/src/consts.c
[INFO] [stderr]   cargo:rerun-if-changed=/opt/rustwide/target/debug/build/proofman-starks-lib-c/af84399dd8013de4/out/pil2-stark/external/blst/src/bytes.h
[INFO] [stderr]   cargo:rerun-if-changed=/opt/rustwide/target/debug/build/proofman-starks-lib-c/af84399dd8013de4/out/pil2-stark/external/blst/src/fp12_tower.c
[INFO] [stderr]   cargo:rerun-if-changed=/opt/rustwide/target/debug/build/proofman-starks-lib-c/af84399dd8013de4/out/pil2-stark/external/blst/src/recip-addchain.h
[INFO] [stderr]   cargo:rerun-if-changed=/opt/rustwide/target/debug/build/proofman-starks-lib-c/af84399dd8013de4/out/pil2-stark/external/blst/src/server.c
[INFO] [stderr]   cargo:rerun-if-changed=/opt/rustwide/target/debug/build/proofman-starks-lib-c/af84399dd8013de4/out/pil2-stark/external/blst/src/consts.h
[INFO] [stderr]   cargo:rerun-if-changed=/opt/rustwide/target/debug/build/proofman-starks-lib-c/af84399dd8013de4/out/pil2-stark/external/blst/src/multi_scalar.c
[INFO] [stderr]   cargo:rerun-if-changed=/opt/rustwide/target/debug/build/proofman-starks-lib-c/af84399dd8013de4/out/pil2-stark/external/blst/src/keygen.c
[INFO] [stderr]   cargo:rerun-if-changed=/opt/rustwide/target/debug/build/proofman-starks-lib-c/af84399dd8013de4/out/pil2-stark/external/blst/src/fields.h
[INFO] [stderr]   cargo:rerun-if-changed=/opt/rustwide/target/debug/build/proofman-starks-lib-c/af84399dd8013de4/out/pil2-stark/external/blst/src/pentaroot-addchain.h
[INFO] [stderr]   cargo:rerun-if-changed=/opt/rustwide/target/debug/build/proofman-starks-lib-c/af84399dd8013de4/out/pil2-stark/external/blst/src/pentaroot.c
[INFO] [stderr]   cargo:rerun-if-changed=/opt/rustwide/target/debug/build/proofman-starks-lib-c/af84399dd8013de4/out/pil2-stark/external/blst/src/rb_tree.c
[INFO] [stderr]   cargo:rerun-if-changed=/opt/rustwide/target/debug/build/proofman-starks-lib-c/af84399dd8013de4/out/pil2-stark/external/blst/src/cpuid.c
[INFO] [stderr]   cargo:rerun-if-changed=/opt/rustwide/target/debug/build/proofman-starks-lib-c/af84399dd8013de4/out/pil2-stark/external/blst/src/e1.c
[INFO] [stderr]   cargo:rerun-if-changed=/opt/rustwide/target/debug/build/proofman-starks-lib-c/af84399dd8013de4/out/pil2-stark/external/blst/src/bulk_addition.c
[INFO] [stderr]   cargo:rerun-if-changed=/opt/rustwide/target/debug/build/proofman-starks-lib-c/af84399dd8013de4/out/pil2-stark/external/blst/src/ec_ops.h
[INFO] [stderr]   cargo:rerun-if-changed=/opt/rustwide/target/debug/build/proofman-starks-lib-c/af84399dd8013de4/out/pil2-stark/external/blst/src/vect.c
[INFO] [stderr]   cargo:rerun-if-changed=/opt/rustwide/target/debug/build/proofman-starks-lib-c/af84399dd8013de4/out/pil2-stark/external/blst/src/errors.h
[INFO] [stderr]   cargo:rerun-if-changed=/opt/rustwide/target/debug/build/proofman-starks-lib-c/af84399dd8013de4/out/pil2-stark/external/blst/src/client_min_pk.c
[INFO] [stderr]   cargo:rerun-if-changed=/opt/rustwide/target/debug/build/proofman-starks-lib-c/af84399dd8013de4/out/pil2-stark/external/blst/src/blst_t.hpp
[INFO] [stderr]   cargo:rerun-if-changed=/opt/rustwide/target/debug/build/proofman-starks-lib-c/af84399dd8013de4/out/pil2-stark/external/blst/src/hash_to_field.c
[INFO] [stderr]   cargo:rerun-if-changed=/opt/rustwide/target/debug/build/proofman-starks-lib-c/af84399dd8013de4/out/pil2-stark/external/blst/src/vect.h
[INFO] [stderr]   cargo:rerun-if-changed=/opt/rustwide/target/debug/build/proofman-starks-lib-c/af84399dd8013de4/out/pil2-stark/external/blst/.golangci.yml
[INFO] [stderr]   cargo:rerun-if-changed=/opt/rustwide/target/debug/build/proofman-starks-lib-c/af84399dd8013de4/out/pil2-stark/external/blst/build.bat
[INFO] [stderr]   cargo:rerun-if-changed=/opt/rustwide/target/debug/build/proofman-starks-lib-c/af84399dd8013de4/out/pil2-stark/external/blst/bindings/c#/run.me
[INFO] [stderr]   cargo:rerun-if-changed=/opt/rustwide/target/debug/build/proofman-starks-lib-c/af84399dd8013de4/out/pil2-stark/external/blst/bindings/c#/supranational.blst.cs
[INFO] [stderr]   cargo:rerun-if-changed=/opt/rustwide/target/debug/build/proofman-starks-lib-c/af84399dd8013de4/out/pil2-stark/external/blst/bindings/c#/poc.csproj
[INFO] [stderr]   cargo:rerun-if-changed=/opt/rustwide/target/debug/build/proofman-starks-lib-c/af84399dd8013de4/out/pil2-stark/external/blst/bindings/c#/poc.cs
[INFO] [stderr]   cargo:rerun-if-changed=/opt/rustwide/target/debug/build/proofman-starks-lib-c/af84399dd8013de4/out/pil2-stark/external/blst/bindings/vectors/hash_to_curve/expand_message_xmd_SHA256_38.json
[INFO] [stderr]   cargo:rerun-if-changed=/opt/rustwide/target/debug/build/proofman-starks-lib-c/af84399dd8013de4/out/pil2-stark/external/blst/bindings/vectors/hash_to_curve/expand_message_xmd_SHA256_256.json
[INFO] [stderr]   cargo:rerun-if-changed=/opt/rustwide/target/debug/build/proofman-starks-lib-c/af84399dd8013de4/out/pil2-stark/external/blst/bindings/vectors/hash_to_curve/BLS12381G1_XMD_SHA-256_SSWU_NU_.json
[INFO] [stderr]   cargo:rerun-if-changed=/opt/rustwide/target/debug/build/proofman-starks-lib-c/af84399dd8013de4/out/pil2-stark/external/blst/bindings/vectors/hash_to_curve/BLS12381G1_XMD_SHA-256_SSWU_RO_.json
[INFO] [stderr]   cargo:rerun-if-changed=/opt/rustwide/target/debug/build/proofman-starks-lib-c/af84399dd8013de4/out/pil2-stark/external/blst/bindings/vectors/hash_to_curve/BLS12381G2_XMD_SHA-256_SSWU_RO_.json
[INFO] [stderr]   cargo:rerun-if-changed=/opt/rustwide/target/debug/build/proofman-starks-lib-c/af84399dd8013de4/out/pil2-stark/external/blst/bindings/vectors/hash_to_curve/BLS12381G2_XMD_SHA-256_SSWU_NU_.json
[INFO] [stderr]   cargo:rerun-if-changed=/opt/rustwide/target/debug/build/proofman-starks-lib-c/af84399dd8013de4/out/pil2-stark/external/blst/bindings/vectors/hash_to_curve/README
[INFO] [stderr]   cargo:rerun-if-changed=/opt/rustwide/target/debug/build/proofman-starks-lib-c/af84399dd8013de4/out/pil2-stark/external/blst/bindings/blst.hpp
[INFO] [stderr]   cargo:rerun-if-changed=/opt/rustwide/target/debug/build/proofman-starks-lib-c/af84399dd8013de4/out/pil2-stark/external/blst/bindings/blst.h
[INFO] [stderr]   cargo:rerun-if-changed=/opt/rustwide/target/debug/build/proofman-starks-lib-c/af84399dd8013de4/out/pil2-stark/external/blst/bindings/go/blst_miller_loop_test.go
[INFO] [stderr]   cargo:rerun-if-changed=/opt/rustwide/target/debug/build/proofman-starks-lib-c/af84399dd8013de4/out/pil2-stark/external/blst/bindings/go/rb_tree.go
[INFO] [stderr]   cargo:rerun-if-changed=/opt/rustwide/target/debug/build/proofman-starks-lib-c/af84399dd8013de4/out/pil2-stark/external/blst/bindings/go/blst_px.tgo
[INFO] [stderr]   cargo:rerun-if-changed=/opt/rustwide/target/debug/build/proofman-starks-lib-c/af84399dd8013de4/out/pil2-stark/external/blst/bindings/go/blst_minpk_test.go
[INFO] [stderr]   cargo:rerun-if-changed=/opt/rustwide/target/debug/build/proofman-starks-lib-c/af84399dd8013de4/out/pil2-stark/external/blst/bindings/go/blst_wasm.go
[INFO] [stderr]   cargo:rerun-if-changed=/opt/rustwide/target/debug/build/proofman-starks-lib-c/af84399dd8013de4/out/pil2-stark/external/blst/bindings/go/generate.py
[INFO] [stderr]   cargo:rerun-if-changed=/opt/rustwide/target/debug/build/proofman-starks-lib-c/af84399dd8013de4/out/pil2-stark/external/blst/bindings/go/blst.go
[INFO] [stderr]   cargo:rerun-if-changed=/opt/rustwide/target/debug/build/proofman-starks-lib-c/af84399dd8013de4/out/pil2-stark/external/blst/bindings/go/cgo_assembly.S
[INFO] [stderr]   cargo:rerun-if-changed=/opt/rustwide/target/debug/build/proofman-starks-lib-c/af84399dd8013de4/out/pil2-stark/external/blst/bindings/go/blst_minpk.tgo
[INFO] [stderr]   cargo:rerun-if-changed=/opt/rustwide/target/debug/build/proofman-starks-lib-c/af84399dd8013de4/out/pil2-stark/external/blst/bindings/go/blst_htoc_test.go
[INFO] [stderr]   cargo:rerun-if-changed=/opt/rustwide/target/debug/build/proofman-starks-lib-c/af84399dd8013de4/out/pil2-stark/external/blst/bindings/go/cgo_server.c
[INFO] [stderr]   cargo:rerun-if-changed=/opt/rustwide/target/debug/build/proofman-starks-lib-c/af84399dd8013de4/out/pil2-stark/external/blst/bindings/go/blst_minsig_test.go
[INFO] [stderr]   cargo:rerun-if-changed=/opt/rustwide/target/debug/build/proofman-starks-lib-c/af84399dd8013de4/out/pil2-stark/external/blst/bindings/go/README.md
[INFO] [stderr]   cargo:rerun-if-changed=/opt/rustwide/target/debug/build/proofman-starks-lib-c/af84399dd8013de4/out/pil2-stark/external/blst/bindings/go/blst_misc.tgo
[INFO] [stderr]   cargo:rerun-if-changed=/opt/rustwide/target/debug/build/proofman-starks-lib-c/af84399dd8013de4/out/pil2-stark/external/blst/bindings/go/blst.tgo
[INFO] [stderr]   cargo:rerun-if-changed=/opt/rustwide/target/debug/build/proofman-starks-lib-c/af84399dd8013de4/out/pil2-stark/external/blst/bindings/java/run.me
[INFO] [stderr]   cargo:rerun-if-changed=/opt/rustwide/target/debug/build/proofman-starks-lib-c/af84399dd8013de4/out/pil2-stark/external/blst/bindings/java/build.sh
[INFO] [stderr]   cargo:rerun-if-changed=/opt/rustwide/target/debug/build/proofman-starks-lib-c/af84399dd8013de4/out/pil2-stark/external/blst/bindings/java/runnable.java
[INFO] [stderr]   cargo:rerun-if-changed=/opt/rustwide/target/debug/build/proofman-starks-lib-c/af84399dd8013de4/out/pil2-stark/external/blst/bindings/node.js/runnable.js
[INFO] [stderr]   cargo:rerun-if-changed=/opt/rustwide/target/debug/build/proofman-starks-lib-c/af84399dd8013de4/out/pil2-stark/external/blst/bindings/node.js/run.me
[INFO] [stderr]   cargo:rerun-if-changed=/opt/rustwide/target/debug/build/proofman-starks-lib-c/af84399dd8013de4/out/pil2-stark/external/blst/bindings/node.js/blst.hpp.ts
[INFO] [stderr]   cargo:rerun-if-changed=/opt/rustwide/target/debug/build/proofman-starks-lib-c/af84399dd8013de4/out/pil2-stark/external/blst/bindings/node.js/tsconfig.json
[INFO] [stderr]   cargo:rerun-if-changed=/opt/rustwide/target/debug/build/proofman-starks-lib-c/af84399dd8013de4/out/pil2-stark/external/blst/bindings/node.js/blst_wrap.py
[INFO] [stderr]   cargo:rerun-if-changed=/opt/rustwide/target/debug/build/proofman-starks-lib-c/af84399dd8013de4/out/pil2-stark/external/blst/bindings/node.js/binding.gyp
[INFO] [stderr]   cargo:rerun-if-changed=/opt/rustwide/target/debug/build/proofman-starks-lib-c/af84399dd8013de4/out/pil2-stark/external/blst/bindings/node.js/runnable.ts
[INFO] [stderr]   cargo:rerun-if-changed=/opt/rustwide/target/debug/build/proofman-starks-lib-c/af84399dd8013de4/out/pil2-stark/external/blst/bindings/emscripten/runnable.js
[INFO] [stderr]   cargo:rerun-if-changed=/opt/rustwide/target/debug/build/proofman-starks-lib-c/af84399dd8013de4/out/pil2-stark/external/blst/bindings/emscripten/runnable.html
[INFO] [stderr]   cargo:rerun-if-changed=/opt/rustwide/target/debug/build/proofman-starks-lib-c/af84399dd8013de4/out/pil2-stark/external/blst/bindings/emscripten/run.me
[INFO] [stderr]   cargo:rerun-if-changed=/opt/rustwide/target/debug/build/proofman-starks-lib-c/af84399dd8013de4/out/pil2-stark/external/blst/bindings/emscripten/build.py
[INFO] [stderr]   cargo:rerun-if-changed=/opt/rustwide/target/debug/build/proofman-starks-lib-c/af84399dd8013de4/out/pil2-stark/external/blst/bindings/python/run.me
[INFO] [stderr]   cargo:rerun-if-changed=/opt/rustwide/target/debug/build/proofman-starks-lib-c/af84399dd8013de4/out/pil2-stark/external/blst/bindings/blst_aux.h
[INFO] [stderr]   cargo:rerun-if-changed=/opt/rustwide/target/debug/build/proofman-starks-lib-c/af84399dd8013de4/out/pil2-stark/external/blst/bindings/blst.swg
[INFO] [stderr]   cargo:rerun-if-changed=/opt/rustwide/target/debug/build/proofman-starks-lib-c/af84399dd8013de4/out/pil2-stark/external/blst/bindings/zig/tests.zig
[INFO] [stderr]   cargo:rerun-if-changed=/opt/rustwide/target/debug/build/proofman-starks-lib-c/af84399dd8013de4/out/pil2-stark/external/blst/bindings/zig/blst.zig
[INFO] [stderr]   cargo:rerun-if-changed=/opt/rustwide/target/debug/build/proofman-starks-lib-c/af84399dd8013de4/out/pil2-stark/external/blst/bindings/zig/c.zig
[INFO] [stderr]   cargo:rerun-if-changed=/opt/rustwide/target/debug/build/proofman-starks-lib-c/af84399dd8013de4/out/pil2-stark/external/blst/bindings/zig/generate.py
[INFO] [stderr]   cargo:rerun-if-changed=/opt/rustwide/target/debug/build/proofman-starks-lib-c/af84399dd8013de4/out/pil2-stark/external/blst/bindings/zig/README.md
[INFO] [stderr]   cargo:rerun-if-changed=/opt/rustwide/target/debug/build/proofman-starks-lib-c/af84399dd8013de4/out/pil2-stark/external/blst/README.md
[INFO] [stderr]   cargo:rerun-if-changed=/opt/rustwide/target/debug/build/proofman-starks-lib-c/af84399dd8013de4/out/pil2-stark/external/sppark/LICENSE
[INFO] [stderr]   cargo:rerun-if-changed=/opt/rustwide/target/debug/build/proofman-starks-lib-c/af84399dd8013de4/out/pil2-stark/external/sppark/.gitignore
[INFO] [stderr]   cargo:rerun-if-changed=/opt/rustwide/target/debug/build/proofman-starks-lib-c/af84399dd8013de4/out/pil2-stark/external/sppark/.github/workflows/ci.yml
[INFO] [stderr]   cargo:rerun-if-changed=/opt/rustwide/target/debug/build/proofman-starks-lib-c/af84399dd8013de4/out/pil2-stark/external/sppark/util/cuda2hip.hpp
[INFO] [stderr]   cargo:rerun-if-changed=/opt/rustwide/target/debug/build/proofman-starks-lib-c/af84399dd8013de4/out/pil2-stark/external/sppark/util/cuda_timer_t.cuh
[INFO] [stderr]   cargo:rerun-if-changed=/opt/rustwide/target/debug/build/proofman-starks-lib-c/af84399dd8013de4/out/pil2-stark/external/sppark/util/gpu_t.cuh
[INFO] [stderr]   cargo:rerun-if-changed=/opt/rustwide/target/debug/build/proofman-starks-lib-c/af84399dd8013de4/out/pil2-stark/external/sppark/util/all_gpus.cpp
[INFO] [stderr]   cargo:rerun-if-changed=/opt/rustwide/target/debug/build/proofman-starks-lib-c/af84399dd8013de4/out/pil2-stark/external/sppark/util/thread_pool_t.hpp
[INFO] [stderr]   cargo:rerun-if-changed=/opt/rustwide/target/debug/build/proofman-starks-lib-c/af84399dd8013de4/out/pil2-stark/external/sppark/util/exception.hpp
[INFO] [stderr]   cargo:rerun-if-changed=/opt/rustwide/target/debug/build/proofman-starks-lib-c/af84399dd8013de4/out/pil2-stark/external/sppark/util/slice_t.hpp
[INFO] [stderr]   cargo:rerun-if-changed=/opt/rustwide/target/debug/build/proofman-starks-lib-c/af84399dd8013de4/out/pil2-stark/external/sppark/util/cuda_available.cu
[INFO] [stderr]   cargo:rerun-if-changed=/opt/rustwide/target/debug/build/proofman-starks-lib-c/af84399dd8013de4/out/pil2-stark/external/sppark/util/exception.cuh
[INFO] [stderr]   cargo:rerun-if-changed=/opt/rustwide/target/debug/build/proofman-starks-lib-c/af84399dd8013de4/out/pil2-stark/external/sppark/util/vec2d_t.hpp
[INFO] [stderr]   cargo:rerun-if-changed=/opt/rustwide/target/debug/build/proofman-starks-lib-c/af84399dd8013de4/out/pil2-stark/external/sppark/util/rusterror.h
[INFO] [stderr]   cargo:rerun-if-changed=/opt/rustwide/target/debug/build/proofman-starks-lib-c/af84399dd8013de4/out/pil2-stark/external/sppark/go/cgo_sppark.h
[INFO] [stderr]   cargo:rerun-if-changed=/opt/rustwide/target/debug/build/proofman-starks-lib-c/af84399dd8013de4/out/pil2-stark/external/sppark/go/sppark.go
[INFO] [stderr]   cargo:rerun-if-changed=/opt/rustwide/target/debug/build/proofman-starks-lib-c/af84399dd8013de4/out/pil2-stark/external/sppark/go/README.md
[INFO] [stderr]   cargo:rerun-if-changed=/opt/rustwide/target/debug/build/proofman-starks-lib-c/af84399dd8013de4/out/pil2-stark/external/sppark/go.mod
[INFO] [stderr]   cargo:rerun-if-changed=/opt/rustwide/target/debug/build/proofman-starks-lib-c/af84399dd8013de4/out/pil2-stark/external/sppark/ntt/parameters.cuh
[INFO] [stderr]   cargo:rerun-if-changed=/opt/rustwide/target/debug/build/proofman-starks-lib-c/af84399dd8013de4/out/pil2-stark/external/sppark/ntt/kernels.cu
[INFO] [stderr]   cargo:rerun-if-changed=/opt/rustwide/target/debug/build/proofman-starks-lib-c/af84399dd8013de4/out/pil2-stark/external/sppark/ntt/ntt.cuh
[INFO] [stderr]   cargo:rerun-if-changed=/opt/rustwide/target/debug/build/proofman-starks-lib-c/af84399dd8013de4/out/pil2-stark/external/sppark/ntt/parameters/.gitattributes
[INFO] [stderr]   cargo:rerun-if-changed=/opt/rustwide/target/debug/build/proofman-starks-lib-c/af84399dd8013de4/out/pil2-stark/external/sppark/ntt/parameters/baby_bear.h
[INFO] [stderr]   cargo:rerun-if-changed=/opt/rustwide/target/debug/build/proofman-starks-lib-c/af84399dd8013de4/out/pil2-stark/external/sppark/ntt/parameters/goldilocks.h
[INFO] [stderr]   cargo:rerun-if-changed=/opt/rustwide/target/debug/build/proofman-starks-lib-c/af84399dd8013de4/out/pil2-stark/external/sppark/ntt/parameters/vesta.h
[INFO] [stderr]   cargo:rerun-if-changed=/opt/rustwide/target/debug/build/proofman-starks-lib-c/af84399dd8013de4/out/pil2-stark/external/sppark/ntt/parameters/bls12_381.h
[INFO] [stderr]   cargo:rerun-if-changed=/opt/rustwide/target/debug/build/proofman-starks-lib-c/af84399dd8013de4/out/pil2-stark/external/sppark/ntt/parameters/bls12_377.h
[INFO] [stderr]   cargo:rerun-if-changed=/opt/rustwide/target/debug/build/proofman-starks-lib-c/af84399dd8013de4/out/pil2-stark/external/sppark/ntt/parameters/alt_bn128.h
[INFO] [stderr]   cargo:rerun-if-changed=/opt/rustwide/target/debug/build/proofman-starks-lib-c/af84399dd8013de4/out/pil2-stark/external/sppark/ntt/parameters/pallas.h
[INFO] [stderr]   cargo:rerun-if-changed=/opt/rustwide/target/debug/build/proofman-starks-lib-c/af84399dd8013de4/out/pil2-stark/external/sppark/ntt/kernels/ct_mixed_radix_wide.cu
[INFO] [stderr]   cargo:rerun-if-changed=/opt/rustwide/target/debug/build/proofman-starks-lib-c/af84399dd8013de4/out/pil2-stark/external/sppark/ntt/kernels/gs_mixed_radix_wide.cu
[INFO] [stderr]   cargo:rerun-if-changed=/opt/rustwide/target/debug/build/proofman-starks-lib-c/af84399dd8013de4/out/pil2-stark/external/sppark/ntt/kernels/ct_mixed_radix_narrow.cu
[INFO] [stderr]   cargo:rerun-if-changed=/opt/rustwide/target/debug/build/proofman-starks-lib-c/af84399dd8013de4/out/pil2-stark/external/sppark/ntt/kernels/gs_mixed_radix_narrow.cu
[INFO] [stderr]   cargo:rerun-if-changed=/opt/rustwide/target/debug/build/proofman-starks-lib-c/af84399dd8013de4/out/pil2-stark/external/sppark/polynomial/prefix_op.cuh
[INFO] [stderr]   cargo:rerun-if-changed=/opt/rustwide/target/debug/build/proofman-starks-lib-c/af84399dd8013de4/out/pil2-stark/external/sppark/polynomial/div_by_x_minus_z.cuh
[INFO] [stderr]   cargo:rerun-if-changed=/opt/rustwide/target/debug/build/proofman-starks-lib-c/af84399dd8013de4/out/pil2-stark/external/sppark/polynomial/evaluate.cuh
[INFO] [stderr]   cargo:rerun-if-changed=/opt/rustwide/target/debug/build/proofman-starks-lib-c/af84399dd8013de4/out/pil2-stark/external/sppark/ec/jacobian_t.hpp
[INFO] [stderr]   cargo:rerun-if-changed=/opt/rustwide/target/debug/build/proofman-starks-lib-c/af84399dd8013de4/out/pil2-stark/external/sppark/ec/xyzz_t.hpp
[INFO] [stderr]   cargo:rerun-if-changed=/opt/rustwide/target/debug/build/proofman-starks-lib-c/af84399dd8013de4/out/pil2-stark/external/sppark/ec/affine_t.hpp
[INFO] [stderr]   cargo:rerun-if-changed=/opt/rustwide/target/debug/build/proofman-starks-lib-c/af84399dd8013de4/out/pil2-stark/external/sppark/poc/go/poc.cu
[INFO] [stderr]   cargo:rerun-if-changed=/opt/rustwide/target/debug/build/proofman-starks-lib-c/af84399dd8013de4/out/pil2-stark/external/sppark/poc/go/poc_test.go
[INFO] [stderr]   cargo:rerun-if-changed=/opt/rustwide/target/debug/build/proofman-starks-lib-c/af84399dd8013de4/out/pil2-stark/external/sppark/poc/go/go.mod
[INFO] [stderr]   cargo:rerun-if-changed=/opt/rustwide/target/debug/build/proofman-starks-lib-c/af84399dd8013de4/out/pil2-stark/external/sppark/poc/go/poc.go
[INFO] [stderr]   cargo:rerun-if-changed=/opt/rustwide/target/debug/build/proofman-starks-lib-c/af84399dd8013de4/out/pil2-stark/external/sppark/poc/go/cgo_sppark.h
[INFO] [stderr]   cargo:rerun-if-changed=/opt/rustwide/target/debug/build/proofman-starks-lib-c/af84399dd8013de4/out/pil2-stark/external/sppark/poc/go/go.sum
[INFO] [stderr]   cargo:rerun-if-changed=/opt/rustwide/target/debug/build/proofman-starks-lib-c/af84399dd8013de4/out/pil2-stark/external/sppark/msm/pippenger.hpp
[INFO] [stderr]   cargo:rerun-if-changed=/opt/rustwide/target/debug/build/proofman-starks-lib-c/af84399dd8013de4/out/pil2-stark/external/sppark/msm/sort.cuh
[INFO] [stderr]   cargo:rerun-if-changed=/opt/rustwide/target/debug/build/proofman-starks-lib-c/af84399dd8013de4/out/pil2-stark/external/sppark/msm/pippenger.cuh
[INFO] [stderr]   cargo:rerun-if-changed=/opt/rustwide/target/debug/build/proofman-starks-lib-c/af84399dd8013de4/out/pil2-stark/external/sppark/msm/batch_addition.cuh
[INFO] [stderr]   cargo:rerun-if-changed=/opt/rustwide/target/debug/build/proofman-starks-lib-c/af84399dd8013de4/out/pil2-stark/external/sppark/README.md
[INFO] [stderr]   cargo:rerun-if-changed=/opt/rustwide/target/debug/build/proofman-starks-lib-c/af84399dd8013de4/out/pil2-stark/external/sppark/ff/bls12-377-fp2.hpp
[INFO] [stderr]   cargo:rerun-if-changed=/opt/rustwide/target/debug/build/proofman-starks-lib-c/af84399dd8013de4/out/pil2-stark/external/sppark/ff/bls12-381.hpp
[INFO] [stderr]   cargo:rerun-if-changed=/opt/rustwide/target/debug/build/proofman-starks-lib-c/af84399dd8013de4/out/pil2-stark/external/sppark/ff/bls12-377.hpp
[INFO] [stderr]   cargo:rerun-if-changed=/opt/rustwide/target/debug/build/proofman-starks-lib-c/af84399dd8013de4/out/pil2-stark/external/sppark/ff/goldilocks.hpp
[INFO] [stderr]   cargo:rerun-if-changed=/opt/rustwide/target/debug/build/proofman-starks-lib-c/af84399dd8013de4/out/pil2-stark/external/sppark/ff/mont32_t.cuh
[INFO] [stderr]   cargo:rerun-if-changed=/opt/rustwide/target/debug/build/proofman-starks-lib-c/af84399dd8013de4/out/pil2-stark/external/sppark/ff/mont32_t.hip
[INFO] [stderr]   cargo:rerun-if-changed=/opt/rustwide/target/debug/build/proofman-starks-lib-c/af84399dd8013de4/out/pil2-stark/external/sppark/ff/batch_inversion.hpp
[INFO] [stderr]   cargo:rerun-if-changed=/opt/rustwide/target/debug/build/proofman-starks-lib-c/af84399dd8013de4/out/pil2-stark/external/sppark/ff/baby_bear.hpp
[INFO] [stderr]   cargo:rerun-if-changed=/opt/rustwide/target/debug/build/proofman-starks-lib-c/af84399dd8013de4/out/pil2-stark/external/sppark/ff/mersenne31.hpp
[INFO] [stderr]   cargo:rerun-if-changed=/opt/rustwide/target/debug/build/proofman-starks-lib-c/af84399dd8013de4/out/pil2-stark/external/sppark/ff/gl64_t.cuh
[INFO] [stderr]   cargo:rerun-if-changed=/opt/rustwide/target/debug/build/proofman-starks-lib-c/af84399dd8013de4/out/pil2-stark/external/sppark/ff/alt_bn128-fp2.hpp
[INFO] [stderr]   cargo:rerun-if-changed=/opt/rustwide/target/debug/build/proofman-starks-lib-c/af84399dd8013de4/out/pil2-stark/external/sppark/ff/pow.hpp
[INFO] [stderr]   cargo:rerun-if-changed=/opt/rustwide/target/debug/build/proofman-starks-lib-c/af84399dd8013de4/out/pil2-stark/external/sppark/ff/shfl.cuh
[INFO] [stderr]   cargo:rerun-if-changed=/opt/rustwide/target/debug/build/proofman-starks-lib-c/af84399dd8013de4/out/pil2-stark/external/sppark/ff/bls12-381-fp2.hpp
[INFO] [stderr]   cargo:rerun-if-changed=/opt/rustwide/target/debug/build/proofman-starks-lib-c/af84399dd8013de4/out/pil2-stark/external/sppark/ff/mont_t.cuh
[INFO] [stderr]   cargo:rerun-if-changed=/opt/rustwide/target/debug/build/proofman-starks-lib-c/af84399dd8013de4/out/pil2-stark/external/sppark/ff/alt_bn128.hpp
[INFO] [stderr]   cargo:rerun-if-changed=/opt/rustwide/target/debug/build/proofman-starks-lib-c/af84399dd8013de4/out/pil2-stark/external/sppark/ff/gl64_t.hip
[INFO] [stderr]   cargo:rerun-if-changed=/opt/rustwide/target/debug/build/proofman-starks-lib-c/af84399dd8013de4/out/pil2-stark/external/sppark/ff/pasta.hpp
[INFO] [stderr]   cargo:rerun-if-changed=/opt/rustwide/target/debug/build/proofman-starks-lib-c/af84399dd8013de4/out/pil2-stark/external/sppark/ff/mont_t.hip
[INFO] [stderr]   cargo:rerun-if-changed=/opt/rustwide/target/debug/build/proofman-starks-lib-c/af84399dd8013de4/out/pil2-stark/external/sppark/go.sum
[INFO] [stderr]   cargo:rerun-if-changed=/opt/rustwide/target/debug/build/proofman-starks-lib-c/af84399dd8013de4/out/pil2-stark/Cargo.toml.orig
[INFO] [stderr]   cargo:rerun-if-changed=/opt/rustwide/target/debug/build/proofman-starks-lib-c/af84399dd8013de4/out/pil2-stark/src/plonk_setup/plonk_setup.cpp
[INFO] [stderr]   cargo:rerun-if-changed=/opt/rustwide/target/debug/build/proofman-starks-lib-c/af84399dd8013de4/out/pil2-stark/src/plonk_setup/main_prover.cpp
[INFO] [stderr]   cargo:rerun-if-changed=/opt/rustwide/target/debug/build/proofman-starks-lib-c/af84399dd8013de4/out/pil2-stark/src/XKCP/Keccak-more-compact.cpp
[INFO] [stderr]   cargo:rerun-if-changed=/opt/rustwide/target/debug/build/proofman-starks-lib-c/af84399dd8013de4/out/pil2-stark/src/XKCP/Keccak-more-compact.hpp
[INFO] [stderr]   cargo:rerun-if-changed=/opt/rustwide/target/debug/build/proofman-starks-lib-c/af84399dd8013de4/out/pil2-stark/src/utils/timer.hpp
[INFO] [stderr]   cargo:rerun-if-changed=/opt/rustwide/target/debug/build/proofman-starks-lib-c/af84399dd8013de4/out/pil2-stark/src/utils/utils.hpp
[INFO] [stderr]   cargo:rerun-if-changed=/opt/rustwide/target/debug/build/proofman-starks-lib-c/af84399dd8013de4/out/pil2-stark/src/utils/zkassert.hpp
[INFO] [stderr]   cargo:rerun-if-changed=/opt/rustwide/target/debug/build/proofman-starks-lib-c/af84399dd8013de4/out/pil2-stark/src/utils/cuda_graph_cache.cuh
[INFO] [stderr]   cargo:rerun-if-changed=/opt/rustwide/target/debug/build/proofman-starks-lib-c/af84399dd8013de4/out/pil2-stark/src/utils/zklog.cpp
[INFO] [stderr]   cargo:rerun-if-changed=/opt/rustwide/target/debug/build/proofman-starks-lib-c/af84399dd8013de4/out/pil2-stark/src/utils/hash_family.hpp
[INFO] [stderr]   cargo:rerun-if-changed=/opt/rustwide/target/debug/build/proofman-starks-lib-c/af84399dd8013de4/out/pil2-stark/src/utils/exit_process.cpp
[INFO] [stderr]   cargo:rerun-if-changed=/opt/rustwide/target/debug/build/proofman-starks-lib-c/af84399dd8013de4/out/pil2-stark/src/utils/pack_columns.hpp
[INFO] [stderr]   cargo:rerun-if-changed=/opt/rustwide/target/debug/build/proofman-starks-lib-c/af84399dd8013de4/out/pil2-stark/src/utils/cuda_utils.cuh
[INFO] [stderr]   cargo:rerun-if-changed=/opt/rustwide/target/debug/build/proofman-starks-lib-c/af84399dd8013de4/out/pil2-stark/src/utils/exit_process.hpp
[INFO] [stderr]   cargo:rerun-if-changed=/opt/rustwide/target/debug/build/proofman-starks-lib-c/af84399dd8013de4/out/pil2-stark/src/utils/gpu_timer.cuh
[INFO] [stderr]   cargo:rerun-if-changed=/opt/rustwide/target/debug/build/proofman-starks-lib-c/af84399dd8013de4/out/pil2-stark/src/utils/zklog.hpp
[INFO] [stderr]   cargo:rerun-if-changed=/opt/rustwide/target/debug/build/proofman-starks-lib-c/af84399dd8013de4/out/pil2-stark/src/utils/utils.cpp
[INFO] [stderr]   cargo:rerun-if-changed=/opt/rustwide/target/debug/build/proofman-starks-lib-c/af84399dd8013de4/out/pil2-stark/src/utils/timer.cpp
[INFO] [stderr]   cargo:rerun-if-changed=/opt/rustwide/target/debug/build/proofman-starks-lib-c/af84399dd8013de4/out/pil2-stark/src/api/starks_api.cpp
[INFO] [stderr]   cargo:rerun-if-changed=/opt/rustwide/target/debug/build/proofman-starks-lib-c/af84399dd8013de4/out/pil2-stark/src/api/starks_api_internal.cuh
[INFO] [stderr]   cargo:rerun-if-changed=/opt/rustwide/target/debug/build/proofman-starks-lib-c/af84399dd8013de4/out/pil2-stark/src/api/starks_api.cu
[INFO] [stderr]   cargo:rerun-if-changed=/opt/rustwide/target/debug/build/proofman-starks-lib-c/af84399dd8013de4/out/pil2-stark/src/api/starks_api_internal.hpp
[INFO] [stderr]   cargo:rerun-if-changed=/opt/rustwide/target/debug/build/proofman-starks-lib-c/af84399dd8013de4/out/pil2-stark/src/api/starks_backend.cpp
[INFO] [stderr]   cargo:rerun-if-changed=/opt/rustwide/target/debug/build/proofman-starks-lib-c/af84399dd8013de4/out/pil2-stark/src/api/starks_backend.hpp
[INFO] [stderr]   cargo:rerun-if-changed=/opt/rustwide/target/debug/build/proofman-starks-lib-c/af84399dd8013de4/out/pil2-stark/src/api/starks_api.hpp
[INFO] [stderr]   cargo:rerun-if-changed=/opt/rustwide/target/debug/build/proofman-starks-lib-c/af84399dd8013de4/out/pil2-stark/src/rapidsnark/keccak_wrapper.cpp
[INFO] [stderr]   cargo:rerun-if-changed=/opt/rustwide/target/debug/build/proofman-starks-lib-c/af84399dd8013de4/out/pil2-stark/src/rapidsnark/dump.hpp
[INFO] [stderr]   cargo:rerun-if-changed=/opt/rustwide/target/debug/build/proofman-starks-lib-c/af84399dd8013de4/out/pil2-stark/src/rapidsnark/wtns_utils.cpp
[INFO] [stderr]   cargo:rerun-if-changed=/opt/rustwide/target/debug/build/proofman-starks-lib-c/af84399dd8013de4/out/pil2-stark/src/rapidsnark/snark_proof.hpp
[INFO] [stderr]   cargo:rerun-if-changed=/opt/rustwide/target/debug/build/proofman-starks-lib-c/af84399dd8013de4/out/pil2-stark/src/rapidsnark/r1cs_binfile.cpp
[INFO] [stderr]   cargo:rerun-if-changed=/opt/rustwide/target/debug/build/proofman-starks-lib-c/af84399dd8013de4/out/pil2-stark/src/rapidsnark/zkey_plonk.cpp
[INFO] [stderr]   cargo:rerun-if-changed=/opt/rustwide/target/debug/build/proofman-starks-lib-c/af84399dd8013de4/out/pil2-stark/src/rapidsnark/curve_utils.hpp
[INFO] [stderr]   cargo:rerun-if-changed=/opt/rustwide/target/debug/build/proofman-starks-lib-c/af84399dd8013de4/out/pil2-stark/src/rapidsnark/zkey_utils.cpp
[INFO] [stderr]   cargo:rerun-if-changed=/opt/rustwide/target/debug/build/proofman-starks-lib-c/af84399dd8013de4/out/pil2-stark/src/rapidsnark/curve_utils.cpp
[INFO] [stderr]   cargo:rerun-if-changed=/opt/rustwide/target/debug/build/proofman-starks-lib-c/af84399dd8013de4/out/pil2-stark/src/rapidsnark/binfile_utils.hpp
[INFO] [stderr]   cargo:rerun-if-changed=/opt/rustwide/target/debug/build/proofman-starks-lib-c/af84399dd8013de4/out/pil2-stark/src/rapidsnark/r1cs_constraint_processor.hpp
[INFO] [stderr]   cargo:rerun-if-changed=/opt/rustwide/target/debug/build/proofman-starks-lib-c/af84399dd8013de4/out/pil2-stark/src/rapidsnark/zkey.hpp
[INFO] [stderr]   cargo:rerun-if-changed=/opt/rustwide/target/debug/build/proofman-starks-lib-c/af84399dd8013de4/out/pil2-stark/src/rapidsnark/zkey.cpp
[INFO] [stderr]   cargo:rerun-if-changed=/opt/rustwide/target/debug/build/proofman-starks-lib-c/af84399dd8013de4/out/pil2-stark/src/rapidsnark/plonk_setup.hpp
[INFO] [stderr]   cargo:rerun-if-changed=/opt/rustwide/target/debug/build/proofman-starks-lib-c/af84399dd8013de4/out/pil2-stark/src/rapidsnark/keccak_256_transcript.c.hpp
[INFO] [stderr]   cargo:rerun-if-changed=/opt/rustwide/target/debug/build/proofman-starks-lib-c/af84399dd8013de4/out/pil2-stark/src/rapidsnark/plonk_prover.cu
[INFO] [stderr]   cargo:rerun-if-changed=/opt/rustwide/target/debug/build/proofman-starks-lib-c/af84399dd8013de4/out/pil2-stark/src/rapidsnark/fflonk_setup.cpp
[INFO] [stderr]   cargo:rerun-if-changed=/opt/rustwide/target/debug/build/proofman-starks-lib-c/af84399dd8013de4/out/pil2-stark/src/rapidsnark/binfile_writer.cpp
[INFO] [stderr]   cargo:rerun-if-changed=/opt/rustwide/target/debug/build/proofman-starks-lib-c/af84399dd8013de4/out/pil2-stark/src/rapidsnark/plonk_prover.c.hpp
[INFO] [stderr]   cargo:rerun-if-changed=/opt/rustwide/target/debug/build/proofman-starks-lib-c/af84399dd8013de4/out/pil2-stark/src/rapidsnark/logger.hpp
[INFO] [stderr]   cargo:rerun-if-changed=/opt/rustwide/target/debug/build/proofman-starks-lib-c/af84399dd8013de4/out/pil2-stark/src/rapidsnark/fflonk_setup.hpp
[INFO] [stderr]   cargo:rerun-if-changed=/opt/rustwide/target/debug/build/proofman-starks-lib-c/af84399dd8013de4/out/pil2-stark/src/rapidsnark/fflonk_prover.hpp
[INFO] [stderr]   cargo:rerun-if-changed=/opt/rustwide/target/debug/build/proofman-starks-lib-c/af84399dd8013de4/out/pil2-stark/src/rapidsnark/plonk_prover_gpu.cuh
[INFO] [stderr]   cargo:rerun-if-changed=/opt/rustwide/target/debug/build/proofman-starks-lib-c/af84399dd8013de4/out/pil2-stark/src/rapidsnark/zkey_plonk.hpp
[INFO] [stderr]   cargo:rerun-if-changed=/opt/rustwide/target/debug/build/proofman-starks-lib-c/af84399dd8013de4/out/pil2-stark/src/rapidsnark/groth16.hpp
[INFO] [stderr]   cargo:rerun-if-changed=/opt/rustwide/target/debug/build/proofman-starks-lib-c/af84399dd8013de4/out/pil2-stark/src/rapidsnark/logger.cpp
[INFO] [stderr]   cargo:rerun-if-changed=/opt/rustwide/target/debug/build/proofman-starks-lib-c/af84399dd8013de4/out/pil2-stark/src/rapidsnark/keccak_wrapper.hpp
[INFO] [stderr]   cargo:rerun-if-changed=/opt/rustwide/target/debug/build/proofman-starks-lib-c/af84399dd8013de4/out/pil2-stark/src/rapidsnark/fflonk_prover.c.hpp
[INFO] [stderr]   cargo:rerun-if-changed=/opt/rustwide/target/debug/build/proofman-starks-lib-c/af84399dd8013de4/out/pil2-stark/src/rapidsnark/r1cs_constraint_processor.cpp
[INFO] [stderr]   cargo:rerun-if-changed=/opt/rustwide/target/debug/build/proofman-starks-lib-c/af84399dd8013de4/out/pil2-stark/src/rapidsnark/polynomial/cpolynomial.c.hpp
[INFO] [stderr]   cargo:rerun-if-changed=/opt/rustwide/target/debug/build/proofman-starks-lib-c/af84399dd8013de4/out/pil2-stark/src/rapidsnark/polynomial/evaluations.hpp
[INFO] [stderr]   cargo:rerun-if-changed=/opt/rustwide/target/debug/build/proofman-starks-lib-c/af84399dd8013de4/out/pil2-stark/src/rapidsnark/polynomial/cpolynomial.hpp
[INFO] [stderr]   cargo:rerun-if-changed=/opt/rustwide/target/debug/build/proofman-starks-lib-c/af84399dd8013de4/out/pil2-stark/src/rapidsnark/polynomial/polynomial.hpp
[INFO] [stderr]   cargo:rerun-if-changed=/opt/rustwide/target/debug/build/proofman-starks-lib-c/af84399dd8013de4/out/pil2-stark/src/rapidsnark/polynomial/polynomial.c.hpp
[INFO] [stderr]   cargo:rerun-if-changed=/opt/rustwide/target/debug/build/proofman-starks-lib-c/af84399dd8013de4/out/pil2-stark/src/rapidsnark/polynomial/evaluations.c.hpp
[INFO] [stderr]   cargo:rerun-if-changed=/opt/rustwide/target/debug/build/proofman-starks-lib-c/af84399dd8013de4/out/pil2-stark/src/rapidsnark/snark_proof.c.hpp
[INFO] [stderr]   cargo:rerun-if-changed=/opt/rustwide/target/debug/build/proofman-starks-lib-c/af84399dd8013de4/out/pil2-stark/src/rapidsnark/dump.c.hpp
[INFO] [stderr]   cargo:rerun-if-changed=/opt/rustwide/target/debug/build/proofman-starks-lib-c/af84399dd8013de4/out/pil2-stark/src/rapidsnark/zkey_fflonk.cpp
[INFO] [stderr]   cargo:rerun-if-changed=/opt/rustwide/target/debug/build/proofman-starks-lib-c/af84399dd8013de4/out/pil2-stark/src/rapidsnark/plonk_setup.cpp
[INFO] [stderr]   cargo:rerun-if-changed=/opt/rustwide/target/debug/build/proofman-starks-lib-c/af84399dd8013de4/out/pil2-stark/src/rapidsnark/plonk_prover_gpu.c.cuh
[INFO] [stderr]   cargo:rerun-if-changed=/opt/rustwide/target/debug/build/proofman-starks-lib-c/af84399dd8013de4/out/pil2-stark/src/rapidsnark/wtns_utils.hpp
[INFO] [stderr]   cargo:rerun-if-changed=/opt/rustwide/target/debug/build/proofman-starks-lib-c/af84399dd8013de4/out/pil2-stark/src/rapidsnark/zkey_utils.hpp
[INFO] [stderr]   cargo:rerun-if-changed=/opt/rustwide/target/debug/build/proofman-starks-lib-c/af84399dd8013de4/out/pil2-stark/src/rapidsnark/binfile_utils.cpp
[INFO] [stderr]   cargo:rerun-if-changed=/opt/rustwide/target/debug/build/proofman-starks-lib-c/af84399dd8013de4/out/pil2-stark/src/rapidsnark/thread_utils.hpp
[INFO] [stderr]   cargo:rerun-if-changed=/opt/rustwide/target/debug/build/proofman-starks-lib-c/af84399dd8013de4/out/pil2-stark/src/rapidsnark/r1cs_binfile.hpp
[INFO] [stderr]   cargo:rerun-if-changed=/opt/rustwide/target/debug/build/proofman-starks-lib-c/af84399dd8013de4/out/pil2-stark/src/rapidsnark/mul_z.hpp
[INFO] [stderr]   cargo:rerun-if-changed=/opt/rustwide/target/debug/build/proofman-starks-lib-c/af84399dd8013de4/out/pil2-stark/src/rapidsnark/binfile_writer.hpp
[INFO] [stderr]   cargo:rerun-if-changed=/opt/rustwide/target/debug/build/proofman-starks-lib-c/af84399dd8013de4/out/pil2-stark/src/rapidsnark/zkey_fflonk.hpp
[INFO] [stderr]   cargo:rerun-if-changed=/opt/rustwide/target/debug/build/proofman-starks-lib-c/af84399dd8013de4/out/pil2-stark/src/rapidsnark/fflonk_setup_settings.hpp
[INFO] [stderr]   cargo:rerun-if-changed=/opt/rustwide/target/debug/build/proofman-starks-lib-c/af84399dd8013de4/out/pil2-stark/src/rapidsnark/mul_z.c.hpp
[INFO] [stderr]   cargo:rerun-if-changed=/opt/rustwide/target/debug/build/proofman-starks-lib-c/af84399dd8013de4/out/pil2-stark/src/rapidsnark/keccak_256_transcript.hpp
[INFO] [stderr]   cargo:rerun-if-changed=/opt/rustwide/target/debug/build/proofman-starks-lib-c/af84399dd8013de4/out/pil2-stark/src/rapidsnark/groth16.c.hpp
[INFO] [stderr]   cargo:rerun-if-changed=/opt/rustwide/target/debug/build/proofman-starks-lib-c/af84399dd8013de4/out/pil2-stark/src/rapidsnark/plonk_prover.hpp
[INFO] [stderr]   cargo:rerun-if-changed=/opt/rustwide/target/debug/build/proofman-starks-lib-c/af84399dd8013de4/out/pil2-stark/src/bctree/build_const_tree.hpp
[INFO] [stderr]   cargo:rerun-if-changed=/opt/rustwide/target/debug/build/proofman-starks-lib-c/af84399dd8013de4/out/pil2-stark/src/bctree/main.cpp
[INFO] [stderr]   cargo:rerun-if-changed=/opt/rustwide/target/debug/build/proofman-starks-lib-c/af84399dd8013de4/out/pil2-stark/src/bctree/build_const_tree.cpp
[INFO] [stderr]   cargo:rerun-if-changed=/opt/rustwide/target/debug/build/proofman-starks-lib-c/af84399dd8013de4/out/pil2-stark/src/binfile/main.cpp
[INFO] [stderr]   cargo:rerun-if-changed=/opt/rustwide/target/debug/build/proofman-starks-lib-c/af84399dd8013de4/out/pil2-stark/src/config/zkglobals.hpp
[INFO] [stderr]   cargo:rerun-if-changed=/opt/rustwide/target/debug/build/proofman-starks-lib-c/af84399dd8013de4/out/pil2-stark/src/config/zkglobals.cpp
[INFO] [stderr]   cargo:rerun-if-changed=/opt/rustwide/target/debug/build/proofman-starks-lib-c/af84399dd8013de4/out/pil2-stark/src/config/definitions.hpp
[INFO] [stderr]   cargo:rerun-if-changed=/opt/rustwide/target/debug/build/proofman-starks-lib-c/af84399dd8013de4/out/pil2-stark/src/config/version.hpp
[INFO] [stderr]   cargo:rerun-if-changed=/opt/rustwide/target/debug/build/proofman-starks-lib-c/af84399dd8013de4/out/pil2-stark/src/bn128/Makefile
[INFO] [stderr]   cargo:rerun-if-changed=/opt/rustwide/target/debug/build/proofman-starks-lib-c/af84399dd8013de4/out/pil2-stark/src/bn128/benchs/bench.cpp
[INFO] [stderr]   cargo:rerun-if-changed=/opt/rustwide/target/debug/build/proofman-starks-lib-c/af84399dd8013de4/out/pil2-stark/src/bn128/benchs/bench.cu
[INFO] [stderr]   cargo:rerun-if-changed=/opt/rustwide/target/debug/build/proofman-starks-lib-c/af84399dd8013de4/out/pil2-stark/src/bn128/tests/tests.cpp
[INFO] [stderr]   cargo:rerun-if-changed=/opt/rustwide/target/debug/build/proofman-starks-lib-c/af84399dd8013de4/out/pil2-stark/src/bn128/tests/tests.cu
[INFO] [stderr]   cargo:rerun-if-changed=/opt/rustwide/target/debug/build/proofman-starks-lib-c/af84399dd8013de4/out/pil2-stark/src/bn128/src/curve/point.cuh
[INFO] [stderr]   cargo:rerun-if-changed=/opt/rustwide/target/debug/build/proofman-starks-lib-c/af84399dd8013de4/out/pil2-stark/src/bn128/src/ntt/ntt_bn128.cuh
[INFO] [stderr]   cargo:rerun-if-changed=/opt/rustwide/target/debug/build/proofman-starks-lib-c/af84399dd8013de4/out/pil2-stark/src/bn128/src/ntt/ntt_bn128.cu
[INFO] [stderr]   cargo:rerun-if-changed=/opt/rustwide/target/debug/build/proofman-starks-lib-c/af84399dd8013de4/out/pil2-stark/src/bn128/src/poseidon/poseidon_bn128.hpp
[INFO] [stderr]   cargo:rerun-if-changed=/opt/rustwide/target/debug/build/proofman-starks-lib-c/af84399dd8013de4/out/pil2-stark/src/bn128/src/poseidon/poseidon_bn128.cpp
[INFO] [stderr]   cargo:rerun-if-changed=/opt/rustwide/target/debug/build/proofman-starks-lib-c/af84399dd8013de4/out/pil2-stark/src/bn128/src/poseidon/poseidon_bn128_constants.hpp
[INFO] [stderr]   cargo:rerun-if-changed=/opt/rustwide/target/debug/build/proofman-starks-lib-c/af84399dd8013de4/out/pil2-stark/src/bn128/src/poseidon/poseidon_bn128.cuh
[INFO] [stderr]   cargo:rerun-if-changed=/opt/rustwide/target/debug/build/proofman-starks-lib-c/af84399dd8013de4/out/pil2-stark/src/bn128/src/poseidon/poseidon_bn128.cu
[INFO] [stderr]   cargo:rerun-if-changed=/opt/rustwide/target/debug/build/proofman-starks-lib-c/af84399dd8013de4/out/pil2-stark/src/bn128/src/poseidon2/poseidon2_bn128.cu
[INFO] [stderr]   cargo:rerun-if-changed=/opt/rustwide/target/debug/build/proofman-starks-lib-c/af84399dd8013de4/out/pil2-stark/src/bn128/src/poseidon2/poseidon2_bn128.cpp
[INFO] [stderr]   cargo:rerun-if-changed=/opt/rustwide/target/debug/build/proofman-starks-lib-c/af84399dd8013de4/out/pil2-stark/src/bn128/src/poseidon2/poseidon2_bn128.hpp
[INFO] [stderr]   cargo:rerun-if-changed=/opt/rustwide/target/debug/build/proofman-starks-lib-c/af84399dd8013de4/out/pil2-stark/src/bn128/src/poseidon2/poseidon2_bn128_constants.hpp
[INFO] [stderr]   cargo:rerun-if-changed=/opt/rustwide/target/debug/build/proofman-starks-lib-c/af84399dd8013de4/out/pil2-stark/src/bn128/src/poseidon2/poseidon2_bn128.cuh
[INFO] [stderr]   cargo:rerun-if-changed=/opt/rustwide/target/debug/build/proofman-starks-lib-c/af84399dd8013de4/out/pil2-stark/src/bn128/src/ffiasm/curve.hpp
[INFO] [stderr]   cargo:rerun-if-changed=/opt/rustwide/target/debug/build/proofman-starks-lib-c/af84399dd8013de4/out/pil2-stark/src/bn128/src/ffiasm/fec.asm
[INFO] [stderr]   cargo:rerun-if-changed=/opt/rustwide/target/debug/build/proofman-starks-lib-c/af84399dd8013de4/out/pil2-stark/src/bn128/src/ffiasm/misc.cpp
[INFO] [stderr]   cargo:rerun-if-changed=/opt/rustwide/target/debug/build/proofman-starks-lib-c/af84399dd8013de4/out/pil2-stark/src/bn128/src/ffiasm/fr_asm.o
[INFO] [stderr]   cargo:rerun-if-changed=/opt/rustwide/target/debug/build/proofman-starks-lib-c/af84399dd8013de4/out/pil2-stark/src/bn128/src/ffiasm/exp2.hpp
[INFO] [stderr]   cargo:rerun-if-changed=/opt/rustwide/target/debug/build/proofman-starks-lib-c/af84399dd8013de4/out/pil2-stark/src/bn128/src/ffiasm/pointparallelprocessor.hpp
[INFO] [stderr]   cargo:rerun-if-changed=/opt/rustwide/target/debug/build/proofman-starks-lib-c/af84399dd8013de4/out/pil2-stark/src/bn128/src/ffiasm/fec.hpp
[INFO] [stderr]   cargo:rerun-if-changed=/opt/rustwide/target/debug/build/proofman-starks-lib-c/af84399dd8013de4/out/pil2-stark/src/bn128/src/ffiasm/naf.hpp
[INFO] [stderr]   cargo:rerun-if-changed=/opt/rustwide/target/debug/build/proofman-starks-lib-c/af84399dd8013de4/out/pil2-stark/src/bn128/src/ffiasm/fft.c.hpp
[INFO] [stderr]   cargo:rerun-if-changed=/opt/rustwide/target/debug/build/proofman-starks-lib-c/af84399dd8013de4/out/pil2-stark/src/bn128/src/ffiasm/naf.cpp
[INFO] [stderr]   cargo:rerun-if-changed=/opt/rustwide/target/debug/build/proofman-starks-lib-c/af84399dd8013de4/out/pil2-stark/src/bn128/src/ffiasm/fft.hpp
[INFO] [stderr]   cargo:rerun-if-changed=/opt/rustwide/target/debug/build/proofman-starks-lib-c/af84399dd8013de4/out/pil2-stark/src/bn128/src/ffiasm/fq.o
[INFO] [stderr]   cargo:rerun-if-changed=/opt/rustwide/target/debug/build/proofman-starks-lib-c/af84399dd8013de4/out/pil2-stark/src/bn128/src/ffiasm/f2field.hpp
[INFO] [stderr]   cargo:rerun-if-changed=/opt/rustwide/target/debug/build/proofman-starks-lib-c/af84399dd8013de4/out/pil2-stark/src/bn128/src/ffiasm/misc.hpp
[INFO] [stderr]   cargo:rerun-if-changed=/opt/rustwide/target/debug/build/proofman-starks-lib-c/af84399dd8013de4/out/pil2-stark/src/bn128/src/ffiasm/multiexp.hpp
[INFO] [stderr]   cargo:rerun-if-changed=/opt/rustwide/target/debug/build/proofman-starks-lib-c/af84399dd8013de4/out/pil2-stark/src/bn128/src/ffiasm/curve.c.hpp
[INFO] [stderr]   cargo:rerun-if-changed=/opt/rustwide/target/debug/build/proofman-starks-lib-c/af84399dd8013de4/out/pil2-stark/src/bn128/src/ffiasm/fr.asm
[INFO] [stderr]   cargo:rerun-if-changed=/opt/rustwide/target/debug/build/proofman-starks-lib-c/af84399dd8013de4/out/pil2-stark/src/bn128/src/ffiasm/splitparstr.hpp
[INFO] [stderr]   cargo:rerun-if-changed=/opt/rustwide/target/debug/build/proofman-starks-lib-c/af84399dd8013de4/out/pil2-stark/src/bn128/src/ffiasm/f2field.c.hpp
[INFO] [stderr]   cargo:rerun-if-changed=/opt/rustwide/target/debug/build/proofman-starks-lib-c/af84399dd8013de4/out/pil2-stark/src/bn128/src/ffiasm/fr.cpp
[INFO] [stderr]   cargo:rerun-if-changed=/opt/rustwide/target/debug/build/proofman-starks-lib-c/af84399dd8013de4/out/pil2-stark/src/bn128/src/ffiasm/splitparstr.cpp
[INFO] [stderr]   cargo:rerun-if-changed=/opt/rustwide/target/debug/build/proofman-starks-lib-c/af84399dd8013de4/out/pil2-stark/src/bn128/src/ffiasm/fq.hpp
[INFO] [stderr]   cargo:rerun-if-changed=/opt/rustwide/target/debug/build/proofman-starks-lib-c/af84399dd8013de4/out/pil2-stark/src/bn128/src/ffiasm/fq.asm
[INFO] [stderr]   cargo:rerun-if-changed=/opt/rustwide/target/debug/build/proofman-starks-lib-c/af84399dd8013de4/out/pil2-stark/src/bn128/src/ffiasm/multiexp.c.hpp
[INFO] [stderr]   cargo:rerun-if-changed=/opt/rustwide/target/debug/build/proofman-starks-lib-c/af84399dd8013de4/out/pil2-stark/src/bn128/src/ffiasm/fq.cpp
[INFO] [stderr]   cargo:rerun-if-changed=/opt/rustwide/target/debug/build/proofman-starks-lib-c/af84399dd8013de4/out/pil2-stark/src/bn128/src/ffiasm/fnec.cpp
[INFO] [stderr]   cargo:rerun-if-changed=/opt/rustwide/target/debug/build/proofman-starks-lib-c/af84399dd8013de4/out/pil2-stark/src/bn128/src/ffiasm/fec.cpp
[INFO] [stderr]   cargo:rerun-if-changed=/opt/rustwide/target/debug/build/proofman-starks-lib-c/af84399dd8013de4/out/pil2-stark/src/bn128/src/ffiasm/fr.hpp
[INFO] [stderr]   cargo:rerun-if-changed=/opt/rustwide/target/debug/build/proofman-starks-lib-c/af84399dd8013de4/out/pil2-stark/src/bn128/src/ffiasm/exp.hpp
[INFO] [stderr]   cargo:rerun-if-changed=/opt/rustwide/target/debug/build/proofman-starks-lib-c/af84399dd8013de4/out/pil2-stark/src/bn128/src/ffiasm/alt_bn128.cpp
[INFO] [stderr]   cargo:rerun-if-changed=/opt/rustwide/target/debug/build/proofman-starks-lib-c/af84399dd8013de4/out/pil2-stark/src/bn128/src/ffiasm/alt_bn128.hpp
[INFO] [stderr]   cargo:rerun-if-changed=/opt/rustwide/target/debug/build/proofman-starks-lib-c/af84399dd8013de4/out/pil2-stark/src/bn128/src/ffiasm/fnec.asm
[INFO] [stderr]   cargo:rerun-if-changed=/opt/rustwide/target/debug/build/proofman-starks-lib-c/af84399dd8013de4/out/pil2-stark/src/bn128/src/ffiasm/fnec.hpp
[INFO] [stderr]   cargo:rerun-if-changed=/opt/rustwide/target/debug/build/proofman-starks-lib-c/af84399dd8013de4/out/pil2-stark/src/bn128/src/ffigpu/fr.cuh
[INFO] [stderr]   cargo:rerun-if-changed=/opt/rustwide/target/debug/build/proofman-starks-lib-c/af84399dd8013de4/out/pil2-stark/src/bn128/src/ffigpu/fq.cuh
[INFO] [stderr]   cargo:rerun-if-changed=/opt/rustwide/target/debug/build/proofman-starks-lib-c/af84399dd8013de4/out/pil2-stark/src/bn128/src/ffigpu/bn128.cuh
[INFO] [stderr]   cargo:rerun-if-changed=/opt/rustwide/target/debug/build/proofman-starks-lib-c/af84399dd8013de4/out/pil2-stark/src/bn128/src/msm/msm_bn128.cu
[INFO] [stderr]   cargo:rerun-if-changed=/opt/rustwide/target/debug/build/proofman-starks-lib-c/af84399dd8013de4/out/pil2-stark/src/bn128/src/msm/msm_bn128.cuh
[INFO] [stderr]   cargo:rerun-if-changed=/opt/rustwide/target/debug/build/proofman-starks-lib-c/af84399dd8013de4/out/pil2-stark/src/fflonk_setup/fflonk_setup.cpp
[INFO] [stderr]   cargo:rerun-if-changed=/opt/rustwide/target/debug/build/proofman-starks-lib-c/af84399dd8013de4/out/pil2-stark/src/starkpil/gen_proof.hpp
[INFO] [stderr]   cargo:rerun-if-changed=/opt/rustwide/target/debug/build/proofman-starks-lib-c/af84399dd8013de4/out/pil2-stark/src/starkpil/final_snark_proof_gpu.cuh
[INFO] [stderr]   cargo:rerun-if-changed=/opt/rustwide/target/debug/build/proofman-starks-lib-c/af84399dd8013de4/out/pil2-stark/src/starkpil/expressions/expressions_info.hpp
[INFO] [stderr]   cargo:rerun-if-changed=/opt/rustwide/target/debug/build/proofman-starks-lib-c/af84399dd8013de4/out/pil2-stark/src/starkpil/expressions/expressions_bin.hpp
[INFO] [stderr]   cargo:rerun-if-changed=/opt/rustwide/target/debug/build/proofman-starks-lib-c/af84399dd8013de4/out/pil2-stark/src/starkpil/expressions/expressions_gpu.cuh
[INFO] [stderr]   cargo:rerun-if-changed=/opt/rustwide/target/debug/build/proofman-starks-lib-c/af84399dd8013de4/out/pil2-stark/src/starkpil/expressions/expressions_bin.cpp
[INFO] [stderr]   cargo:rerun-if-changed=/opt/rustwide/target/debug/build/proofman-starks-lib-c/af84399dd8013de4/out/pil2-stark/src/starkpil/expressions/expressions_info.cpp
[INFO] [stderr]   cargo:rerun-if-changed=/opt/rustwide/target/debug/build/proofman-starks-lib-c/af84399dd8013de4/out/pil2-stark/src/starkpil/expressions/expressions_pack.hpp
[INFO] [stderr]   cargo:rerun-if-changed=/opt/rustwide/target/debug/build/proofman-starks-lib-c/af84399dd8013de4/out/pil2-stark/src/starkpil/expressions/expressions_gpu.cu
[INFO] [stderr]   cargo:rerun-if-changed=/opt/rustwide/target/debug/build/proofman-starks-lib-c/af84399dd8013de4/out/pil2-stark/src/starkpil/expressions/expressions_ctx.hpp
[INFO] [stderr]   cargo:rerun-if-changed=/opt/rustwide/target/debug/build/proofman-starks-lib-c/af84399dd8013de4/out/pil2-stark/src/starkpil/expressions/expressions_codegen.cuh
[INFO] [stderr]   cargo:rerun-if-changed=/opt/rustwide/target/debug/build/proofman-starks-lib-c/af84399dd8013de4/out/pil2-stark/src/starkpil/fri/fri.hpp
[INFO] [stderr]   cargo:rerun-if-changed=/opt/rustwide/target/debug/build/proofman-starks-lib-c/af84399dd8013de4/out/pil2-stark/src/starkpil/fri_expression.cuh
[INFO] [stderr]   cargo:rerun-if-changed=/opt/rustwide/target/debug/build/proofman-starks-lib-c/af84399dd8013de4/out/pil2-stark/src/starkpil/setup_ctx.hpp
[INFO] [stderr]   cargo:rerun-if-changed=/opt/rustwide/target/debug/build/proofman-starks-lib-c/af84399dd8013de4/out/pil2-stark/src/starkpil/final_snark_proof_gpu.cpp
[INFO] [stderr]   cargo:rerun-if-changed=/opt/rustwide/target/debug/build/proofman-starks-lib-c/af84399dd8013de4/out/pil2-stark/src/starkpil/hints.cuh
[INFO] [stderr]   cargo:rerun-if-changed=/opt/rustwide/target/debug/build/proofman-starks-lib-c/af84399dd8013de4/out/pil2-stark/src/starkpil/unpack_indexed_row.hpp
[INFO] [stderr]   cargo:rerun-if-changed=/opt/rustwide/target/debug/build/proofman-starks-lib-c/af84399dd8013de4/out/pil2-stark/src/starkpil/merkleTree/merkleTreeBN128.cpp
[INFO] [stderr]   cargo:rerun-if-changed=/opt/rustwide/target/debug/build/proofman-starks-lib-c/af84399dd8013de4/out/pil2-stark/src/starkpil/merkleTree/merkleTreeGL.hpp
[INFO] [stderr]   cargo:rerun-if-changed=/opt/rustwide/target/debug/build/proofman-starks-lib-c/af84399dd8013de4/out/pil2-stark/src/starkpil/merkleTree/merkleTreeBN128.hpp
[INFO] [stderr]   cargo:rerun-if-changed=/opt/rustwide/target/debug/build/proofman-starks-lib-c/af84399dd8013de4/out/pil2-stark/src/starkpil/merkleTree/merkleTreeGL.cpp
[INFO] [stderr]   cargo:rerun-if-changed=/opt/rustwide/target/debug/build/proofman-starks-lib-c/af84399dd8013de4/out/pil2-stark/src/starkpil/proof2zkinStark.hpp
[INFO] [stderr]   cargo:rerun-if-changed=/opt/rustwide/target/debug/build/proofman-starks-lib-c/af84399dd8013de4/out/pil2-stark/src/starkpil/gen_recursivef_proof.hpp
[INFO] [stderr]   cargo:rerun-if-changed=/opt/rustwide/target/debug/build/proofman-starks-lib-c/af84399dd8013de4/out/pil2-stark/src/starkpil/final_snark_proof.hpp
[INFO] [stderr]   cargo:rerun-if-changed=/opt/rustwide/target/debug/build/proofman-starks-lib-c/af84399dd8013de4/out/pil2-stark/src/starkpil/const_pols.hpp
[INFO] [stderr]   cargo:rerun-if-changed=/opt/rustwide/target/debug/build/proofman-starks-lib-c/af84399dd8013de4/out/pil2-stark/src/starkpil/hints.cu
[INFO] [stderr]   cargo:rerun-if-changed=/opt/rustwide/target/debug/build/proofman-starks-lib-c/af84399dd8013de4/out/pil2-stark/src/starkpil/stark_verify.hpp
[INFO] [stderr]   cargo:rerun-if-changed=/opt/rustwide/target/debug/build/proofman-starks-lib-c/af84399dd8013de4/out/pil2-stark/src/starkpil/stark_info.cpp
[INFO] [stderr]   cargo:rerun-if-changed=/opt/rustwide/target/debug/build/proofman-starks-lib-c/af84399dd8013de4/out/pil2-stark/src/starkpil/gen_proof.cuh
[INFO] [stderr]   cargo:rerun-if-changed=/opt/rustwide/target/debug/build/proofman-starks-lib-c/af84399dd8013de4/out/pil2-stark/src/starkpil/steps.hpp
[INFO] [stderr]   cargo:rerun-if-changed=/opt/rustwide/target/debug/build/proofman-starks-lib-c/af84399dd8013de4/out/pil2-stark/src/starkpil/transcript/transcriptBN128.cuh
[INFO] [stderr]   cargo:rerun-if-changed=/opt/rustwide/target/debug/build/proofman-starks-lib-c/af84399dd8013de4/out/pil2-stark/src/starkpil/transcript/transcriptGL.cpp
[INFO] [stderr]   cargo:rerun-if-changed=/opt/rustwide/target/debug/build/proofman-starks-lib-c/af84399dd8013de4/out/pil2-stark/src/starkpil/transcript/transcriptBN128.cpp
[INFO] [stderr]   cargo:rerun-if-changed=/opt/rustwide/target/debug/build/proofman-starks-lib-c/af84399dd8013de4/out/pil2-stark/src/starkpil/transcript/transcriptGL.cuh
[INFO] [stderr]   cargo:rerun-if-changed=/opt/rustwide/target/debug/build/proofman-starks-lib-c/af84399dd8013de4/out/pil2-stark/src/starkpil/transcript/transcriptBN128.cu
[INFO] [stderr]   cargo:rerun-if-changed=/opt/rustwide/target/debug/build/proofman-starks-lib-c/af84399dd8013de4/out/pil2-stark/src/starkpil/transcript/transcriptBN128.hpp
[INFO] [stderr]   cargo:rerun-if-changed=/opt/rustwide/target/debug/build/proofman-starks-lib-c/af84399dd8013de4/out/pil2-stark/src/starkpil/transcript/transcriptGL.cu
[INFO] [stderr]   cargo:rerun-if-changed=/opt/rustwide/target/debug/build/proofman-starks-lib-c/af84399dd8013de4/out/pil2-stark/src/starkpil/transcript/transcriptGL.hpp
[INFO] [stderr]   cargo:rerun-if-changed=/opt/rustwide/target/debug/build/proofman-starks-lib-c/af84399dd8013de4/out/pil2-stark/src/starkpil/stark_info.hpp
[INFO] [stderr]   cargo:rerun-if-changed=/opt/rustwide/target/debug/build/proofman-starks-lib-c/af84399dd8013de4/out/pil2-stark/src/starkpil/proof_stark.hpp
[INFO] [stderr]   cargo:rerun-if-changed=/opt/rustwide/target/debug/build/proofman-starks-lib-c/af84399dd8013de4/out/pil2-stark/src/starkpil/verify_constraints.cuh
[INFO] [stderr]   cargo:rerun-if-changed=/opt/rustwide/target/debug/build/proofman-starks-lib-c/af84399dd8013de4/out/pil2-stark/src/starkpil/starks_gpu.cuh
[INFO] [stderr]   cargo:rerun-if-changed=/opt/rustwide/target/debug/build/proofman-starks-lib-c/af84399dd8013de4/out/pil2-stark/src/starkpil/starks_gpu.cu
[INFO] [stderr]   cargo:rerun-if-changed=/opt/rustwide/target/debug/build/proofman-starks-lib-c/af84399dd8013de4/out/pil2-stark/src/starkpil/unpack_indexed_device.cuh
[INFO] [stderr]   cargo:rerun-if-changed=/opt/rustwide/target/debug/build/proofman-starks-lib-c/af84399dd8013de4/out/pil2-stark/src/starkpil/proof2zkinStark.cpp
[INFO] [stderr]   cargo:rerun-if-changed=/opt/rustwide/target/debug/build/proofman-starks-lib-c/af84399dd8013de4/out/pil2-stark/src/starkpil/verify_constraints.hpp
[INFO] [stderr]   cargo:rerun-if-changed=/opt/rustwide/target/debug/build/proofman-starks-lib-c/af84399dd8013de4/out/pil2-stark/src/starkpil/proofman_sumcheck.cuh
[INFO] [stderr]   cargo:rerun-if-changed=/opt/rustwide/target/debug/build/proofman-starks-lib-c/af84399dd8013de4/out/pil2-stark/src/starkpil/hints.hpp
[INFO] [stderr]   cargo:rerun-if-changed=/opt/rustwide/target/debug/build/proofman-starks-lib-c/af84399dd8013de4/out/pil2-stark/src/starkpil/starks_gpu_bn128.cu
[INFO] [stderr]   cargo:rerun-if-changed=/opt/rustwide/target/debug/build/proofman-starks-lib-c/af84399dd8013de4/out/pil2-stark/src/starkpil/starks_gpu_bn128.cuh
[INFO] [stderr]   cargo:rerun-if-changed=/opt/rustwide/target/debug/build/proofman-starks-lib-c/af84399dd8013de4/out/pil2-stark/src/starkpil/starks.hpp
[INFO] [stderr]   cargo:rerun-if-changed=/opt/rustwide/target/debug/build/proofman-starks-lib-c/af84399dd8013de4/out/pil2-stark/src/starkpil/hints.cpp
[INFO] [stderr]   cargo:rerun-if-changed=/opt/rustwide/target/debug/build/proofman-starks-lib-c/af84399dd8013de4/out/pil2-stark/src/starkpil/proofman_sumcheck.cu
[INFO] [stderr]   cargo:rerun-if-changed=/opt/rustwide/target/debug/build/proofman-starks-lib-c/af84399dd8013de4/out/pil2-stark/src/starkpil/recursion_trace/exec_file.hpp
[INFO] [stderr]   cargo:rerun-if-changed=/opt/rustwide/target/debug/build/proofman-starks-lib-c/af84399dd8013de4/out/pil2-stark/src/starkpil/recursion_trace/witness_widen_gpu.cu
[INFO] [stderr]   cargo:rerun-if-changed=/opt/rustwide/target/debug/build/proofman-starks-lib-c/af84399dd8013de4/out/pil2-stark/src/starkpil/recursion_trace/gate_bands/gate_bands_poseidon2.hpp
[INFO] [stderr]   cargo:rerun-if-changed=/opt/rustwide/target/debug/build/proofman-starks-lib-c/af84399dd8013de4/out/pil2-stark/src/starkpil/recursion_trace/gate_bands/gate_bands.hpp
[INFO] [stderr]   cargo:rerun-if-changed=/opt/rustwide/target/debug/build/proofman-starks-lib-c/af84399dd8013de4/out/pil2-stark/src/starkpil/recursion_trace/gate_bands/gate_bands_blake3.hpp
[INFO] [stderr]   cargo:rerun-if-changed=/opt/rustwide/target/debug/build/proofman-starks-lib-c/af84399dd8013de4/out/pil2-stark/src/starkpil/recursion_trace/gate_bands/gate_bands_gpu.cu
[INFO] [stderr]   cargo:rerun-if-changed=/opt/rustwide/target/debug/build/proofman-starks-lib-c/af84399dd8013de4/out/pil2-stark/src/starkpil/recursion_trace/gate_bands/gate_bands_poseidon_gpu.cuh
[INFO] [stderr]   cargo:rerun-if-changed=/opt/rustwide/target/debug/build/proofman-starks-lib-c/af84399dd8013de4/out/pil2-stark/src/starkpil/recursion_trace/gate_bands/gate_bands_poseidon_cpu.hpp
[INFO] [stderr]   cargo:rerun-if-changed=/opt/rustwide/target/debug/build/proofman-starks-lib-c/af84399dd8013de4/out/pil2-stark/src/starkpil/recursion_trace/gate_bands/gate_bands_cpu.hpp
[INFO] [stderr]   cargo:rerun-if-changed=/opt/rustwide/target/debug/build/proofman-starks-lib-c/af84399dd8013de4/out/pil2-stark/src/starkpil/recursion_trace/gate_bands/gate_bands_poseidon1.hpp
[INFO] [stderr]   cargo:rerun-if-changed=/opt/rustwide/target/debug/build/proofman-starks-lib-c/af84399dd8013de4/out/pil2-stark/src/starkpil/recursion_trace/gate_bands/gate_bands_blake3_gpu.cuh
[INFO] [stderr]   cargo:rerun-if-changed=/opt/rustwide/target/debug/build/proofman-starks-lib-c/af84399dd8013de4/out/pil2-stark/src/starkpil/recursion_trace/gate_bands/gate_bands_blake3_cpu.hpp
[INFO] [stderr]   cargo:rerun-if-changed=/opt/rustwide/target/debug/build/proofman-starks-lib-c/af84399dd8013de4/out/pil2-stark/src/starkpil/recursion_trace/exec_layout.hpp
[INFO] [stderr]   cargo:rerun-if-changed=/opt/rustwide/target/debug/build/proofman-starks-lib-c/af84399dd8013de4/out/pil2-stark/src/starkpil/gen_recursivef_proof.cuh
[INFO] [stderr]   cargo:rerun-if-changed=/opt/rustwide/target/debug/build/proofman-starks-lib-c/af84399dd8013de4/out/pil2-stark/src/starkpil/fixed_cols.hpp
[INFO] [stderr]   cargo:rerun-if-changed=/opt/rustwide/target/debug/build/proofman-starks-lib-c/af84399dd8013de4/out/pil2-stark/src/starkpil/polinomial.hpp
[INFO] [stderr]   cargo:rerun-if-changed=/opt/rustwide/target/debug/build/proofman-starks-lib-c/af84399dd8013de4/out/pil2-stark/src/starkpil/global_constraints.hpp
[INFO] [stderr]   cargo:rerun-if-changed=/opt/rustwide/target/debug/build/proofman-starks-lib-c/af84399dd8013de4/out/pil2-stark/src/starkpil/eval_info.hpp
[INFO] [stderr]   cargo:rerun-if-changed=/opt/rustwide/target/debug/build/proofman-starks-lib-c/af84399dd8013de4/out/pil2-stark/src/goldilocks/LICENSE
[INFO] [stderr]   cargo:rerun-if-changed=/opt/rustwide/target/debug/build/proofman-starks-lib-c/af84399dd8013de4/out/pil2-stark/src/goldilocks/.gitignore
[INFO] [stderr]   cargo:rerun-if-changed=/opt/rustwide/target/debug/build/proofman-starks-lib-c/af84399dd8013de4/out/pil2-stark/src/goldilocks/utils/cuda_utils.hpp
[INFO] [stderr]   cargo:rerun-if-changed=/opt/rustwide/target/debug/build/proofman-starks-lib-c/af84399dd8013de4/out/pil2-stark/src/goldilocks/utils/helper_string.h
[INFO] [stderr]   cargo:rerun-if-changed=/opt/rustwide/target/debug/build/proofman-starks-lib-c/af84399dd8013de4/out/pil2-stark/src/goldilocks/utils/timer_gl.hpp
[INFO] [stderr]   cargo:rerun-if-changed=/opt/rustwide/target/debug/build/proofman-starks-lib-c/af84399dd8013de4/out/pil2-stark/src/goldilocks/utils/helper_cuda.h
[INFO] [stderr]   cargo:rerun-if-changed=/opt/rustwide/target/debug/build/proofman-starks-lib-c/af84399dd8013de4/out/pil2-stark/src/goldilocks/utils/Makefile
[INFO] [stderr]   cargo:rerun-if-changed=/opt/rustwide/target/debug/build/proofman-starks-lib-c/af84399dd8013de4/out/pil2-stark/src/goldilocks/utils/deviceQuery.cu
[INFO] [stderr]   cargo:rerun-if-changed=/opt/rustwide/target/debug/build/proofman-starks-lib-c/af84399dd8013de4/out/pil2-stark/src/goldilocks/utils/timer_gl.cpp
[INFO] [stderr]   cargo:rerun-if-changed=/opt/rustwide/target/debug/build/proofman-starks-lib-c/af84399dd8013de4/out/pil2-stark/src/goldilocks/utils/cuda_utils.cu
[INFO] [stderr]   cargo:rerun-if-changed=/opt/rustwide/target/debug/build/proofman-starks-lib-c/af84399dd8013de4/out/pil2-stark/src/goldilocks/Makefile
[INFO] [stderr]   cargo:rerun-if-changed=/opt/rustwide/target/debug/build/proofman-starks-lib-c/af84399dd8013de4/out/pil2-stark/src/goldilocks/benchs/bench_poseidon2_cpu.cpp
[INFO] [stderr]   cargo:rerun-if-changed=/opt/rustwide/target/debug/build/proofman-starks-lib-c/af84399dd8013de4/out/pil2-stark/src/goldilocks/benchs/blake3_device.cuh
[INFO] [stderr]   cargo:rerun-if-changed=/opt/rustwide/target/debug/build/proofman-starks-lib-c/af84399dd8013de4/out/pil2-stark/src/goldilocks/benchs/bench_field_cpu.cpp
[INFO] [stderr]   cargo:rerun-if-changed=/opt/rustwide/target/debug/build/proofman-starks-lib-c/af84399dd8013de4/out/pil2-stark/src/goldilocks/benchs/bench_blake3_gpu.cu
[INFO] [stderr]   cargo:rerun-if-changed=/opt/rustwide/target/debug/build/proofman-starks-lib-c/af84399dd8013de4/out/pil2-stark/src/goldilocks/benchs/bench_blake2b_gpu.cu
[INFO] [stderr]   cargo:rerun-if-changed=/opt/rustwide/target/debug/build/proofman-starks-lib-c/af84399dd8013de4/out/pil2-stark/src/goldilocks/benchs/bench_ntt_gpu.cu
[INFO] [stderr]   cargo:rerun-if-changed=/opt/rustwide/target/debug/build/proofman-starks-lib-c/af84399dd8013de4/out/pil2-stark/src/goldilocks/benchs/bench_poseidon_gpu.cu
[INFO] [stderr]   cargo:rerun-if-changed=/opt/rustwide/target/debug/build/proofman-starks-lib-c/af84399dd8013de4/out/pil2-stark/src/goldilocks/benchs/bench_ntt_cpu.cpp
[INFO] [stderr]   cargo:rerun-if-changed=/opt/rustwide/target/debug/build/proofman-starks-lib-c/af84399dd8013de4/out/pil2-stark/src/goldilocks/benchs/blake2b_device.cuh
[INFO] [stderr]   cargo:rerun-if-changed=/opt/rustwide/target/debug/build/proofman-starks-lib-c/af84399dd8013de4/out/pil2-stark/src/goldilocks/benchs/bench_poseidon_cpu.cpp
[INFO] [stderr]   cargo:rerun-if-changed=/opt/rustwide/target/debug/build/proofman-starks-lib-c/af84399dd8013de4/out/pil2-stark/src/goldilocks/benchs/bench_poseidon2_gpu.cu
[INFO] [stderr]   cargo:rerun-if-changed=/opt/rustwide/target/debug/build/proofman-starks-lib-c/af84399dd8013de4/out/pil2-stark/src/goldilocks/tests/test_gate_bands_gpu.cu
[INFO] [stderr]   cargo:rerun-if-changed=/opt/rustwide/target/debug/build/proofman-starks-lib-c/af84399dd8013de4/out/pil2-stark/src/goldilocks/tests/test_cubic_cpu.cpp
[INFO] [stderr]   cargo:rerun-if-changed=/opt/rustwide/target/debug/build/proofman-starks-lib-c/af84399dd8013de4/out/pil2-stark/src/goldilocks/tests/test_poseidon_gpu.cu
[INFO] [stderr]   cargo:rerun-if-changed=/opt/rustwide/target/debug/build/proofman-starks-lib-c/af84399dd8013de4/out/pil2-stark/src/goldilocks/tests/test_poseidon2_cpu.cpp
[INFO] [stderr]   cargo:rerun-if-changed=/opt/rustwide/target/debug/build/proofman-starks-lib-c/af84399dd8013de4/out/pil2-stark/src/goldilocks/tests/test_ntt_cpu.cpp
[INFO] [stderr]   cargo:rerun-if-changed=/opt/rustwide/target/debug/build/proofman-starks-lib-c/af84399dd8013de4/out/pil2-stark/src/goldilocks/tests/test_stream_commit_gpu.cu
[INFO] [stderr]   cargo:rerun-if-changed=/opt/rustwide/target/debug/build/proofman-starks-lib-c/af84399dd8013de4/out/pil2-stark/src/goldilocks/tests/test_ntt_gpu.cu
[INFO] [stderr]   cargo:rerun-if-changed=/opt/rustwide/target/debug/build/proofman-starks-lib-c/af84399dd8013de4/out/pil2-stark/src/goldilocks/tests/test_unpack_indexed_cpu.cpp
[INFO] [stderr]   cargo:rerun-if-changed=/opt/rustwide/target/debug/build/proofman-starks-lib-c/af84399dd8013de4/out/pil2-stark/src/goldilocks/tests/test_pack_columns_cpu.cpp
[INFO] [stderr]   cargo:rerun-if-changed=/opt/rustwide/target/debug/build/proofman-starks-lib-c/af84399dd8013de4/out/pil2-stark/src/goldilocks/tests/test_poseidon_cpu.cpp
[INFO] [stderr]   cargo:rerun-if-changed=/opt/rustwide/target/debug/build/proofman-starks-lib-c/af84399dd8013de4/out/pil2-stark/src/goldilocks/tests/test_fri_expression_gpu.cu
[INFO] [stderr]   cargo:rerun-if-changed=/opt/rustwide/target/debug/build/proofman-starks-lib-c/af84399dd8013de4/out/pil2-stark/src/goldilocks/tests/test_field_cpu.cpp
[INFO] [stderr]   cargo:rerun-if-changed=/opt/rustwide/target/debug/build/proofman-starks-lib-c/af84399dd8013de4/out/pil2-stark/src/goldilocks/tests/test_exec_file_cpu.cpp
[INFO] [stderr]   cargo:rerun-if-changed=/opt/rustwide/target/debug/build/proofman-starks-lib-c/af84399dd8013de4/out/pil2-stark/src/goldilocks/tests/test_unpack_indexed_gpu.cu
[INFO] [stderr]   cargo:rerun-if-changed=/opt/rustwide/target/debug/build/proofman-starks-lib-c/af84399dd8013de4/out/pil2-stark/src/goldilocks/tests/test_blake3_transcript_cpu.cpp
[INFO] [stderr]   cargo:rerun-if-changed=/opt/rustwide/target/debug/build/proofman-starks-lib-c/af84399dd8013de4/out/pil2-stark/src/goldilocks/tests/test_gate_bands_cpu.cpp
[INFO] [stderr]   cargo:rerun-if-changed=/opt/rustwide/target/debug/build/proofman-starks-lib-c/af84399dd8013de4/out/pil2-stark/src/goldilocks/tests/test_poseidon2_gpu.cu
[INFO] [stderr]   cargo:rerun-if-changed=/opt/rustwide/target/debug/build/proofman-starks-lib-c/af84399dd8013de4/out/pil2-stark/src/goldilocks/tests/test_helpers.hpp
[INFO] [stderr]   cargo:rerun-if-changed=/opt/rustwide/target/debug/build/proofman-starks-lib-c/af84399dd8013de4/out/pil2-stark/src/goldilocks/src/ntt_goldilocks.hpp
[INFO] [stderr]   cargo:rerun-if-changed=/opt/rustwide/target/debug/build/proofman-starks-lib-c/af84399dd8013de4/out/pil2-stark/src/goldilocks/src/goldilocks_trace_layout.cuh
[INFO] [stderr]   cargo:rerun-if-changed=/opt/rustwide/target/debug/build/proofman-starks-lib-c/af84399dd8013de4/out/pil2-stark/src/goldilocks/src/goldilocks_base_field.cpp
[INFO] [stderr]   cargo:rerun-if-changed=/opt/rustwide/target/debug/build/proofman-starks-lib-c/af84399dd8013de4/out/pil2-stark/src/goldilocks/src/ntt_goldilocks.cu
[INFO] [stderr]   cargo:rerun-if-changed=/opt/rustwide/target/debug/build/proofman-starks-lib-c/af84399dd8013de4/out/pil2-stark/src/goldilocks/src/poseidon_goldilocks.cpp
[INFO] [stderr]   cargo:rerun-if-changed=/opt/rustwide/target/debug/build/proofman-starks-lib-c/af84399dd8013de4/out/pil2-stark/src/goldilocks/src/poseidon2_goldilocks.hpp
[INFO] [stderr]   cargo:rerun-if-changed=/opt/rustwide/target/debug/build/proofman-starks-lib-c/af84399dd8013de4/out/pil2-stark/src/goldilocks/src/goldilocks_tooling.cuh
[INFO] [stderr]   cargo:rerun-if-changed=/opt/rustwide/target/debug/build/proofman-starks-lib-c/af84399dd8013de4/out/pil2-stark/src/goldilocks/src/poseidon2_goldilocks_avx512.hpp
[INFO] [stderr]   cargo:rerun-if-changed=/opt/rustwide/target/debug/build/proofman-starks-lib-c/af84399dd8013de4/out/pil2-stark/src/goldilocks/src/poseidon_gpu_common.cuh
[INFO] [stderr]   cargo:rerun-if-changed=/opt/rustwide/target/debug/build/proofman-starks-lib-c/af84399dd8013de4/out/pil2-stark/src/goldilocks/src/goldilocks_tooling.hpp
[INFO] [stderr]   cargo:rerun-if-changed=/opt/rustwide/target/debug/build/proofman-starks-lib-c/af84399dd8013de4/out/pil2-stark/src/goldilocks/src/poseidon_goldilocks.cuh
[INFO] [stderr]   cargo:rerun-if-changed=/opt/rustwide/target/debug/build/proofman-starks-lib-c/af84399dd8013de4/out/pil2-stark/src/goldilocks/src/poseidon2_goldilocks.cu
[INFO] [stderr]   cargo:rerun-if-changed=/opt/rustwide/target/debug/build/proofman-starks-lib-c/af84399dd8013de4/out/pil2-stark/src/goldilocks/src/goldilocks_base_field_avx512.hpp
[INFO] [stderr]   cargo:rerun-if-changed=/opt/rustwide/target/debug/build/proofman-starks-lib-c/af84399dd8013de4/out/pil2-stark/src/goldilocks/src/stream_commit.cuh
[INFO] [stderr]   cargo:rerun-if-changed=/opt/rustwide/target/debug/build/proofman-starks-lib-c/af84399dd8013de4/out/pil2-stark/src/goldilocks/src/goldilocks_base_field.hpp
[INFO] [stderr]   cargo:rerun-if-changed=/opt/rustwide/target/debug/build/proofman-starks-lib-c/af84399dd8013de4/out/pil2-stark/src/goldilocks/src/goldilocks_base_field_scalar.hpp
[INFO] [stderr]   cargo:rerun-if-changed=/opt/rustwide/target/debug/build/proofman-starks-lib-c/af84399dd8013de4/out/pil2-stark/src/goldilocks/src/poseidon_goldilocks.cu
[INFO] [stderr]   cargo:rerun-if-changed=/opt/rustwide/target/debug/build/proofman-starks-lib-c/af84399dd8013de4/out/pil2-stark/src/goldilocks/src/stream_commit.cu
[INFO] [stderr]   cargo:rerun-if-changed=/opt/rustwide/target/debug/build/proofman-starks-lib-c/af84399dd8013de4/out/pil2-stark/src/goldilocks/src/poseidon2_goldilocks_constants.hpp
[INFO] [stderr]   cargo:rerun-if-changed=/opt/rustwide/target/debug/build/proofman-starks-lib-c/af84399dd8013de4/out/pil2-stark/src/goldilocks/src/blake3_goldilocks.cu
[INFO] [stderr]   cargo:rerun-if-changed=/opt/rustwide/target/debug/build/proofman-starks-lib-c/af84399dd8013de4/out/pil2-stark/src/goldilocks/src/poseidon2_goldilocks.cuh
[INFO] [stderr]   cargo:rerun-if-changed=/opt/rustwide/target/debug/build/proofman-starks-lib-c/af84399dd8013de4/out/pil2-stark/src/goldilocks/src/poseidon_goldilocks_avx.hpp
[INFO] [stderr]   cargo:rerun-if-changed=/opt/rustwide/target/debug/build/proofman-starks-lib-c/af84399dd8013de4/out/pil2-stark/src/goldilocks/src/ntt_goldilocks.cpp
[INFO] [stderr]   cargo:rerun-if-changed=/opt/rustwide/target/debug/build/proofman-starks-lib-c/af84399dd8013de4/out/pil2-stark/src/goldilocks/src/goldilocks_cubic_extension_avx512.hpp
[INFO] [stderr]   cargo:rerun-if-changed=/opt/rustwide/target/debug/build/proofman-starks-lib-c/af84399dd8013de4/out/pil2-stark/src/goldilocks/src/goldilocks_base_field_tools.hpp
[INFO] [stderr]   cargo:rerun-if-changed=/opt/rustwide/target/debug/build/proofman-starks-lib-c/af84399dd8013de4/out/pil2-stark/src/goldilocks/src/ntt_goldilocks.cuh
[INFO] [stderr]   cargo:rerun-if-changed=/opt/rustwide/target/debug/build/proofman-starks-lib-c/af84399dd8013de4/out/pil2-stark/src/goldilocks/src/blake3_goldilocks.cpp
[INFO] [stderr]   cargo:rerun-if-changed=/opt/rustwide/target/debug/build/proofman-starks-lib-c/af84399dd8013de4/out/pil2-stark/src/goldilocks/src/goldilocks_base_field_pack.hpp
[INFO] [stderr]   cargo:rerun-if-changed=/opt/rustwide/target/debug/build/proofman-starks-lib-c/af84399dd8013de4/out/pil2-stark/src/goldilocks/src/goldilocks_cubic_extension_avx.hpp
[INFO] [stderr]   cargo:rerun-if-changed=/opt/rustwide/target/debug/build/proofman-starks-lib-c/af84399dd8013de4/out/pil2-stark/src/goldilocks/src/poseidon2_goldilocks.cpp
[INFO] [stderr]   cargo:rerun-if-changed=/opt/rustwide/target/debug/build/proofman-starks-lib-c/af84399dd8013de4/out/pil2-stark/src/goldilocks/src/poseidon_goldilocks.hpp
[INFO] [stderr]   cargo:rerun-if-changed=/opt/rustwide/target/debug/build/proofman-starks-lib-c/af84399dd8013de4/out/pil2-stark/src/goldilocks/src/goldilocks_cubic_extension.hpp
[INFO] [stderr]   cargo:rerun-if-changed=/opt/rustwide/target/debug/build/proofman-starks-lib-c/af84399dd8013de4/out/pil2-stark/src/goldilocks/src/poseidon2_goldilocks_avx.hpp
[INFO] [stderr]   cargo:rerun-if-changed=/opt/rustwide/target/debug/build/proofman-starks-lib-c/af84399dd8013de4/out/pil2-stark/src/goldilocks/src/goldilocks_cubic_extension.cuh
[INFO] [stderr]   cargo:rerun-if-changed=/opt/rustwide/target/debug/build/proofman-starks-lib-c/af84399dd8013de4/out/pil2-stark/src/goldilocks/src/blake3_goldilocks.cuh
[INFO] [stderr]   cargo:rerun-if-changed=/opt/rustwide/target/debug/build/proofman-starks-lib-c/af84399dd8013de4/out/pil2-stark/src/goldilocks/src/grinding_launch.hpp
[INFO] [stderr]   cargo:rerun-if-changed=/opt/rustwide/target/debug/build/proofman-starks-lib-c/af84399dd8013de4/out/pil2-stark/src/goldilocks/src/goldilocks_cubic_extension.cpp
[INFO] [stderr]   cargo:rerun-if-changed=/opt/rustwide/target/debug/build/proofman-starks-lib-c/af84399dd8013de4/out/pil2-stark/src/goldilocks/src/blake3_core.hpp
[INFO] [stderr]   cargo:rerun-if-changed=/opt/rustwide/target/debug/build/proofman-starks-lib-c/af84399dd8013de4/out/pil2-stark/src/goldilocks/src/goldilocks_base_field_avx.hpp
[INFO] [stderr]   cargo:rerun-if-changed=/opt/rustwide/target/debug/build/proofman-starks-lib-c/af84399dd8013de4/out/pil2-stark/src/goldilocks/src/blake3_goldilocks.hpp
[INFO] [stderr]   cargo:rerun-if-changed=/opt/rustwide/target/debug/build/proofman-starks-lib-c/af84399dd8013de4/out/pil2-stark/src/goldilocks/src/poseidon_goldilocks_constants.hpp
[INFO] [stderr]   cargo:rerun-if-changed=/opt/rustwide/target/debug/build/proofman-starks-lib-c/af84399dd8013de4/out/pil2-stark/src/goldilocks/src/goldilocks_tooling.cu
[INFO] [stderr]   cargo:rerun-if-changed=/opt/rustwide/target/debug/build/proofman-starks-lib-c/af84399dd8013de4/out/pil2-stark/src/goldilocks/src/goldilocks_cubic_extension_pack.hpp
[INFO] [stderr]   cargo:rerun-if-changed=/opt/rustwide/target/debug/build/proofman-starks-lib-c/af84399dd8013de4/out/pil2-stark/src/goldilocks/configure.sh
[INFO] [stderr]   cargo:rerun-if-changed=/opt/rustwide/target/debug/build/proofman-starks-lib-c/af84399dd8013de4/out/pil2-stark/src/goldilocks/README.md
[INFO] [stderr]   cargo:rerun-if-changed=/opt/rustwide/target/debug/build/proofman-starks-lib-c/af84399dd8013de4/out/pil2-stark/.cargo-ok
[INFO] [stderr]   cargo:rerun-if-changed=/opt/rustwide/target/debug/build/proofman-starks-lib-c/af84399dd8013de4/out/pil2-stark/README.md
[INFO] [stderr]   cargo:rerun-if-changed=/opt/rustwide/target/debug/build/proofman-starks-lib-c/af84399dd8013de4/out/pil2-stark/.cargo_vcs_info.json
[INFO] [stderr]   cargo:rerun-if-changed=/opt/rustwide/target/debug/build/proofman-starks-lib-c/af84399dd8013de4/out/pil2-stark/lib/libstarks.a
[INFO] [stderr]   CUDA archs 80 86 89 90 100 120, gencode flags set
[INFO] [stderr]   AVX2 is supported by the CPU
[INFO] [stderr]   rm -f -r ./build ./lib
[INFO] [stderr]   CUDA archs 80 86 89 90 100 120, gencode flags set
[INFO] [stderr]   AVX2 is supported by the CPU
[INFO] [stderr]   mkdir -p build/./src/api/
[INFO] [stderr]   mkdir -p build/./src/api/
[INFO] [stderr]   mkdir -p build/./src/bctree/
[INFO] [stderr]   mkdir -p build/./src/goldilocks/src/
[INFO] [stderr]   mkdir -p build/./src/goldilocks/src/
[INFO] [stderr]   mkdir -p build/./src/goldilocks/src/
[INFO] [stderr]   g++ -fopenmp -I/usr/include -I/usr/local/include -MMD -MP -I./src -I./src/plonk_setup -I./src/XKCP -I./src/utils -I./src/api -I./src/rapidsnark -I./src/rapidsnark/polynomial -I./src/bctree -I./src/binfile -I./src/config -I./src/bn128 -I./src/bn128/benchs -I./src/bn128/tests -I./src/bn128/src -I./src/bn128/src/curve -I./src/bn128/src/ntt -I./src/bn128/src/poseidon -I./src/bn128/src/poseidon2 -I./src/bn128/src/ffiasm -I./src/bn128/src/ffigpu -I./src/bn128/src/msm -I./src/fflonk_setup -I./src/starkpil -I./src/starkpil/expressions -I./src/starkpil/fri -I./src/starkpil/merkleTree -I./src/starkpil/transcript -I./src/starkpil/recursion_trace -I./src/starkpil/recursion_trace/gate_bands -I./src/goldilocks -I./src/goldilocks/.vscode -I./src/goldilocks/utils -I./src/goldilocks/benchs -I./src/goldilocks/tests -I./src/goldilocks/src -I/usr/lib/x86_64-linux-gnu/openmpi/include -I/usr/lib/x86_64-linux-gnu/openmpi/include/openmpi -DOMPI_SKIP_MPICXX -DMPICH_SKIP_MPICXX -D__USE_MPI_RMA__ -D__USE_ASSEMBLY__ -std=c++17 -Wall -pthread -Wno-unused-label -fPIC -fopenmp -mavx2 -D__AVX2__ -O3 -c src/api/starks_api.cpp -o build/./src/api/starks_api.cpp.o
[INFO] [stderr]   g++ -fopenmp -I/usr/include -I/usr/local/include -MMD -MP -I./src -I./src/plonk_setup -I./src/XKCP -I./src/utils -I./src/api -I./src/rapidsnark -I./src/rapidsnark/polynomial -I./src/bctree -I./src/binfile -I./src/config -I./src/bn128 -I./src/bn128/benchs -I./src/bn128/tests -I./src/bn128/src -I./src/bn128/src/curve -I./src/bn128/src/ntt -I./src/bn128/src/poseidon -I./src/bn128/src/poseidon2 -I./src/bn128/src/ffiasm -I./src/bn128/src/ffigpu -I./src/bn128/src/msm -I./src/fflonk_setup -I./src/starkpil -I./src/starkpil/expressions -I./src/starkpil/fri -I./src/starkpil/merkleTree -I./src/starkpil/transcript -I./src/starkpil/recursion_trace -I./src/starkpil/recursion_trace/gate_bands -I./src/goldilocks -I./src/goldilocks/.vscode -I./src/goldilocks/utils -I./src/goldilocks/benchs -I./src/goldilocks/tests -I./src/goldilocks/src -I/usr/lib/x86_64-linux-gnu/openmpi/include -I/usr/lib/x86_64-linux-gnu/openmpi/include/openmpi -DOMPI_SKIP_MPICXX -DMPICH_SKIP_MPICXX -D__USE_MPI_RMA__ -D__USE_ASSEMBLY__ -std=c++17 -Wall -pthread -Wno-unused-label -fPIC -fopenmp -mavx2 -D__AVX2__ -O3 -c src/api/starks_backend.cpp -o build/./src/api/starks_backend.cpp.o
[INFO] [stderr]   g++ -fopenmp -I/usr/include -I/usr/local/include -MMD -MP -I./src -I./src/plonk_setup -I./src/XKCP -I./src/utils -I./src/api -I./src/rapidsnark -I./src/rapidsnark/polynomial -I./src/bctree -I./src/binfile -I./src/config -I./src/bn128 -I./src/bn128/benchs -I./src/bn128/tests -I./src/bn128/src -I./src/bn128/src/curve -I./src/bn128/src/ntt -I./src/bn128/src/poseidon -I./src/bn128/src/poseidon2 -I./src/bn128/src/ffiasm -I./src/bn128/src/ffigpu -I./src/bn128/src/msm -I./src/fflonk_setup -I./src/starkpil -I./src/starkpil/expressions -I./src/starkpil/fri -I./src/starkpil/merkleTree -I./src/starkpil/transcript -I./src/starkpil/recursion_trace -I./src/starkpil/recursion_trace/gate_bands -I./src/goldilocks -I./src/goldilocks/.vscode -I./src/goldilocks/utils -I./src/goldilocks/benchs -I./src/goldilocks/tests -I./src/goldilocks/src -I/usr/lib/x86_64-linux-gnu/openmpi/include -I/usr/lib/x86_64-linux-gnu/openmpi/include/openmpi -DOMPI_SKIP_MPICXX -DMPICH_SKIP_MPICXX -D__USE_MPI_RMA__ -D__USE_ASSEMBLY__ -std=c++17 -Wall -pthread -Wno-unused-label -fPIC -fopenmp -mavx2 -D__AVX2__ -O3 -c src/bctree/build_const_tree.cpp -o build/./src/bctree/build_const_tree.cpp.o
[INFO] [stderr]   g++ -fopenmp -I/usr/include -I/usr/local/include -MMD -MP -I./src -I./src/plonk_setup -I./src/XKCP -I./src/utils -I./src/api -I./src/rapidsnark -I./src/rapidsnark/polynomial -I./src/bctree -I./src/binfile -I./src/config -I./src/bn128 -I./src/bn128/benchs -I./src/bn128/tests -I./src/bn128/src -I./src/bn128/src/curve -I./src/bn128/src/ntt -I./src/bn128/src/poseidon -I./src/bn128/src/poseidon2 -I./src/bn128/src/ffiasm -I./src/bn128/src/ffigpu -I./src/bn128/src/msm -I./src/fflonk_setup -I./src/starkpil -I./src/starkpil/expressions -I./src/starkpil/fri -I./src/starkpil/merkleTree -I./src/starkpil/transcript -I./src/starkpil/recursion_trace -I./src/starkpil/recursion_trace/gate_bands -I./src/goldilocks -I./src/goldilocks/.vscode -I./src/goldilocks/utils -I./src/goldilocks/benchs -I./src/goldilocks/tests -I./src/goldilocks/src -I/usr/lib/x86_64-linux-gnu/openmpi/include -I/usr/lib/x86_64-linux-gnu/openmpi/include/openmpi -DOMPI_SKIP_MPICXX -DMPICH_SKIP_MPICXX -D__USE_MPI_RMA__ -D__USE_ASSEMBLY__ -std=c++17 -Wall -pthread -Wno-unused-label -fPIC -fopenmp -mavx2 -D__AVX2__ -O3 -c src/goldilocks/src/goldilocks_base_field.cpp -o build/./src/goldilocks/src/goldilocks_base_field.cpp.o
[INFO] [stderr]   g++ -fopenmp -I/usr/include -I/usr/local/include -MMD -MP -I./src -I./src/plonk_setup -I./src/XKCP -I./src/utils -I./src/api -I./src/rapidsnark -I./src/rapidsnark/polynomial -I./src/bctree -I./src/binfile -I./src/config -I./src/bn128 -I./src/bn128/benchs -I./src/bn128/tests -I./src/bn128/src -I./src/bn128/src/curve -I./src/bn128/src/ntt -I./src/bn128/src/poseidon -I./src/bn128/src/poseidon2 -I./src/bn128/src/ffiasm -I./src/bn128/src/ffigpu -I./src/bn128/src/msm -I./src/fflonk_setup -I./src/starkpil -I./src/starkpil/expressions -I./src/starkpil/fri -I./src/starkpil/merkleTree -I./src/starkpil/transcript -I./src/starkpil/recursion_trace -I./src/starkpil/recursion_trace/gate_bands -I./src/goldilocks -I./src/goldilocks/.vscode -I./src/goldilocks/utils -I./src/goldilocks/benchs -I./src/goldilocks/tests -I./src/goldilocks/src -I/usr/lib/x86_64-linux-gnu/openmpi/include -I/usr/lib/x86_64-linux-gnu/openmpi/include/openmpi -DOMPI_SKIP_MPICXX -DMPICH_SKIP_MPICXX -D__USE_MPI_RMA__ -D__USE_ASSEMBLY__ -std=c++17 -Wall -pthread -Wno-unused-label -fPIC -fopenmp -mavx2 -D__AVX2__ -O3 -c src/goldilocks/src/poseidon_goldilocks.cpp -o build/./src/goldilocks/src/poseidon_goldilocks.cpp.o
[INFO] [stderr]   mkdir -p build/./src/goldilocks/src/
[INFO] [stderr]   g++ -fopenmp -I/usr/include -I/usr/local/include -MMD -MP -I./src -I./src/plonk_setup -I./src/XKCP -I./src/utils -I./src/api -I./src/rapidsnark -I./src/rapidsnark/polynomial -I./src/bctree -I./src/binfile -I./src/config -I./src/bn128 -I./src/bn128/benchs -I./src/bn128/tests -I./src/bn128/src -I./src/bn128/src/curve -I./src/bn128/src/ntt -I./src/bn128/src/poseidon -I./src/bn128/src/poseidon2 -I./src/bn128/src/ffiasm -I./src/bn128/src/ffigpu -I./src/bn128/src/msm -I./src/fflonk_setup -I./src/starkpil -I./src/starkpil/expressions -I./src/starkpil/fri -I./src/starkpil/merkleTree -I./src/starkpil/transcript -I./src/starkpil/recursion_trace -I./src/starkpil/recursion_trace/gate_bands -I./src/goldilocks -I./src/goldilocks/.vscode -I./src/goldilocks/utils -I./src/goldilocks/benchs -I./src/goldilocks/tests -I./src/goldilocks/src -I/usr/lib/x86_64-linux-gnu/openmpi/include -I/usr/lib/x86_64-linux-gnu/openmpi/include/openmpi -DOMPI_SKIP_MPICXX -DMPICH_SKIP_MPICXX -D__USE_MPI_RMA__ -D__USE_ASSEMBLY__ -std=c++17 -Wall -pthread -Wno-unused-label -fPIC -fopenmp -mavx2 -D__AVX2__ -O3 -c src/goldilocks/src/ntt_goldilocks.cpp -o build/./src/goldilocks/src/ntt_goldilocks.cpp.o
[INFO] [stderr]   mkdir -p build/./src/goldilocks/src/
[INFO] [stderr]   g++ -fopenmp -I/usr/include -I/usr/local/include -MMD -MP -I./src -I./src/plonk_setup -I./src/XKCP -I./src/utils -I./src/api -I./src/rapidsnark -I./src/rapidsnark/polynomial -I./src/bctree -I./src/binfile -I./src/config -I./src/bn128 -I./src/bn128/benchs -I./src/bn128/tests -I./src/bn128/src -I./src/bn128/src/curve -I./src/bn128/src/ntt -I./src/bn128/src/poseidon -I./src/bn128/src/poseidon2 -I./src/bn128/src/ffiasm -I./src/bn128/src/ffigpu -I./src/bn128/src/msm -I./src/fflonk_setup -I./src/starkpil -I./src/starkpil/expressions -I./src/starkpil/fri -I./src/starkpil/merkleTree -I./src/starkpil/transcript -I./src/starkpil/recursion_trace -I./src/starkpil/recursion_trace/gate_bands -I./src/goldilocks -I./src/goldilocks/.vscode -I./src/goldilocks/utils -I./src/goldilocks/benchs -I./src/goldilocks/tests -I./src/goldilocks/src -I/usr/lib/x86_64-linux-gnu/openmpi/include -I/usr/lib/x86_64-linux-gnu/openmpi/include/openmpi -DOMPI_SKIP_MPICXX -DMPICH_SKIP_MPICXX -D__USE_MPI_RMA__ -D__USE_ASSEMBLY__ -std=c++17 -Wall -pthread -Wno-unused-label -fPIC -fopenmp -mavx2 -D__AVX2__ -O3 -c src/goldilocks/src/blake3_goldilocks.cpp -o build/./src/goldilocks/src/blake3_goldilocks.cpp.o
[INFO] [stderr]   g++ -fopenmp -I/usr/include -I/usr/local/include -MMD -MP -I./src -I./src/plonk_setup -I./src/XKCP -I./src/utils -I./src/api -I./src/rapidsnark -I./src/rapidsnark/polynomial -I./src/bctree -I./src/binfile -I./src/config -I./src/bn128 -I./src/bn128/benchs -I./src/bn128/tests -I./src/bn128/src -I./src/bn128/src/curve -I./src/bn128/src/ntt -I./src/bn128/src/poseidon -I./src/bn128/src/poseidon2 -I./src/bn128/src/ffiasm -I./src/bn128/src/ffigpu -I./src/bn128/src/msm -I./src/fflonk_setup -I./src/starkpil -I./src/starkpil/expressions -I./src/starkpil/fri -I./src/starkpil/merkleTree -I./src/starkpil/transcript -I./src/starkpil/recursion_trace -I./src/starkpil/recursion_trace/gate_bands -I./src/goldilocks -I./src/goldilocks/.vscode -I./src/goldilocks/utils -I./src/goldilocks/benchs -I./src/goldilocks/tests -I./src/goldilocks/src -I/usr/lib/x86_64-linux-gnu/openmpi/include -I/usr/lib/x86_64-linux-gnu/openmpi/include/openmpi -DOMPI_SKIP_MPICXX -DMPICH_SKIP_MPICXX -D__USE_MPI_RMA__ -D__USE_ASSEMBLY__ -std=c++17 -Wall -pthread -Wno-unused-label -fPIC -fopenmp -mavx2 -D__AVX2__ -O3 -c src/goldilocks/src/poseidon2_goldilocks.cpp -o build/./src/goldilocks/src/poseidon2_goldilocks.cpp.o
[INFO] [stderr]   mkdir -p build/./src/goldilocks/src/
[INFO] [stderr]   mkdir -p build/./src/config/
[INFO] [stderr]   mkdir -p build/./src/starkpil/expressions/
[INFO] [stderr]   g++ -fopenmp -I/usr/include -I/usr/local/include -MMD -MP -I./src -I./src/plonk_setup -I./src/XKCP -I./src/utils -I./src/api -I./src/rapidsnark -I./src/rapidsnark/polynomial -I./src/bctree -I./src/binfile -I./src/config -I./src/bn128 -I./src/bn128/benchs -I./src/bn128/tests -I./src/bn128/src -I./src/bn128/src/curve -I./src/bn128/src/ntt -I./src/bn128/src/poseidon -I./src/bn128/src/poseidon2 -I./src/bn128/src/ffiasm -I./src/bn128/src/ffigpu -I./src/bn128/src/msm -I./src/fflonk_setup -I./src/starkpil -I./src/starkpil/expressions -I./src/starkpil/fri -I./src/starkpil/merkleTree -I./src/starkpil/transcript -I./src/starkpil/recursion_trace -I./src/starkpil/recursion_trace/gate_bands -I./src/goldilocks -I./src/goldilocks/.vscode -I./src/goldilocks/utils -I./src/goldilocks/benchs -I./src/goldilocks/tests -I./src/goldilocks/src -I/usr/lib/x86_64-linux-gnu/openmpi/include -I/usr/lib/x86_64-linux-gnu/openmpi/include/openmpi -DOMPI_SKIP_MPICXX -DMPICH_SKIP_MPICXX -D__USE_MPI_RMA__ -D__USE_ASSEMBLY__ -std=c++17 -Wall -pthread -Wno-unused-label -fPIC -fopenmp -mavx2 -D__AVX2__ -O3 -c src/goldilocks/src/goldilocks_cubic_extension.cpp -o build/./src/goldilocks/src/goldilocks_cubic_extension.cpp.o
[INFO] [stderr]   g++ -fopenmp -I/usr/include -I/usr/local/include -MMD -MP -I./src -I./src/plonk_setup -I./src/XKCP -I./src/utils -I./src/api -I./src/rapidsnark -I./src/rapidsnark/polynomial -I./src/bctree -I./src/binfile -I./src/config -I./src/bn128 -I./src/bn128/benchs -I./src/bn128/tests -I./src/bn128/src -I./src/bn128/src/curve -I./src/bn128/src/ntt -I./src/bn128/src/poseidon -I./src/bn128/src/poseidon2 -I./src/bn128/src/ffiasm -I./src/bn128/src/ffigpu -I./src/bn128/src/msm -I./src/fflonk_setup -I./src/starkpil -I./src/starkpil/expressions -I./src/starkpil/fri -I./src/starkpil/merkleTree -I./src/starkpil/transcript -I./src/starkpil/recursion_trace -I./src/starkpil/recursion_trace/gate_bands -I./src/goldilocks -I./src/goldilocks/.vscode -I./src/goldilocks/utils -I./src/goldilocks/benchs -I./src/goldilocks/tests -I./src/goldilocks/src -I/usr/lib/x86_64-linux-gnu/openmpi/include -I/usr/lib/x86_64-linux-gnu/openmpi/include/openmpi -DOMPI_SKIP_MPICXX -DMPICH_SKIP_MPICXX -D__USE_MPI_RMA__ -D__USE_ASSEMBLY__ -std=c++17 -Wall -pthread -Wno-unused-label -fPIC -fopenmp -mavx2 -D__AVX2__ -O3 -c src/config/zkglobals.cpp -o build/./src/config/zkglobals.cpp.o
[INFO] [stderr]   mkdir -p build/./src/starkpil/expressions/
[INFO] [stderr]   mkdir -p build/./src/starkpil/merkleTree/
[INFO] [stderr]   mkdir -p build/./src/starkpil/merkleTree/
[INFO] [stderr]   g++ -fopenmp -I/usr/include -I/usr/local/include -MMD -MP -I./src -I./src/plonk_setup -I./src/XKCP -I./src/utils -I./src/api -I./src/rapidsnark -I./src/rapidsnark/polynomial -I./src/bctree -I./src/binfile -I./src/config -I./src/bn128 -I./src/bn128/benchs -I./src/bn128/tests -I./src/bn128/src -I./src/bn128/src/curve -I./src/bn128/src/ntt -I./src/bn128/src/poseidon -I./src/bn128/src/poseidon2 -I./src/bn128/src/ffiasm -I./src/bn128/src/ffigpu -I./src/bn128/src/msm -I./src/fflonk_setup -I./src/starkpil -I./src/starkpil/expressions -I./src/starkpil/fri -I./src/starkpil/merkleTree -I./src/starkpil/transcript -I./src/starkpil/recursion_trace -I./src/starkpil/recursion_trace/gate_bands -I./src/goldilocks -I./src/goldilocks/.vscode -I./src/goldilocks/utils -I./src/goldilocks/benchs -I./src/goldilocks/tests -I./src/goldilocks/src -I/usr/lib/x86_64-linux-gnu/openmpi/include -I/usr/lib/x86_64-linux-gnu/openmpi/include/openmpi -DOMPI_SKIP_MPICXX -DMPICH_SKIP_MPICXX -D__USE_MPI_RMA__ -D__USE_ASSEMBLY__ -std=c++17 -Wall -pthread -Wno-unused-label -fPIC -fopenmp -mavx2 -D__AVX2__ -O3 -c src/starkpil/expressions/expressions_bin.cpp -o build/./src/starkpil/expressions/expressions_bin.cpp.o
[INFO] [stderr]   g++ -fopenmp -I/usr/include -I/usr/local/include -MMD -MP -I./src -I./src/plonk_setup -I./src/XKCP -I./src/utils -I./src/api -I./src/rapidsnark -I./src/rapidsnark/polynomial -I./src/bctree -I./src/binfile -I./src/config -I./src/bn128 -I./src/bn128/benchs -I./src/bn128/tests -I./src/bn128/src -I./src/bn128/src/curve -I./src/bn128/src/ntt -I./src/bn128/src/poseidon -I./src/bn128/src/poseidon2 -I./src/bn128/src/ffiasm -I./src/bn128/src/ffigpu -I./src/bn128/src/msm -I./src/fflonk_setup -I./src/starkpil -I./src/starkpil/expressions -I./src/starkpil/fri -I./src/starkpil/merkleTree -I./src/starkpil/transcript -I./src/starkpil/recursion_trace -I./src/starkpil/recursion_trace/gate_bands -I./src/goldilocks -I./src/goldilocks/.vscode -I./src/goldilocks/utils -I./src/goldilocks/benchs -I./src/goldilocks/tests -I./src/goldilocks/src -I/usr/lib/x86_64-linux-gnu/openmpi/include -I/usr/lib/x86_64-linux-gnu/openmpi/include/openmpi -DOMPI_SKIP_MPICXX -DMPICH_SKIP_MPICXX -D__USE_MPI_RMA__ -D__USE_ASSEMBLY__ -std=c++17 -Wall -pthread -Wno-unused-label -fPIC -fopenmp -mavx2 -D__AVX2__ -O3 -c src/starkpil/expressions/expressions_info.cpp -o build/./src/starkpil/expressions/expressions_info.cpp.o
[INFO] [stderr]   mkdir -p build/./src/starkpil/
[INFO] [stderr]   g++ -fopenmp -I/usr/include -I/usr/local/include -MMD -MP -I./src -I./src/plonk_setup -I./src/XKCP -I./src/utils -I./src/api -I./src/rapidsnark -I./src/rapidsnark/polynomial -I./src/bctree -I./src/binfile -I./src/config -I./src/bn128 -I./src/bn128/benchs -I./src/bn128/tests -I./src/bn128/src -I./src/bn128/src/curve -I./src/bn128/src/ntt -I./src/bn128/src/poseidon -I./src/bn128/src/poseidon2 -I./src/bn128/src/ffiasm -I./src/bn128/src/ffigpu -I./src/bn128/src/msm -I./src/fflonk_setup -I./src/starkpil -I./src/starkpil/expressions -I./src/starkpil/fri -I./src/starkpil/merkleTree -I./src/starkpil/transcript -I./src/starkpil/recursion_trace -I./src/starkpil/recursion_trace/gate_bands -I./src/goldilocks -I./src/goldilocks/.vscode -I./src/goldilocks/utils -I./src/goldilocks/benchs -I./src/goldilocks/tests -I./src/goldilocks/src -I/usr/lib/x86_64-linux-gnu/openmpi/include -I/usr/lib/x86_64-linux-gnu/openmpi/include/openmpi -DOMPI_SKIP_MPICXX -DMPICH_SKIP_MPICXX -D__USE_MPI_RMA__ -D__USE_ASSEMBLY__ -std=c++17 -Wall -pthread -Wno-unused-label -fPIC -fopenmp -mavx2 -D__AVX2__ -O3 -c src/starkpil/merkleTree/merkleTreeBN128.cpp -o build/./src/starkpil/merkleTree/merkleTreeBN128.cpp.o
[INFO] [stderr]   mkdir -p build/./src/starkpil/transcript/
[INFO] [stderr]   g++ -fopenmp -I/usr/include -I/usr/local/include -MMD -MP -I./src -I./src/plonk_setup -I./src/XKCP -I./src/utils -I./src/api -I./src/rapidsnark -I./src/rapidsnark/polynomial -I./src/bctree -I./src/binfile -I./src/config -I./src/bn128 -I./src/bn128/benchs -I./src/bn128/tests -I./src/bn128/src -I./src/bn128/src/curve -I./src/bn128/src/ntt -I./src/bn128/src/poseidon -I./src/bn128/src/poseidon2 -I./src/bn128/src/ffiasm -I./src/bn128/src/ffigpu -I./src/bn128/src/msm -I./src/fflonk_setup -I./src/starkpil -I./src/starkpil/expressions -I./src/starkpil/fri -I./src/starkpil/merkleTree -I./src/starkpil/transcript -I./src/starkpil/recursion_trace -I./src/starkpil/recursion_trace/gate_bands -I./src/goldilocks -I./src/goldilocks/.vscode -I./src/goldilocks/utils -I./src/goldilocks/benchs -I./src/goldilocks/tests -I./src/goldilocks/src -I/usr/lib/x86_64-linux-gnu/openmpi/include -I/usr/lib/x86_64-linux-gnu/openmpi/include/openmpi -DOMPI_SKIP_MPICXX -DMPICH_SKIP_MPICXX -D__USE_MPI_RMA__ -D__USE_ASSEMBLY__ -std=c++17 -Wall -pthread -Wno-unused-label -fPIC -fopenmp -mavx2 -D__AVX2__ -O3 -c src/starkpil/merkleTree/merkleTreeGL.cpp -o build/./src/starkpil/merkleTree/merkleTreeGL.cpp.o
[INFO] [stderr]   mkdir -p build/./src/starkpil/transcript/
[INFO] [stderr]   g++ -fopenmp -I/usr/include -I/usr/local/include -MMD -MP -I./src -I./src/plonk_setup -I./src/XKCP -I./src/utils -I./src/api -I./src/rapidsnark -I./src/rapidsnark/polynomial -I./src/bctree -I./src/binfile -I./src/config -I./src/bn128 -I./src/bn128/benchs -I./src/bn128/tests -I./src/bn128/src -I./src/bn128/src/curve -I./src/bn128/src/ntt -I./src/bn128/src/poseidon -I./src/bn128/src/poseidon2 -I./src/bn128/src/ffiasm -I./src/bn128/src/ffigpu -I./src/bn128/src/msm -I./src/fflonk_setup -I./src/starkpil -I./src/starkpil/expressions -I./src/starkpil/fri -I./src/starkpil/merkleTree -I./src/starkpil/transcript -I./src/starkpil/recursion_trace -I./src/starkpil/recursion_trace/gate_bands -I./src/goldilocks -I./src/goldilocks/.vscode -I./src/goldilocks/utils -I./src/goldilocks/benchs -I./src/goldilocks/tests -I./src/goldilocks/src -I/usr/lib/x86_64-linux-gnu/openmpi/include -I/usr/lib/x86_64-linux-gnu/openmpi/include/openmpi -DOMPI_SKIP_MPICXX -DMPICH_SKIP_MPICXX -D__USE_MPI_RMA__ -D__USE_ASSEMBLY__ -std=c++17 -Wall -pthread -Wno-unused-label -fPIC -fopenmp -mavx2 -D__AVX2__ -O3 -c src/starkpil/stark_info.cpp -o build/./src/starkpil/stark_info.cpp.o
[INFO] [stderr]   mkdir -p build/./src/starkpil/
[INFO] [stderr]   mkdir -p build/./src/starkpil/
[INFO] [stderr]   mkdir -p build/./src/XKCP/
[INFO] [stderr]   mkdir -p build/./src/bn128/src/poseidon/
[INFO] [stderr]   g++ -fopenmp -I/usr/include -I/usr/local/include -MMD -MP -I./src -I./src/plonk_setup -I./src/XKCP -I./src/utils -I./src/api -I./src/rapidsnark -I./src/rapidsnark/polynomial -I./src/bctree -I./src/binfile -I./src/config -I./src/bn128 -I./src/bn128/benchs -I./src/bn128/tests -I./src/bn128/src -I./src/bn128/src/curve -I./src/bn128/src/ntt -I./src/bn128/src/poseidon -I./src/bn128/src/poseidon2 -I./src/bn128/src/ffiasm -I./src/bn128/src/ffigpu -I./src/bn128/src/msm -I./src/fflonk_setup -I./src/starkpil -I./src/starkpil/expressions -I./src/starkpil/fri -I./src/starkpil/merkleTree -I./src/starkpil/transcript -I./src/starkpil/recursion_trace -I./src/starkpil/recursion_trace/gate_bands -I./src/goldilocks -I./src/goldilocks/.vscode -I./src/goldilocks/utils -I./src/goldilocks/benchs -I./src/goldilocks/tests -I./src/goldilocks/src -I/usr/lib/x86_64-linux-gnu/openmpi/include -I/usr/lib/x86_64-linux-gnu/openmpi/include/openmpi -DOMPI_SKIP_MPICXX -DMPICH_SKIP_MPICXX -D__USE_MPI_RMA__ -D__USE_ASSEMBLY__ -std=c++17 -Wall -pthread -Wno-unused-label -fPIC -fopenmp -mavx2 -D__AVX2__ -O3 -c src/starkpil/transcript/transcriptGL.cpp -o build/./src/starkpil/transcript/transcriptGL.cpp.o
[INFO] [stderr]   g++ -fopenmp -I/usr/include -I/usr/local/include -MMD -MP -I./src -I./src/plonk_setup -I./src/XKCP -I./src/utils -I./src/api -I./src/rapidsnark -I./src/rapidsnark/polynomial -I./src/bctree -I./src/binfile -I./src/config -I./src/bn128 -I./src/bn128/benchs -I./src/bn128/tests -I./src/bn128/src -I./src/bn128/src/curve -I./src/bn128/src/ntt -I./src/bn128/src/poseidon -I./src/bn128/src/poseidon2 -I./src/bn128/src/ffiasm -I./src/bn128/src/ffigpu -I./src/bn128/src/msm -I./src/fflonk_setup -I./src/starkpil -I./src/starkpil/expressions -I./src/starkpil/fri -I./src/starkpil/merkleTree -I./src/starkpil/transcript -I./src/starkpil/recursion_trace -I./src/starkpil/recursion_trace/gate_bands -I./src/goldilocks -I./src/goldilocks/.vscode -I./src/goldilocks/utils -I./src/goldilocks/benchs -I./src/goldilocks/tests -I./src/goldilocks/src -I/usr/lib/x86_64-linux-gnu/openmpi/include -I/usr/lib/x86_64-linux-gnu/openmpi/include/openmpi -DOMPI_SKIP_MPICXX -DMPICH_SKIP_MPICXX -D__USE_MPI_RMA__ -D__USE_ASSEMBLY__ -std=c++17 -Wall -pthread -Wno-unused-label -fPIC -fopenmp -mavx2 -D__AVX2__ -O3 -c src/starkpil/transcript/transcriptBN128.cpp -o build/./src/starkpil/transcript/transcriptBN128.cpp.o
[INFO] [stderr]   mkdir -p build/./src/rapidsnark/
[INFO] [stderr]   mkdir -p build/./src/rapidsnark/
[INFO] [stderr]   mkdir -p build/./src/rapidsnark/
[INFO] [stderr]   mkdir -p build/./src/rapidsnark/
[INFO] [stderr]   mkdir -p build/./src/rapidsnark/
[INFO] [stderr]   g++ -fopenmp -I/usr/include -I/usr/local/include -MMD -MP -I./src -I./src/plonk_setup -I./src/XKCP -I./src/utils -I./src/api -I./src/rapidsnark -I./src/rapidsnark/polynomial -I./src/bctree -I./src/binfile -I./src/config -I./src/bn128 -I./src/bn128/benchs -I./src/bn128/tests -I./src/bn128/src -I./src/bn128/src/curve -I./src/bn128/src/ntt -I./src/bn128/src/poseidon -I./src/bn128/src/poseidon2 -I./src/bn128/src/ffiasm -I./src/bn128/src/ffigpu -I./src/bn128/src/msm -I./src/fflonk_setup -I./src/starkpil -I./src/starkpil/expressions -I./src/starkpil/fri -I./src/starkpil/merkleTree -I./src/starkpil/transcript -I./src/starkpil/recursion_trace -I./src/starkpil/recursion_trace/gate_bands -I./src/goldilocks -I./src/goldilocks/.vscode -I./src/goldilocks/utils -I./src/goldilocks/benchs -I./src/goldilocks/tests -I./src/goldilocks/src -I/usr/lib/x86_64-linux-gnu/openmpi/include -I/usr/lib/x86_64-linux-gnu/openmpi/include/openmpi -DOMPI_SKIP_MPICXX -DMPICH_SKIP_MPICXX -D__USE_MPI_RMA__ -D__USE_ASSEMBLY__ -std=c++17 -Wall -pthread -Wno-unused-label -fPIC -fopenmp -mavx2 -D__AVX2__ -O3 -c src/starkpil/proof2zkinStark.cpp -o build/./src/starkpil/proof2zkinStark.cpp.o
[INFO] [stderr]   g++ -fopenmp -I/usr/include -I/usr/local/include -MMD -MP -I./src -I./src/plonk_setup -I./src/XKCP -I./src/utils -I./src/api -I./src/rapidsnark -I./src/rapidsnark/polynomial -I./src/bctree -I./src/binfile -I./src/config -I./src/bn128 -I./src/bn128/benchs -I./src/bn128/tests -I./src/bn128/src -I./src/bn128/src/curve -I./src/bn128/src/ntt -I./src/bn128/src/poseidon -I./src/bn128/src/poseidon2 -I./src/bn128/src/ffiasm -I./src/bn128/src/ffigpu -I./src/bn128/src/msm -I./src/fflonk_setup -I./src/starkpil -I./src/starkpil/expressions -I./src/starkpil/fri -I./src/starkpil/merkleTree -I./src/starkpil/transcript -I./src/starkpil/recursion_trace -I./src/starkpil/recursion_trace/gate_bands -I./src/goldilocks -I./src/goldilocks/.vscode -I./src/goldilocks/utils -I./src/goldilocks/benchs -I./src/goldilocks/tests -I./src/goldilocks/src -I/usr/lib/x86_64-linux-gnu/openmpi/include -I/usr/lib/x86_64-linux-gnu/openmpi/include/openmpi -DOMPI_SKIP_MPICXX -DMPICH_SKIP_MPICXX -D__USE_MPI_RMA__ -D__USE_ASSEMBLY__ -std=c++17 -Wall -pthread -Wno-unused-label -fPIC -fopenmp -mavx2 -D__AVX2__ -O3 -c src/starkpil/hints.cpp -o build/./src/starkpil/hints.cpp.o
[INFO] [stderr]   g++ -fopenmp -I/usr/include -I/usr/local/include -MMD -MP -I./src -I./src/plonk_setup -I./src/XKCP -I./src/utils -I./src/api -I./src/rapidsnark -I./src/rapidsnark/polynomial -I./src/bctree -I./src/binfile -I./src/config -I./src/bn128 -I./src/bn128/benchs -I./src/bn128/tests -I./src/bn128/src -I./src/bn128/src/curve -I./src/bn128/src/ntt -I./src/bn128/src/poseidon -I./src/bn128/src/poseidon2 -I./src/bn128/src/ffiasm -I./src/bn128/src/ffigpu -I./src/bn128/src/msm -I./src/fflonk_setup -I./src/starkpil -I./src/starkpil/expressions -I./src/starkpil/fri -I./src/starkpil/merkleTree -I./src/starkpil/transcript -I./src/starkpil/recursion_trace -I./src/starkpil/recursion_trace/gate_bands -I./src/goldilocks -I./src/goldilocks/.vscode -I./src/goldilocks/utils -I./src/goldilocks/benchs -I./src/goldilocks/tests -I./src/goldilocks/src -I/usr/lib/x86_64-linux-gnu/openmpi/include -I/usr/lib/x86_64-linux-gnu/openmpi/include/openmpi -DOMPI_SKIP_MPICXX -DMPICH_SKIP_MPICXX -D__USE_MPI_RMA__ -D__USE_ASSEMBLY__ -std=c++17 -Wall -pthread -Wno-unused-label -fPIC -fopenmp -mavx2 -D__AVX2__ -O3 -c src/XKCP/Keccak-more-compact.cpp -o build/./src/XKCP/Keccak-more-compact.cpp.o
[INFO] [stderr]   g++ -fopenmp -I/usr/include -I/usr/local/include -MMD -MP -I./src -I./src/plonk_setup -I./src/XKCP -I./src/utils -I./src/api -I./src/rapidsnark -I./src/rapidsnark/polynomial -I./src/bctree -I./src/binfile -I./src/config -I./src/bn128 -I./src/bn128/benchs -I./src/bn128/tests -I./src/bn128/src -I./src/bn128/src/curve -I./src/bn128/src/ntt -I./src/bn128/src/poseidon -I./src/bn128/src/poseidon2 -I./src/bn128/src/ffiasm -I./src/bn128/src/ffigpu -I./src/bn128/src/msm -I./src/fflonk_setup -I./src/starkpil -I./src/starkpil/expressions -I./src/starkpil/fri -I./src/starkpil/merkleTree -I./src/starkpil/transcript -I./src/starkpil/recursion_trace -I./src/starkpil/recursion_trace/gate_bands -I./src/goldilocks -I./src/goldilocks/.vscode -I./src/goldilocks/utils -I./src/goldilocks/benchs -I./src/goldilocks/tests -I./src/goldilocks/src -I/usr/lib/x86_64-linux-gnu/openmpi/include -I/usr/lib/x86_64-linux-gnu/openmpi/include/openmpi -DOMPI_SKIP_MPICXX -DMPICH_SKIP_MPICXX -D__USE_MPI_RMA__ -D__USE_ASSEMBLY__ -std=c++17 -Wall -pthread -Wno-unused-label -fPIC -fopenmp -mavx2 -D__AVX2__ -O3 -c src/bn128/src/poseidon/poseidon_bn128.cpp -o build/./src/bn128/src/poseidon/poseidon_bn128.cpp.o
[INFO] [stderr]   g++ -fopenmp -I/usr/include -I/usr/local/include -MMD -MP -I./src -I./src/plonk_setup -I./src/XKCP -I./src/utils -I./src/api -I./src/rapidsnark -I./src/rapidsnark/polynomial -I./src/bctree -I./src/binfile -I./src/config -I./src/bn128 -I./src/bn128/benchs -I./src/bn128/tests -I./src/bn128/src -I./src/bn128/src/curve -I./src/bn128/src/ntt -I./src/bn128/src/poseidon -I./src/bn128/src/poseidon2 -I./src/bn128/src/ffiasm -I./src/bn128/src/ffigpu -I./src/bn128/src/msm -I./src/fflonk_setup -I./src/starkpil -I./src/starkpil/expressions -I./src/starkpil/fri -I./src/starkpil/merkleTree -I./src/starkpil/transcript -I./src/starkpil/recursion_trace -I./src/starkpil/recursion_trace/gate_bands -I./src/goldilocks -I./src/goldilocks/.vscode -I./src/goldilocks/utils -I./src/goldilocks/benchs -I./src/goldilocks/tests -I./src/goldilocks/src -I/usr/lib/x86_64-linux-gnu/openmpi/include -I/usr/lib/x86_64-linux-gnu/openmpi/include/openmpi -DOMPI_SKIP_MPICXX -DMPICH_SKIP_MPICXX -D__USE_MPI_RMA__ -D__USE_ASSEMBLY__ -std=c++17 -Wall -pthread -Wno-unused-label -fPIC -fopenmp -mavx2 -D__AVX2__ -O3 -c src/rapidsnark/binfile_utils.cpp -o build/./src/rapidsnark/binfile_utils.cpp.o
[INFO] [stderr]   g++ -fopenmp -I/usr/include -I/usr/local/include -MMD -MP -I./src -I./src/plonk_setup -I./src/XKCP -I./src/utils -I./src/api -I./src/rapidsnark -I./src/rapidsnark/polynomial -I./src/bctree -I./src/binfile -I./src/config -I./src/bn128 -I./src/bn128/benchs -I./src/bn128/tests -I./src/bn128/src -I./src/bn128/src/curve -I./src/bn128/src/ntt -I./src/bn128/src/poseidon -I./src/bn128/src/poseidon2 -I./src/bn128/src/ffiasm -I./src/bn128/src/ffigpu -I./src/bn128/src/msm -I./src/fflonk_setup -I./src/starkpil -I./src/starkpil/expressions -I./src/starkpil/fri -I./src/starkpil/merkleTree -I./src/starkpil/transcript -I./src/starkpil/recursion_trace -I./src/starkpil/recursion_trace/gate_bands -I./src/goldilocks -I./src/goldilocks/.vscode -I./src/goldilocks/utils -I./src/goldilocks/benchs -I./src/goldilocks/tests -I./src/goldilocks/src -I/usr/lib/x86_64-linux-gnu/openmpi/include -I/usr/lib/x86_64-linux-gnu/openmpi/include/openmpi -DOMPI_SKIP_MPICXX -DMPICH_SKIP_MPICXX -D__USE_MPI_RMA__ -D__USE_ASSEMBLY__ -std=c++17 -Wall -pthread -Wno-unused-label -fPIC -fopenmp -mavx2 -D__AVX2__ -O3 -c src/rapidsnark/binfile_writer.cpp -o build/./src/rapidsnark/binfile_writer.cpp.o
[INFO] [stderr]   g++ -fopenmp -I/usr/include -I/usr/local/include -MMD -MP -I./src -I./src/plonk_setup -I./src/XKCP -I./src/utils -I./src/api -I./src/rapidsnark -I./src/rapidsnark/polynomial -I./src/bctree -I./src/binfile -I./src/config -I./src/bn128 -I./src/bn128/benchs -I./src/bn128/tests -I./src/bn128/src -I./src/bn128/src/curve -I./src/bn128/src/ntt -I./src/bn128/src/poseidon -I./src/bn128/src/poseidon2 -I./src/bn128/src/ffiasm -I./src/bn128/src/ffigpu -I./src/bn128/src/msm -I./src/fflonk_setup -I./src/starkpil -I./src/starkpil/expressions -I./src/starkpil/fri -I./src/starkpil/merkleTree -I./src/starkpil/transcript -I./src/starkpil/recursion_trace -I./src/starkpil/recursion_trace/gate_bands -I./src/goldilocks -I./src/goldilocks/.vscode -I./src/goldilocks/utils -I./src/goldilocks/benchs -I./src/goldilocks/tests -I./src/goldilocks/src -I/usr/lib/x86_64-linux-gnu/openmpi/include -I/usr/lib/x86_64-linux-gnu/openmpi/include/openmpi -DOMPI_SKIP_MPICXX -DMPICH_SKIP_MPICXX -D__USE_MPI_RMA__ -D__USE_ASSEMBLY__ -std=c++17 -Wall -pthread -Wno-unused-label -fPIC -fopenmp -mavx2 -D__AVX2__ -O3 -c src/rapidsnark/curve_utils.cpp -o build/./src/rapidsnark/curve_utils.cpp.o
[INFO] [stderr]   g++ -fopenmp -I/usr/include -I/usr/local/include -MMD -MP -I./src -I./src/plonk_setup -I./src/XKCP -I./src/utils -I./src/api -I./src/rapidsnark -I./src/rapidsnark/polynomial -I./src/bctree -I./src/binfile -I./src/config -I./src/bn128 -I./src/bn128/benchs -I./src/bn128/tests -I./src/bn128/src -I./src/bn128/src/curve -I./src/bn128/src/ntt -I./src/bn128/src/poseidon -I./src/bn128/src/poseidon2 -I./src/bn128/src/ffiasm -I./src/bn128/src/ffigpu -I./src/bn128/src/msm -I./src/fflonk_setup -I./src/starkpil -I./src/starkpil/expressions -I./src/starkpil/fri -I./src/starkpil/merkleTree -I./src/starkpil/transcript -I./src/starkpil/recursion_trace -I./src/starkpil/recursion_trace/gate_bands -I./src/goldilocks -I./src/goldilocks/.vscode -I./src/goldilocks/utils -I./src/goldilocks/benchs -I./src/goldilocks/tests -I./src/goldilocks/src -I/usr/lib/x86_64-linux-gnu/openmpi/include -I/usr/lib/x86_64-linux-gnu/openmpi/include/openmpi -DOMPI_SKIP_MPICXX -DMPICH_SKIP_MPICXX -D__USE_MPI_RMA__ -D__USE_ASSEMBLY__ -std=c++17 -Wall -pthread -Wno-unused-label -fPIC -fopenmp -mavx2 -D__AVX2__ -O3 -c src/rapidsnark/fflonk_setup.cpp -o build/./src/rapidsnark/fflonk_setup.cpp.o
[INFO] [stderr]   g++ -fopenmp -I/usr/include -I/usr/local/include -MMD -MP -I./src -I./src/plonk_setup -I./src/XKCP -I./src/utils -I./src/api -I./src/rapidsnark -I./src/rapidsnark/polynomial -I./src/bctree -I./src/binfile -I./src/config -I./src/bn128 -I./src/bn128/benchs -I./src/bn128/tests -I./src/bn128/src -I./src/bn128/src/curve -I./src/bn128/src/ntt -I./src/bn128/src/poseidon -I./src/bn128/src/poseidon2 -I./src/bn128/src/ffiasm -I./src/bn128/src/ffigpu -I./src/bn128/src/msm -I./src/fflonk_setup -I./src/starkpil -I./src/starkpil/expressions -I./src/starkpil/fri -I./src/starkpil/merkleTree -I./src/starkpil/transcript -I./src/starkpil/recursion_trace -I./src/starkpil/recursion_trace/gate_bands -I./src/goldilocks -I./src/goldilocks/.vscode -I./src/goldilocks/utils -I./src/goldilocks/benchs -I./src/goldilocks/tests -I./src/goldilocks/src -I/usr/lib/x86_64-linux-gnu/openmpi/include -I/usr/lib/x86_64-linux-gnu/openmpi/include/openmpi -DOMPI_SKIP_MPICXX -DMPICH_SKIP_MPICXX -D__USE_MPI_RMA__ -D__USE_ASSEMBLY__ -std=c++17 -Wall -pthread -Wno-unused-label -fPIC -fopenmp -mavx2 -D__AVX2__ -O3 -c src/rapidsnark/keccak_wrapper.cpp -o build/./src/rapidsnark/keccak_wrapper.cpp.o
[INFO] [stderr] 
[INFO] [stderr]   --- stderr
[INFO] [stderr]   Makefile changed — running clean rebuild...
[INFO] [stderr]   [configure] nvidia-smi probe failed — no GPU arch detected, falling back to major archs.
[INFO] [stderr]   Makefile:58: CUDA arch auto-detection failed — building for all major archs: 80 86 89 90 100 120
[INFO] [stderr]   Makefile:104: CUDA not found, GPU targets will be disabled
[INFO] [stderr]   Running make -j starks_lib...
[INFO] [stderr]   [configure] nvidia-smi probe failed — no GPU arch detected, falling back to major archs.
[INFO] [stderr]   Makefile:58: CUDA arch auto-detection failed — building for all major archs: 80 86 89 90 100 120
[INFO] [stderr]   Makefile:104: CUDA not found, GPU targets will be disabled
[INFO] [stderr]   In file included from src/starkpil/stark_info.cpp:1:
[INFO] [stderr]   src/starkpil/stark_info.hpp:4:10: fatal error: nlohmann/json.hpp: No such file or directory
[INFO] [stderr]       4 | #include <nlohmann/json.hpp>
[INFO] [stderr]         |          ^~~~~~~~~~~~~~~~~~~
[INFO] [stderr]   compilation terminated.
[INFO] [stderr]   In file included from src/starkpil/expressions/expressions_info.cpp:1:
[INFO] [stderr]   src/starkpil/expressions/expressions_info.hpp:4:10: fatal error: nlohmann/json.hpp: No such file or directory
[INFO] [stderr]       4 | #include <nlohmann/json.hpp>
[INFO] [stderr]         |          ^~~~~~~~~~~~~~~~~~~
[INFO] [stderr]   compilation terminated.
[INFO] [stderr]   make: *** [Makefile:349: build/./src/starkpil/expressions/expressions_info.cpp.o] Error 1
[INFO] [stderr]   make: *** Waiting for unfinished jobs....
[INFO] [stderr]   make: *** [Makefile:349: build/./src/starkpil/stark_info.cpp.o] Error 1
[INFO] [stderr]   In file included from src/starkpil/expressions/expressions_bin.hpp:8,
[INFO] [stderr]                    from src/starkpil/expressions/expressions_bin.cpp:1:
[INFO] [stderr]   src/starkpil/expressions/expressions_info.hpp:4:10: fatal error: nlohmann/json.hpp: No such file or directory
[INFO] [stderr]       4 | #include <nlohmann/json.hpp>
[INFO] [stderr]         |          ^~~~~~~~~~~~~~~~~~~
[INFO] [stderr]   compilation terminated.
[INFO] [stderr]   In file included from ./src/starkpil/expressions/expressions_bin.hpp:8,
[INFO] [stderr]                    from ./src/starkpil/expressions/expressions_ctx.hpp:3,
[INFO] [stderr]                    from src/starkpil/hints.cpp:1:
[INFO] [stderr]   ./src/starkpil/expressions/expressions_info.hpp:4:10: fatal error: nlohmann/json.hpp: No such file or directory
[INFO] [stderr]       4 | #include <nlohmann/json.hpp>
[INFO] [stderr]         |          ^~~~~~~~~~~~~~~~~~~
[INFO] [stderr]   compilation terminated.
[INFO] [stderr]   make: *** [Makefile:348: build/./src/starkpil/expressions/expressions_bin.cpp.o] Error 1
[INFO] [stderr]   make: *** [Makefile:348: build/./src/starkpil/hints.cpp.o] Error 1
[INFO] [stderr]   In file included from src/starkpil/proof2zkinStark.cpp:5:
[INFO] [stderr]   src/starkpil/proof2zkinStark.hpp:4:10: fatal error: nlohmann/json.hpp: No such file or directory
[INFO] [stderr]       4 | #include <nlohmann/json.hpp>
[INFO] [stderr]         |          ^~~~~~~~~~~~~~~~~~~
[INFO] [stderr]   compilation terminated.
[INFO] [stderr]   make: *** [Makefile:348: build/./src/starkpil/proof2zkinStark.cpp.o] Error 1
[INFO] [stderr]   g++: fatal error: Killed signal terminated program cc1plus
[INFO] [stderr]   compilation terminated.
[INFO] [stderr]   make: *** [Makefile:348: build/./src/goldilocks/src/poseidon_goldilocks.cpp.o] Error 1
[INFO] [stderr]   In file included from ./src/utils/zklog.hpp:8,
[INFO] [stderr]                    from ./src/api/starks_api_internal.hpp:16,
[INFO] [stderr]                    from src/starkpil/merkleTree/merkleTreeGL.hpp:7,
[INFO] [stderr]                    from src/starkpil/merkleTree/merkleTreeGL.cpp:1:
[INFO] [stderr]   ./src/utils/utils.hpp:7:10: fatal error: nlohmann/json.hpp: No such file or directory
[INFO] [stderr]       7 | #include <nlohmann/json.hpp>
[INFO] [stderr]         |          ^~~~~~~~~~~~~~~~~~~
[INFO] [stderr]   compilation terminated.
[INFO] [stderr]   make: *** [Makefile:348: build/./src/starkpil/merkleTree/merkleTreeGL.cpp.o] Error 1
[INFO] [stderr]   In file included from ./src/utils/zklog.hpp:8,
[INFO] [stderr]                    from ./src/api/starks_api_internal.hpp:16,
[INFO] [stderr]                    from src/starkpil/transcript/transcriptGL.hpp:6,
[INFO] [stderr]                    from src/starkpil/transcript/transcriptGL.cpp:1:
[INFO] [stderr]   ./src/utils/utils.hpp:7:10: fatal error: nlohmann/json.hpp: No such file or directory
[INFO] [stderr]       7 | #include <nlohmann/json.hpp>
[INFO] [stderr]         |          ^~~~~~~~~~~~~~~~~~~
[INFO] [stderr]   compilation terminated.
[INFO] [stderr]   make: *** [Makefile:348: build/./src/starkpil/transcript/transcriptGL.cpp.o] Error 1
[INFO] [stderr]   In file included from src/api/starks_api.cpp:2:
[INFO] [stderr]   ./src/starkpil/proof2zkinStark.hpp:4:10: fatal error: nlohmann/json.hpp: No such file or directory
[INFO] [stderr]       4 | #include <nlohmann/json.hpp>
[INFO] [stderr]         |          ^~~~~~~~~~~~~~~~~~~
[INFO] [stderr]   compilation terminated.
[INFO] [stderr]   In file included from ./src/utils/zklog.hpp:8,
[INFO] [stderr]                    from ./src/starkpil/merkleTree/merkleTreeBN128.hpp:9,
[INFO] [stderr]                    from src/bctree/build_const_tree.hpp:8,
[INFO] [stderr]                    from src/bctree/build_const_tree.cpp:1:
[INFO] [stderr]   ./src/utils/utils.hpp:7:10: fatal error: nlohmann/json.hpp: No such file or directory
[INFO] [stderr]       7 | #include <nlohmann/json.hpp>
[INFO] [stderr]         |          ^~~~~~~~~~~~~~~~~~~
[INFO] [stderr]   compilation terminated.
[INFO] [stderr]   make: *** [Makefile:348: build/./src/bctree/build_const_tree.cpp.o] Error 1
[INFO] [stderr]   make: *** [Makefile:348: build/./src/api/starks_api.cpp.o] Error 1
[INFO] [stderr]   In file included from ./src/utils/zklog.hpp:8,
[INFO] [stderr]                    from src/starkpil/transcript/transcriptBN128.cpp:3:
[INFO] [stderr]   ./src/utils/utils.hpp:7:10: fatal error: nlohmann/json.hpp: No such file or directory
[INFO] [stderr]       7 | #include <nlohmann/json.hpp>
[INFO] [stderr]         |          ^~~~~~~~~~~~~~~~~~~
[INFO] [stderr]   compilation terminated.
[INFO] [stderr]   make: *** [Makefile:348: build/./src/starkpil/transcript/transcriptBN128.cpp.o] Error 1
[INFO] [stderr]   In file included from src/rapidsnark/fflonk_setup.hpp:16,
[INFO] [stderr]                    from src/rapidsnark/fflonk_setup.cpp:1:
[INFO] [stderr]   ./src/utils/utils.hpp:7:10: fatal error: nlohmann/json.hpp: No such file or directory
[INFO] [stderr]       7 | #include <nlohmann/json.hpp>
[INFO] [stderr]         |          ^~~~~~~~~~~~~~~~~~~
[INFO] [stderr]   compilation terminated.
[INFO] [stderr]   make: *** [Makefile:348: build/./src/rapidsnark/fflonk_setup.cpp.o] Error 1
[INFO] [stderr]   In file included from ./src/utils/zklog.hpp:8,
[INFO] [stderr]                    from src/starkpil/merkleTree/merkleTreeBN128.hpp:9,
[INFO] [stderr]                    from src/starkpil/merkleTree/merkleTreeBN128.cpp:2:
[INFO] [stderr]   ./src/utils/utils.hpp:7:10: fatal error: nlohmann/json.hpp: No such file or directory
[INFO] [stderr]       7 | #include <nlohmann/json.hpp>
[INFO] [stderr]         |          ^~~~~~~~~~~~~~~~~~~
[INFO] [stderr]   compilation terminated.
[INFO] [stderr]   make: *** [Makefile:348: build/./src/starkpil/merkleTree/merkleTreeBN128.cpp.o] Error 1
[INFO] [stderr]   g++: fatal error: Killed signal terminated program cc1plus
[INFO] [stderr]   compilation terminated.
[INFO] [stderr]   make: *** [Makefile:348: build/./src/bn128/src/poseidon/poseidon_bn128.cpp.o] Error 1
[INFO] [stderr] 
[INFO] [stderr]   thread 'main' (482) panicked at /opt/rustwide/cargo-home/registry/src/index.crates.io-1949cf8c6b5b557f/proofman-starks-lib-c-1.3.1-alpha/build.rs:210:9:
[INFO] [stderr]   Command `make` failed with exit code Some(2)
[INFO] [stderr]   stack backtrace:
[INFO] [stderr]      0:     0x5ebaf36681a1 - std[617be2ca0a6fd877]::backtrace_rs::backtrace::libunwind::trace
[INFO] [stderr]                                  at /rustc/e3feeb59cd1bdd011a2bfcc0747b55125d9b8527/library/std/src/../../backtrace/src/backtrace/libunwind.rs:117:9
[INFO] [stderr]      1:     0x5ebaf36681a1 - std[617be2ca0a6fd877]::backtrace_rs::backtrace::trace_unsynchronized::<std[617be2ca0a6fd877]::sys::backtrace::_print_fmt::{closure#1}>
[INFO] [stderr]                                  at /rustc/e3feeb59cd1bdd011a2bfcc0747b55125d9b8527/library/std/src/../../backtrace/src/backtrace/mod.rs:66:14
[INFO] [stderr]      2:     0x5ebaf36681a1 - std[617be2ca0a6fd877]::sys::backtrace::_print_fmt
[INFO] [stderr]                                  at /rustc/e3feeb59cd1bdd011a2bfcc0747b55125d9b8527/library/std/src/sys/backtrace.rs:74:9
[INFO] [stderr]      3:     0x5ebaf36681a1 - <<std[617be2ca0a6fd877]::sys::backtrace::BacktraceLock>::print::DisplayBacktrace as core[a373ad73a504971]::fmt::Display>::fmt
[INFO] [stderr]                                  at /rustc/e3feeb59cd1bdd011a2bfcc0747b55125d9b8527/library/std/src/sys/backtrace.rs:44:26
[INFO] [stderr]      4:     0x5ebaf367987a - <core[a373ad73a504971]::fmt::rt::Argument>::fmt
[INFO] [stderr]                                  at /rustc/e3feeb59cd1bdd011a2bfcc0747b55125d9b8527/library/core/src/fmt/rt.rs:152:76
[INFO] [stderr]      5:     0x5ebaf367987a - core[a373ad73a504971]::fmt::write
[INFO] [stderr]      6:     0x5ebaf366c15c - core[a373ad73a504971]::io::write::default_write_fmt::<std[617be2ca0a6fd877]::sys::stdio::unix::Stderr>
[INFO] [stderr]                                  at /rustc/e3feeb59cd1bdd011a2bfcc0747b55125d9b8527/library/core/src/io/write.rs:402:11
[INFO] [stderr]      7:     0x5ebaf366c15c - <std[617be2ca0a6fd877]::sys::stdio::unix::Stderr as core[a373ad73a504971]::io::write::Write>::write_fmt
[INFO] [stderr]                                  at /rustc/e3feeb59cd1bdd011a2bfcc0747b55125d9b8527/library/core/src/io/write.rs:335:13
[INFO] [stderr]      8:     0x5ebaf3648d16 - <std[617be2ca0a6fd877]::sys::backtrace::BacktraceLock>::print
[INFO] [stderr]                                  at /rustc/e3feeb59cd1bdd011a2bfcc0747b55125d9b8527/library/std/src/sys/backtrace.rs:47:9
[INFO] [stderr]      9:     0x5ebaf3648d16 - std[617be2ca0a6fd877]::panicking::default_hook::{closure#0}
[INFO] [stderr]                                  at /rustc/e3feeb59cd1bdd011a2bfcc0747b55125d9b8527/library/std/src/panicking.rs:289:27
[INFO] [stderr]     10:     0x5ebaf3662961 - std[617be2ca0a6fd877]::panicking::default_hook
[INFO] [stderr]                                  at /rustc/e3feeb59cd1bdd011a2bfcc0747b55125d9b8527/library/std/src/panicking.rs:316:9
[INFO] [stderr]     11:     0x5ebaf3662b1b - std[617be2ca0a6fd877]::panicking::panic_with_hook
[INFO] [stderr]                                  at /rustc/e3feeb59cd1bdd011a2bfcc0747b55125d9b8527/library/std/src/panicking.rs:811:13
[INFO] [stderr]     12:     0x5ebaf3648dc2 - std[617be2ca0a6fd877]::panicking::panic_handler::{closure#0}
[INFO] [stderr]                                  at /rustc/e3feeb59cd1bdd011a2bfcc0747b55125d9b8527/library/std/src/panicking.rs:685:13
[INFO] [stderr]     13:     0x5ebaf3641959 - std[617be2ca0a6fd877]::sys::backtrace::__rust_end_short_backtrace::<std[617be2ca0a6fd877]::panicking::panic_handler::{closure#0}, !>
[INFO] [stderr]                                  at /rustc/e3feeb59cd1bdd011a2bfcc0747b55125d9b8527/library/std/src/sys/backtrace.rs:182:18
[INFO] [stderr]     14:     0x5ebaf364964d - __rustc[ea4f61d10b84890b]::rust_begin_unwind
[INFO] [stderr]                                  at /rustc/e3feeb59cd1bdd011a2bfcc0747b55125d9b8527/library/std/src/panicking.rs:676:5
[INFO] [stderr]     15:     0x5ebaf3679fac - core[a373ad73a504971]::panicking::panic_fmt
[INFO] [stderr]                                  at /rustc/e3feeb59cd1bdd011a2bfcc0747b55125d9b8527/library/core/src/panicking.rs:80:14
[INFO] [stderr]     16:     0x5ebaf362e084 - build_script_build[6400fd17073af50d]::run_command
[INFO] [stderr]     17:     0x5ebaf3630960 - build_script_build[6400fd17073af50d]::main
[INFO] [stderr]     18:     0x5ebaf3635703 - <fn() as core[a373ad73a504971]::ops::function::FnOnce<()>>::call_once
[INFO] [stderr]     19:     0x5ebaf362d27e - std[617be2ca0a6fd877]::sys::backtrace::__rust_begin_short_backtrace::<fn(), ()>
[INFO] [stderr]     20:     0x5ebaf362d809 - std[617be2ca0a6fd877]::rt::lang_start::<()>::{closure#0}
[INFO] [stderr]     21:     0x5ebaf3661dd8 - <&dyn core[a373ad73a504971]::ops::function::Fn<(), Output = i32> + core[a373ad73a504971]::marker::Sync + core[a373ad73a504971]::panic::unwind_safe::RefUnwindSafe as core[a373ad73a504971]::ops::function::FnOnce<()>>::call_once
[INFO] [stderr]                                  at /rustc/e3feeb59cd1bdd011a2bfcc0747b55125d9b8527/library/core/src/ops/function.rs:287:21
[INFO] [stderr]     22:     0x5ebaf3661dd8 - std[617be2ca0a6fd877]::panicking::catch_unwind::do_call::<&dyn core[a373ad73a504971]::ops::function::Fn<(), Output = i32> + core[a373ad73a504971]::marker::Sync + core[a373ad73a504971]::panic::unwind_safe::RefUnwindSafe, i32>
[INFO] [stderr]                                  at /rustc/e3feeb59cd1bdd011a2bfcc0747b55125d9b8527/library/std/src/panicking.rs:573:43
[INFO] [stderr]     23:     0x5ebaf3661dd8 - std[617be2ca0a6fd877]::panicking::catch_unwind::<i32, &dyn core[a373ad73a504971]::ops::function::Fn<(), Output = i32> + core[a373ad73a504971]::marker::Sync + core[a373ad73a504971]::panic::unwind_safe::RefUnwindSafe>
[INFO] [stderr]                                  at /rustc/e3feeb59cd1bdd011a2bfcc0747b55125d9b8527/library/std/src/panicking.rs:541:19
[INFO] [stderr]     24:     0x5ebaf3661dd8 - std[617be2ca0a6fd877]::panic::catch_unwind::<&dyn core[a373ad73a504971]::ops::function::Fn<(), Output = i32> + core[a373ad73a504971]::marker::Sync + core[a373ad73a504971]::panic::unwind_safe::RefUnwindSafe, i32>
[INFO] [stderr]                                  at /rustc/e3feeb59cd1bdd011a2bfcc0747b55125d9b8527/library/std/src/panic.rs:359:14
[INFO] [stderr]     25:     0x5ebaf3661dd8 - std[617be2ca0a6fd877]::rt::lang_start_internal::{closure#0}
[INFO] [stderr]                                  at /rustc/e3feeb59cd1bdd011a2bfcc0747b55125d9b8527/library/std/src/rt.rs:175:24
[INFO] [stderr]     26:     0x5ebaf3661dd8 - std[617be2ca0a6fd877]::panicking::catch_unwind::do_call::<std[617be2ca0a6fd877]::rt::lang_start_internal::{closure#0}, isize>
[INFO] [stderr]                                  at /rustc/e3feeb59cd1bdd011a2bfcc0747b55125d9b8527/library/std/src/panicking.rs:573:43
[INFO] [stderr]     27:     0x5ebaf3661dd8 - std[617be2ca0a6fd877]::panicking::catch_unwind::<isize, std[617be2ca0a6fd877]::rt::lang_start_internal::{closure#0}>
[INFO] [stderr]                                  at /rustc/e3feeb59cd1bdd011a2bfcc0747b55125d9b8527/library/std/src/panicking.rs:541:19
[INFO] [stderr]     28:     0x5ebaf3661dd8 - std[617be2ca0a6fd877]::panic::catch_unwind::<std[617be2ca0a6fd877]::rt::lang_start_internal::{closure#0}, isize>
[INFO] [stderr]                                  at /rustc/e3feeb59cd1bdd011a2bfcc0747b55125d9b8527/library/std/src/panic.rs:359:14
[INFO] [stderr]     29:     0x5ebaf3661dd8 - std[617be2ca0a6fd877]::rt::lang_start_internal
[INFO] [stderr]                                  at /rustc/e3feeb59cd1bdd011a2bfcc0747b55125d9b8527/library/std/src/rt.rs:171:5
[INFO] [stderr]     30:     0x5ebaf362c651 - std[617be2ca0a6fd877]::rt::lang_start::<()>
[INFO] [stderr]     31:     0x5ebaf3635ae5 - main
[INFO] [stderr]     32:     0x7b71fb962601 - <unknown>
[INFO] [stderr]     33:     0x7b71fb962718 - __libc_start_main
[INFO] [stderr]     34:     0x5ebaf362afd5 - _start
[INFO] [stderr]     35:                0x0 - <unknown>
[INFO] running `Command { std: "docker" "inspect" "f3f3425a1e4e201159518e1be1086ab238ce60cc3805f7eee4b9c44b160354da", kill_on_drop: false }`
[INFO] running `Command { std: "docker" "rm" "-f" "f3f3425a1e4e201159518e1be1086ab238ce60cc3805f7eee4b9c44b160354da", kill_on_drop: false }`
[INFO] [stdout] f3f3425a1e4e201159518e1be1086ab238ce60cc3805f7eee4b9c44b160354da
