[INFO] fetching crate zerodds-cdr-derive 1.0.0-rc.6...
[INFO] testing zerodds-cdr-derive-1.0.0-rc.6 against 1.100.0-beta.1 for beta-1.100-2
[INFO] extracting crate zerodds-cdr-derive 1.0.0-rc.6 into /workspace/builds/worker-0-tc2/source
[INFO] started tweaking crates.io crate zerodds-cdr-derive 1.0.0-rc.6
[INFO] removed 0 missing tests
[INFO] finished tweaking crates.io crate zerodds-cdr-derive 1.0.0-rc.6
[INFO] tweaked toml for crates.io crate zerodds-cdr-derive 1.0.0-rc.6 written to /workspace/builds/worker-0-tc2/source/Cargo.toml
[INFO] validating manifest of crates.io crate zerodds-cdr-derive 1.0.0-rc.6 on toolchain 1.100.0-beta.1
[INFO] running `Command { std: CARGO_HOME="/workspace/cargo-home" RUSTUP_HOME="/workspace/rustup-home" "/workspace/cargo-home/bin/cargo" "+1.100.0-beta.1" "metadata" "--manifest-path" "Cargo.toml" "--no-deps", kill_on_drop: false }`
[INFO] crate crates.io crate zerodds-cdr-derive 1.0.0-rc.6 already has a lockfile, it will not be regenerated
[INFO] running `Command { std: CARGO_HOME="/workspace/cargo-home" RUSTUP_HOME="/workspace/rustup-home" "/workspace/cargo-home/bin/cargo" "+1.100.0-beta.1" "fetch" "--manifest-path" "Cargo.toml", kill_on_drop: false }`
[INFO] running `Command { std: "docker" "create" "-v" "/var/lib/crater-agent-workspace/builds/worker-0-tc2/source:/opt/rustwide/workdir:ro,Z" "-v" "/var/lib/crater-agent-workspace/builds/worker-0-tc2/target:/opt/rustwide/target:rw,Z" "-v" "/var/lib/crater-agent-workspace/cargo-home:/opt/rustwide/cargo-home:ro,Z" "-v" "/var/lib/crater-agent-workspace/rustup-home:/opt/rustwide/rustup-home:ro,Z" "-m" "1610612736" "--network" "none" "ghcr.io/rust-lang/crates-build-env/linux@sha256:3111399a4047eeb3a02b7a90e478d715f38a8c6669b5c4b49d30a17385265909" "sleep" "infinity", kill_on_drop: false }`
[INFO] [stdout] 6bedd9ffe3cd25fb4932c52a776d99aa2d6d504565a04d027551f1d0de9d3191
[INFO] running `Command { std: "docker" "start" "6bedd9ffe3cd25fb4932c52a776d99aa2d6d504565a04d027551f1d0de9d3191", kill_on_drop: false }`
[INFO] running `Command { std: "docker" "inspect" "6bedd9ffe3cd25fb4932c52a776d99aa2d6d504565a04d027551f1d0de9d3191", kill_on_drop: false }`
[INFO] running `Command { std: "docker" "exec" "-e" "SOURCE_DIR=/opt/rustwide/workdir" "-e" "CARGO_HOME=/opt/rustwide/cargo-home" "-e" "RUSTUP_HOME=/opt/rustwide/rustup-home" "-e" "CARGO_TARGET_DIR=/opt/rustwide/target" "-w" "/opt/rustwide/workdir" "--user" "0:0" "6bedd9ffe3cd25fb4932c52a776d99aa2d6d504565a04d027551f1d0de9d3191" "/opt/rustwide/cargo-home/bin/cargo" "+1.100.0-beta.1" "metadata" "--no-deps" "--format-version=1", kill_on_drop: false }`
[INFO] running `Command { std: "docker" "inspect" "6bedd9ffe3cd25fb4932c52a776d99aa2d6d504565a04d027551f1d0de9d3191", kill_on_drop: false }`
[INFO] running `Command { std: "docker" "exec" "-e" "SOURCE_DIR=/opt/rustwide/workdir" "-e" "CARGO_HOME=/opt/rustwide/cargo-home" "-e" "RUSTUP_HOME=/opt/rustwide/rustup-home" "-e" "CARGO_TARGET_DIR=/opt/rustwide/target" "-e" "CARGO_INCREMENTAL=0" "-e" "RUST_BACKTRACE=full" "-e" "RUSTFLAGS=--cap-lints=warn" "-e" "RUSTDOCFLAGS=--cap-lints=warn" "-w" "/opt/rustwide/workdir" "--user" "0:0" "6bedd9ffe3cd25fb4932c52a776d99aa2d6d504565a04d027551f1d0de9d3191" "/opt/rustwide/cargo-home/bin/cargo" "+1.100.0-beta.1" "build" "--frozen" "--message-format=json", kill_on_drop: false }`
[INFO] [stderr]    Compiling syn v2.0.117
[INFO] [stderr]    Compiling zerodds-cdr-derive v1.0.0-rc.6 (/opt/rustwide/workdir)
[INFO] [stderr]     Finished `dev` profile [unoptimized + debuginfo] target(s) in 1.94s
[INFO] running `Command { std: "docker" "inspect" "6bedd9ffe3cd25fb4932c52a776d99aa2d6d504565a04d027551f1d0de9d3191", kill_on_drop: false }`
[INFO] running `Command { std: "docker" "exec" "-e" "SOURCE_DIR=/opt/rustwide/workdir" "-e" "CARGO_HOME=/opt/rustwide/cargo-home" "-e" "RUSTUP_HOME=/opt/rustwide/rustup-home" "-e" "CARGO_TARGET_DIR=/opt/rustwide/target" "-e" "CARGO_INCREMENTAL=0" "-e" "RUST_BACKTRACE=full" "-e" "RUSTFLAGS=--cap-lints=warn" "-e" "RUSTDOCFLAGS=--cap-lints=warn" "-w" "/opt/rustwide/workdir" "--user" "0:0" "6bedd9ffe3cd25fb4932c52a776d99aa2d6d504565a04d027551f1d0de9d3191" "/opt/rustwide/cargo-home/bin/cargo" "+1.100.0-beta.1" "test" "--frozen" "--no-run" "--message-format=json", kill_on_drop: false }`
[INFO] [stderr]    Compiling proc-macro2 v1.0.106
[INFO] [stderr]    Compiling quote v1.0.45
[INFO] [stderr]    Compiling syn v2.0.117
[INFO] [stderr]    Compiling zerodds-cdr-derive v1.0.0-rc.6 (/opt/rustwide/workdir)
[INFO] [stdout] error[E0432]: unresolved import `zerodds_dcps`
[INFO] [stdout]   --> tests/derive_smoke.rs:27:5
[INFO] [stdout]    |
[INFO] [stdout] 27 | use zerodds_dcps::DdsType as DdsTypeTrait;
[INFO] [stdout]    |     ^^^^^^^^^^^^ use of unresolved module or unlinked crate `zerodds_dcps`
[INFO] [stdout]    |
[INFO] [stdout]    = help: if you wanted to use a crate named `zerodds_dcps`, use `cargo add zerodds_dcps` to add it to your `Cargo.toml`
[INFO] [stdout] 
[INFO] [stdout] 
[INFO] [stdout] error[E0433]: cannot find `zerodds_dcps` in the list of imported crates
[INFO] [stdout]   --> tests/derive_smoke.rs:29:10
[INFO] [stdout]    |
[INFO] [stdout] 29 | #[derive(DdsType, Debug, Clone, PartialEq)]
[INFO] [stdout]    |          ^^^^^^^ could not find `zerodds_dcps` in the list of imported crates
[INFO] [stdout]    |
[INFO] [stdout]    = note: this error originates in the derive macro `DdsType` (in Nightly builds, run with -Z macro-backtrace for more info)
[INFO] [stdout] 
[INFO] [stdout] 
[INFO] [stdout] error[E0433]: cannot find `zerodds_cdr` in the list of imported crates
[INFO] [stdout]   --> tests/derive_smoke.rs:29:10
[INFO] [stdout]    |
[INFO] [stdout] 29 | #[derive(DdsType, Debug, Clone, PartialEq)]
[INFO] [stdout]    |          ^^^^^^^ could not find `zerodds_cdr` in the list of imported crates
[INFO] [stdout]    |
[INFO] [stdout]    = note: this error originates in the derive macro `DdsType` (in Nightly builds, run with -Z macro-backtrace for more info)
[INFO] [stdout] 
[INFO] [stdout] 
[INFO] [stdout] error[E0433]: cannot find `zerodds_dcps` in the list of imported crates
[INFO] [stdout]   --> tests/derive_smoke.rs:35:10
[INFO] [stdout]    |
[INFO] [stdout] 35 | #[derive(DdsType, Debug, Clone, PartialEq)]
[INFO] [stdout]    |          ^^^^^^^ could not find `zerodds_dcps` in the list of imported crates
[INFO] [stdout]    |
[INFO] [stdout]    = note: this error originates in the derive macro `DdsType` (in Nightly builds, run with -Z macro-backtrace for more info)
[INFO] [stdout] 
[INFO] [stdout] 
[INFO] [stdout] error[E0433]: cannot find `zerodds_cdr` in the list of imported crates
[INFO] [stdout]   --> tests/derive_smoke.rs:35:10
[INFO] [stdout]    |
[INFO] [stdout] 35 | #[derive(DdsType, Debug, Clone, PartialEq)]
[INFO] [stdout]    |          ^^^^^^^ could not find `zerodds_cdr` in the list of imported crates
[INFO] [stdout]    |
[INFO] [stdout]    = note: this error originates in the derive macro `DdsType` (in Nightly builds, run with -Z macro-backtrace for more info)
[INFO] [stdout] 
[INFO] [stdout] 
[INFO] [stdout] error[E0433]: cannot find `zerodds_dcps` in the list of imported crates
[INFO] [stdout]   --> tests/derive_smoke.rs:42:10
[INFO] [stdout]    |
[INFO] [stdout] 42 | #[derive(DdsType, Debug, Clone, PartialEq)]
[INFO] [stdout]    |          ^^^^^^^ could not find `zerodds_dcps` in the list of imported crates
[INFO] [stdout]    |
[INFO] [stdout]    = note: this error originates in the derive macro `DdsType` (in Nightly builds, run with -Z macro-backtrace for more info)
[INFO] [stdout] 
[INFO] [stdout] 
[INFO] [stdout] error[E0433]: cannot find `zerodds_cdr` in the list of imported crates
[INFO] [stdout]   --> tests/derive_smoke.rs:42:10
[INFO] [stdout]    |
[INFO] [stdout] 42 | #[derive(DdsType, Debug, Clone, PartialEq)]
[INFO] [stdout]    |          ^^^^^^^ could not find `zerodds_cdr` in the list of imported crates
[INFO] [stdout]    |
[INFO] [stdout]    = note: this error originates in the derive macro `DdsType` (in Nightly builds, run with -Z macro-backtrace for more info)
[INFO] [stdout] 
[INFO] [stdout] 
[INFO] [stdout] Some errors have detailed explanations: E0432, E0433.
[INFO] [stdout] 
[INFO] [stdout] For more information about an error, try `rustc --explain E0432`.
[INFO] [stdout] 
[INFO] [stderr] error: could not compile `zerodds-cdr-derive` (test "derive_smoke") due to 7 previous errors
[INFO] running `Command { std: "docker" "inspect" "6bedd9ffe3cd25fb4932c52a776d99aa2d6d504565a04d027551f1d0de9d3191", kill_on_drop: false }`
[INFO] running `Command { std: "docker" "rm" "-f" "6bedd9ffe3cd25fb4932c52a776d99aa2d6d504565a04d027551f1d0de9d3191", kill_on_drop: false }`
[INFO] [stdout] 6bedd9ffe3cd25fb4932c52a776d99aa2d6d504565a04d027551f1d0de9d3191
