[INFO] fetching crate zero-sfs-saas 1.0.0-rc.1...
[INFO] testing zero-sfs-saas-1.0.0-rc.1 against 1.99.0-beta.8 for beta-1.100-2
[INFO] extracting crate zero-sfs-saas 1.0.0-rc.1 into /workspace/builds/worker-6-tc1/source
[INFO] started tweaking crates.io crate zero-sfs-saas 1.0.0-rc.1
[INFO] removed 0 missing tests
[INFO] finished tweaking crates.io crate zero-sfs-saas 1.0.0-rc.1
[INFO] tweaked toml for crates.io crate zero-sfs-saas 1.0.0-rc.1 written to /workspace/builds/worker-6-tc1/source/Cargo.toml
[INFO] validating manifest of crates.io crate zero-sfs-saas 1.0.0-rc.1 on toolchain 1.99.0-beta.8
[INFO] running `Command { std: CARGO_HOME="/workspace/cargo-home" RUSTUP_HOME="/workspace/rustup-home" "/workspace/cargo-home/bin/cargo" "+1.99.0-beta.8" "metadata" "--manifest-path" "Cargo.toml" "--no-deps", kill_on_drop: false }`
[INFO] crate crates.io crate zero-sfs-saas 1.0.0-rc.1 already has a lockfile, it will not be regenerated
[INFO] running `Command { std: CARGO_HOME="/workspace/cargo-home" RUSTUP_HOME="/workspace/rustup-home" "/workspace/cargo-home/bin/cargo" "+1.99.0-beta.8" "fetch" "--manifest-path" "Cargo.toml", kill_on_drop: false }`
[INFO] [stderr]     Updating crates.io index
[INFO] [stderr]  Downloading crates ...
[INFO] [stderr]   Downloaded zero-sfs-sync v1.0.0-rc.1
[INFO] [stderr]   Downloaded h3-quinn v0.0.10
[INFO] [stderr]   Downloaded fs-err v3.3.0
[INFO] [stderr]   Downloaded axum-server v0.7.3
[INFO] [stderr]   Downloaded zero-sfs-core v1.0.0-rc.1
[INFO] [stderr]   Downloaded h3 v0.0.8
[INFO] [stderr]   Downloaded time v0.3.51
[INFO] running `Command { std: "docker" "create" "-v" "/var/lib/crater-agent-workspace/builds/worker-6-tc1/source:/opt/rustwide/workdir:ro,Z" "-v" "/var/lib/crater-agent-workspace/builds/worker-6-tc1/target:/opt/rustwide/target:rw,Z" "-v" "/var/lib/crater-agent-workspace/cargo-home:/opt/rustwide/cargo-home:ro,Z" "-v" "/var/lib/crater-agent-workspace/rustup-home:/opt/rustwide/rustup-home:ro,Z" "-m" "1610612736" "--network" "none" "ghcr.io/rust-lang/crates-build-env/linux@sha256:3111399a4047eeb3a02b7a90e478d715f38a8c6669b5c4b49d30a17385265909" "sleep" "infinity", kill_on_drop: false }`
[INFO] [stdout] 80297304ac3d00fef35496a3324415f9b7301c3ed5532d44171ed8b8bd3da358
[INFO] running `Command { std: "docker" "start" "80297304ac3d00fef35496a3324415f9b7301c3ed5532d44171ed8b8bd3da358", kill_on_drop: false }`
[INFO] running `Command { std: "docker" "inspect" "80297304ac3d00fef35496a3324415f9b7301c3ed5532d44171ed8b8bd3da358", kill_on_drop: false }`
[INFO] running `Command { std: "docker" "exec" "-e" "SOURCE_DIR=/opt/rustwide/workdir" "-e" "CARGO_HOME=/opt/rustwide/cargo-home" "-e" "RUSTUP_HOME=/opt/rustwide/rustup-home" "-e" "CARGO_TARGET_DIR=/opt/rustwide/target" "-w" "/opt/rustwide/workdir" "--user" "0:0" "80297304ac3d00fef35496a3324415f9b7301c3ed5532d44171ed8b8bd3da358" "/opt/rustwide/cargo-home/bin/cargo" "+1.99.0-beta.8" "metadata" "--no-deps" "--format-version=1", kill_on_drop: false }`
[INFO] running `Command { std: "docker" "inspect" "80297304ac3d00fef35496a3324415f9b7301c3ed5532d44171ed8b8bd3da358", kill_on_drop: false }`
[INFO] running `Command { std: "docker" "exec" "-e" "SOURCE_DIR=/opt/rustwide/workdir" "-e" "CARGO_HOME=/opt/rustwide/cargo-home" "-e" "RUSTUP_HOME=/opt/rustwide/rustup-home" "-e" "CARGO_TARGET_DIR=/opt/rustwide/target" "-e" "CARGO_INCREMENTAL=0" "-e" "RUST_BACKTRACE=full" "-e" "RUSTFLAGS=--cap-lints=warn" "-e" "RUSTDOCFLAGS=--cap-lints=warn" "-w" "/opt/rustwide/workdir" "--user" "0:0" "80297304ac3d00fef35496a3324415f9b7301c3ed5532d44171ed8b8bd3da358" "/opt/rustwide/cargo-home/bin/cargo" "+1.99.0-beta.8" "build" "--frozen" "--message-format=json", kill_on_drop: false }`
[INFO] [stderr]    Compiling bytes v1.12.0
[INFO] [stderr]    Compiling memchr v2.8.2
[INFO] [stderr]    Compiling smallvec v1.15.2
[INFO] [stderr]    Compiling zerocopy v0.8.52
[INFO] [stderr]    Compiling cc v1.2.65
[INFO] [stderr]    Compiling rustls v0.23.41
[INFO] [stderr]    Compiling syn v2.0.118
[INFO] [stderr]    Compiling getrandom v0.2.17
[INFO] [stderr]    Compiling socket2 v0.6.4
[INFO] [stderr]    Compiling mio v1.2.1
[INFO] [stderr]    Compiling inout v0.1.4
[INFO] [stderr]    Compiling curve25519-dalek v4.1.3
[INFO] [stderr]    Compiling serde v1.0.228
[INFO] [stderr]    Compiling quinn-udp v0.5.14
[INFO] [stderr]    Compiling signature v2.2.0
[INFO] [stderr]    Compiling base64ct v1.8.3
[INFO] [stderr]    Compiling quinn v0.11.11
[INFO] [stderr]    Compiling rand_core v0.6.4
[INFO] [stderr]    Compiling ed25519 v2.2.3
[INFO] [stderr]    Compiling fs-err v3.3.0
[INFO] [stderr]    Compiling lru-slab v0.1.2
[INFO] [stderr]    Compiling crypto-common v0.1.7
[INFO] [stderr]    Compiling password-hash v0.5.0
[INFO] [stderr]    Compiling digest v0.10.7
[INFO] [stderr]    Compiling cipher v0.4.4
[INFO] [stderr]    Compiling universal-hash v0.5.1
[INFO] [stderr]    Compiling aead v0.5.2
[INFO] [stderr]    Compiling log v0.4.33
[INFO] [stderr]    Compiling regex-syntax v0.8.11
[INFO] [stderr]    Compiling polyval v0.6.2
[INFO] [stderr]    Compiling blake2 v0.10.6
[INFO] [stderr]    Compiling ctr v0.9.2
[INFO] [stderr]    Compiling aes v0.8.4
[INFO] [stderr]    Compiling hmac v0.12.1
[INFO] [stderr]    Compiling http v1.4.2
[INFO] [stderr]    Compiling sha2 v0.10.9
[INFO] [stderr]    Compiling ghash v0.5.1
[INFO] [stderr]    Compiling hkdf v0.12.4
[INFO] [stderr]    Compiling xts-mode v0.5.1
[INFO] [stderr]    Compiling num-integer v0.1.46
[INFO] [stderr]    Compiling tracing-log v0.2.0
[INFO] [stderr]    Compiling arc-swap v1.9.2
[INFO] [stderr]    Compiling matchit v0.7.3
[INFO] [stderr]    Compiling crypto-bigint v0.5.5
[INFO] [stderr]    Compiling argon2 v0.5.3
[INFO] [stderr]    Compiling aes-gcm v0.10.3
[INFO] [stderr]    Compiling serde_urlencoded v0.7.1
[INFO] [stderr]    Compiling http-body v1.0.1
[INFO] [stderr]    Compiling http-body-util v0.1.3
[INFO] [stderr]    Compiling ring v0.17.14
[INFO] [stderr]    Compiling regex-automata v0.4.14
[INFO] [stderr]    Compiling matchers v0.2.0
[INFO] [stderr]    Compiling synstructure v0.13.2
[INFO] [stderr]    Compiling ppv-lite86 v0.2.21
[INFO] [stderr]    Compiling zeroize_derive v1.5.0
[INFO] [stderr]    Compiling zerofrom-derive v0.1.7
[INFO] [stderr]    Compiling tokio-macros v2.7.0
[INFO] [stderr]    Compiling yoke-derive v0.8.2
[INFO] [stderr]    Compiling zerovec-derive v0.11.3
[INFO] [stderr]    Compiling futures-macro v0.3.32
[INFO] [stderr]    Compiling tracing-attributes v0.1.31
[INFO] [stderr]    Compiling displaydoc v0.2.6
[INFO] [stderr]    Compiling curve25519-dalek-derive v0.1.1
[INFO] [stderr]    Compiling thiserror-impl v2.0.18
[INFO] [stderr]    Compiling thiserror-impl v1.0.69
[INFO] [stderr]    Compiling async-trait v0.1.89
[INFO] [stderr]    Compiling rand_chacha v0.9.0
[INFO] [stderr]    Compiling rand_chacha v0.3.1
[INFO] [stderr]    Compiling futures-util v0.3.32
[INFO] [stderr]    Compiling zeroize v1.9.0
[INFO] [stderr]    Compiling rand v0.9.4
[INFO] [stderr]    Compiling tokio v1.52.3
[INFO] [stderr]    Compiling rustls-pki-types v1.14.1
[INFO] [stderr]    Compiling rand v0.8.6
[INFO] [stderr]    Compiling rustls-pemfile v2.2.0
[INFO] [stderr]    Compiling rustls-webpki v0.103.13
[INFO] [stderr]    Compiling tracing v0.1.44
[INFO] [stderr]    Compiling zerofrom v0.1.8
[INFO] [stderr]    Compiling yoke v0.8.3
[INFO] [stderr]    Compiling thiserror v1.0.69
[INFO] [stderr]    Compiling tracing-subscriber v0.3.23
[INFO] [stderr]    Compiling num-bigint v0.4.6
[INFO] [stderr]    Compiling zerovec v0.11.6
[INFO] [stderr]    Compiling zerotrie v0.2.4
[INFO] [stderr]    Compiling thiserror v2.0.18
[INFO] [stderr]    Compiling x25519-dalek v2.0.1
[INFO] [stderr]    Compiling ed25519-dalek v2.2.0
[INFO] [stderr]    Compiling tinystr v0.8.3
[INFO] [stderr]    Compiling potential_utf v0.1.5
[INFO] [stderr]    Compiling icu_collections v2.2.0
[INFO] [stderr]    Compiling icu_locale_core v2.2.0
[INFO] [stderr]    Compiling zero-sfs-core v1.0.0-rc.1
[INFO] [stderr]    Compiling icu_provider v2.2.0
[INFO] [stderr]    Compiling icu_normalizer v2.2.0
[INFO] [stderr]    Compiling icu_properties v2.2.0
[INFO] [stderr]    Compiling futures-executor v0.3.32
[INFO] [stderr]    Compiling axum-core v0.4.5
[INFO] [stderr]    Compiling futures v0.3.32
[INFO] [stderr]    Compiling zero-sfs-sync v1.0.0-rc.1
[INFO] [stderr]    Compiling idna_adapter v1.2.2
[INFO] [stderr]    Compiling idna v1.1.0
[INFO] [stderr]    Compiling tokio-util v0.7.18
[INFO] [stderr]    Compiling tower v0.5.3
[INFO] [stderr]    Compiling h3 v0.0.8
[INFO] [stderr]    Compiling url v2.5.8
[INFO] [stderr]    Compiling h2 v0.4.15
[INFO] [stderr]    Compiling tower-http v0.6.11
[INFO] [stderr]    Compiling tokio-rustls v0.26.4
[INFO] [stderr]    Compiling quinn-proto v0.11.15
[INFO] [stderr]    Compiling hyper v1.10.1
[INFO] [stderr]    Compiling h3-quinn v0.0.10
[INFO] [stderr]    Compiling hyper-util v0.1.20
[INFO] [stderr]    Compiling hyper-rustls v0.27.9
[INFO] [stderr]    Compiling axum-server v0.7.3
[INFO] [stderr]    Compiling axum v0.7.9
[INFO] [stderr]    Compiling reqwest v0.12.28
[INFO] [stderr]    Compiling zero-sfs-saas v1.0.0-rc.1 (/opt/rustwide/workdir)
[INFO] [stderr]     Finished `dev` profile [unoptimized + debuginfo] target(s) in 43.89s
[INFO] running `Command { std: "docker" "inspect" "80297304ac3d00fef35496a3324415f9b7301c3ed5532d44171ed8b8bd3da358", kill_on_drop: false }`
[INFO] running `Command { std: "docker" "exec" "-e" "SOURCE_DIR=/opt/rustwide/workdir" "-e" "CARGO_HOME=/opt/rustwide/cargo-home" "-e" "RUSTUP_HOME=/opt/rustwide/rustup-home" "-e" "CARGO_TARGET_DIR=/opt/rustwide/target" "-e" "CARGO_INCREMENTAL=0" "-e" "RUST_BACKTRACE=full" "-e" "RUSTFLAGS=--cap-lints=warn" "-e" "RUSTDOCFLAGS=--cap-lints=warn" "-w" "/opt/rustwide/workdir" "--user" "0:0" "80297304ac3d00fef35496a3324415f9b7301c3ed5532d44171ed8b8bd3da358" "/opt/rustwide/cargo-home/bin/cargo" "+1.99.0-beta.8" "test" "--frozen" "--no-run" "--message-format=json", kill_on_drop: false }`
[INFO] [stderr]    Compiling time v0.3.51
[INFO] [stderr]    Compiling pem v3.0.6
[INFO] [stderr]    Compiling serde_json v1.0.150
[INFO] [stderr]    Compiling yasna v0.5.2
[INFO] [stderr]    Compiling rcgen v0.13.2
[INFO] [stderr]    Compiling zero-sfs-saas v1.0.0-rc.1 (/opt/rustwide/workdir)
[INFO] [stdout] error[E0432]: unresolved imports `sfs_saas::server::make_token_bucket`, `sfs_saas::server::test_evict_idle_and_check_cap`
[INFO] [stdout]    --> tests/rate_limit.rs:321:28
[INFO] [stdout]     |
[INFO] [stdout] 321 |     use sfs_saas::server::{make_token_bucket, test_evict_idle_and_check_cap};
[INFO] [stdout]     |                            ^^^^^^^^^^^^^^^^^  ^^^^^^^^^^^^^^^^^^^^^^^^^^^^^ no `test_evict_idle_and_check_cap` in `server`
[INFO] [stdout]     |                            |
[INFO] [stdout]     |                            no `make_token_bucket` in `server`
[INFO] [stdout]     |
[INFO] [stdout] note: found an item that was configured out
[INFO] [stdout]    --> src/server.rs:249:8
[INFO] [stdout]     |
[INFO] [stdout] 248 | #[cfg(any(test, feature = "test-hooks"))]
[INFO] [stdout]     |          ------------------------------ the item is gated here
[INFO] [stdout] 249 | pub fn make_token_bucket(capacity: f64, per_min: f64, tokens: f64) -> TokenBucket {
[INFO] [stdout]     |        ^^^^^^^^^^^^^^^^^
[INFO] [stdout] note: found an item that was configured out
[INFO] [stdout]    --> src/server.rs:236:8
[INFO] [stdout]     |
[INFO] [stdout] 235 | #[cfg(any(test, feature = "test-hooks"))]
[INFO] [stdout]     |          ------------------------------ the item is gated here
[INFO] [stdout] 236 | pub fn test_evict_idle_and_check_cap(
[INFO] [stdout]     |        ^^^^^^^^^^^^^^^^^^^^^^^^^^^^^
[INFO] [stdout] help: a similar name exists in the module
[INFO] [stdout]     |
[INFO] [stdout] 321 -     use sfs_saas::server::{make_token_bucket, test_evict_idle_and_check_cap};
[INFO] [stdout] 321 +     use sfs_saas::server::{make_token_bucket, evict_idle_and_check_cap};
[INFO] [stdout]     |
[INFO] [stdout] 
[INFO] [stdout] 
[INFO] [stdout] error[E0599]: no method named `contains_marker` found for struct `Arc<AppState>` in the current scope
[INFO] [stdout]    --> tests/opencrypto_e2e.rs:106:45
[INFO] [stdout]     |
[INFO] [stdout] 106 |         self.handle.as_ref().unwrap().state.contains_marker(marker)
[INFO] [stdout]     |                                             ^^^^^^^^^^^^^^^ method not found in `Arc<AppState>`
[INFO] [stdout] 
[INFO] [stdout] 
[INFO] [stdout] error[E0599]: no method named `contains_marker` found for struct `Arc<AppState>` in the current scope
[INFO] [stdout]    --> tests/keysharing_e2e.rs:108:45
[INFO] [stdout]     |
[INFO] [stdout] 108 |         self.handle.as_ref().unwrap().state.contains_marker(marker)
[INFO] [stdout]     |                                             ^^^^^^^^^^^^^^^ method not found in `Arc<AppState>`
[INFO] [stdout] 
[INFO] [stdout] 
[INFO] [stdout] For more information about this error, try `rustc --explain E0599`.
[INFO] [stdout] 
[INFO] [stderr] error: could not compile `zero-sfs-saas` (test "opencrypto_e2e") due to 1 previous error
[INFO] [stderr] warning: build failed, waiting for other jobs to finish...
[INFO] [stdout] For more information about this error, try `rustc --explain E0432`.
[INFO] [stdout] 
[INFO] [stderr] error: could not compile `zero-sfs-saas` (test "rate_limit") due to 1 previous error
[INFO] [stdout] For more information about this error, try `rustc --explain E0599`.
[INFO] [stdout] 
[INFO] [stdout] error[E0599]: no method named `contains_marker` found for reference `&Arc<AppState>` in the current scope
[INFO] [stdout]    --> tests/h3_e2e.rs:355:22
[INFO] [stdout]     |
[INFO] [stdout] 355 |         !svc.state().contains_marker(MARKER),
[INFO] [stdout]     |                      ^^^^^^^^^^^^^^^ method not found in `&Arc<AppState>`
[INFO] [stdout] 
[INFO] [stdout] 
[INFO] [stderr] error: could not compile `zero-sfs-saas` (test "keysharing_e2e") due to 1 previous error
[INFO] [stdout] error[E0599]: no method named `contains_marker` found for reference `&Arc<AppState>` in the current scope
[INFO] [stdout]    --> tests/h3_e2e.rs:360:21
[INFO] [stdout]     |
[INFO] [stdout] 360 |         svc.state().contains_marker(&fake_ciphertext),
[INFO] [stdout]     |                     ^^^^^^^^^^^^^^^ method not found in `&Arc<AppState>`
[INFO] [stdout] 
[INFO] [stdout] 
[INFO] [stdout] error[E0599]: no method named `contains_bytes` found for struct `EngineStore` in the current scope
[INFO] [stdout]    --> tests/store.rs:296:16
[INFO] [stdout]     |
[INFO] [stdout] 296 |         !store.contains_bytes(&plaintext),
[INFO] [stdout]     |                ^^^^^^^^^^^^^^ method not found in `EngineStore`
[INFO] [stdout] 
[INFO] [stdout] 
[INFO] [stdout] error[E0599]: no method named `contains_marker` found for struct `Arc<AppState>` in the current scope
[INFO] [stdout]    --> tests/revocation_e2e.rs:105:45
[INFO] [stdout]     |
[INFO] [stdout] 105 |         self.handle.as_ref().unwrap().state.contains_marker(marker)
[INFO] [stdout]     |                                             ^^^^^^^^^^^^^^^ method not found in `Arc<AppState>`
[INFO] [stdout] 
[INFO] [stdout] 
[INFO] [stdout] For more information about this error, try `rustc --explain E0599`.
[INFO] [stdout] 
[INFO] [stderr] error: could not compile `zero-sfs-saas` (test "store") due to 1 previous error
[INFO] [stdout] error[E0599]: no method named `contains_marker` found for struct `Arc<AppState>` in the current scope
[INFO] [stdout]    --> tests/rekey_propagation_e2e.rs:100:45
[INFO] [stdout]     |
[INFO] [stdout] 100 |         self.handle.as_ref().unwrap().state.contains_marker(marker)
[INFO] [stdout]     |                                             ^^^^^^^^^^^^^^^ method not found in `Arc<AppState>`
[INFO] [stdout] 
[INFO] [stdout] 
[INFO] [stdout] error[E0599]: no method named `contains_marker` found for struct `Arc<AppState>` in the current scope
[INFO] [stdout]   --> tests/net_e2e.rs:95:45
[INFO] [stdout]    |
[INFO] [stdout] 95 |         self.handle.as_ref().unwrap().state.contains_marker(marker)
[INFO] [stdout]    |                                             ^^^^^^^^^^^^^^^ method not found in `Arc<AppState>`
[INFO] [stdout] 
[INFO] [stdout] 
[INFO] [stdout] For more information about this error, try `rustc --explain E0599`.
[INFO] [stdout] 
[INFO] [stdout] For more information about this error, try `rustc --explain E0599`.
[INFO] [stdout] 
[INFO] [stdout] error[E0599]: no method named `contains_marker` found for struct `Arc<AppState>` in the current scope
[INFO] [stdout]   --> tests/signing_e2e.rs:93:45
[INFO] [stdout]    |
[INFO] [stdout] 93 |         self.handle.as_ref().unwrap().state.contains_marker(marker)
[INFO] [stdout]    |                                             ^^^^^^^^^^^^^^^ method not found in `Arc<AppState>`
[INFO] [stdout] 
[INFO] [stdout] 
[INFO] [stderr] error: could not compile `zero-sfs-saas` (test "revocation_e2e") due to 1 previous error
[INFO] [stdout] For more information about this error, try `rustc --explain E0599`.
[INFO] [stdout] 
[INFO] [stderr] error: could not compile `zero-sfs-saas` (test "h3_e2e") due to 2 previous errors
[INFO] [stderr] error: could not compile `zero-sfs-saas` (test "rekey_propagation_e2e") due to 1 previous error
[INFO] [stdout] error[E0599]: no method named `token_is_present` found for struct `Arc<AppState>` in the current scope
[INFO] [stdout]    --> tests/server_bin.rs:357:23
[INFO] [stdout]     |
[INFO] [stdout] 357 |         !handle.state.token_is_present(&token),
[INFO] [stdout]     |                       ^^^^^^^^^^^^^^^^ method not found in `Arc<AppState>`
[INFO] [stdout] 
[INFO] [stdout] 
[INFO] [stdout] error[E0599]: no method named `simulate_crash_before_publish` found for struct `EngineStore` in the current scope
[INFO] [stdout]    --> tests/persistence.rs:914:15
[INFO] [stdout]     |
[INFO] [stdout] 914 |         store.simulate_crash_before_publish().expect("crash-sim");
[INFO] [stdout]     |               ^^^^^^^^^^^^^^^^^^^^^^^^^^^^^ method not found in `EngineStore`
[INFO] [stdout] 
[INFO] [stdout] 
[INFO] [stdout] For more information about this error, try `rustc --explain E0599`.
[INFO] [stdout] 
[INFO] [stderr] error: could not compile `zero-sfs-saas` (test "server_bin") due to 1 previous error
[INFO] [stdout] For more information about this error, try `rustc --explain E0599`.
[INFO] [stdout] 
[INFO] [stderr] error: could not compile `zero-sfs-saas` (test "net_e2e") due to 1 previous error
[INFO] [stdout] For more information about this error, try `rustc --explain E0599`.
[INFO] [stdout] 
[INFO] [stderr] error: could not compile `zero-sfs-saas` (test "signing_e2e") due to 1 previous error
[INFO] [stdout] For more information about this error, try `rustc --explain E0599`.
[INFO] [stdout] 
[INFO] [stderr] error: could not compile `zero-sfs-saas` (test "persistence") due to 1 previous error
[INFO] running `Command { std: "docker" "inspect" "80297304ac3d00fef35496a3324415f9b7301c3ed5532d44171ed8b8bd3da358", kill_on_drop: false }`
[INFO] running `Command { std: "docker" "rm" "-f" "80297304ac3d00fef35496a3324415f9b7301c3ed5532d44171ed8b8bd3da358", kill_on_drop: false }`
[INFO] [stdout] 80297304ac3d00fef35496a3324415f9b7301c3ed5532d44171ed8b8bd3da358
