[INFO] fetching crate zenoh-transport 1.10.1...
[INFO] testing zenoh-transport-1.10.1 against 1.99.0-beta.8 for beta-1.100-2
[INFO] extracting crate zenoh-transport 1.10.1 into /workspace/builds/worker-4-tc1/source
[INFO] started tweaking crates.io crate zenoh-transport 1.10.1
[INFO] removed 0 missing tests
[INFO] finished tweaking crates.io crate zenoh-transport 1.10.1
[INFO] tweaked toml for crates.io crate zenoh-transport 1.10.1 written to /workspace/builds/worker-4-tc1/source/Cargo.toml
[INFO] validating manifest of crates.io crate zenoh-transport 1.10.1 on toolchain 1.99.0-beta.8
[INFO] running `Command { std: CARGO_HOME="/workspace/cargo-home" RUSTUP_HOME="/workspace/rustup-home" "/workspace/cargo-home/bin/cargo" "+1.99.0-beta.8" "metadata" "--manifest-path" "Cargo.toml" "--no-deps", kill_on_drop: false }`
[INFO] crate crates.io crate zenoh-transport 1.10.1 already has a lockfile, it will not be regenerated
[INFO] running `Command { std: CARGO_HOME="/workspace/cargo-home" RUSTUP_HOME="/workspace/rustup-home" "/workspace/cargo-home/bin/cargo" "+1.99.0-beta.8" "fetch" "--manifest-path" "Cargo.toml", kill_on_drop: false }`
[INFO] [stderr]     Blocking waiting for file lock on package cache
[INFO] [stderr]     Updating crates.io index
[INFO] [stderr]     Blocking waiting for file lock on package cache
[INFO] [stderr]  Downloading crates ...
[INFO] [stderr]   Downloaded zenoh-stats v1.10.1
[INFO] [stderr]   Downloaded static_init_macro v1.0.4
[INFO] [stderr]   Downloaded prometheus-client v0.24.1
[INFO] [stderr]   Downloaded advisory-lock v0.3.0
[INFO] [stderr]   Downloaded prometheus-client-derive-encode v0.5.0
[INFO] [stderr]   Downloaded buddy_system_allocator v0.10.0
[INFO] [stderr]   Downloaded io-uring v0.7.14
[INFO] [stderr]   Downloaded dtoa v1.0.11
[INFO] [stderr]   Downloaded rlimit v0.10.2
[INFO] [stderr]   Downloaded zenoh-link-vsock v1.10.1
[INFO] [stderr]   Downloaded vsock v0.4.0
[INFO] [stderr]   Downloaded thread-priority v1.2.0
[INFO] [stderr]   Downloaded unix-named-pipe v0.2.0
[INFO] [stderr]   Downloaded zenoh-uring v1.10.1
[INFO] [stderr]   Downloaded zenoh-shm v1.10.1
[INFO] [stderr]   Downloaded static_init v1.0.4
[INFO] [stderr]   Downloaded filepath v0.1.3
[INFO] [stderr]   Downloaded zenoh-link-serial v1.10.1
[INFO] [stderr]   Downloaded z-serial v0.3.1
[INFO] [stderr]   Downloaded tokio-serial v5.5.0
[INFO] [stderr]   Downloaded atomic-queue v2.2.0
[INFO] [stderr]   Downloaded serialport v4.9.0
[INFO] [stderr]   Downloaded tokio-vsock v0.5.0
[INFO] [stderr]   Downloaded unescaper v0.1.10
[INFO] [stderr]   Downloaded talc v4.4.3
[INFO] [stderr]   Downloaded lockfree v0.5.1
[INFO] [stderr]   Downloaded owned-alloc v0.2.0
[INFO] [stderr]   Downloaded zenoh-link-unixpipe v1.10.1
[INFO] [stderr]   Downloaded mio-serial v5.0.7
[INFO] [stderr]   Downloaded cobs v0.2.3
[INFO] running `Command { std: "docker" "create" "-v" "/var/lib/crater-agent-workspace/builds/worker-4-tc1/source:/opt/rustwide/workdir:ro,Z" "-v" "/var/lib/crater-agent-workspace/builds/worker-4-tc1/target:/opt/rustwide/target:rw,Z" "-v" "/var/lib/crater-agent-workspace/cargo-home:/opt/rustwide/cargo-home:ro,Z" "-v" "/var/lib/crater-agent-workspace/rustup-home:/opt/rustwide/rustup-home:ro,Z" "-m" "1610612736" "--network" "none" "ghcr.io/rust-lang/crates-build-env/linux@sha256:3111399a4047eeb3a02b7a90e478d715f38a8c6669b5c4b49d30a17385265909" "sleep" "infinity", kill_on_drop: false }`
[INFO] [stdout] bff5a54d8ecfdd022d4f867fa684195abf0fab1b232797105c739ba81244a812
[INFO] running `Command { std: "docker" "start" "bff5a54d8ecfdd022d4f867fa684195abf0fab1b232797105c739ba81244a812", kill_on_drop: false }`
[INFO] running `Command { std: "docker" "inspect" "bff5a54d8ecfdd022d4f867fa684195abf0fab1b232797105c739ba81244a812", kill_on_drop: false }`
[INFO] running `Command { std: "docker" "exec" "-e" "SOURCE_DIR=/opt/rustwide/workdir" "-e" "CARGO_HOME=/opt/rustwide/cargo-home" "-e" "RUSTUP_HOME=/opt/rustwide/rustup-home" "-e" "CARGO_TARGET_DIR=/opt/rustwide/target" "-w" "/opt/rustwide/workdir" "--user" "0:0" "bff5a54d8ecfdd022d4f867fa684195abf0fab1b232797105c739ba81244a812" "/opt/rustwide/cargo-home/bin/cargo" "+1.99.0-beta.8" "metadata" "--no-deps" "--format-version=1", kill_on_drop: false }`
[INFO] running `Command { std: "docker" "inspect" "bff5a54d8ecfdd022d4f867fa684195abf0fab1b232797105c739ba81244a812", kill_on_drop: false }`
[INFO] running `Command { std: "docker" "exec" "-e" "SOURCE_DIR=/opt/rustwide/workdir" "-e" "CARGO_HOME=/opt/rustwide/cargo-home" "-e" "RUSTUP_HOME=/opt/rustwide/rustup-home" "-e" "CARGO_TARGET_DIR=/opt/rustwide/target" "-e" "CARGO_INCREMENTAL=0" "-e" "RUST_BACKTRACE=full" "-e" "RUSTFLAGS=--cap-lints=warn" "-e" "RUSTDOCFLAGS=--cap-lints=warn" "-w" "/opt/rustwide/workdir" "--user" "0:0" "bff5a54d8ecfdd022d4f867fa684195abf0fab1b232797105c739ba81244a812" "/opt/rustwide/cargo-home/bin/cargo" "+1.99.0-beta.8" "build" "--frozen" "--message-format=json", kill_on_drop: false }`
[INFO] [stderr]    Compiling unicode-ident v1.0.24
[INFO] [stderr]    Compiling libc v0.2.189
[INFO] [stderr]    Compiling zerocopy v0.8.56
[INFO] [stderr]    Compiling serde_core v1.0.229
[INFO] [stderr]    Compiling serde v1.0.229
[INFO] [stderr]    Compiling anyhow v1.0.104
[INFO] [stderr]    Compiling rustversion v1.0.23
[INFO] [stderr]    Compiling ref-cast v1.0.27
[INFO] [stderr]    Compiling portable-atomic v1.15.0
[INFO] [stderr]    Compiling spin v0.9.9
[INFO] [stderr]    Compiling ahash v0.8.12
[INFO] [stderr]    Compiling serde_json v1.0.151
[INFO] [stderr]    Compiling either v1.18.0
[INFO] [stderr]    Compiling once_cell v1.21.4
[INFO] [stderr]    Compiling proc-macro2 v1.0.107
[INFO] [stderr]    Compiling dyn-clone v1.0.20
[INFO] [stderr]    Compiling lazy_static v1.5.0
[INFO] [stderr]    Compiling foldhash v0.2.0
[INFO] [stderr]    Compiling getrandom v0.3.4
[INFO] [stderr]    Compiling zenoh-macros v1.10.1
[INFO] [stderr]    Compiling futures-core v0.3.34
[INFO] [stderr]    Compiling futures-sink v0.3.34
[INFO] [stderr]    Compiling hashbrown v0.16.1
[INFO] [stderr]    Compiling typeid v1.0.3
[INFO] [stderr]    Compiling log v0.4.34
[INFO] [stderr]    Compiling quote v1.0.47
[INFO] [stderr]    Compiling zeroize v1.9.0
[INFO] [stderr]    Compiling futures-channel v0.3.34
[INFO] [stderr]    Compiling ucd-trie v0.1.7
[INFO] [stderr]    Compiling zenoh-result v1.10.1
[INFO] [stderr]    Compiling syn v3.0.4
[INFO] [stderr]    Compiling syn v2.0.119
[INFO] [stderr]    Compiling konst_macro_rules v0.2.19
[INFO] [stderr]    Compiling crossbeam-utils v0.8.22
[INFO] [stderr]    Compiling unicode-xid v0.2.6
[INFO] [stderr]    Compiling konst v0.2.20
[INFO] [stderr]    Compiling pest v2.9.0
[INFO] [stderr]    Compiling strsim v0.11.1
[INFO] [stderr]    Compiling smallvec v1.15.2
[INFO] [stderr]    Compiling const_format_proc_macros v0.2.34
[INFO] [stderr]    Compiling ident_case v1.0.1
[INFO] [stderr]    Compiling humantime v2.4.0
[INFO] [stderr]    Compiling option-ext v0.2.0
[INFO] [stderr]    Compiling regex-syntax v0.8.11
[INFO] [stderr]    Compiling token-cell v2.1.1
[INFO] [stderr]    Compiling num-traits v0.2.19
[INFO] [stderr]    Compiling no-std-net v0.6.0
[INFO] [stderr]    Compiling spin v0.10.1
[INFO] [stderr]    Compiling digest v0.10.7
[INFO] [stderr]    Compiling pnet_base v0.35.0
[INFO] [stderr]    Compiling tracing-log v0.2.0
[INFO] [stderr]    Compiling sharded-slab v0.1.7
[INFO] [stderr]    Compiling thread_local v1.1.10
[INFO] [stderr]    Compiling crossbeam-epoch v0.9.20
[INFO] [stderr]    Compiling getrandom v0.2.17
[INFO] [stderr]    Compiling socket2 v0.6.5
[INFO] [stderr]    Compiling mio v1.2.2
[INFO] [stderr]    Compiling dirs-sys v0.5.0
[INFO] [stderr]    Compiling rand_core v0.6.4
[INFO] [stderr]    Compiling pest_meta v2.9.0
[INFO] [stderr]    Compiling const_format v0.2.36
[INFO] [stderr]    Compiling dirs v6.0.0
[INFO] [stderr]    Compiling nanorand v0.7.0
[INFO] [stderr]    Compiling bitflags v2.13.1
[INFO] [stderr]    Compiling rand v0.8.7
[INFO] [stderr]    Compiling pnet_sys v0.35.0
[INFO] [stderr]    Compiling flume v0.11.1
[INFO] [stderr]    Compiling shellexpand v3.1.2
[INFO] [stderr]    Compiling der v0.7.10
[INFO] [stderr]    Compiling libloading v0.8.9
[INFO] [stderr]    Compiling crossbeam-deque v0.8.7
[INFO] [stderr]    Compiling indexmap v2.14.0
[INFO] [stderr]    Compiling inout v0.1.4
[INFO] [stderr]    Compiling regex-automata v0.4.18
[INFO] [stderr]    Compiling deranged v0.5.8
[INFO] [stderr]    Compiling powerfmt v0.2.0
[INFO] [stderr]    Compiling num-integer v0.1.47
[INFO] [stderr]    Compiling unsafe-libyaml v0.2.11
[INFO] [stderr]    Compiling time-core v0.1.9
[INFO] [stderr]    Compiling num-conv v0.2.2
[INFO] [stderr]    Compiling num-iter v0.1.46
[INFO] [stderr]    Compiling cipher v0.4.4
[INFO] [stderr]    Compiling crossbeam-queue v0.3.13
[INFO] [stderr]    Compiling crossbeam-channel v0.5.16
[INFO] [stderr]    Compiling num_cpus v1.17.0
[INFO] [stderr]    Compiling socket2 v0.5.10
[INFO] [stderr]    Compiling keccak v0.1.6
[INFO] [stderr]    Compiling twox-hash v1.6.3
[INFO] [stderr]    Compiling event-listener v5.4.2
[INFO] [stderr]    Compiling sha3 v0.10.9
[INFO] [stderr]    Compiling aes v0.8.4
[INFO] [stderr]    Compiling serde_derive_internals v0.30.0
[INFO] [stderr]    Compiling spki v0.7.3
[INFO] [stderr]    Compiling crossbeam v0.8.4
[INFO] [stderr]    Compiling signature v2.2.0
[INFO] [stderr]    Compiling time v0.3.55
[INFO] [stderr]    Compiling pkcs8 v0.10.2
[INFO] [stderr]    Compiling hmac v0.12.1
[INFO] [stderr]    Compiling arc-swap v1.9.2
[INFO] [stderr]    Compiling array-init v2.1.0
[INFO] [stderr]    Compiling ringbuffer-spsc v0.1.15
[INFO] [stderr]    Compiling lz4_flex v0.10.0
[INFO] [stderr]    Compiling pkcs1 v0.7.5
[INFO] [stderr]    Compiling serde_derive v1.0.229
[INFO] [stderr]    Compiling ref-cast-impl v1.0.27
[INFO] [stderr]    Compiling tokio-macros v2.7.2
[INFO] [stderr]    Compiling futures-macro v0.3.34
[INFO] [stderr]    Compiling async-trait v0.1.92
[INFO] [stderr]    Compiling darling_core v0.23.0
[INFO] [stderr]    Compiling pest_generator v2.9.0
[INFO] [stderr]    Compiling schemars_derive v1.2.2
[INFO] [stderr]    Compiling ppv-lite86 v0.2.21
[INFO] [stderr]    Compiling tokio v1.53.1
[INFO] [stderr]    Compiling hashbrown v0.14.5
[INFO] [stderr]    Compiling zenoh-collections v1.10.1
[INFO] [stderr]    Compiling zenoh-buffers v1.10.1
[INFO] [stderr]    Compiling futures-util v0.3.34
[INFO] [stderr]    Compiling matchers v0.2.0
[INFO] [stderr]    Compiling rand_chacha v0.3.1
[INFO] [stderr]    Compiling tracing-attributes v0.1.31
[INFO] [stderr]    Compiling unzip-n v0.1.4
[INFO] [stderr]    Compiling pest_derive v2.9.0
[INFO] [stderr]    Compiling keyed-set v1.1.0
[INFO] [stderr]    Compiling validated_struct_macros v2.2.0
[INFO] [stderr]    Compiling tracing v0.1.44
[INFO] [stderr]    Compiling num-bigint-dig v0.8.6
[INFO] [stderr]    Compiling zenoh-crypto v1.10.1
[INFO] [stderr]    Compiling darling_macro v0.23.0
[INFO] [stderr]    Compiling rsa v0.9.10
[INFO] [stderr]    Compiling ron v0.12.2
[INFO] [stderr]    Compiling schemars v1.2.2
[INFO] [stderr]    Compiling uhlc v0.8.2
[INFO] [stderr]    Compiling ipnetwork v0.20.0
[INFO] [stderr]    Compiling tracing-serde v0.2.0
[INFO] [stderr]    Compiling darling v0.23.0
[INFO] [stderr]    Compiling json5 v0.4.1
[INFO] [stderr]    Compiling secrecy v0.8.0
[INFO] [stderr]    Compiling nonempty-collections v0.3.1
[INFO] [stderr]    Compiling serde_yaml v0.9.34+deprecated
[INFO] [stderr]    Compiling serde_with_macros v3.22.0
[INFO] [stderr]    Compiling tracing-subscriber v0.3.23
[INFO] [stderr]    Compiling pnet_datalink v0.35.0
[INFO] [stderr]    Compiling validated_struct v2.2.0
[INFO] [stderr]    Compiling zenoh-keyexpr v1.10.1
[INFO] [stderr]    Compiling serde_with v3.22.0
[INFO] [stderr]    Compiling futures-executor v0.3.34
[INFO] [stderr]    Compiling futures v0.3.34
[INFO] [stderr]    Compiling tokio-util v0.7.19
[INFO] [stderr]    Compiling zenoh-runtime v1.10.1
[INFO] [stderr]    Compiling zenoh-protocol v1.10.1
[INFO] [stderr]    Compiling zenoh-core v1.10.1
[INFO] [stderr]    Compiling zenoh-util v1.10.1
[INFO] [stderr]    Compiling zenoh-sync v1.10.1
[INFO] [stderr]    Compiling zenoh-task v1.10.1
[INFO] [stderr]    Compiling zenoh-codec v1.10.1
[INFO] [stderr]    Compiling zenoh-config v1.10.1
[INFO] [stderr]    Compiling zenoh-link-commons v1.10.1
[INFO] [stderr]    Compiling zenoh-link v1.10.1
[INFO] [stderr]    Compiling zenoh-transport v1.10.1 (/opt/rustwide/workdir)
[INFO] [stderr]     Finished `dev` profile [unoptimized + debuginfo] target(s) in 45.29s
[INFO] running `Command { std: "docker" "inspect" "bff5a54d8ecfdd022d4f867fa684195abf0fab1b232797105c739ba81244a812", kill_on_drop: false }`
[INFO] running `Command { std: "docker" "exec" "-e" "SOURCE_DIR=/opt/rustwide/workdir" "-e" "CARGO_HOME=/opt/rustwide/cargo-home" "-e" "RUSTUP_HOME=/opt/rustwide/rustup-home" "-e" "CARGO_TARGET_DIR=/opt/rustwide/target" "-e" "CARGO_INCREMENTAL=0" "-e" "RUST_BACKTRACE=full" "-e" "RUSTFLAGS=--cap-lints=warn" "-e" "RUSTDOCFLAGS=--cap-lints=warn" "-w" "/opt/rustwide/workdir" "--user" "0:0" "bff5a54d8ecfdd022d4f867fa684195abf0fab1b232797105c739ba81244a812" "/opt/rustwide/cargo-home/bin/cargo" "+1.99.0-beta.8" "test" "--frozen" "--no-run" "--message-format=json", kill_on_drop: false }`
[INFO] [stderr]    Compiling zenoh-buffers v1.10.1
[INFO] [stderr]    Compiling zenoh-protocol v1.10.1
[INFO] [stderr]    Compiling zenoh-sync v1.10.1
[INFO] [stderr]    Compiling zenoh-codec v1.10.1
[INFO] [stderr]    Compiling zenoh-config v1.10.1
[INFO] [stderr]    Compiling zenoh-link-commons v1.10.1
[INFO] [stderr]    Compiling zenoh-link v1.10.1
[INFO] [stderr]    Compiling zenoh-transport v1.10.1 (/opt/rustwide/workdir)
[INFO] [stdout] error[E0432]: unresolved import `zenoh_test`
[INFO] [stdout]   --> tests/unicast_openclose.rs:20:5
[INFO] [stdout]    |
[INFO] [stdout] 20 | use zenoh_test::{get_free_tcp_port, get_free_udp_port};
[INFO] [stdout]    |     ^^^^^^^^^^ use of unresolved module or unlinked crate `zenoh_test`
[INFO] [stdout]    |
[INFO] [stdout] help: there is a crate or module with a similar name
[INFO] [stdout]    |
[INFO] [stdout] 20 - use zenoh_test::{get_free_tcp_port, get_free_udp_port};
[INFO] [stdout] 20 + use zenoh_task::{get_free_tcp_port, get_free_udp_port};
[INFO] [stdout]    |
[INFO] [stdout] 
[INFO] [stdout] 
[INFO] [stdout] error[E0432]: unresolved import `zenoh_test`
[INFO] [stdout]   --> tests/unicast_priorities.rs:35:5
[INFO] [stdout]    |
[INFO] [stdout] 35 | use zenoh_test::get_free_tcp_port;
[INFO] [stdout]    |     ^^^^^^^^^^ use of unresolved module or unlinked crate `zenoh_test`
[INFO] [stdout]    |
[INFO] [stdout] help: there is a crate or module with a similar name
[INFO] [stdout]    |
[INFO] [stdout] 35 - use zenoh_test::get_free_tcp_port;
[INFO] [stdout] 35 + use zenoh_task::get_free_tcp_port;
[INFO] [stdout]    |
[INFO] [stdout] 
[INFO] [stdout] 
[INFO] [stdout] error[E0432]: unresolved import `zenoh_test`
[INFO] [stdout]   --> tests/unicast_multilink.rs:22:9
[INFO] [stdout]    |
[INFO] [stdout] 22 |     use zenoh_test::{get_free_tcp_port, get_free_udp_port};
[INFO] [stdout]    |         ^^^^^^^^^^ use of unresolved module or unlinked crate `zenoh_test`
[INFO] [stdout]    |
[INFO] [stdout] help: there is a crate or module with a similar name
[INFO] [stdout]    |
[INFO] [stdout] 22 -     use zenoh_test::{get_free_tcp_port, get_free_udp_port};
[INFO] [stdout] 22 +     use zenoh_task::{get_free_tcp_port, get_free_udp_port};
[INFO] [stdout]    |
[INFO] [stdout] 
[INFO] [stdout] 
[INFO] [stdout] error[E0432]: unresolved import `zenoh_test`
[INFO] [stdout]   --> tests/unicast_concurrent.rs:34:5
[INFO] [stdout]    |
[INFO] [stdout] 34 | use zenoh_test::get_free_tcp_port;
[INFO] [stdout]    |     ^^^^^^^^^^ use of unresolved module or unlinked crate `zenoh_test`
[INFO] [stdout]    |
[INFO] [stdout] help: there is a crate or module with a similar name
[INFO] [stdout]    |
[INFO] [stdout] 34 - use zenoh_test::get_free_tcp_port;
[INFO] [stdout] 34 + use zenoh_task::get_free_tcp_port;
[INFO] [stdout]    |
[INFO] [stdout] 
[INFO] [stdout] 
[INFO] [stdout] error[E0432]: unresolved import `zenoh_test`
[INFO] [stdout]   --> tests/endpoints.rs:23:5
[INFO] [stdout]    |
[INFO] [stdout] 23 | use zenoh_test::{get_free_tcp_port, get_free_udp_port};
[INFO] [stdout]    |     ^^^^^^^^^^ use of unresolved module or unlinked crate `zenoh_test`
[INFO] [stdout]    |
[INFO] [stdout] help: there is a crate or module with a similar name
[INFO] [stdout]    |
[INFO] [stdout] 23 - use zenoh_test::{get_free_tcp_port, get_free_udp_port};
[INFO] [stdout] 23 + use zenoh_task::{get_free_tcp_port, get_free_udp_port};
[INFO] [stdout]    |
[INFO] [stdout] 
[INFO] [stdout] 
[INFO] [stdout] error[E0432]: unresolved import `zenoh_test`
[INFO] [stdout]   --> tests/unicast_intermittent.rs:35:5
[INFO] [stdout]    |
[INFO] [stdout] 35 | use zenoh_test::get_free_tcp_port;
[INFO] [stdout]    |     ^^^^^^^^^^ use of unresolved module or unlinked crate `zenoh_test`
[INFO] [stdout]    |
[INFO] [stdout] help: there is a crate or module with a similar name
[INFO] [stdout]    |
[INFO] [stdout] 35 - use zenoh_test::get_free_tcp_port;
[INFO] [stdout] 35 + use zenoh_task::get_free_tcp_port;
[INFO] [stdout]    |
[INFO] [stdout] 
[INFO] [stdout] 
[INFO] [stdout] For more information about this error, try `rustc --explain E0432`.
[INFO] [stdout] 
[INFO] [stderr] error: could not compile `zenoh-transport` (test "unicast_priorities") due to 1 previous error
[INFO] [stderr] warning: build failed, waiting for other jobs to finish...
[INFO] [stdout] error[E0432]: unresolved import `zenoh_test`
[INFO] [stdout]   --> tests/transport_whitelist.rs:23:5
[INFO] [stdout]    |
[INFO] [stdout] 23 | use zenoh_test::get_free_tcp_port;
[INFO] [stdout]    |     ^^^^^^^^^^ use of unresolved module or unlinked crate `zenoh_test`
[INFO] [stdout]    |
[INFO] [stdout] help: there is a crate or module with a similar name
[INFO] [stdout]    |
[INFO] [stdout] 23 - use zenoh_test::get_free_tcp_port;
[INFO] [stdout] 23 + use zenoh_task::get_free_tcp_port;
[INFO] [stdout]    |
[INFO] [stdout] 
[INFO] [stdout] 
[INFO] [stdout] error[E0432]: unresolved import `zenoh_test`
[INFO] [stdout]   --> tests/unicast_time.rs:24:5
[INFO] [stdout]    |
[INFO] [stdout] 24 | use zenoh_test::{get_free_tcp_port, get_free_udp_port};
[INFO] [stdout]    |     ^^^^^^^^^^ use of unresolved module or unlinked crate `zenoh_test`
[INFO] [stdout]    |
[INFO] [stdout] help: there is a crate or module with a similar name
[INFO] [stdout]    |
[INFO] [stdout] 24 - use zenoh_test::{get_free_tcp_port, get_free_udp_port};
[INFO] [stdout] 24 + use zenoh_task::{get_free_tcp_port, get_free_udp_port};
[INFO] [stdout]    |
[INFO] [stdout] 
[INFO] [stdout] 
[INFO] [stderr] error: could not compile `zenoh-transport` (test "endpoints") due to 1 previous error
[INFO] [stdout] error[E0432]: unresolved import `zenoh_test`
[INFO] [stdout]   --> tests/unicast_authenticator.rs:23:5
[INFO] [stdout]    |
[INFO] [stdout] 23 | use zenoh_test::{get_free_tcp_port, get_free_udp_port};
[INFO] [stdout]    |     ^^^^^^^^^^ use of unresolved module or unlinked crate `zenoh_test`
[INFO] [stdout]    |
[INFO] [stdout] help: there is a crate or module with a similar name
[INFO] [stdout]    |
[INFO] [stdout] 23 - use zenoh_test::{get_free_tcp_port, get_free_udp_port};
[INFO] [stdout] 23 + use zenoh_task::{get_free_tcp_port, get_free_udp_port};
[INFO] [stdout]    |
[INFO] [stdout] 
[INFO] [stdout] 
[INFO] [stdout] error[E0432]: unresolved import `zenoh_test`
[INFO] [stdout]   --> tests/unicast_simultaneous.rs:33:9
[INFO] [stdout]    |
[INFO] [stdout] 33 |     use zenoh_test::get_free_tcp_port;
[INFO] [stdout]    |         ^^^^^^^^^^ use of unresolved module or unlinked crate `zenoh_test`
[INFO] [stdout]    |
[INFO] [stdout] help: there is a crate or module with a similar name
[INFO] [stdout]    |
[INFO] [stdout] 33 -     use zenoh_test::get_free_tcp_port;
[INFO] [stdout] 33 +     use zenoh_task::get_free_tcp_port;
[INFO] [stdout]    |
[INFO] [stdout] 
[INFO] [stdout] 
[INFO] [stdout] error[E0432]: unresolved import `zenoh_test`
[INFO] [stdout]   --> tests/unicast_bind.rs:20:5
[INFO] [stdout]    |
[INFO] [stdout] 20 | use zenoh_test::{get_free_tcp_port, get_free_udp_port};
[INFO] [stdout]    |     ^^^^^^^^^^ use of unresolved module or unlinked crate `zenoh_test`
[INFO] [stdout]    |
[INFO] [stdout] help: there is a crate or module with a similar name
[INFO] [stdout]    |
[INFO] [stdout] 20 - use zenoh_test::{get_free_tcp_port, get_free_udp_port};
[INFO] [stdout] 20 + use zenoh_task::{get_free_tcp_port, get_free_udp_port};
[INFO] [stdout]    |
[INFO] [stdout] 
[INFO] [stdout] 
[INFO] [stdout] For more information about this error, try `rustc --explain E0432`.
[INFO] [stdout] 
[INFO] [stdout] For more information about this error, try `rustc --explain E0432`.
[INFO] [stdout] 
[INFO] [stderr] error: could not compile `zenoh-transport` (test "transport_whitelist") due to 1 previous error
[INFO] [stdout] error[E0432]: unresolved import `zenoh_test`
[INFO] [stdout]   --> tests/unicast_fragmentation.rs:33:5
[INFO] [stdout]    |
[INFO] [stdout] 33 | use zenoh_test::get_free_tcp_port;
[INFO] [stdout]    |     ^^^^^^^^^^ use of unresolved module or unlinked crate `zenoh_test`
[INFO] [stdout]    |
[INFO] [stdout] help: there is a crate or module with a similar name
[INFO] [stdout]    |
[INFO] [stdout] 33 - use zenoh_test::get_free_tcp_port;
[INFO] [stdout] 33 + use zenoh_task::get_free_tcp_port;
[INFO] [stdout]    |
[INFO] [stdout] 
[INFO] [stdout] 
[INFO] [stdout] For more information about this error, try `rustc --explain E0432`.
[INFO] [stdout] 
[INFO] [stderr] error: could not compile `zenoh-transport` (test "unicast_concurrent") due to 1 previous error
[INFO] [stdout] For more information about this error, try `rustc --explain E0432`.
[INFO] [stdout] 
[INFO] [stderr] error: could not compile `zenoh-transport` (test "unicast_openclose") due to 1 previous error
[INFO] [stdout] For more information about this error, try `rustc --explain E0432`.
[INFO] [stdout] 
[INFO] [stderr] error: could not compile `zenoh-transport` (test "unicast_time") due to 1 previous error
[INFO] [stdout] For more information about this error, try `rustc --explain E0432`.
[INFO] [stdout] 
[INFO] [stdout] For more information about this error, try `rustc --explain E0432`.
[INFO] [stdout] 
[INFO] [stdout] For more information about this error, try `rustc --explain E0432`.
[INFO] [stdout] 
[INFO] [stderr] error: could not compile `zenoh-transport` (test "unicast_bind") due to 1 previous error
[INFO] [stdout] For more information about this error, try `rustc --explain E0432`.
[INFO] [stdout] 
[INFO] [stderr] error: could not compile `zenoh-transport` (test "unicast_simultaneous") due to 1 previous error
[INFO] [stderr] error: could not compile `zenoh-transport` (test "unicast_intermittent") due to 1 previous error
[INFO] [stderr] error: could not compile `zenoh-transport` (test "unicast_multilink") due to 1 previous error
[INFO] [stdout] For more information about this error, try `rustc --explain E0432`.
[INFO] [stdout] 
[INFO] [stderr] error: could not compile `zenoh-transport` (test "unicast_authenticator") due to 1 previous error
[INFO] [stdout] For more information about this error, try `rustc --explain E0432`.
[INFO] [stdout] 
[INFO] [stderr] error: could not compile `zenoh-transport` (test "unicast_fragmentation") due to 1 previous error
[INFO] running `Command { std: "docker" "inspect" "bff5a54d8ecfdd022d4f867fa684195abf0fab1b232797105c739ba81244a812", kill_on_drop: false }`
[INFO] running `Command { std: "docker" "rm" "-f" "bff5a54d8ecfdd022d4f867fa684195abf0fab1b232797105c739ba81244a812", kill_on_drop: false }`
[INFO] [stdout] bff5a54d8ecfdd022d4f867fa684195abf0fab1b232797105c739ba81244a812
