[INFO] fetching crate zene 0.6.5...
[INFO] testing zene-0.6.5 against 1.99.0-beta.8 for beta-1.100-2
[INFO] extracting crate zene 0.6.5 into /workspace/builds/worker-5-tc1/source
[INFO] started tweaking crates.io crate zene 0.6.5
[INFO] removed 0 missing examples
[INFO] removed 0 missing tests
[INFO] finished tweaking crates.io crate zene 0.6.5
[INFO] tweaked toml for crates.io crate zene 0.6.5 written to /workspace/builds/worker-5-tc1/source/Cargo.toml
[INFO] validating manifest of crates.io crate zene 0.6.5 on toolchain 1.99.0-beta.8
[INFO] running `Command { std: CARGO_HOME="/workspace/cargo-home" RUSTUP_HOME="/workspace/rustup-home" "/workspace/cargo-home/bin/cargo" "+1.99.0-beta.8" "metadata" "--manifest-path" "Cargo.toml" "--no-deps", kill_on_drop: false }`
[INFO] crate crates.io crate zene 0.6.5 already has a lockfile, it will not be regenerated
[INFO] running `Command { std: CARGO_HOME="/workspace/cargo-home" RUSTUP_HOME="/workspace/rustup-home" "/workspace/cargo-home/bin/cargo" "+1.99.0-beta.8" "fetch" "--manifest-path" "Cargo.toml", kill_on_drop: false }`
[INFO] [stderr]     Updating crates.io index
[INFO] [stderr]  Downloading crates ...
[INFO] [stderr]   Downloaded xtrace-client v0.0.13
[INFO] [stderr]   Downloaded zene-worker v0.1.0
[INFO] [stderr]   Downloaded zene-mcp v0.1.0
[INFO] [stderr]   Downloaded uuid v1.21.0
[INFO] [stderr]   Downloaded wasm-bindgen-macro v0.2.113
[INFO] [stderr]   Downloaded zene-core v0.6.5
[INFO] [stderr]   Downloaded wasm-bindgen-shared v0.2.113
[INFO] [stderr]   Downloaded wasm-bindgen-futures v0.4.63
[INFO] [stderr]   Downloaded wasm-bindgen-macro-support v0.2.113
[INFO] [stderr]   Downloaded tempfile v3.26.0
[INFO] [stderr]   Downloaded tree-sitter-language v0.1.7
[INFO] [stderr]   Downloaded wasm-bindgen v0.2.113
[INFO] [stderr]   Downloaded js-sys v0.3.90
[INFO] [stderr]   Downloaded serde_spanned v1.0.4
[INFO] [stderr]   Downloaded toml_datetime v1.0.0+spec-1.1.0
[INFO] [stderr]   Downloaded toml_parser v1.0.9+spec-1.1.0
[INFO] [stderr]   Downloaded toml_writer v1.0.6+spec-1.1.0
[INFO] [stderr]   Downloaded ignore v0.4.25
[INFO] [stderr]   Downloaded toml v1.0.3+spec-1.1.0
[INFO] [stderr]   Downloaded llm_providers v0.6.0
[INFO] [stderr]   Downloaded grep-regex v0.1.14
[INFO] [stderr]   Downloaded grep v0.2.13
[INFO] [stderr]   Downloaded grep-printer v0.1.7
[INFO] [stderr]   Downloaded grep-matcher v0.1.8
[INFO] [stderr]   Downloaded base64 v0.20.0
[INFO] [stderr]   Downloaded grep-cli v0.1.12
[INFO] [stderr]   Downloaded grep-searcher v0.1.16
[INFO] [stderr]   Downloaded llm-connector v0.7.1
[INFO] [stderr]   Downloaded tree-sitter v0.24.7
[INFO] [stderr]   Downloaded tree-sitter-rust v0.23.3
[INFO] [stderr]   Downloaded web-sys v0.3.90
[INFO] [stderr]   Downloaded tree-sitter-typescript v0.23.2
[INFO] [stderr]   Downloaded ring v0.17.9
[INFO] running `Command { std: "docker" "create" "-v" "/var/lib/crater-agent-workspace/builds/worker-5-tc1/source:/opt/rustwide/workdir:ro,Z" "-v" "/var/lib/crater-agent-workspace/builds/worker-5-tc1/target:/opt/rustwide/target:rw,Z" "-v" "/var/lib/crater-agent-workspace/cargo-home:/opt/rustwide/cargo-home:ro,Z" "-v" "/var/lib/crater-agent-workspace/rustup-home:/opt/rustwide/rustup-home:ro,Z" "-m" "1610612736" "--network" "none" "ghcr.io/rust-lang/crates-build-env/linux@sha256:3111399a4047eeb3a02b7a90e478d715f38a8c6669b5c4b49d30a17385265909" "sleep" "infinity", kill_on_drop: false }`
[INFO] [stdout] 23aa8056c13fd13cb67fd51f67351ce5b08ae40ea6f9c288687b503d48e3632c
[INFO] running `Command { std: "docker" "start" "23aa8056c13fd13cb67fd51f67351ce5b08ae40ea6f9c288687b503d48e3632c", kill_on_drop: false }`
[INFO] running `Command { std: "docker" "inspect" "23aa8056c13fd13cb67fd51f67351ce5b08ae40ea6f9c288687b503d48e3632c", kill_on_drop: false }`
[INFO] running `Command { std: "docker" "exec" "-e" "SOURCE_DIR=/opt/rustwide/workdir" "-e" "CARGO_HOME=/opt/rustwide/cargo-home" "-e" "RUSTUP_HOME=/opt/rustwide/rustup-home" "-e" "CARGO_TARGET_DIR=/opt/rustwide/target" "-w" "/opt/rustwide/workdir" "--user" "0:0" "23aa8056c13fd13cb67fd51f67351ce5b08ae40ea6f9c288687b503d48e3632c" "/opt/rustwide/cargo-home/bin/cargo" "+1.99.0-beta.8" "metadata" "--no-deps" "--format-version=1", kill_on_drop: false }`
[INFO] running `Command { std: "docker" "inspect" "23aa8056c13fd13cb67fd51f67351ce5b08ae40ea6f9c288687b503d48e3632c", kill_on_drop: false }`
[INFO] running `Command { std: "docker" "exec" "-e" "SOURCE_DIR=/opt/rustwide/workdir" "-e" "CARGO_HOME=/opt/rustwide/cargo-home" "-e" "RUSTUP_HOME=/opt/rustwide/rustup-home" "-e" "CARGO_TARGET_DIR=/opt/rustwide/target" "-e" "CARGO_INCREMENTAL=0" "-e" "RUST_BACKTRACE=full" "-e" "RUSTFLAGS=--cap-lints=warn" "-e" "RUSTDOCFLAGS=--cap-lints=warn" "-w" "/opt/rustwide/workdir" "--user" "0:0" "23aa8056c13fd13cb67fd51f67351ce5b08ae40ea6f9c288687b503d48e3632c" "/opt/rustwide/cargo-home/bin/cargo" "+1.99.0-beta.8" "build" "--frozen" "--message-format=json", kill_on_drop: false }`
[INFO] [stderr]    Compiling libc v0.2.182
[INFO] [stderr]    Compiling cc v1.2.56
[INFO] [stderr]    Compiling aho-corasick v1.1.4
[INFO] [stderr]    Compiling http v1.4.0
[INFO] [stderr]    Compiling hashbrown v0.16.1
[INFO] [stderr]    Compiling tokio-macros v2.6.0
[INFO] [stderr]    Compiling rustls-pki-types v1.14.0
[INFO] [stderr]    Compiling serde v1.0.228
[INFO] [stderr]    Compiling tracing v0.1.44
[INFO] [stderr]    Compiling tree-sitter-language v0.1.7
[INFO] [stderr]    Compiling encoding_rs v0.8.35
[INFO] [stderr]    Compiling rustls v0.23.37
[INFO] [stderr]    Compiling ipnet v2.11.0
[INFO] [stderr]    Compiling zerocopy v0.8.39
[INFO] [stderr]    Compiling idna_adapter v1.2.1
[INFO] [stderr]    Compiling crossbeam-utils v0.8.21
[INFO] [stderr]    Compiling idna v1.1.0
[INFO] [stderr]    Compiling phf_shared v0.11.3
[INFO] [stderr]    Compiling grep-matcher v0.1.8
[INFO] [stderr]    Compiling memchr v2.8.0
[INFO] [stderr]    Compiling getrandom v0.4.1
[INFO] [stderr]    Compiling webpki-roots v1.0.6
[INFO] [stderr]    Compiling iri-string v0.7.10
[INFO] [stderr]    Compiling url v2.5.8
[INFO] [stderr]    Compiling phf_generator v0.11.3
[INFO] [stderr]    Compiling indexmap v2.13.0
[INFO] [stderr]    Compiling serde_urlencoded v0.7.1
[INFO] [stderr]    Compiling chrono v0.4.44
[INFO] [stderr]    Compiling phf_macros v0.11.3
[INFO] [stderr]    Compiling regex-automata v0.4.14
[INFO] [stderr]    Compiling http-body v1.0.1
[INFO] [stderr]    Compiling http-body-util v0.1.3
[INFO] [stderr]    Compiling serde_json v1.0.149
[INFO] [stderr]    Compiling crossbeam-epoch v0.9.18
[INFO] [stderr]    Compiling winnow v0.7.14
[INFO] [stderr]    Compiling base64 v0.20.0
[INFO] [stderr]    Compiling encoding_rs_io v0.1.7
[INFO] [stderr]    Compiling serde_spanned v1.0.4
[INFO] [stderr]    Compiling errno v0.3.14
[INFO] [stderr]    Compiling parking_lot_core v0.9.12
[INFO] [stderr]    Compiling socket2 v0.6.2
[INFO] [stderr]    Compiling signal-hook-registry v1.4.8
[INFO] [stderr]    Compiling mio v1.1.1
[INFO] [stderr]    Compiling getrandom v0.2.17
[INFO] [stderr]    Compiling memmap2 v0.9.10
[INFO] [stderr]    Compiling parking_lot v0.12.5
[INFO] [stderr]    Compiling rand_core v0.6.4
[INFO] [stderr]    Compiling uuid v1.21.0
[INFO] [stderr]    Compiling crossbeam-deque v0.8.6
[INFO] [stderr]    Compiling openssl-sys v0.9.111
[INFO] [stderr]    Compiling ring v0.17.9
[INFO] [stderr]    Compiling tokio v1.49.0
[INFO] [stderr]    Compiling tree-sitter-rust v0.23.3
[INFO] [stderr]    Compiling tree-sitter-typescript v0.23.2
[INFO] [stderr]    Compiling tree-sitter v0.24.7
[INFO] [stderr]    Compiling phf v0.11.3
[INFO] [stderr]    Compiling toml_datetime v1.0.0+spec-1.1.0
[INFO] [stderr]    Compiling toml_writer v1.0.6+spec-1.1.0
[INFO] [stderr]    Compiling llm_providers v0.6.0
[INFO] [stderr]    Compiling streaming-iterator v0.1.9
[INFO] [stderr]    Compiling colorchoice v1.0.4
[INFO] [stderr]    Compiling anstyle v1.0.13
[INFO] [stderr]    Compiling clap_lex v1.0.0
[INFO] [stderr]    Compiling toml_parser v1.0.9+spec-1.1.0
[INFO] [stderr]    Compiling dotenv v0.15.0
[INFO] [stderr]    Compiling openssl v0.10.75
[INFO] [stderr]    Compiling native-tls v0.2.18
[INFO] [stderr]    Compiling anstream v0.6.21
[INFO] [stderr]    Compiling ppv-lite86 v0.2.21
[INFO] [stderr]    Compiling clap_builder v4.5.60
[INFO] [stderr]    Compiling toml v1.0.3+spec-1.1.0
[INFO] [stderr]    Compiling bstr v1.12.1
[INFO] [stderr]    Compiling matchers v0.2.0
[INFO] [stderr]    Compiling regex v1.12.3
[INFO] [stderr]    Compiling rand_chacha v0.3.1
[INFO] [stderr]    Compiling tracing-subscriber v0.3.22
[INFO] [stderr]    Compiling rand v0.8.5
[INFO] [stderr]    Compiling globset v0.4.18
[INFO] [stderr]    Compiling grep-searcher v0.1.16
[INFO] [stderr]    Compiling grep-regex v0.1.14
[INFO] [stderr]    Compiling grep-printer v0.1.7
[INFO] [stderr]    Compiling grep-cli v0.1.12
[INFO] [stderr]    Compiling ignore v0.4.25
[INFO] [stderr]    Compiling grep v0.2.13
[INFO] [stderr]    Compiling clap v4.5.60
[INFO] [stderr]    Compiling tokio-util v0.7.18
[INFO] [stderr]    Compiling tower v0.5.3
[INFO] [stderr]    Compiling zene-mcp v0.1.0
[INFO] [stderr]    Compiling h2 v0.4.13
[INFO] [stderr]    Compiling tower-http v0.6.8
[INFO] [stderr]    Compiling tokio-native-tls v0.3.1
[INFO] [stderr]    Compiling rustls-webpki v0.103.9
[INFO] [stderr]    Compiling hyper v1.8.1
[INFO] [stderr]    Compiling hyper-util v0.1.20
[INFO] [stderr]    Compiling tokio-rustls v0.26.4
[INFO] [stderr]    Compiling hyper-rustls v0.27.7
[INFO] [stderr]    Compiling hyper-tls v0.6.0
[INFO] [stderr]    Compiling reqwest v0.12.28
[INFO] [stderr]    Compiling xtrace-client v0.0.13
[INFO] [stderr]    Compiling llm-connector v0.7.1
[INFO] [stderr]    Compiling zene-core v0.6.5
[INFO] [stderr]    Compiling zene-worker v0.1.0
[INFO] [stderr]    Compiling zene v0.6.5 (/opt/rustwide/workdir)
[INFO] [stderr]     Finished `dev` profile [unoptimized + debuginfo] target(s) in 29.39s
[INFO] running `Command { std: "docker" "inspect" "23aa8056c13fd13cb67fd51f67351ce5b08ae40ea6f9c288687b503d48e3632c", kill_on_drop: false }`
[INFO] running `Command { std: "docker" "exec" "-e" "SOURCE_DIR=/opt/rustwide/workdir" "-e" "CARGO_HOME=/opt/rustwide/cargo-home" "-e" "RUSTUP_HOME=/opt/rustwide/rustup-home" "-e" "CARGO_TARGET_DIR=/opt/rustwide/target" "-e" "CARGO_INCREMENTAL=0" "-e" "RUST_BACKTRACE=full" "-e" "RUSTFLAGS=--cap-lints=warn" "-e" "RUSTDOCFLAGS=--cap-lints=warn" "-w" "/opt/rustwide/workdir" "--user" "0:0" "23aa8056c13fd13cb67fd51f67351ce5b08ae40ea6f9c288687b503d48e3632c" "/opt/rustwide/cargo-home/bin/cargo" "+1.99.0-beta.8" "test" "--frozen" "--no-run" "--message-format=json", kill_on_drop: false }`
[INFO] [stderr]    Compiling zene v0.6.5 (/opt/rustwide/workdir)
[INFO] [stdout] error[E0433]: cannot find module or crate `zene` in this scope
[INFO] [stdout]  --> examples/verification.rs:1:5
[INFO] [stdout]   |
[INFO] [stdout] 1 | use zene::engine::tools::ToolManager;
[INFO] [stdout]   |     ^^^^ use of unresolved module or unlinked crate `zene`
[INFO] [stdout]   |
[INFO] [stdout]   = help: if you wanted to use a crate named `zene`, use `cargo add zene` to add it to your `Cargo.toml`
[INFO] [stdout] 
[INFO] [stdout] 
[INFO] [stdout] error[E0433]: cannot find module or crate `zene` in this scope
[INFO] [stdout]   --> examples/verification.rs:29:70
[INFO] [stdout]    |
[INFO] [stdout] 29 |     let context_engine = std::sync::Arc::new(tokio::sync::Mutex::new(zene::engine::context::ContextEngine::new(false)?));
[INFO] [stdout]    |                                                                      ^^^^ use of unresolved module or unlinked crate `zene`
[INFO] [stdout]    |
[INFO] [stdout]    = help: if you wanted to use a crate named `zene`, use `cargo add zene` to add it to your `Cargo.toml`
[INFO] [stdout] 
[INFO] [stdout] 
[INFO] [stdout] error[E0433]: cannot find module or crate `zene` in this scope
[INFO] [stdout]  --> tests/it_agent_flow.rs:2:5
[INFO] [stdout]   |
[INFO] [stdout] 2 | use zene::agent::runner::AgentRunner;
[INFO] [stdout]   |     ^^^^ use of unresolved module or unlinked crate `zene`
[INFO] [stdout]   |
[INFO] [stdout]   = help: if you wanted to use a crate named `zene`, use `cargo add zene` to add it to your `Cargo.toml`
[INFO] [stdout] 
[INFO] [stdout] 
[INFO] [stdout] error[E0433]: cannot find module or crate `zene` in this scope
[INFO] [stdout]  --> tests/it_agent_flow.rs:3:5
[INFO] [stdout]   |
[INFO] [stdout] 3 | use zene::agent::orchestrator::Orchestrator;
[INFO] [stdout]   |     ^^^^ use of unresolved module or unlinked crate `zene`
[INFO] [stdout]   |
[INFO] [stdout]   = help: if you wanted to use a crate named `zene`, use `cargo add zene` to add it to your `Cargo.toml`
[INFO] [stdout] 
[INFO] [stdout] 
[INFO] [stdout] error[E0433]: cannot find module or crate `zene` in this scope
[INFO] [stdout]  --> tests/it_agent_flow.rs:4:5
[INFO] [stdout]   |
[INFO] [stdout] 4 | use zene::agent::client::AgentClient;
[INFO] [stdout]   |     ^^^^ use of unresolved module or unlinked crate `zene`
[INFO] [stdout]   |
[INFO] [stdout]   = help: if you wanted to use a crate named `zene`, use `cargo add zene` to add it to your `Cargo.toml`
[INFO] [stdout] 
[INFO] [stdout] 
[INFO] [stdout] error[E0433]: cannot find module or crate `zene` in this scope
[INFO] [stdout]  --> tests/it_agent_flow.rs:5:5
[INFO] [stdout]   |
[INFO] [stdout] 5 | use zene::config::AgentConfig;
[INFO] [stdout]   |     ^^^^ use of unresolved module or unlinked crate `zene`
[INFO] [stdout]   |
[INFO] [stdout]   = help: if you wanted to use a crate named `zene`, use `cargo add zene` to add it to your `Cargo.toml`
[INFO] [stdout] 
[INFO] [stdout] 
[INFO] [stdout] error[E0433]: cannot find module or crate `zene` in this scope
[INFO] [stdout]  --> tests/it_agent_flow.rs:6:5
[INFO] [stdout]   |
[INFO] [stdout] 6 | use zene::engine::context::ContextEngine;
[INFO] [stdout]   |     ^^^^ use of unresolved module or unlinked crate `zene`
[INFO] [stdout]   |
[INFO] [stdout]   = help: if you wanted to use a crate named `zene`, use `cargo add zene` to add it to your `Cargo.toml`
[INFO] [stdout] 
[INFO] [stdout] 
[INFO] [stdout] error[E0433]: cannot find module or crate `zene` in this scope
[INFO] [stdout]  --> tests/it_agent_flow.rs:7:5
[INFO] [stdout]   |
[INFO] [stdout] 7 | use zene::engine::session::SessionManager;
[INFO] [stdout]   |     ^^^^ use of unresolved module or unlinked crate `zene`
[INFO] [stdout]   |
[INFO] [stdout]   = help: if you wanted to use a crate named `zene`, use `cargo add zene` to add it to your `Cargo.toml`
[INFO] [stdout] 
[INFO] [stdout] 
[INFO] [stdout] error[E0433]: cannot find module or crate `zene` in this scope
[INFO] [stdout]  --> tests/it_agent_flow.rs:8:5
[INFO] [stdout]   |
[INFO] [stdout] 8 | use zene::engine::session::store::InMemorySessionStore;
[INFO] [stdout]   |     ^^^^ use of unresolved module or unlinked crate `zene`
[INFO] [stdout]   |
[INFO] [stdout]   = help: if you wanted to use a crate named `zene`, use `cargo add zene` to add it to your `Cargo.toml`
[INFO] [stdout] 
[INFO] [stdout] 
[INFO] [stdout] error[E0433]: cannot find module or crate `zene` in this scope
[INFO] [stdout]  --> tests/it_agent_flow.rs:9:5
[INFO] [stdout]   |
[INFO] [stdout] 9 | use zene::engine::tools::ToolManager;
[INFO] [stdout]   |     ^^^^ use of unresolved module or unlinked crate `zene`
[INFO] [stdout]   |
[INFO] [stdout]   = help: if you wanted to use a crate named `zene`, use `cargo add zene` to add it to your `Cargo.toml`
[INFO] [stdout] 
[INFO] [stdout] 
[INFO] [stdout] error[E0433]: cannot find module or crate `zene` in this scope
[INFO] [stdout]  --> examples/verify_mcp.rs:1:5
[INFO] [stdout]   |
[INFO] [stdout] 1 | use zene::engine::tools::ToolManager;
[INFO] [stdout]   |     ^^^^ use of unresolved module or unlinked crate `zene`
[INFO] [stdout]   |
[INFO] [stdout]   = help: if you wanted to use a crate named `zene`, use `cargo add zene` to add it to your `Cargo.toml`
[INFO] [stdout] 
[INFO] [stdout] 
[INFO] [stdout] error[E0433]: cannot find module or crate `zene` in this scope
[INFO] [stdout]  --> examples/verify_mcp.rs:2:5
[INFO] [stdout]   |
[INFO] [stdout] 2 | use zene::config::AgentConfig;
[INFO] [stdout]   |     ^^^^ use of unresolved module or unlinked crate `zene`
[INFO] [stdout]   |
[INFO] [stdout]   = help: if you wanted to use a crate named `zene`, use `cargo add zene` to add it to your `Cargo.toml`
[INFO] [stdout] 
[INFO] [stdout] 
[INFO] [stdout] error[E0433]: cannot find module or crate `zene` in this scope
[INFO] [stdout]  --> examples/verify_mcp.rs:3:5
[INFO] [stdout]   |
[INFO] [stdout] 3 | use zene::engine::mcp::manager::McpManager;
[INFO] [stdout]   |     ^^^^ use of unresolved module or unlinked crate `zene`
[INFO] [stdout]   |
[INFO] [stdout]   = help: if you wanted to use a crate named `zene`, use `cargo add zene` to add it to your `Cargo.toml`
[INFO] [stdout] 
[INFO] [stdout] 
[INFO] [stdout] warning: method call on a diverging inference variable
[INFO] [stdout]   --> examples/verification.rs:38:15
[INFO] [stdout]    |
[INFO] [stdout] 38 |     if output.contains("TEST_VAR: CorrectValue") {
[INFO] [stdout]    |               ^^^^^^^^
[INFO] [stdout]    |
[INFO] [stdout]    = help: consider providing a type annotation
[INFO] [stdout]    = warning: this was previously accepted by the compiler but is being phased out; it will become a hard error in a future release!
[INFO] [stdout]    = note: for more information, see issue #156047 <https://github.com/rust-lang/rust/issues/156047>
[INFO] [stdout]    = note: `#[warn(method_call_on_diverging_infer_var)]` (part of `#[warn(future_incompatible)]`) on by default
[INFO] [stdout] 
[INFO] [stdout] 
[INFO] [stdout] error[E0433]: cannot find module or crate `zene` in this scope
[INFO] [stdout]   --> tests/it_agent_flow.rs:11:5
[INFO] [stdout]    |
[INFO] [stdout] 11 | use zene::testing::MockUserInterface;
[INFO] [stdout]    |     ^^^^ use of unresolved module or unlinked crate `zene`
[INFO] [stdout]    |
[INFO] [stdout]    = help: if you wanted to use a crate named `zene`, use `cargo add zene` to add it to your `Cargo.toml`
[INFO] [stdout] 
[INFO] [stdout] 
[INFO] [stdout] error[E0433]: cannot find module or crate `llm_connector` in this scope
[INFO] [stdout]   --> tests/it_agent_flow.rs:12:5
[INFO] [stdout]    |
[INFO] [stdout] 12 | use llm_connector::types::ChatResponse;
[INFO] [stdout]    |     ^^^^^^^^^^^^^ use of unresolved module or unlinked crate `llm_connector`
[INFO] [stdout]    |
[INFO] [stdout]    = help: if you wanted to use a crate named `llm_connector`, use `cargo add llm_connector` to add it to your `Cargo.toml`
[INFO] [stdout] 
[INFO] [stdout] 
[INFO] [stdout] error[E0432]: unresolved import `zene`
[INFO] [stdout]   --> tests/it_agent_flow.rs:10:5
[INFO] [stdout]    |
[INFO] [stdout] 10 | use zene::ExecutionStrategy;
[INFO] [stdout]    |     ^^^^ use of unresolved module or unlinked crate `zene`
[INFO] [stdout]    |
[INFO] [stdout]    = help: if you wanted to use a crate named `zene`, use `cargo add zene` to add it to your `Cargo.toml`
[INFO] [stdout] 
[INFO] [stdout] 
[INFO] [stdout] error[E0433]: cannot find module or crate `zene` in this scope
[INFO] [stdout]   --> tests/it_agent_flow.rs:79:19
[INFO] [stdout]    |
[INFO] [stdout] 79 | ...   planner: zene::config::RoleConfig { provider: "mock".to_string(), model: "mock".to_string(), api_key: "mock".to_string(), base...
[INFO] [stdout]    |                ^^^^ use of unresolved module or unlinked crate `zene`
[INFO] [stdout]    |
[INFO] [stdout]    = help: if you wanted to use a crate named `zene`, use `cargo add zene` to add it to your `Cargo.toml`
[INFO] [stdout] 
[INFO] [stdout] 
[INFO] [stdout] error[E0433]: cannot find module or crate `zene` in this scope
[INFO] [stdout]  --> examples/memory_test.rs:2:5
[INFO] [stdout]   |
[INFO] [stdout] 2 | use zene::engine::context::ContextEngine;
[INFO] [stdout]   |     ^^^^ use of unresolved module or unlinked crate `zene`
[INFO] [stdout]   |
[INFO] [stdout]   = help: if you wanted to use a crate named `zene`, use `cargo add zene` to add it to your `Cargo.toml`
[INFO] [stdout] 
[INFO] [stdout] 
[INFO] [stdout] error[E0433]: cannot find module or crate `zene` in this scope
[INFO] [stdout]  --> tests/patch_test.rs:6:5
[INFO] [stdout]   |
[INFO] [stdout] 6 | use zene::engine::context::ContextEngine;
[INFO] [stdout]   |     ^^^^ use of unresolved module or unlinked crate `zene`
[INFO] [stdout]   |
[INFO] [stdout]   = help: if you wanted to use a crate named `zene`, use `cargo add zene` to add it to your `Cargo.toml`
[INFO] [stdout] 
[INFO] [stdout] 
[INFO] [stdout] error[E0433]: cannot find module or crate `zene` in this scope
[INFO] [stdout]  --> tests/patch_test.rs:7:5
[INFO] [stdout]   |
[INFO] [stdout] 7 | use zene::engine::tools::ToolManager;
[INFO] [stdout]   |     ^^^^ use of unresolved module or unlinked crate `zene`
[INFO] [stdout]   |
[INFO] [stdout]   = help: if you wanted to use a crate named `zene`, use `cargo add zene` to add it to your `Cargo.toml`
[INFO] [stdout] 
[INFO] [stdout] 
[INFO] [stdout] warning: unexpected `cfg` condition value: `knowledge`
[INFO] [stdout]   --> examples/memory_test.rs:18:11
[INFO] [stdout]    |
[INFO] [stdout] 18 |     #[cfg(feature = "knowledge")]
[INFO] [stdout]    |           ^^^^^^^^^^^^^^^^^^^^^ help: remove the condition
[INFO] [stdout]    |
[INFO] [stdout]    = note: no expected values for `feature`
[INFO] [stdout]    = help: consider adding `knowledge` as a feature in `Cargo.toml`
[INFO] [stdout]    = note: see <https://doc.rust-lang.org/nightly/rustc/check-cfg/cargo-specifics.html> for more information about checking conditional configuration
[INFO] [stdout]    = note: `#[warn(unexpected_cfgs)]` on by default
[INFO] [stdout] 
[INFO] [stdout] 
[INFO] [stdout] warning: unexpected `cfg` condition value: `knowledge`
[INFO] [stdout]   --> examples/memory_test.rs:30:15
[INFO] [stdout]    |
[INFO] [stdout] 30 |     #[cfg(not(feature = "knowledge"))]
[INFO] [stdout]    |               ^^^^^^^^^^^^^^^^^^^^^ help: remove the condition
[INFO] [stdout]    |
[INFO] [stdout]    = note: no expected values for `feature`
[INFO] [stdout]    = help: consider adding `knowledge` as a feature in `Cargo.toml`
[INFO] [stdout]    = note: see <https://doc.rust-lang.org/nightly/rustc/check-cfg/cargo-specifics.html> for more information about checking conditional configuration
[INFO] [stdout] 
[INFO] [stdout] 
[INFO] [stdout] warning: unexpected `cfg` condition value: `knowledge`
[INFO] [stdout]   --> examples/memory_test.rs:34:11
[INFO] [stdout]    |
[INFO] [stdout] 34 |     #[cfg(feature = "knowledge")]
[INFO] [stdout]    |           ^^^^^^^^^^^^^^^^^^^^^ help: remove the condition
[INFO] [stdout]    |
[INFO] [stdout]    = note: no expected values for `feature`
[INFO] [stdout]    = help: consider adding `knowledge` as a feature in `Cargo.toml`
[INFO] [stdout]    = note: see <https://doc.rust-lang.org/nightly/rustc/check-cfg/cargo-specifics.html> for more information about checking conditional configuration
[INFO] [stdout] 
[INFO] [stdout] 
[INFO] [stdout] error[E0599]: no method named `contains` found for type `!` in the current scope
[INFO] [stdout]   --> examples/verification.rs:38:15
[INFO] [stdout]    |
[INFO] [stdout] 38 |     if output.contains("TEST_VAR: CorrectValue") {
[INFO] [stdout]    |               ^^^^^^^^ method not found in `!`
[INFO] [stdout] 
[INFO] [stdout] 
[INFO] [stdout] error[E0432]: unresolved import `llm_providers`
[INFO] [stdout]  --> examples/check_zhipu.rs:1:5
[INFO] [stdout]   |
[INFO] [stdout] 1 | use llm_providers;
[INFO] [stdout]   |     ^^^^^^^^^^^^^ no external crate `llm_providers`
[INFO] [stdout] 
[INFO] [stdout] 
[INFO] [stdout] error[E0433]: cannot find module or crate `zene` in this scope
[INFO] [stdout]   --> tests/it_agent_flow.rs:80:20
[INFO] [stdout]    |
[INFO] [stdout] 80 | ...   executor: zene::config::RoleConfig { provider: "mock".to_string(), model: "mock".to_string(), api_key: "mock".to_string(), bas...
[INFO] [stdout]    |                 ^^^^ use of unresolved module or unlinked crate `zene`
[INFO] [stdout]    |
[INFO] [stdout]    = help: if you wanted to use a crate named `zene`, use `cargo add zene` to add it to your `Cargo.toml`
[INFO] [stdout] 
[INFO] [stdout] 
[INFO] [stdout] For more information about this error, try `rustc --explain E0433`.
[INFO] [stdout] 
[INFO] [stderr] error: could not compile `zene` (example "memory_test") due to 1 previous error; 3 warnings emitted
[INFO] [stderr] warning: build failed, waiting for other jobs to finish...
[INFO] [stdout] error[E0599]: no method named `contains` found for type `!` in the current scope
[INFO] [stdout]   --> examples/verification.rs:44:15
[INFO] [stdout]    |
[INFO] [stdout] 44 |     if output.contains(".venv") {
[INFO] [stdout]    |               ^^^^^^^^ method not found in `!`
[INFO] [stdout] 
[INFO] [stdout] 
[INFO] [stdout] warning: unreachable expression
[INFO] [stdout]   --> examples/verification.rs:44:24
[INFO] [stdout]    |
[INFO] [stdout] 44 |     if output.contains(".venv") {
[INFO] [stdout]    |        ------          ^^^^^^^ unreachable expression
[INFO] [stdout]    |        |
[INFO] [stdout]    |        any code following this expression is unreachable
[INFO] [stdout]    |
[INFO] [stdout]    = note: `#[warn(unreachable_code)]` (part of `#[warn(unused)]`) on by default
[INFO] [stdout] 
[INFO] [stdout] 
[INFO] [stdout] Some errors have detailed explanations: E0433, E0599.
[INFO] [stdout] 
[INFO] [stdout] For more information about an error, try `rustc --explain E0433`.
[INFO] [stdout] 
[INFO] [stdout] error[E0433]: cannot find module or crate `zene` in this scope
[INFO] [stdout]   --> tests/it_agent_flow.rs:81:21
[INFO] [stdout]    |
[INFO] [stdout] 81 | ...   reflector: zene::config::RoleConfig { provider: "mock".to_string(), model: "mock".to_string(), api_key: "mock".to_string(), ba...
[INFO] [stdout]    |                  ^^^^ use of unresolved module or unlinked crate `zene`
[INFO] [stdout]    |
[INFO] [stdout]    = help: if you wanted to use a crate named `zene`, use `cargo add zene` to add it to your `Cargo.toml`
[INFO] [stdout] 
[INFO] [stdout] 
[INFO] [stdout] For more information about this error, try `rustc --explain E0433`.
[INFO] [stdout] 
[INFO] [stderr] error: could not compile `zene` (test "patch_test") due to 2 previous errors
[INFO] [stdout] error[E0433]: cannot find module or crate `zene` in this scope
[INFO] [stdout]  --> examples/14_zhihu_style_analysis/run_analysis.rs:5:5
[INFO] [stdout]   |
[INFO] [stdout] 5 | use zene::agent::client::AgentClient;
[INFO] [stdout]   |     ^^^^ use of unresolved module or unlinked crate `zene`
[INFO] [stdout]   |
[INFO] [stdout]   = help: if you wanted to use a crate named `zene`, use `cargo add zene` to add it to your `Cargo.toml`
[INFO] [stdout] 
[INFO] [stdout] 
[INFO] [stdout] error[E0433]: cannot find module or crate `zene` in this scope
[INFO] [stdout]  --> examples/14_zhihu_style_analysis/run_analysis.rs:6:5
[INFO] [stdout]   |
[INFO] [stdout] 6 | use zene::agent::orchestrator::Orchestrator;
[INFO] [stdout]   |     ^^^^ use of unresolved module or unlinked crate `zene`
[INFO] [stdout]   |
[INFO] [stdout]   = help: if you wanted to use a crate named `zene`, use `cargo add zene` to add it to your `Cargo.toml`
[INFO] [stdout] 
[INFO] [stdout] 
[INFO] [stdout] error[E0433]: cannot find module or crate `zene` in this scope
[INFO] [stdout]  --> examples/14_zhihu_style_analysis/run_analysis.rs:7:5
[INFO] [stdout]   |
[INFO] [stdout] 7 | use zene::config::{AgentConfig, RoleConfig};
[INFO] [stdout]   |     ^^^^ use of unresolved module or unlinked crate `zene`
[INFO] [stdout]   |
[INFO] [stdout]   = help: if you wanted to use a crate named `zene`, use `cargo add zene` to add it to your `Cargo.toml`
[INFO] [stdout] 
[INFO] [stdout] 
[INFO] [stdout] error[E0433]: cannot find module or crate `zene` in this scope
[INFO] [stdout]  --> examples/14_zhihu_style_analysis/run_analysis.rs:8:5
[INFO] [stdout]   |
[INFO] [stdout] 8 | use zene::engine::context::ContextEngine;
[INFO] [stdout]   |     ^^^^ use of unresolved module or unlinked crate `zene`
[INFO] [stdout]   |
[INFO] [stdout]   = help: if you wanted to use a crate named `zene`, use `cargo add zene` to add it to your `Cargo.toml`
[INFO] [stdout] 
[INFO] [stdout] 
[INFO] [stdout] error[E0433]: cannot find module or crate `zene` in this scope
[INFO] [stdout]  --> examples/14_zhihu_style_analysis/run_analysis.rs:9:5
[INFO] [stdout]   |
[INFO] [stdout] 9 | use zene::engine::session::store::InMemorySessionStore;
[INFO] [stdout]   |     ^^^^ use of unresolved module or unlinked crate `zene`
[INFO] [stdout]   |
[INFO] [stdout]   = help: if you wanted to use a crate named `zene`, use `cargo add zene` to add it to your `Cargo.toml`
[INFO] [stdout] 
[INFO] [stdout] 
[INFO] [stdout] error[E0433]: cannot find module or crate `zene` in this scope
[INFO] [stdout]   --> examples/14_zhihu_style_analysis/run_analysis.rs:10:5
[INFO] [stdout]    |
[INFO] [stdout] 10 | use zene::engine::session::SessionManager;
[INFO] [stdout]    |     ^^^^ use of unresolved module or unlinked crate `zene`
[INFO] [stdout]    |
[INFO] [stdout]    = help: if you wanted to use a crate named `zene`, use `cargo add zene` to add it to your `Cargo.toml`
[INFO] [stdout] 
[INFO] [stdout] 
[INFO] [stdout] error[E0433]: cannot find module or crate `zene` in this scope
[INFO] [stdout]   --> examples/14_zhihu_style_analysis/run_analysis.rs:11:5
[INFO] [stdout]    |
[INFO] [stdout] 11 | use zene::engine::tools::ToolManager;
[INFO] [stdout]    |     ^^^^ use of unresolved module or unlinked crate `zene`
[INFO] [stdout]    |
[INFO] [stdout]    = help: if you wanted to use a crate named `zene`, use `cargo add zene` to add it to your `Cargo.toml`
[INFO] [stdout] 
[INFO] [stdout] 
[INFO] [stdout] error[E0433]: cannot find module or crate `zene` in this scope
[INFO] [stdout]   --> examples/14_zhihu_style_analysis/run_analysis.rs:12:5
[INFO] [stdout]    |
[INFO] [stdout] 12 | use zene::engine::ui::UserInterface;
[INFO] [stdout]    |     ^^^^ use of unresolved module or unlinked crate `zene`
[INFO] [stdout]    |
[INFO] [stdout]    = help: if you wanted to use a crate named `zene`, use `cargo add zene` to add it to your `Cargo.toml`
[INFO] [stdout] 
[INFO] [stdout] 
[INFO] [stdout] error[E0433]: cannot find module or crate `zene` in this scope
[INFO] [stdout]   --> examples/14_zhihu_style_analysis/run_analysis.rs:13:5
[INFO] [stdout]    |
[INFO] [stdout] 13 | use zene::engine::contracts::AgentEvent;
[INFO] [stdout]    |     ^^^^ use of unresolved module or unlinked crate `zene`
[INFO] [stdout]    |
[INFO] [stdout]    = help: if you wanted to use a crate named `zene`, use `cargo add zene` to add it to your `Cargo.toml`
[INFO] [stdout] 
[INFO] [stdout] 
[INFO] [stderr] error: could not compile `zene` (example "verification") due to 4 previous errors; 3 warnings emitted
[INFO] [stdout] error[E0433]: cannot find module or crate `zene` in this scope
[INFO] [stdout]  --> examples/verify_p3.rs:2:5
[INFO] [stdout]   |
[INFO] [stdout] 2 | use zene::agent::runner::AgentRunner;
[INFO] [stdout]   |     ^^^^ use of unresolved module or unlinked crate `zene`
[INFO] [stdout]   |
[INFO] [stdout]   = help: if you wanted to use a crate named `zene`, use `cargo add zene` to add it to your `Cargo.toml`
[INFO] [stdout] 
[INFO] [stdout] 
[INFO] [stdout] error[E0433]: cannot find module or crate `zene` in this scope
[INFO] [stdout]  --> examples/verify_p3.rs:3:5
[INFO] [stdout]   |
[INFO] [stdout] 3 | use zene::config::AgentConfig;
[INFO] [stdout]   |     ^^^^ use of unresolved module or unlinked crate `zene`
[INFO] [stdout]   |
[INFO] [stdout]   = help: if you wanted to use a crate named `zene`, use `cargo add zene` to add it to your `Cargo.toml`
[INFO] [stdout] 
[INFO] [stdout] 
[INFO] [stdout] error[E0433]: cannot find module or crate `zene` in this scope
[INFO] [stdout]  --> examples/verify_p3.rs:4:5
[INFO] [stdout]   |
[INFO] [stdout] 4 | use zene::engine::ui::UserInterface;
[INFO] [stdout]   |     ^^^^ use of unresolved module or unlinked crate `zene`
[INFO] [stdout]   |
[INFO] [stdout]   = help: if you wanted to use a crate named `zene`, use `cargo add zene` to add it to your `Cargo.toml`
[INFO] [stdout] 
[INFO] [stdout] 
[INFO] [stdout] error[E0433]: cannot find module or crate `zene` in this scope
[INFO] [stdout]  --> examples/verify_p3.rs:5:5
[INFO] [stdout]   |
[INFO] [stdout] 5 | use zene::engine::session::SessionManager;
[INFO] [stdout]   |     ^^^^ use of unresolved module or unlinked crate `zene`
[INFO] [stdout]   |
[INFO] [stdout]   = help: if you wanted to use a crate named `zene`, use `cargo add zene` to add it to your `Cargo.toml`
[INFO] [stdout] 
[INFO] [stdout] 
[INFO] [stdout] error[E0433]: cannot find module or crate `zene` in this scope
[INFO] [stdout]  --> examples/verify_p3.rs:6:5
[INFO] [stdout]   |
[INFO] [stdout] 6 | use zene::engine::session::store::FileSessionStore;
[INFO] [stdout]   |     ^^^^ use of unresolved module or unlinked crate `zene`
[INFO] [stdout]   |
[INFO] [stdout]   = help: if you wanted to use a crate named `zene`, use `cargo add zene` to add it to your `Cargo.toml`
[INFO] [stdout] 
[INFO] [stdout] 
[INFO] [stdout] error[E0433]: cannot find module or crate `zene` in this scope
[INFO] [stdout]   --> examples/verify_mcp.rs:29:70
[INFO] [stdout]    |
[INFO] [stdout] 29 |     let context_engine = std::sync::Arc::new(tokio::sync::Mutex::new(zene::engine::context::ContextEngine::new(false)?));
[INFO] [stdout]    |                                                                      ^^^^ use of unresolved module or unlinked crate `zene`
[INFO] [stdout]    |
[INFO] [stdout]    = help: if you wanted to use a crate named `zene`, use `cargo add zene` to add it to your `Cargo.toml`
[INFO] [stdout] 
[INFO] [stdout] 
[INFO] [stdout] error[E0433]: cannot find module or crate `zene` in this scope
[INFO] [stdout]   --> tests/it_agent_flow.rs:82:15
[INFO] [stdout]    |
[INFO] [stdout] 82 |          mcp: zene::config::mcp::McpConfig::default(),
[INFO] [stdout]    |               ^^^^ use of unresolved module or unlinked crate `zene`
[INFO] [stdout]    |
[INFO] [stdout]    = help: if you wanted to use a crate named `zene`, use `cargo add zene` to add it to your `Cargo.toml`
[INFO] [stdout] 
[INFO] [stdout] 
[INFO] [stdout] error[E0432]: unresolved import `zene`
[INFO] [stdout]   --> examples/14_zhihu_style_analysis/run_analysis.rs:14:5
[INFO] [stdout]    |
[INFO] [stdout] 14 | use zene::ExecutionStrategy;
[INFO] [stdout]    |     ^^^^ use of unresolved module or unlinked crate `zene`
[INFO] [stdout]    |
[INFO] [stdout]    = help: if you wanted to use a crate named `zene`, use `cargo add zene` to add it to your `Cargo.toml`
[INFO] [stdout] 
[INFO] [stdout] 
[INFO] [stdout] error[E0432]: unresolved import `chrono`
[INFO] [stdout]   --> examples/14_zhihu_style_analysis/run_analysis.rs:18:5
[INFO] [stdout]    |
[INFO] [stdout] 18 | use chrono::Local;
[INFO] [stdout]    |     ^^^^^^ use of unresolved module or unlinked crate `chrono`
[INFO] [stdout]    |
[INFO] [stdout]    = help: if you wanted to use a crate named `chrono`, use `cargo add chrono` to add it to your `Cargo.toml`
[INFO] [stdout] 
[INFO] [stdout] 
[INFO] [stdout] error[E0432]: unresolved import `regex`
[INFO] [stdout]  --> examples/14_zhihu_style_analysis/analyzer.rs:5:5
[INFO] [stdout]   |
[INFO] [stdout] 5 | use regex::Regex;
[INFO] [stdout]   |     ^^^^^ use of unresolved module or unlinked crate `regex`
[INFO] [stdout]   |
[INFO] [stdout]   = help: if you wanted to use a crate named `regex`, use `cargo add regex` to add it to your `Cargo.toml`
[INFO] [stdout] 
[INFO] [stdout] 
[INFO] [stdout] Some errors have detailed explanations: E0432, E0433.
[INFO] [stdout] 
[INFO] [stdout] For more information about an error, try `rustc --explain E0432`.
[INFO] [stdout] 
[INFO] [stdout] error[E0432]: unresolved import `zene`
[INFO] [stdout]  --> examples/verify_p3.rs:7:5
[INFO] [stdout]   |
[INFO] [stdout] 7 | use zene::ExecutionStrategy;
[INFO] [stdout]   |     ^^^^ use of unresolved module or unlinked crate `zene`
[INFO] [stdout]   |
[INFO] [stdout]   = help: if you wanted to use a crate named `zene`, use `cargo add zene` to add it to your `Cargo.toml`
[INFO] [stdout] 
[INFO] [stdout] 
[INFO] [stderr] error: could not compile `zene` (test "it_agent_flow") due to 15 previous errors
[INFO] [stdout] Some errors have detailed explanations: E0432, E0433.
[INFO] [stdout] 
[INFO] [stdout] For more information about an error, try `rustc --explain E0432`.
[INFO] [stdout] 
[INFO] [stderr] error: could not compile `zene` (example "zhihu_analysis_rust") due to 12 previous errors
[INFO] [stdout] error[E0433]: cannot find module or crate `zene` in this scope
[INFO] [stdout]   --> examples/verify_p3.rs:41:70
[INFO] [stdout]    |
[INFO] [stdout] 41 |     let context_engine = std::sync::Arc::new(tokio::sync::Mutex::new(zene::engine::context::ContextEngine::new(false)?));
[INFO] [stdout]    |                                                                      ^^^^ use of unresolved module or unlinked crate `zene`
[INFO] [stdout]    |
[INFO] [stdout]    = help: if you wanted to use a crate named `zene`, use `cargo add zene` to add it to your `Cargo.toml`
[INFO] [stdout] 
[INFO] [stdout] 
[INFO] [stdout] error[E0433]: cannot find module or crate `zene` in this scope
[INFO] [stdout]   --> examples/verify_p3.rs:42:43
[INFO] [stdout]    |
[INFO] [stdout] 42 |     let mcp_manager = std::sync::Arc::new(zene::engine::mcp::manager::McpManager::new(config.mcp.clone()));
[INFO] [stdout]    |                                           ^^^^ use of unresolved module or unlinked crate `zene`
[INFO] [stdout]    |
[INFO] [stdout]    = help: if you wanted to use a crate named `zene`, use `cargo add zene` to add it to your `Cargo.toml`
[INFO] [stdout] 
[INFO] [stdout] 
[INFO] [stdout] error[E0433]: cannot find module or crate `zene` in this scope
[INFO] [stdout]   --> examples/verify_p3.rs:43:44
[INFO] [stdout]    |
[INFO] [stdout] 43 |     let tool_manager = std::sync::Arc::new(zene::engine::tools::ToolManager::new(Some(mcp_manager), context_engine.clone()));
[INFO] [stdout]    |                                            ^^^^ use of unresolved module or unlinked crate `zene`
[INFO] [stdout]    |
[INFO] [stdout]    = help: if you wanted to use a crate named `zene`, use `cargo add zene` to add it to your `Cargo.toml`
[INFO] [stdout] 
[INFO] [stdout] 
[INFO] [stdout] For more information about this error, try `rustc --explain E0433`.
[INFO] [stdout] 
[INFO] [stdout] Some errors have detailed explanations: E0432, E0433.
[INFO] [stdout] 
[INFO] [stdout] For more information about an error, try `rustc --explain E0432`.
[INFO] [stdout] 
[INFO] [stdout] For more information about this error, try `rustc --explain E0432`.
[INFO] [stdout] 
[INFO] [stderr] error: could not compile `zene` (example "check_zhipu") due to 1 previous error
[INFO] [stderr] error: could not compile `zene` (example "verify_p3") due to 9 previous errors
[INFO] [stderr] error: could not compile `zene` (example "verify_mcp") due to 4 previous errors
[INFO] running `Command { std: "docker" "inspect" "23aa8056c13fd13cb67fd51f67351ce5b08ae40ea6f9c288687b503d48e3632c", kill_on_drop: false }`
[INFO] running `Command { std: "docker" "rm" "-f" "23aa8056c13fd13cb67fd51f67351ce5b08ae40ea6f9c288687b503d48e3632c", kill_on_drop: false }`
[INFO] [stdout] 23aa8056c13fd13cb67fd51f67351ce5b08ae40ea6f9c288687b503d48e3632c
