[INFO] fetching crate zamsync-storage 1.3.3...
[INFO] testing zamsync-storage-1.3.3 against 1.99.0-beta.8 for beta-1.100-2
[INFO] extracting crate zamsync-storage 1.3.3 into /workspace/builds/worker-2-tc1/source
[INFO] started tweaking crates.io crate zamsync-storage 1.3.3
[INFO] removed 0 missing tests
[INFO] finished tweaking crates.io crate zamsync-storage 1.3.3
[INFO] tweaked toml for crates.io crate zamsync-storage 1.3.3 written to /workspace/builds/worker-2-tc1/source/Cargo.toml
[INFO] validating manifest of crates.io crate zamsync-storage 1.3.3 on toolchain 1.99.0-beta.8
[INFO] running `Command { std: CARGO_HOME="/workspace/cargo-home" RUSTUP_HOME="/workspace/rustup-home" "/workspace/cargo-home/bin/cargo" "+1.99.0-beta.8" "metadata" "--manifest-path" "Cargo.toml" "--no-deps", kill_on_drop: false }`
[INFO] crate crates.io crate zamsync-storage 1.3.3 already has a lockfile, it will not be regenerated
[INFO] running `Command { std: CARGO_HOME="/workspace/cargo-home" RUSTUP_HOME="/workspace/rustup-home" "/workspace/cargo-home/bin/cargo" "+1.99.0-beta.8" "fetch" "--manifest-path" "Cargo.toml", kill_on_drop: false }`
[INFO] [stderr]     Blocking waiting for file lock on package cache
[INFO] [stderr]     Updating crates.io index
[INFO] [stderr]     Blocking waiting for file lock on package cache
[INFO] [stderr]  Downloading crates ...
[INFO] [stderr]   Downloaded zamsync-core v1.3.3
[INFO] [stderr]   Downloaded uuid v1.23.4
[INFO] [stderr]   Downloaded bytecheck v0.8.2
[INFO] [stderr]   Downloaded ptr_meta_derive v0.3.1
[INFO] [stderr]   Downloaded bytecheck_derive v0.8.2
[INFO] [stderr]   Downloaded rancor v0.1.1
[INFO] [stderr]   Downloaded bytes v1.12.0
[INFO] [stderr]   Downloaded quote v1.0.46
[INFO] [stderr]   Downloaded ptr_meta v0.3.1
[INFO] [stderr]   Downloaded chacha20poly1305 v0.10.1
[INFO] [stderr]   Downloaded bitvec v1.1.1
[INFO] running `Command { std: "docker" "create" "-v" "/var/lib/crater-agent-workspace/builds/worker-2-tc1/source:/opt/rustwide/workdir:ro,Z" "-v" "/var/lib/crater-agent-workspace/builds/worker-2-tc1/target:/opt/rustwide/target:rw,Z" "-v" "/var/lib/crater-agent-workspace/cargo-home:/opt/rustwide/cargo-home:ro,Z" "-v" "/var/lib/crater-agent-workspace/rustup-home:/opt/rustwide/rustup-home:ro,Z" "-m" "1610612736" "--network" "none" "ghcr.io/rust-lang/crates-build-env/linux@sha256:3111399a4047eeb3a02b7a90e478d715f38a8c6669b5c4b49d30a17385265909" "sleep" "infinity", kill_on_drop: false }`
[INFO] [stdout] 7b4c26ee9dc3d9e5670aa9256630937ac31a68ca0e7c19144257288cd6cf2197
[INFO] running `Command { std: "docker" "start" "7b4c26ee9dc3d9e5670aa9256630937ac31a68ca0e7c19144257288cd6cf2197", kill_on_drop: false }`
[INFO] running `Command { std: "docker" "inspect" "7b4c26ee9dc3d9e5670aa9256630937ac31a68ca0e7c19144257288cd6cf2197", kill_on_drop: false }`
[INFO] running `Command { std: "docker" "exec" "-e" "SOURCE_DIR=/opt/rustwide/workdir" "-e" "CARGO_HOME=/opt/rustwide/cargo-home" "-e" "RUSTUP_HOME=/opt/rustwide/rustup-home" "-e" "CARGO_TARGET_DIR=/opt/rustwide/target" "-w" "/opt/rustwide/workdir" "--user" "0:0" "7b4c26ee9dc3d9e5670aa9256630937ac31a68ca0e7c19144257288cd6cf2197" "/opt/rustwide/cargo-home/bin/cargo" "+1.99.0-beta.8" "metadata" "--no-deps" "--format-version=1", kill_on_drop: false }`
[INFO] running `Command { std: "docker" "inspect" "7b4c26ee9dc3d9e5670aa9256630937ac31a68ca0e7c19144257288cd6cf2197", kill_on_drop: false }`
[INFO] running `Command { std: "docker" "exec" "-e" "SOURCE_DIR=/opt/rustwide/workdir" "-e" "CARGO_HOME=/opt/rustwide/cargo-home" "-e" "RUSTUP_HOME=/opt/rustwide/rustup-home" "-e" "CARGO_TARGET_DIR=/opt/rustwide/target" "-e" "CARGO_INCREMENTAL=0" "-e" "RUST_BACKTRACE=full" "-e" "RUSTFLAGS=--cap-lints=warn" "-e" "RUSTDOCFLAGS=--cap-lints=warn" "-w" "/opt/rustwide/workdir" "--user" "0:0" "7b4c26ee9dc3d9e5670aa9256630937ac31a68ca0e7c19144257288cd6cf2197" "/opt/rustwide/cargo-home/bin/cargo" "+1.99.0-beta.8" "build" "--frozen" "--message-format=json", kill_on_drop: false }`
[INFO] [stderr]    Compiling quote v1.0.46
[INFO] [stderr]    Compiling syn v1.0.109
[INFO] [stderr]    Compiling typenum v1.20.1
[INFO] [stderr]    Compiling simdutf8 v0.1.5
[INFO] [stderr]    Compiling bytecheck v0.6.12
[INFO] [stderr]    Compiling rend v0.4.2
[INFO] [stderr]    Compiling rustversion v1.0.22
[INFO] [stderr]    Compiling serde_core v1.0.228
[INFO] [stderr]    Compiling serde_json v1.0.150
[INFO] [stderr]    Compiling zeroize v1.9.0
[INFO] [stderr]    Compiling generic-array v0.14.7
[INFO] [stderr]    Compiling ahash v0.7.8
[INFO] [stderr]    Compiling rkyv v0.7.46
[INFO] [stderr]    Compiling cpufeatures v0.2.17
[INFO] [stderr]    Compiling getrandom v0.2.17
[INFO] [stderr]    Compiling opaque-debug v0.3.1
[INFO] [stderr]    Compiling seahash v4.1.0
[INFO] [stderr]    Compiling memchr v2.8.2
[INFO] [stderr]    Compiling rand_core v0.6.4
[INFO] [stderr]    Compiling tracing-core v0.1.36
[INFO] [stderr]    Compiling byteorder v1.5.0
[INFO] [stderr]    Compiling log v0.4.33
[INFO] [stderr]    Compiling hashbrown v0.12.3
[INFO] [stderr]    Compiling syn v2.0.118
[INFO] [stderr]    Compiling rapidhash v4.4.1
[INFO] [stderr]    Compiling metrics v0.24.6
[INFO] [stderr]    Compiling crypto-common v0.1.7
[INFO] [stderr]    Compiling inout v0.1.4
[INFO] [stderr]    Compiling universal-hash v0.5.1
[INFO] [stderr]    Compiling aead v0.5.2
[INFO] [stderr]    Compiling cipher v0.4.4
[INFO] [stderr]    Compiling poly1305 v0.8.0
[INFO] [stderr]    Compiling chacha20 v0.9.1
[INFO] [stderr]    Compiling chacha20poly1305 v0.10.1
[INFO] [stderr]    Compiling ptr_meta_derive v0.1.4
[INFO] [stderr]    Compiling bytecheck_derive v0.6.12
[INFO] [stderr]    Compiling rkyv_derive v0.7.46
[INFO] [stderr]    Compiling ptr_meta v0.1.4
[INFO] [stderr]    Compiling ptr_meta_derive v0.3.1
[INFO] [stderr]    Compiling thiserror-impl v2.0.18
[INFO] [stderr]    Compiling bytecheck_derive v0.8.2
[INFO] [stderr]    Compiling tracing-attributes v0.1.31
[INFO] [stderr]    Compiling ptr_meta v0.3.1
[INFO] [stderr]    Compiling rancor v0.1.1
[INFO] [stderr]    Compiling bytecheck v0.8.2
[INFO] [stderr]    Compiling thiserror v2.0.18
[INFO] [stderr]    Compiling tracing v0.1.44
[INFO] [stderr]    Compiling zamsync-core v1.3.3
[INFO] [stderr]    Compiling zamsync-storage v1.3.3 (/opt/rustwide/workdir)
[INFO] [stderr]     Finished `dev` profile [unoptimized + debuginfo] target(s) in 22.70s
[INFO] running `Command { std: "docker" "inspect" "7b4c26ee9dc3d9e5670aa9256630937ac31a68ca0e7c19144257288cd6cf2197", kill_on_drop: false }`
[INFO] running `Command { std: "docker" "exec" "-e" "SOURCE_DIR=/opt/rustwide/workdir" "-e" "CARGO_HOME=/opt/rustwide/cargo-home" "-e" "RUSTUP_HOME=/opt/rustwide/rustup-home" "-e" "CARGO_TARGET_DIR=/opt/rustwide/target" "-e" "CARGO_INCREMENTAL=0" "-e" "RUST_BACKTRACE=full" "-e" "RUSTFLAGS=--cap-lints=warn" "-e" "RUSTDOCFLAGS=--cap-lints=warn" "-w" "/opt/rustwide/workdir" "--user" "0:0" "7b4c26ee9dc3d9e5670aa9256630937ac31a68ca0e7c19144257288cd6cf2197" "/opt/rustwide/cargo-home/bin/cargo" "+1.99.0-beta.8" "test" "--frozen" "--no-run" "--message-format=json", kill_on_drop: false }`
[INFO] [stderr]    Compiling serde_json v1.0.150
[INFO] [stderr]    Compiling bitflags v2.13.0
[INFO] [stderr]    Compiling getrandom v0.4.3
[INFO] [stderr]    Compiling serde_derive v1.0.228
[INFO] [stderr]    Compiling fastrand v2.4.1
[INFO] [stderr]    Compiling rustix v1.1.4
[INFO] [stderr]    Compiling zamsync-core v1.3.3
[INFO] [stderr]    Compiling zamsync-storage v1.3.3 (/opt/rustwide/workdir)
[INFO] [stderr]    Compiling tempfile v3.27.0
[INFO] [stderr]    Compiling serde v1.0.228
[INFO] [stdout] error[E0432]: unresolved import `zamsync_testing`
[INFO] [stdout]  --> tests/enospc_test.rs:4:5
[INFO] [stdout]   |
[INFO] [stdout] 4 | use zamsync_testing::{InMemoryEventStore, InMemoryPeerStore};
[INFO] [stdout]   |     ^^^^^^^^^^^^^^^ use of unresolved module or unlinked crate `zamsync_testing`
[INFO] [stdout]   |
[INFO] [stdout]   = help: if you wanted to use a crate named `zamsync_testing`, use `cargo add zamsync_testing` to add it to your `Cargo.toml`
[INFO] [stdout] 
[INFO] [stdout] 
[INFO] [stdout] error[E0432]: unresolved import `zamsync_testing`
[INFO] [stdout]  --> tests/sync_test.rs:4:5
[INFO] [stdout]   |
[INFO] [stdout] 4 | use zamsync_testing::{run_direct_sync, InMemoryEventStore, InMemoryPeerStore};
[INFO] [stdout]   |     ^^^^^^^^^^^^^^^ use of unresolved module or unlinked crate `zamsync_testing`
[INFO] [stdout]   |
[INFO] [stdout]   = help: if you wanted to use a crate named `zamsync_testing`, use `cargo add zamsync_testing` to add it to your `Cargo.toml`
[INFO] [stdout] 
[INFO] [stdout] 
[INFO] [stdout] error[E0432]: unresolved import `zamsync_testing`
[INFO] [stdout]  --> tests/compaction_test.rs:5:5
[INFO] [stdout]   |
[INFO] [stdout] 5 | use zamsync_testing::run_direct_sync;
[INFO] [stdout]   |     ^^^^^^^^^^^^^^^ use of unresolved module or unlinked crate `zamsync_testing`
[INFO] [stdout]   |
[INFO] [stdout]   = help: if you wanted to use a crate named `zamsync_testing`, use `cargo add zamsync_testing` to add it to your `Cargo.toml`
[INFO] [stdout] 
[INFO] [stdout] 
[INFO] [stdout] error[E0432]: unresolved import `zamsync_testing`
[INFO] [stdout]  --> tests/convergence_test.rs:6:5
[INFO] [stdout]   |
[INFO] [stdout] 6 | use zamsync_testing::run_direct_sync;
[INFO] [stdout]   |     ^^^^^^^^^^^^^^^ use of unresolved module or unlinked crate `zamsync_testing`
[INFO] [stdout]   |
[INFO] [stdout]   = help: if you wanted to use a crate named `zamsync_testing`, use `cargo add zamsync_testing` to add it to your `Cargo.toml`
[INFO] [stdout] 
[INFO] [stdout] 
[INFO] [stdout] error[E0432]: unresolved import `zamsync_testing`
[INFO] [stdout]  --> tests/concurrent_test.rs:6:5
[INFO] [stdout]   |
[INFO] [stdout] 6 | use zamsync_testing::run_direct_sync;
[INFO] [stdout]   |     ^^^^^^^^^^^^^^^ use of unresolved module or unlinked crate `zamsync_testing`
[INFO] [stdout]   |
[INFO] [stdout]   = help: if you wanted to use a crate named `zamsync_testing`, use `cargo add zamsync_testing` to add it to your `Cargo.toml`
[INFO] [stdout] 
[INFO] [stdout] 
[INFO] [stdout] For more information about this error, try `rustc --explain E0432`.
[INFO] [stdout] 
[INFO] [stderr] error: could not compile `zamsync-storage` (test "compaction_test") due to 1 previous error
[INFO] [stderr] warning: build failed, waiting for other jobs to finish...
[INFO] [stdout] For more information about this error, try `rustc --explain E0432`.
[INFO] [stdout] 
[INFO] [stdout] For more information about this error, try `rustc --explain E0432`.
[INFO] [stdout] 
[INFO] [stderr] error: could not compile `zamsync-storage` (test "sync_test") due to 1 previous error
[INFO] [stdout] For more information about this error, try `rustc --explain E0432`.
[INFO] [stdout] 
[INFO] [stderr] error: could not compile `zamsync-storage` (test "convergence_test") due to 1 previous error
[INFO] [stdout] For more information about this error, try `rustc --explain E0432`.
[INFO] [stdout] 
[INFO] [stderr] error: could not compile `zamsync-storage` (test "concurrent_test") due to 1 previous error
[INFO] [stderr] error: could not compile `zamsync-storage` (test "enospc_test") due to 1 previous error
[INFO] running `Command { std: "docker" "inspect" "7b4c26ee9dc3d9e5670aa9256630937ac31a68ca0e7c19144257288cd6cf2197", kill_on_drop: false }`
[INFO] running `Command { std: "docker" "rm" "-f" "7b4c26ee9dc3d9e5670aa9256630937ac31a68ca0e7c19144257288cd6cf2197", kill_on_drop: false }`
[INFO] [stdout] 7b4c26ee9dc3d9e5670aa9256630937ac31a68ca0e7c19144257288cd6cf2197
