[INFO] fetching crate zakura-client-backend 0.1.0-rc7...
[INFO] testing zakura-client-backend-0.1.0-rc7 against 1.99.0-beta.8 for beta-1.100-2
[INFO] extracting crate zakura-client-backend 0.1.0-rc7 into /workspace/builds/worker-3-tc1/source
[INFO] started tweaking crates.io crate zakura-client-backend 0.1.0-rc7
[INFO] removed 0 missing examples
[INFO] removed 0 missing tests
[INFO] finished tweaking crates.io crate zakura-client-backend 0.1.0-rc7
[INFO] tweaked toml for crates.io crate zakura-client-backend 0.1.0-rc7 written to /workspace/builds/worker-3-tc1/source/Cargo.toml
[INFO] validating manifest of crates.io crate zakura-client-backend 0.1.0-rc7 on toolchain 1.99.0-beta.8
[INFO] running `Command { std: CARGO_HOME="/workspace/cargo-home" RUSTUP_HOME="/workspace/rustup-home" "/workspace/cargo-home/bin/cargo" "+1.99.0-beta.8" "metadata" "--manifest-path" "Cargo.toml" "--no-deps", kill_on_drop: false }`
[INFO] crate crates.io crate zakura-client-backend 0.1.0-rc7 already has a lockfile, it will not be regenerated
[INFO] running `Command { std: CARGO_HOME="/workspace/cargo-home" RUSTUP_HOME="/workspace/rustup-home" "/workspace/cargo-home/bin/cargo" "+1.99.0-beta.8" "fetch" "--manifest-path" "Cargo.toml", kill_on_drop: false }`
[INFO] [stderr]     Updating crates.io index
[INFO] [stderr]  Downloading crates ...
[INFO] [stderr]   Downloaded zakura-zip321 v2.0.0
[INFO] [stderr]   Downloaded zerocopy-derive v0.8.59
[INFO] [stderr]   Downloaded rand_xorshift v0.3.0
[INFO] [stderr]   Downloaded zakura-pairing v2.0.0
[INFO] [stderr]   Downloaded wagyu-zcash-parameters v0.2.0
[INFO] [stderr]   Downloaded zakura-pir-enhance-types v0.0.1-rc0
[INFO] [stderr]   Downloaded zakura-proofs v2.0.0
[INFO] [stderr]   Downloaded incrementalmerkletree-testing v0.3.0
[INFO] [stderr]   Downloaded zakura-bellman v2.0.0
[INFO] [stderr]   Downloaded zakura-pczt v0.1.0-rc4
[INFO] [stderr]   Downloaded proptest v1.6.0
[INFO] [stderr]   Downloaded zakura-keys v2.0.0
[INFO] [stderr]   Downloaded trait-variant v0.1.3
[INFO] [stderr]   Downloaded retry-error v0.8.0
[INFO] [stderr]   Downloaded zerocopy v0.8.59
[INFO] [stderr]   Downloaded bip0039 v0.12.0
[INFO] [stderr]   Downloaded tor-general-addr v0.35.0
[INFO] [stderr]   Downloaded tor-error v0.35.0
[INFO] [stderr]   Downloaded tor-rtcompat v0.35.0
[INFO] [stderr]   Downloaded futures-rustls v0.26.0
[INFO] [stderr]   Downloaded prost-types v0.14.4
[INFO] [stderr]   Downloaded enum-ordinalize v3.1.15
[INFO] [stderr]   Downloaded asynchronous-codec v0.7.0
[INFO] [stderr]   Downloaded async_executors v0.7.0
[INFO] [stderr]   Downloaded blanket v0.3.0
[INFO] [stderr]   Downloaded tonic-build v0.14.6
[INFO] [stderr]   Downloaded prost v0.14.4
[INFO] [stderr]   Downloaded prost-derive v0.14.4
[INFO] [stderr]   Downloaded coarsetime v0.1.38
[INFO] [stderr]   Downloaded tonic-prost-build v0.14.6
[INFO] [stderr]   Downloaded prost-build v0.14.4
[INFO] [stderr]   Downloaded wasix v0.13.2
[INFO] [stderr]   Downloaded pwd-grp v1.0.2
[INFO] [stderr]   Downloaded derive-deftly v1.3.0
[INFO] [stderr]   Downloaded shardtree v0.7.1
[INFO] [stderr]   Downloaded derive_builder_fork_arti v0.11.2
[INFO] [stderr]   Downloaded derive_builder_core_fork_arti v0.11.2
[INFO] [stderr]   Downloaded tor-protover v0.35.0
[INFO] [stderr]   Downloaded dynosaur v0.3.1
[INFO] [stderr]   Downloaded derive-deftly-macros v1.3.0
[INFO] [stderr]   Downloaded dynosaur_derive v0.3.1
[INFO] [stderr]   Downloaded tor-bytes v0.35.0
[INFO] [stderr]   Downloaded tor-memquota v0.35.0
[INFO] [stderr]   Downloaded fs-mistrust v0.12.0
[INFO] [stderr]   Downloaded arti-client v0.35.0
[INFO] [stderr]   Downloaded tor-llcrypto v0.35.0
[INFO] [stderr]   Downloaded tor-log-ratelim v0.35.0
[INFO] [stderr]   Downloaded tor-config v0.35.0
[INFO] [stderr]   Downloaded tor-basic-utils v0.35.0
[INFO] [stderr]   Downloaded derive_builder_macro_fork_arti v0.11.2
[INFO] [stderr]   Downloaded serde_ignored v0.1.14
[INFO] [stderr]   Downloaded inotify v0.11.5
[INFO] [stderr]   Downloaded inotify-sys v0.1.8
[INFO] [stderr]   Downloaded wagyu-zcash-parameters-6 v0.2.0
[INFO] [stderr]   Downloaded postage v0.5.0
[INFO] [stderr]   Downloaded kqueue v1.2.1
[INFO] [stderr]   Downloaded amplify v4.9.0
[INFO] [stderr]   Downloaded amplify_derive v4.0.1
[INFO] [stderr]   Downloaded oneshot-fused-workaround v0.4.0
[INFO] [stderr]   Downloaded amplify_syn v2.0.1
[INFO] [stderr]   Downloaded tor-async-utils v0.35.0
[INFO] [stderr]   Downloaded slotmap-careful v0.4.0
[INFO] [stderr]   Downloaded safelog v0.6.0
[INFO] [stderr]   Downloaded fluid-let v1.0.0
[INFO] [stderr]   Downloaded amplify_num v0.5.4
[INFO] [stderr]   Downloaded sysinfo v0.36.1
[INFO] [stderr]   Downloaded rdrand v0.8.3
[INFO] [stderr]   Downloaded rand_jitter v0.5.0
[INFO] [stderr]   Downloaded caret v0.7.0
[INFO] [stderr]   Downloaded cookie-factory v0.3.3
[INFO] [stderr]   Downloaded tor-rtmock v0.35.0
[INFO] [stderr]   Downloaded tracing-test v0.2.6
[INFO] [stderr]   Downloaded tracing-test-macro v0.2.6
[INFO] [stderr]   Downloaded priority-queue v2.7.0
[INFO] [stderr]   Downloaded tor-linkspec v0.35.0
[INFO] [stderr]   Downloaded tor-hscrypto v0.35.0
[INFO] [stderr]   Downloaded tor-key-forge v0.35.0
[INFO] [stderr]   Downloaded tor-checkable v0.35.0
[INFO] [stderr]   Downloaded tor-cert v0.35.0
[INFO] [stderr]   Downloaded tor-units v0.35.0
[INFO] [stderr]   Downloaded tor-proto v0.35.0
[INFO] [stderr]   Downloaded ssh-key v0.6.7
[INFO] [stderr]   Downloaded nonany v0.3.0
[INFO] [stderr]   Downloaded criterion-cycles-per-byte v0.7.0
[INFO] [stderr]   Downloaded criterion v0.7.0
[INFO] [stderr]   Downloaded tor-persist v0.35.0
[INFO] [stderr]   Downloaded sanitize-filename v0.6.0
[INFO] [stderr]   Downloaded tor-cell v0.35.0
[INFO] [stderr]   Downloaded criterion-plot v0.6.0
[INFO] [stderr]   Downloaded typed-index-collections v3.5.0
[INFO] [stderr]   Downloaded tor-netdir v0.35.0
[INFO] [stderr]   Downloaded tor-config-path v0.35.0
[INFO] [stderr]   Downloaded humantime-serde v1.1.1
[INFO] [stderr]   Downloaded tor-keymgr v0.35.0
[INFO] [stderr]   Downloaded tor-socksproto v0.35.0
[INFO] [stderr]   Downloaded tor-netdoc v0.35.0
[INFO] [stderr]   Downloaded tor-hsclient v0.35.0
[INFO] [stderr]   Downloaded tor-dirclient v0.35.0
[INFO] [stderr]   Downloaded tor-circmgr v0.35.0
[INFO] [stderr]   Downloaded tor-relay-selection v0.35.0
[INFO] [stderr]   Downloaded zstd v0.14.0
[INFO] [stderr]   Downloaded liblzma v0.4.8
[INFO] [stderr]   Downloaded zstd-safe v8.0.0
[INFO] [stderr]   Downloaded tor-dircommon v0.35.0
[INFO] [stderr]   Downloaded tor-chanmgr v0.35.0
[INFO] [stderr]   Downloaded tor-guardmgr v0.35.0
[INFO] [stderr]   Downloaded tor-consdiff v0.35.0
[INFO] [stderr]   Downloaded tor-dirmgr v0.35.0
[INFO] [stderr]   Downloaded hostname-validator v1.1.1
[INFO] [stderr]   Downloaded ambassador v0.4.2
[INFO] [stderr]   Downloaded liblzma-sys v0.4.9
[INFO] [stderr]   Downloaded wagyu-zcash-parameters-5 v0.2.0
[INFO] [stderr]   Downloaded wagyu-zcash-parameters-4 v0.2.0
[INFO] [stderr]   Downloaded wagyu-zcash-parameters-3 v0.2.0
[INFO] [stderr]   Downloaded wagyu-zcash-parameters-2 v0.2.0
[INFO] [stderr]   Downloaded wagyu-zcash-parameters-1 v0.2.0
[INFO] running `Command { std: "docker" "create" "-v" "/var/lib/crater-agent-workspace/builds/worker-3-tc1/source:/opt/rustwide/workdir:ro,Z" "-v" "/var/lib/crater-agent-workspace/builds/worker-3-tc1/target:/opt/rustwide/target:rw,Z" "-v" "/var/lib/crater-agent-workspace/cargo-home:/opt/rustwide/cargo-home:ro,Z" "-v" "/var/lib/crater-agent-workspace/rustup-home:/opt/rustwide/rustup-home:ro,Z" "-m" "1610612736" "--network" "none" "ghcr.io/rust-lang/crates-build-env/linux@sha256:3111399a4047eeb3a02b7a90e478d715f38a8c6669b5c4b49d30a17385265909" "sleep" "infinity", kill_on_drop: false }`
[INFO] [stdout] c7d859c87cf9a74413e992e3e1a937949cae3ab8fcaa141df89c04317bf0972c
[INFO] running `Command { std: "docker" "start" "c7d859c87cf9a74413e992e3e1a937949cae3ab8fcaa141df89c04317bf0972c", kill_on_drop: false }`
[INFO] running `Command { std: "docker" "inspect" "c7d859c87cf9a74413e992e3e1a937949cae3ab8fcaa141df89c04317bf0972c", kill_on_drop: false }`
[INFO] running `Command { std: "docker" "exec" "-e" "SOURCE_DIR=/opt/rustwide/workdir" "-e" "CARGO_HOME=/opt/rustwide/cargo-home" "-e" "RUSTUP_HOME=/opt/rustwide/rustup-home" "-e" "CARGO_TARGET_DIR=/opt/rustwide/target" "-w" "/opt/rustwide/workdir" "--user" "0:0" "c7d859c87cf9a74413e992e3e1a937949cae3ab8fcaa141df89c04317bf0972c" "/opt/rustwide/cargo-home/bin/cargo" "+1.99.0-beta.8" "metadata" "--no-deps" "--format-version=1", kill_on_drop: false }`
[INFO] running `Command { std: "docker" "inspect" "c7d859c87cf9a74413e992e3e1a937949cae3ab8fcaa141df89c04317bf0972c", kill_on_drop: false }`
[INFO] running `Command { std: "docker" "exec" "-e" "SOURCE_DIR=/opt/rustwide/workdir" "-e" "CARGO_HOME=/opt/rustwide/cargo-home" "-e" "RUSTUP_HOME=/opt/rustwide/rustup-home" "-e" "CARGO_TARGET_DIR=/opt/rustwide/target" "-e" "CARGO_INCREMENTAL=0" "-e" "RUST_BACKTRACE=full" "-e" "RUSTFLAGS=--cap-lints=warn" "-e" "RUSTDOCFLAGS=--cap-lints=warn" "-w" "/opt/rustwide/workdir" "--user" "0:0" "c7d859c87cf9a74413e992e3e1a937949cae3ab8fcaa141df89c04317bf0972c" "/opt/rustwide/cargo-home/bin/cargo" "+1.99.0-beta.8" "build" "--frozen" "--message-format=json", kill_on_drop: false }`
[INFO] [stderr]    Compiling constant_time_eq v0.4.2
[INFO] [stderr]    Compiling arrayvec v0.7.8
[INFO] [stderr]    Compiling memuse v0.2.2
[INFO] [stderr]    Compiling libc v0.2.189
[INFO] [stderr]    Compiling hex v0.4.3
[INFO] [stderr]    Compiling zakura-pasta-curves v2.0.0
[INFO] [stderr]    Compiling hybrid-array v0.2.3
[INFO] [stderr]    Compiling thiserror v2.0.21
[INFO] [stderr]    Compiling chacha20 v0.10.2
[INFO] [stderr]    Compiling syn v2.0.119
[INFO] [stderr]    Compiling generic-array v0.14.7
[INFO] [stderr]    Compiling syn v3.0.6
[INFO] [stderr]    Compiling corez v0.1.1
[INFO] [stderr]    Compiling ff v0.14.0
[INFO] [stderr]    Compiling num-traits v0.2.19
[INFO] [stderr]    Compiling cc v1.5.1
[INFO] [stderr]    Compiling anyhow v1.0.104
[INFO] [stderr]    Compiling blake2b_simd v1.0.5
[INFO] [stderr]    Compiling group v0.14.0
[INFO] [stderr]    Compiling itertools v0.14.0
[INFO] [stderr]    Compiling rand_core v0.6.4
[INFO] [stderr]    Compiling bech32 v0.11.1
[INFO] [stderr]    Compiling litrs v1.0.0
[INFO] [stderr]    Compiling nonempty v0.11.0
[INFO] [stderr]    Compiling zakura-pairing v2.0.0
[INFO] [stderr]    Compiling bytes v1.12.1
[INFO] [stderr]    Compiling prettyplease v0.2.37
[INFO] [stderr]    Compiling zakura-bls12-381 v2.0.0
[INFO] [stderr]    Compiling rustix v1.1.5
[INFO] [stderr]    Compiling getrandom v0.4.3
[INFO] [stderr]    Compiling zcash_encoding v0.4.0
[INFO] [stderr]    Compiling zcash_spec v0.2.1
[INFO] [stderr]    Compiling document-features v0.2.12
[INFO] [stderr]    Compiling linux-raw-sys v0.12.1
[INFO] [stderr]    Compiling regex-syntax v0.8.11
[INFO] [stderr]    Compiling block-buffer v0.11.0-rc.3
[INFO] [stderr]    Compiling crypto-common v0.1.7
[INFO] [stderr]    Compiling block-buffer v0.10.4
[INFO] [stderr]    Compiling inout v0.1.4
[INFO] [stderr]    Compiling crypto-common v0.2.0-rc.1
[INFO] [stderr]    Compiling digest v0.10.7
[INFO] [stderr]    Compiling universal-hash v0.5.1
[INFO] [stderr]    Compiling zakura-jubjub v2.0.0
[INFO] [stderr]    Compiling poly1305 v0.8.0
[INFO] [stderr]    Compiling sha2 v0.10.9
[INFO] [stderr]    Compiling aead v0.5.2
[INFO] [stderr]    Compiling bitflags v2.13.2
[INFO] [stderr]    Compiling num-integer v0.1.47
[INFO] [stderr]    Compiling foldhash v0.1.5
[INFO] [stderr]    Compiling indexmap v2.14.2
[INFO] [stderr]    Compiling bs58 v0.5.1
[INFO] [stderr]    Compiling rand v0.10.3
[INFO] [stderr]    Compiling hashbrown v0.15.5
[INFO] [stderr]    Compiling num-bigint v0.4.8
[INFO] [stderr]    Compiling zakura-protocol v2.0.0
[INFO] [stderr]    Compiling zip32 v0.2.1
[INFO] [stderr]    Compiling secp256k1-sys v0.10.1
[INFO] [stderr]    Compiling f4jumble v0.1.1
[INFO] [stderr]    Compiling incrementalmerkletree v0.8.2
[INFO] [stderr]    Compiling fixedbitset v0.5.7
[INFO] [stderr]    Compiling crossbeam-epoch v0.9.21
[INFO] [stderr]    Compiling fastrand v2.5.0
[INFO] [stderr]    Compiling digest v0.11.0-pre.9
[INFO] [stderr]    Compiling once_cell v1.21.4
[INFO] [stderr]    Compiling petgraph v0.8.3
[INFO] [stderr]    Compiling zakura-address v2.0.0
[INFO] [stderr]    Compiling sha2 v0.11.0-pre.4
[INFO] [stderr]    Compiling ripemd v0.2.0-pre.4
[INFO] [stderr]    Compiling regex-automata v0.4.18
[INFO] [stderr]    Compiling hmac v0.13.0-pre.4
[INFO] [stderr]    Compiling sha1 v0.10.7
[INFO] [stderr]    Compiling ripemd v0.1.3
[INFO] [stderr]    Compiling blake2s_simd v1.0.5
[INFO] [stderr]    Compiling maybe-rayon v0.1.1
[INFO] [stderr]    Compiling zakura-halo2-legacy-pdqsort v2.0.0
[INFO] [stderr]    Compiling crossbeam-deque v0.8.8
[INFO] [stderr]    Compiling thiserror-impl v2.0.21
[INFO] [stderr]    Compiling serde_derive v1.0.229
[INFO] [stderr]    Compiling multimap v0.10.1
[INFO] [stderr]    Compiling equihash v0.3.0
[INFO] [stderr]    Compiling which v8.0.6
[INFO] [stderr]    Compiling zakura-bellman v2.0.0
[INFO] [stderr]    Compiling getrandom v0.2.17
[INFO] [stderr]    Compiling tempfile v3.27.0
[INFO] [stderr]    Compiling nom v7.1.3
[INFO] [stderr]    Compiling rayon-core v1.13.0
[INFO] [stderr]    Compiling nanorand v0.7.0
[INFO] [stderr]    Compiling spin v0.9.9
[INFO] [stderr]    Compiling futures-core v0.3.34
[INFO] [stderr]    Compiling time v0.3.55
[INFO] [stderr]    Compiling zakura-pir-enhance-types v0.0.1-rc0
[INFO] [stderr]    Compiling flume v0.11.1
[INFO] [stderr]    Compiling rayon v1.12.0
[INFO] [stderr]    Compiling bounded-vec v0.9.0
[INFO] [stderr]    Compiling regex v1.13.1
[INFO] [stderr]    Compiling zakura-halo2-poseidon v2.0.0
[INFO] [stderr]    Compiling zakura-sinsemilla v2.0.0
[INFO] [stderr]    Compiling tonic-build v0.14.6
[INFO] [stderr]    Compiling zeroize_derive v1.5.0
[INFO] [stderr]    Compiling tracing-attributes v0.1.31
[INFO] [stderr]    Compiling prost-derive v0.14.4
[INFO] [stderr]    Compiling getset v0.1.7
[INFO] [stderr]    Compiling zeroize v1.9.0
[INFO] [stderr]    Compiling zakura-zip321 v2.0.0
[INFO] [stderr]    Compiling cipher v0.4.4
[INFO] [stderr]    Compiling secrecy v0.8.0
[INFO] [stderr]    Compiling serde v1.0.229
[INFO] [stderr]    Compiling chacha20 v0.9.1
[INFO] [stderr]    Compiling cbc v0.1.2
[INFO] [stderr]    Compiling aes v0.8.4
[INFO] [stderr]    Compiling fpe v0.6.1
[INFO] [stderr]    Compiling tracing v0.1.44
[INFO] [stderr]    Compiling chacha20poly1305 v0.10.1
[INFO] [stderr]    Compiling zcash_note_encryption v0.4.2
[INFO] [stderr]    Compiling secp256k1 v0.29.1
[INFO] [stderr]    Compiling zakura-halo2-proofs v2.0.0
[INFO] [stderr]    Compiling shardtree v0.7.1
[INFO] [stderr]    Compiling zakura-reddsa v2.0.0
[INFO] [stderr]    Compiling prost v0.14.4
[INFO] [stderr]    Compiling bip32 v0.6.0-pre.1
[INFO] [stderr]    Compiling prost-types v0.14.4
[INFO] [stderr]    Compiling zakura-redjubjub v2.0.0
[INFO] [stderr]    Compiling zcash_script v0.4.5
[INFO] [stderr]    Compiling zakura-sapling-crypto v2.0.0
[INFO] [stderr]    Compiling zakura-transparent v2.0.0
[INFO] [stderr]    Compiling prost-build v0.14.4
[INFO] [stderr]    Compiling zakura-keys v2.0.0
[INFO] [stderr]    Compiling tonic-prost-build v0.14.6
[INFO] [stderr]    Compiling zakura-client-backend v0.1.0-rc7 (/opt/rustwide/workdir)
[INFO] [stderr]    Compiling zakura-halo2-gadgets v2.0.0
[INFO] [stderr]    Compiling zakura-orchard v2.0.0
[INFO] [stderr]    Compiling zakura-primitives v2.0.0
[INFO] [stderr]     Finished `dev` profile [unoptimized + debuginfo] target(s) in 32.21s
[INFO] running `Command { std: "docker" "inspect" "c7d859c87cf9a74413e992e3e1a937949cae3ab8fcaa141df89c04317bf0972c", kill_on_drop: false }`
[INFO] running `Command { std: "docker" "exec" "-e" "SOURCE_DIR=/opt/rustwide/workdir" "-e" "CARGO_HOME=/opt/rustwide/cargo-home" "-e" "RUSTUP_HOME=/opt/rustwide/rustup-home" "-e" "CARGO_TARGET_DIR=/opt/rustwide/target" "-e" "CARGO_INCREMENTAL=0" "-e" "RUST_BACKTRACE=full" "-e" "RUSTFLAGS=--cap-lints=warn" "-e" "RUSTDOCFLAGS=--cap-lints=warn" "-w" "/opt/rustwide/workdir" "--user" "0:0" "c7d859c87cf9a74413e992e3e1a937949cae3ab8fcaa141df89c04317bf0972c" "/opt/rustwide/cargo-home/bin/cargo" "+1.99.0-beta.8" "test" "--frozen" "--no-run" "--message-format=json", kill_on_drop: false }`
[INFO] [stderr]    Compiling bitflags v2.13.2
[INFO] [stderr]    Compiling rustix v1.1.5
[INFO] [stderr]    Compiling fastrand v2.5.0
[INFO] [stderr]    Compiling zerocopy v0.8.59
[INFO] [stderr]    Compiling quick-error v1.2.3
[INFO] [stderr]    Compiling bit-vec v0.8.0
[INFO] [stderr]    Compiling unarray v0.1.4
[INFO] [stderr]    Compiling getrandom v0.4.3
[INFO] [stderr]    Compiling getrandom v0.2.17
[INFO] [stderr]    Compiling num-traits v0.2.19
[INFO] [stderr]    Compiling wait-timeout v0.2.1
[INFO] [stderr]    Compiling lazy_static v1.5.0
[INFO] [stderr]    Compiling thiserror-impl v2.0.21
[INFO] [stderr]    Compiling serde_derive v1.0.229
[INFO] [stderr]    Compiling which v8.0.6
[INFO] [stderr]    Compiling wagyu-zcash-parameters-5 v0.2.0
[INFO] [stderr]    Compiling wagyu-zcash-parameters-3 v0.2.0
[INFO] [stderr]    Compiling assert_matches v1.5.0
[INFO] [stderr]    Compiling wagyu-zcash-parameters-1 v0.2.0
[INFO] [stderr]    Compiling bit-set v0.8.0
[INFO] [stderr]    Compiling rand v0.10.3
[INFO] [stderr]    Compiling wagyu-zcash-parameters-6 v0.2.0
[INFO] [stderr]    Compiling rand_core v0.6.4
[INFO] [stderr]    Compiling nanorand v0.7.0
[INFO] [stderr]    Compiling wagyu-zcash-parameters-4 v0.2.0
[INFO] [stderr]    Compiling wagyu-zcash-parameters-2 v0.2.0
[INFO] [stderr]    Compiling gumdrop_derive v0.8.1
[INFO] [stderr]    Compiling tokio-macros v2.7.2
[INFO] [stderr]    Compiling itertools v0.10.5
[INFO] [stderr]    Compiling rand_xorshift v0.3.0
[INFO] [stderr]    Compiling zcash_note_encryption v0.4.2
[INFO] [stderr]    Compiling bip32 v0.6.0-pre.1
[INFO] [stderr]    Compiling flume v0.11.1
[INFO] [stderr]    Compiling wagyu-zcash-parameters v0.2.0
[INFO] [stderr]    Compiling zakura-pasta-curves v2.0.0
[INFO] [stderr]    Compiling tokio v1.53.1
[INFO] [stderr]    Compiling num-integer v0.1.47
[INFO] [stderr]    Compiling thiserror v2.0.21
[INFO] [stderr]    Compiling bounded-vec v0.9.0
[INFO] [stderr]    Compiling gumdrop v0.8.1
[INFO] [stderr]    Compiling zcash_script v0.4.5
[INFO] [stderr]    Compiling num-bigint v0.4.8
[INFO] [stderr]    Compiling ambassador v0.4.2
[INFO] [stderr]    Compiling tempfile v3.27.0
[INFO] [stderr]    Compiling serde v1.0.229
[INFO] [stderr]    Compiling prost-build v0.14.4
[INFO] [stderr]    Compiling rusty-fork v0.3.1
[INFO] [stderr]    Compiling fpe v0.6.1
[INFO] [stderr]    Compiling zakura-reddsa v2.0.0
[INFO] [stderr]    Compiling zakura-halo2-proofs v2.0.0
[INFO] [stderr]    Compiling zakura-sinsemilla v2.0.0
[INFO] [stderr]    Compiling zakura-halo2-poseidon v2.0.0
[INFO] [stderr]    Compiling tonic-prost-build v0.14.6
[INFO] [stderr]    Compiling zakura-redjubjub v2.0.0
[INFO] [stderr]    Compiling zakura-client-backend v0.1.0-rc7 (/opt/rustwide/workdir)
[INFO] [stderr]    Compiling ppv-lite86 v0.2.21
[INFO] [stderr]    Compiling rand_chacha v0.3.1
[INFO] [stderr]    Compiling rand v0.8.8
[INFO] [stderr]    Compiling proptest v1.6.0
[INFO] [stderr]    Compiling zakura-halo2-gadgets v2.0.0
[INFO] [stderr]    Compiling incrementalmerkletree v0.8.2
[INFO] [stderr]    Compiling incrementalmerkletree-testing v0.3.0
[INFO] [stderr]    Compiling zakura-sapling-crypto v2.0.0
[INFO] [stderr]    Compiling zakura-protocol v2.0.0
[INFO] [stderr]    Compiling shardtree v0.7.1
[INFO] [stderr]    Compiling zakura-address v2.0.0
[INFO] [stderr]    Compiling zakura-transparent v2.0.0
[INFO] [stderr]    Compiling zakura-zip321 v2.0.0
[INFO] [stderr]    Compiling zakura-keys v2.0.0
[INFO] [stderr]    Compiling zakura-orchard v2.0.0
[INFO] [stderr]    Compiling zakura-primitives v2.0.0
[INFO] [stderr]    Compiling zakura-proofs v2.0.0
[INFO] [stdout] error[E0432]: unresolved import `rand_08`
[INFO] [stdout]   --> src/data_api/testing.rs:17:5
[INFO] [stdout]    |
[INFO] [stdout] 17 | use rand_08::{CryptoRng as CryptoRng08, Rng as Rng08, RngCore as RngCore08, SeedableRng};
[INFO] [stdout]    |     ^^^^^^^ use of unresolved module or unlinked crate `rand_08`
[INFO] [stdout]    |
[INFO] [stdout]    = help: if you wanted to use a crate named `rand_08`, use `cargo add rand_08` to add it to your `Cargo.toml`
[INFO] [stdout] 
[INFO] [stdout] 
[INFO] [stdout] error[E0432]: unresolved import `rand_08`
[INFO] [stdout]   --> src/data_api/testing/pool.rs:13:5
[INFO] [stdout]    |
[INFO] [stdout] 13 | use rand_08::{Rng, RngCore};
[INFO] [stdout]    |     ^^^^^^^ use of unresolved module or unlinked crate `rand_08`
[INFO] [stdout]    |
[INFO] [stdout]    = help: if you wanted to use a crate named `rand_08`, use `cargo add rand_08` to add it to your `Cargo.toml`
[INFO] [stdout] 
[INFO] [stdout] 
[INFO] [stdout] error[E0433]: cannot find module or crate `rand_08` in this scope
[INFO] [stdout]    --> src/data_api/testing.rs:128:65
[INFO] [stdout]     |
[INFO] [stdout] 128 |     fn try_fill_bytes(&mut self, dest: &mut [u8]) -> Result<(), rand_08::Error> {
[INFO] [stdout]     |                                                                 ^^^^^^^ use of unresolved module or unlinked crate `rand_08`
[INFO] [stdout]     |
[INFO] [stdout]     = help: if you wanted to use a crate named `rand_08`, use `cargo add rand_08` to add it to your `Cargo.toml`
[INFO] [stdout] 
[INFO] [stdout] 
[INFO] [stdout] Some errors have detailed explanations: E0432, E0433.
[INFO] [stdout] 
[INFO] [stdout] For more information about an error, try `rustc --explain E0432`.
[INFO] [stdout] 
[INFO] [stderr] error: could not compile `zakura-client-backend` (lib test) due to 3 previous errors
[INFO] [stderr] warning: build failed, waiting for other jobs to finish...
[INFO] running `Command { std: "docker" "inspect" "c7d859c87cf9a74413e992e3e1a937949cae3ab8fcaa141df89c04317bf0972c", kill_on_drop: false }`
[INFO] running `Command { std: "docker" "rm" "-f" "c7d859c87cf9a74413e992e3e1a937949cae3ab8fcaa141df89c04317bf0972c", kill_on_drop: false }`
[INFO] [stdout] c7d859c87cf9a74413e992e3e1a937949cae3ab8fcaa141df89c04317bf0972c
