[INFO] fetching crate zai-rs 6.1.0...
[INFO] testing zai-rs-6.1.0 against 1.99.0-beta.8 for beta-1.100-2
[INFO] extracting crate zai-rs 6.1.0 into /workspace/builds/worker-7-tc1/source
[INFO] started tweaking crates.io crate zai-rs 6.1.0
[INFO] removed 0 missing examples
[INFO] removed 0 missing tests
[INFO] finished tweaking crates.io crate zai-rs 6.1.0
[INFO] tweaked toml for crates.io crate zai-rs 6.1.0 written to /workspace/builds/worker-7-tc1/source/Cargo.toml
[INFO] validating manifest of crates.io crate zai-rs 6.1.0 on toolchain 1.99.0-beta.8
[INFO] running `Command { std: CARGO_HOME="/workspace/cargo-home" RUSTUP_HOME="/workspace/rustup-home" "/workspace/cargo-home/bin/cargo" "+1.99.0-beta.8" "metadata" "--manifest-path" "Cargo.toml" "--no-deps", kill_on_drop: false }`
[INFO] crate crates.io crate zai-rs 6.1.0 already has a lockfile, it will not be regenerated
[INFO] running `Command { std: CARGO_HOME="/workspace/cargo-home" RUSTUP_HOME="/workspace/rustup-home" "/workspace/cargo-home/bin/cargo" "+1.99.0-beta.8" "fetch" "--manifest-path" "Cargo.toml", kill_on_drop: false }`
[INFO] [stderr]     Updating crates.io index
[INFO] [stderr]  Downloading crates ...
[INFO] [stderr]   Downloaded proc-macro-error-attr3 v3.0.2
[INFO] [stderr]   Downloaded tokio-tungstenite v0.29.0
[INFO] [stderr]   Downloaded proc-macro-error3 v3.0.2
[INFO] [stderr]   Downloaded uuid v1.23.3
[INFO] [stderr]   Downloaded validator_derive v0.20.1
[INFO] [stderr]   Downloaded tungstenite v0.29.0
[INFO] [stderr]   Downloaded stats_alloc v0.1.10
[INFO] [stderr]   Downloaded secrecy v0.10.3
[INFO] [stderr]   Downloaded sse-stream v0.2.4
[INFO] [stderr]   Downloaded cmov v0.5.4
[INFO] [stderr]   Downloaded rmcp v2.2.0
[INFO] [stderr]   Downloaded h2 v0.4.15
[INFO] [stderr]   Downloaded process-wrap v9.1.0
[INFO] [stderr]   Downloaded nix v0.31.3
[INFO] [stderr]   Downloaded num-cmp v0.1.0
[INFO] [stderr]   Downloaded uuid-simd v0.8.0
[INFO] [stderr]   Downloaded unicode-general-category v1.1.0
[INFO] [stderr]   Downloaded borrow-or-share v0.2.4
[INFO] [stderr]   Downloaded micromap v0.3.0
[INFO] [stderr]   Downloaded email_address v0.2.9
[INFO] [stderr]   Downloaded referencing v0.46.5
[INFO] [stderr]   Downloaded fluent-uri v0.4.1
[INFO] [stderr]   Downloaded jsonschema v0.46.5
[INFO] [stderr]   Downloaded fancy-regex v0.18.0
[INFO] [stderr]   Downloaded fraction v0.15.4
[INFO] [stderr]   Downloaded clap v4.6.4
[INFO] running `Command { std: "docker" "create" "-v" "/var/lib/crater-agent-workspace/builds/worker-7-tc1/source:/opt/rustwide/workdir:ro,Z" "-v" "/var/lib/crater-agent-workspace/builds/worker-7-tc1/target:/opt/rustwide/target:rw,Z" "-v" "/var/lib/crater-agent-workspace/cargo-home:/opt/rustwide/cargo-home:ro,Z" "-v" "/var/lib/crater-agent-workspace/rustup-home:/opt/rustwide/rustup-home:ro,Z" "-m" "1610612736" "--network" "none" "ghcr.io/rust-lang/crates-build-env/linux@sha256:3111399a4047eeb3a02b7a90e478d715f38a8c6669b5c4b49d30a17385265909" "sleep" "infinity", kill_on_drop: false }`
[INFO] [stdout] a0c51b930c45b0e20ca307861fed96a47be4844347608d34ea254561618167a0
[INFO] running `Command { std: "docker" "start" "a0c51b930c45b0e20ca307861fed96a47be4844347608d34ea254561618167a0", kill_on_drop: false }`
[INFO] running `Command { std: "docker" "inspect" "a0c51b930c45b0e20ca307861fed96a47be4844347608d34ea254561618167a0", kill_on_drop: false }`
[INFO] running `Command { std: "docker" "exec" "-e" "SOURCE_DIR=/opt/rustwide/workdir" "-e" "CARGO_HOME=/opt/rustwide/cargo-home" "-e" "RUSTUP_HOME=/opt/rustwide/rustup-home" "-e" "CARGO_TARGET_DIR=/opt/rustwide/target" "-w" "/opt/rustwide/workdir" "--user" "0:0" "a0c51b930c45b0e20ca307861fed96a47be4844347608d34ea254561618167a0" "/opt/rustwide/cargo-home/bin/cargo" "+1.99.0-beta.8" "metadata" "--no-deps" "--format-version=1", kill_on_drop: false }`
[INFO] running `Command { std: "docker" "inspect" "a0c51b930c45b0e20ca307861fed96a47be4844347608d34ea254561618167a0", kill_on_drop: false }`
[INFO] running `Command { std: "docker" "exec" "-e" "SOURCE_DIR=/opt/rustwide/workdir" "-e" "CARGO_HOME=/opt/rustwide/cargo-home" "-e" "RUSTUP_HOME=/opt/rustwide/rustup-home" "-e" "CARGO_TARGET_DIR=/opt/rustwide/target" "-e" "CARGO_INCREMENTAL=0" "-e" "RUST_BACKTRACE=full" "-e" "RUSTFLAGS=--cap-lints=warn" "-e" "RUSTDOCFLAGS=--cap-lints=warn" "-w" "/opt/rustwide/workdir" "--user" "0:0" "a0c51b930c45b0e20ca307861fed96a47be4844347608d34ea254561618167a0" "/opt/rustwide/cargo-home/bin/cargo" "+1.99.0-beta.8" "build" "--frozen" "--message-format=json", kill_on_drop: false }`
[INFO] [stderr]    Compiling aws-lc-rs v1.17.0
[INFO] [stderr]    Compiling memchr v2.8.2
[INFO] [stderr]    Compiling simd-adler32 v0.3.9
[INFO] [stderr]    Compiling rustls v0.23.41
[INFO] [stderr]    Compiling ident_case v1.0.1
[INFO] [stderr]    Compiling cc v1.2.65
[INFO] [stderr]    Compiling futures-macro v0.3.32
[INFO] [stderr]    Compiling strsim v0.11.1
[INFO] [stderr]    Compiling tokio v1.52.3
[INFO] [stderr]    Compiling form_urlencoded v1.2.2
[INFO] [stderr]    Compiling compression-core v0.4.32
[INFO] [stderr]    Compiling unicase v2.9.0
[INFO] [stderr]    Compiling proc-macro-error-attr3 v3.0.2
[INFO] [stderr]    Compiling icu_locale_core v2.1.1
[INFO] [stderr]    Compiling icu_collections v2.1.1
[INFO] [stderr]    Compiling serde_json v1.0.150
[INFO] [stderr]    Compiling rustls-native-certs v0.8.4
[INFO] [stderr]    Compiling parking_lot_core v0.9.12
[INFO] [stderr]    Compiling miniz_oxide v0.8.9
[INFO] [stderr]    Compiling darling_core v0.23.0
[INFO] [stderr]    Compiling hashbrown v0.14.5
[INFO] [stderr]    Compiling tempfile v3.27.0
[INFO] [stderr]    Compiling secrecy v0.10.3
[INFO] [stderr]    Compiling mime_guess v2.0.5
[INFO] [stderr]    Compiling aho-corasick v1.1.4
[INFO] [stderr]    Compiling proc-macro-error3 v3.0.2
[INFO] [stderr]    Compiling flate2 v1.1.9
[INFO] [stderr]    Compiling dashmap v6.2.1
[INFO] [stderr]    Compiling icu_provider v2.1.1
[INFO] [stderr]    Compiling compression-codecs v0.4.38
[INFO] [stderr]    Compiling futures-util v0.3.32
[INFO] [stderr]    Compiling cmake v0.1.58
[INFO] [stderr]    Compiling icu_normalizer v2.1.1
[INFO] [stderr]    Compiling icu_properties v2.1.2
[INFO] [stderr]    Compiling regex-automata v0.4.14
[INFO] [stderr]    Compiling aws-lc-sys v0.41.0
[INFO] [stderr]    Compiling idna_adapter v1.2.1
[INFO] [stderr]    Compiling idna v1.1.0
[INFO] [stderr]    Compiling darling_macro v0.23.0
[INFO] [stderr]    Compiling url v2.5.8
[INFO] [stderr]    Compiling darling v0.23.0
[INFO] [stderr]    Compiling validator_derive v0.20.1
[INFO] [stderr]    Compiling regex v1.12.4
[INFO] [stderr]    Compiling validator v0.20.0
[INFO] [stderr]    Compiling tokio-util v0.7.18
[INFO] [stderr]    Compiling tower v0.5.3
[INFO] [stderr]    Compiling async-compression v0.4.42
[INFO] [stderr]    Compiling h2 v0.4.15
[INFO] [stderr]    Compiling tower-http v0.6.11
[INFO] [stderr]    Compiling hyper v1.10.1
[INFO] [stderr]    Compiling hyper-util v0.1.20
[INFO] [stderr]    Compiling rustls-webpki v0.103.13
[INFO] [stderr]    Compiling tokio-rustls v0.26.4
[INFO] [stderr]    Compiling rustls-platform-verifier v0.7.0
[INFO] [stderr]    Compiling hyper-rustls v0.27.9
[INFO] [stderr]    Compiling reqwest v0.13.4
[INFO] [stderr]    Compiling zai-rs v6.1.0 (/opt/rustwide/workdir)
[INFO] [stderr]     Finished `dev` profile [unoptimized + debuginfo] target(s) in 37.67s
[INFO] running `Command { std: "docker" "inspect" "a0c51b930c45b0e20ca307861fed96a47be4844347608d34ea254561618167a0", kill_on_drop: false }`
[INFO] running `Command { std: "docker" "exec" "-e" "SOURCE_DIR=/opt/rustwide/workdir" "-e" "CARGO_HOME=/opt/rustwide/cargo-home" "-e" "RUSTUP_HOME=/opt/rustwide/rustup-home" "-e" "CARGO_TARGET_DIR=/opt/rustwide/target" "-e" "CARGO_INCREMENTAL=0" "-e" "RUST_BACKTRACE=full" "-e" "RUSTFLAGS=--cap-lints=warn" "-e" "RUSTDOCFLAGS=--cap-lints=warn" "-w" "/opt/rustwide/workdir" "--user" "0:0" "a0c51b930c45b0e20ca307861fed96a47be4844347608d34ea254561618167a0" "/opt/rustwide/cargo-home/bin/cargo" "+1.99.0-beta.8" "test" "--frozen" "--no-run" "--message-format=json", kill_on_drop: false }`
[INFO] [stderr]    Compiling tokio v1.52.3
[INFO] [stderr]    Compiling zerocopy v0.8.52
[INFO] [stderr]    Compiling zerocopy-derive v0.8.52
[INFO] [stderr]    Compiling tracing-core v0.1.36
[INFO] [stderr]    Compiling getrandom v0.3.4
[INFO] [stderr]    Compiling log v0.4.33
[INFO] [stderr]    Compiling num-traits v0.2.19
[INFO] [stderr]    Compiling regex-automata v0.4.14
[INFO] [stderr]    Compiling serde v1.0.228
[INFO] [stderr]    Compiling serde_json v1.0.150
[INFO] [stderr]    Compiling alloca v0.4.0
[INFO] [stderr]    Compiling either v1.16.0
[INFO] [stderr]    Compiling clap_builder v4.6.2
[INFO] [stderr]    Compiling sha1 v0.10.6
[INFO] [stderr]    Compiling wait-timeout v0.2.1
[INFO] [stderr]    Compiling quick-error v1.2.3
[INFO] [stderr]    Compiling rand_core v0.9.5
[INFO] [stderr]    Compiling bit-vec v0.8.0
[INFO] [stderr]    Compiling rustls-platform-verifier v0.7.0
[INFO] [stderr]    Compiling cast v0.3.0
[INFO] [stderr]    Compiling itertools v0.13.0
[INFO] [stderr]    Compiling data-encoding v2.11.0
[INFO] [stderr]    Compiling sharded-slab v0.1.7
[INFO] [stderr]    Compiling bit-set v0.8.0
[INFO] [stderr]    Compiling rand_xorshift v0.4.0
[INFO] [stderr]    Compiling rusty-fork v0.3.1
[INFO] [stderr]    Compiling thread_local v1.1.9
[INFO] [stderr]    Compiling tracing v0.1.44
[INFO] [stderr]    Compiling tracing-log v0.2.0
[INFO] [stderr]    Compiling page_size v0.6.0
[INFO] [stderr]    Compiling unarray v0.1.4
[INFO] [stderr]    Compiling nu-ansi-term v0.50.3
[INFO] [stderr]    Compiling oorandom v11.1.5
[INFO] [stderr]    Compiling anes v0.1.6
[INFO] [stderr]    Compiling stats_alloc v0.1.10
[INFO] [stderr]    Compiling tinytemplate v1.2.1
[INFO] [stderr]    Compiling chrono v0.4.45
[INFO] [stderr]    Compiling criterion-plot v0.8.2
[INFO] [stderr]    Compiling clap v4.6.4
[INFO] [stderr]    Compiling regex v1.12.4
[INFO] [stderr]    Compiling matchers v0.2.0
[INFO] [stderr]    Compiling tracing-subscriber v0.3.23
[INFO] [stderr]    Compiling validator v0.20.0
[INFO] [stderr]    Compiling tokio-util v0.7.18
[INFO] [stderr]    Compiling tokio-rustls v0.26.4
[INFO] [stderr]    Compiling tower v0.5.3
[INFO] [stderr]    Compiling async-compression v0.4.42
[INFO] [stderr]    Compiling h2 v0.4.15
[INFO] [stderr]    Compiling tower-http v0.6.11
[INFO] [stderr]    Compiling ppv-lite86 v0.2.21
[INFO] [stderr]    Compiling half v2.7.1
[INFO] [stderr]    Compiling ciborium-ll v0.2.2
[INFO] [stderr]    Compiling rand_chacha v0.9.0
[INFO] [stderr]    Compiling ciborium v0.2.2
[INFO] [stderr]    Compiling rand v0.9.4
[INFO] [stderr]    Compiling criterion v0.8.2
[INFO] [stderr]    Compiling tungstenite v0.29.0
[INFO] [stderr]    Compiling proptest v1.11.0
[INFO] [stderr]    Compiling hyper v1.10.1
[INFO] [stderr]    Compiling tokio-tungstenite v0.29.0
[INFO] [stderr]    Compiling hyper-util v0.1.20
[INFO] [stderr]    Compiling hyper-rustls v0.27.9
[INFO] [stderr]    Compiling reqwest v0.13.4
[INFO] [stderr]    Compiling zai-rs v6.1.0 (/opt/rustwide/workdir)
[INFO] [stderr] error: could not compile `zai-rs` (lib test)
[INFO] [stderr] 
[INFO] [stderr] Caused by:
[INFO] [stderr]   process didn't exit successfully: `/opt/rustwide/rustup-home/toolchains/1.99.0-beta.8-x86_64-unknown-linux-gnu/bin/rustc --crate-name zai_rs --edition=2024 src/lib.rs --error-format=json --json=diagnostic-rendered-ansi,artifacts,future-incompat --emit=dep-info,link -C embed-bitcode=no -C debuginfo=2 --deny=unsafe_code '--deny=clippy::all' --test --cfg 'feature="default"' --check-cfg 'cfg(docsrs,test)' --check-cfg 'cfg(feature, values("default", "mcp", "realtime", "rmcp-kits", "toolkits"))' -C metadata=6dde3e28b6118e35 -C extra-filename=-5384d32d03b52792 --out-dir /opt/rustwide/target/debug/deps -L dependency=/opt/rustwide/target/debug/deps --extern async_trait=/opt/rustwide/target/debug/deps/libasync_trait-d0fdf3f5e7d055ea.so --extern base64=/opt/rustwide/target/debug/deps/libbase64-32787b0325ea6df8.rlib --extern bytes=/opt/rustwide/target/debug/deps/libbytes-8d3fe75014eb498b.rlib --extern chrono=/opt/rustwide/target/debug/deps/libchrono-792a649afad2fcc1.rlib --extern criterion=/opt/rustwide/target/debug/deps/libcriterion-da8cab5e8ea837de.rlib --extern dashmap=/opt/rustwide/target/debug/deps/libdashmap-50f3af272fc2761d.rlib --extern fastrand=/opt/rustwide/target/debug/deps/libfastrand-8c711c36072d5b5b.rlib --extern futures_util=/opt/rustwide/target/debug/deps/libfutures_util-719f2e3fabfcab95.rlib --extern http_body_util=/opt/rustwide/target/debug/deps/libhttp_body_util-e36a9964dc5d0ba7.rlib --extern hyper=/opt/rustwide/target/debug/deps/libhyper-e3c0c5b073e8a694.rlib --extern hyper_util=/opt/rustwide/target/debug/deps/libhyper_util-d934a7dd4ca6f980.rlib --extern proptest=/opt/rustwide/target/debug/deps/libproptest-212328470b6b329a.rlib --extern regex=/opt/rustwide/target/debug/deps/libregex-487d8fadc448fad7.rlib --extern reqwest=/opt/rustwide/target/debug/deps/libreqwest-4511778304974f07.rlib --extern secrecy=/opt/rustwide/target/debug/deps/libsecrecy-79c8e6ce9f21dea1.rlib --extern serde=/opt/rustwide/target/debug/deps/libserde-83d36eee52c1f091.rlib --extern serde_json=/opt/rustwide/target/debug/deps/libserde_json-99114fd1b17b0494.rlib --extern stats_alloc=/opt/rustwide/target/debug/deps/libstats_alloc-fa37a7ed8455acb8.rlib --extern tempfile=/opt/rustwide/target/debug/deps/libtempfile-7097dee7cd462fc8.rlib --extern thiserror=/opt/rustwide/target/debug/deps/libthiserror-c87dffb594157b3e.rlib --extern tokio=/opt/rustwide/target/debug/deps/libtokio-13dd53feefb6e105.rlib --extern tokio_tungstenite=/opt/rustwide/target/debug/deps/libtokio_tungstenite-42c40ba54d9b150c.rlib --extern tokio_util=/opt/rustwide/target/debug/deps/libtokio_util-3ee38e6a5cbf91c9.rlib --extern tracing=/opt/rustwide/target/debug/deps/libtracing-f3d921f4cccf3d0d.rlib --extern tracing_subscriber=/opt/rustwide/target/debug/deps/libtracing_subscriber-b609c65bc2bff970.rlib --extern url=/opt/rustwide/target/debug/deps/liburl-f42fbf30b4841aac.rlib --extern validator=/opt/rustwide/target/debug/deps/libvalidator-f07d5b185a7d7938.rlib --cap-lints=warn -L native=/opt/rustwide/target/debug/build/alloca-a7055e67688701f3/out -L native=/opt/rustwide/target/debug/build/aws-lc-sys-45049d06e52acd93/out` (signal: 9, SIGKILL: kill)
[INFO] [stderr] warning: build failed, waiting for other jobs to finish...
[INFO] [stderr] error: could not compile `zai-rs` (test "zrag_retrieve")
[INFO] [stderr] 
[INFO] [stderr] Caused by:
[INFO] [stderr]   process didn't exit successfully: `/opt/rustwide/rustup-home/toolchains/1.99.0-beta.8-x86_64-unknown-linux-gnu/bin/rustc --crate-name zrag_retrieve --edition=2024 tests/zrag_retrieve.rs --error-format=json --json=diagnostic-rendered-ansi,artifacts,future-incompat --emit=dep-info,link -C embed-bitcode=no -C debuginfo=2 --deny=unsafe_code '--deny=clippy::all' --test --cfg 'feature="default"' --check-cfg 'cfg(docsrs,test)' --check-cfg 'cfg(feature, values("default", "mcp", "realtime", "rmcp-kits", "toolkits"))' -C metadata=1a7ccef003e83dd8 -C extra-filename=-0bfb3a1a945d10c9 --out-dir /opt/rustwide/target/debug/deps -L dependency=/opt/rustwide/target/debug/deps --extern async_trait=/opt/rustwide/target/debug/deps/libasync_trait-d0fdf3f5e7d055ea.so --extern base64=/opt/rustwide/target/debug/deps/libbase64-32787b0325ea6df8.rlib --extern bytes=/opt/rustwide/target/debug/deps/libbytes-8d3fe75014eb498b.rlib --extern chrono=/opt/rustwide/target/debug/deps/libchrono-792a649afad2fcc1.rlib --extern criterion=/opt/rustwide/target/debug/deps/libcriterion-da8cab5e8ea837de.rlib --extern dashmap=/opt/rustwide/target/debug/deps/libdashmap-50f3af272fc2761d.rlib --extern fastrand=/opt/rustwide/target/debug/deps/libfastrand-8c711c36072d5b5b.rlib --extern futures_util=/opt/rustwide/target/debug/deps/libfutures_util-719f2e3fabfcab95.rlib --extern http_body_util=/opt/rustwide/target/debug/deps/libhttp_body_util-e36a9964dc5d0ba7.rlib --extern hyper=/opt/rustwide/target/debug/deps/libhyper-e3c0c5b073e8a694.rlib --extern hyper_util=/opt/rustwide/target/debug/deps/libhyper_util-d934a7dd4ca6f980.rlib --extern proptest=/opt/rustwide/target/debug/deps/libproptest-212328470b6b329a.rlib --extern regex=/opt/rustwide/target/debug/deps/libregex-487d8fadc448fad7.rlib --extern reqwest=/opt/rustwide/target/debug/deps/libreqwest-4511778304974f07.rlib --extern secrecy=/opt/rustwide/target/debug/deps/libsecrecy-79c8e6ce9f21dea1.rlib --extern serde=/opt/rustwide/target/debug/deps/libserde-83d36eee52c1f091.rlib --extern serde_json=/opt/rustwide/target/debug/deps/libserde_json-99114fd1b17b0494.rlib --extern stats_alloc=/opt/rustwide/target/debug/deps/libstats_alloc-fa37a7ed8455acb8.rlib --extern tempfile=/opt/rustwide/target/debug/deps/libtempfile-7097dee7cd462fc8.rlib --extern thiserror=/opt/rustwide/target/debug/deps/libthiserror-c87dffb594157b3e.rlib --extern tokio=/opt/rustwide/target/debug/deps/libtokio-13dd53feefb6e105.rlib --extern tokio_tungstenite=/opt/rustwide/target/debug/deps/libtokio_tungstenite-42c40ba54d9b150c.rlib --extern tokio_util=/opt/rustwide/target/debug/deps/libtokio_util-3ee38e6a5cbf91c9.rlib --extern tracing=/opt/rustwide/target/debug/deps/libtracing-f3d921f4cccf3d0d.rlib --extern tracing_subscriber=/opt/rustwide/target/debug/deps/libtracing_subscriber-b609c65bc2bff970.rlib --extern url=/opt/rustwide/target/debug/deps/liburl-f42fbf30b4841aac.rlib --extern validator=/opt/rustwide/target/debug/deps/libvalidator-f07d5b185a7d7938.rlib --extern zai_rs=/opt/rustwide/target/debug/deps/libzai_rs-ee64dfb8c7d0761b.rlib --cap-lints=warn -L native=/opt/rustwide/target/debug/build/alloca-a7055e67688701f3/out -L native=/opt/rustwide/target/debug/build/aws-lc-sys-45049d06e52acd93/out` (signal: 9, SIGKILL: kill)
[INFO] [stderr] error: could not compile `zai-rs` (test "transport_redirect_deadline")
[INFO] [stderr] 
[INFO] [stderr] Caused by:
[INFO] [stderr]   process didn't exit successfully: `/opt/rustwide/rustup-home/toolchains/1.99.0-beta.8-x86_64-unknown-linux-gnu/bin/rustc --crate-name transport_redirect_deadline --edition=2024 tests/transport_redirect_deadline.rs --error-format=json --json=diagnostic-rendered-ansi,artifacts,future-incompat --emit=dep-info,link -C embed-bitcode=no -C debuginfo=2 --deny=unsafe_code '--deny=clippy::all' --test --cfg 'feature="default"' --check-cfg 'cfg(docsrs,test)' --check-cfg 'cfg(feature, values("default", "mcp", "realtime", "rmcp-kits", "toolkits"))' -C metadata=a084606f67096b3c -C extra-filename=-4f323e50ec549ebd --out-dir /opt/rustwide/target/debug/deps -L dependency=/opt/rustwide/target/debug/deps --extern async_trait=/opt/rustwide/target/debug/deps/libasync_trait-d0fdf3f5e7d055ea.so --extern base64=/opt/rustwide/target/debug/deps/libbase64-32787b0325ea6df8.rlib --extern bytes=/opt/rustwide/target/debug/deps/libbytes-8d3fe75014eb498b.rlib --extern chrono=/opt/rustwide/target/debug/deps/libchrono-792a649afad2fcc1.rlib --extern criterion=/opt/rustwide/target/debug/deps/libcriterion-da8cab5e8ea837de.rlib --extern dashmap=/opt/rustwide/target/debug/deps/libdashmap-50f3af272fc2761d.rlib --extern fastrand=/opt/rustwide/target/debug/deps/libfastrand-8c711c36072d5b5b.rlib --extern futures_util=/opt/rustwide/target/debug/deps/libfutures_util-719f2e3fabfcab95.rlib --extern http_body_util=/opt/rustwide/target/debug/deps/libhttp_body_util-e36a9964dc5d0ba7.rlib --extern hyper=/opt/rustwide/target/debug/deps/libhyper-e3c0c5b073e8a694.rlib --extern hyper_util=/opt/rustwide/target/debug/deps/libhyper_util-d934a7dd4ca6f980.rlib --extern proptest=/opt/rustwide/target/debug/deps/libproptest-212328470b6b329a.rlib --extern regex=/opt/rustwide/target/debug/deps/libregex-487d8fadc448fad7.rlib --extern reqwest=/opt/rustwide/target/debug/deps/libreqwest-4511778304974f07.rlib --extern secrecy=/opt/rustwide/target/debug/deps/libsecrecy-79c8e6ce9f21dea1.rlib --extern serde=/opt/rustwide/target/debug/deps/libserde-83d36eee52c1f091.rlib --extern serde_json=/opt/rustwide/target/debug/deps/libserde_json-99114fd1b17b0494.rlib --extern stats_alloc=/opt/rustwide/target/debug/deps/libstats_alloc-fa37a7ed8455acb8.rlib --extern tempfile=/opt/rustwide/target/debug/deps/libtempfile-7097dee7cd462fc8.rlib --extern thiserror=/opt/rustwide/target/debug/deps/libthiserror-c87dffb594157b3e.rlib --extern tokio=/opt/rustwide/target/debug/deps/libtokio-13dd53feefb6e105.rlib --extern tokio_tungstenite=/opt/rustwide/target/debug/deps/libtokio_tungstenite-42c40ba54d9b150c.rlib --extern tokio_util=/opt/rustwide/target/debug/deps/libtokio_util-3ee38e6a5cbf91c9.rlib --extern tracing=/opt/rustwide/target/debug/deps/libtracing-f3d921f4cccf3d0d.rlib --extern tracing_subscriber=/opt/rustwide/target/debug/deps/libtracing_subscriber-b609c65bc2bff970.rlib --extern url=/opt/rustwide/target/debug/deps/liburl-f42fbf30b4841aac.rlib --extern validator=/opt/rustwide/target/debug/deps/libvalidator-f07d5b185a7d7938.rlib --extern zai_rs=/opt/rustwide/target/debug/deps/libzai_rs-ee64dfb8c7d0761b.rlib --cap-lints=warn -L native=/opt/rustwide/target/debug/build/alloca-a7055e67688701f3/out -L native=/opt/rustwide/target/debug/build/aws-lc-sys-45049d06e52acd93/out` (signal: 9, SIGKILL: kill)
[INFO] [stderr] error: could not compile `zai-rs` (test "http_stream_lease")
[INFO] [stderr] 
[INFO] [stderr] Caused by:
[INFO] [stderr]   process didn't exit successfully: `/opt/rustwide/rustup-home/toolchains/1.99.0-beta.8-x86_64-unknown-linux-gnu/bin/rustc --crate-name http_stream_lease --edition=2024 tests/http_stream_lease.rs --error-format=json --json=diagnostic-rendered-ansi,artifacts,future-incompat --emit=dep-info,link -C embed-bitcode=no -C debuginfo=2 --deny=unsafe_code '--deny=clippy::all' --test --cfg 'feature="default"' --check-cfg 'cfg(docsrs,test)' --check-cfg 'cfg(feature, values("default", "mcp", "realtime", "rmcp-kits", "toolkits"))' -C metadata=a2aeb81619a1e257 -C extra-filename=-490bebfc9c318e77 --out-dir /opt/rustwide/target/debug/deps -L dependency=/opt/rustwide/target/debug/deps --extern async_trait=/opt/rustwide/target/debug/deps/libasync_trait-d0fdf3f5e7d055ea.so --extern base64=/opt/rustwide/target/debug/deps/libbase64-32787b0325ea6df8.rlib --extern bytes=/opt/rustwide/target/debug/deps/libbytes-8d3fe75014eb498b.rlib --extern chrono=/opt/rustwide/target/debug/deps/libchrono-792a649afad2fcc1.rlib --extern criterion=/opt/rustwide/target/debug/deps/libcriterion-da8cab5e8ea837de.rlib --extern dashmap=/opt/rustwide/target/debug/deps/libdashmap-50f3af272fc2761d.rlib --extern fastrand=/opt/rustwide/target/debug/deps/libfastrand-8c711c36072d5b5b.rlib --extern futures_util=/opt/rustwide/target/debug/deps/libfutures_util-719f2e3fabfcab95.rlib --extern http_body_util=/opt/rustwide/target/debug/deps/libhttp_body_util-e36a9964dc5d0ba7.rlib --extern hyper=/opt/rustwide/target/debug/deps/libhyper-e3c0c5b073e8a694.rlib --extern hyper_util=/opt/rustwide/target/debug/deps/libhyper_util-d934a7dd4ca6f980.rlib --extern proptest=/opt/rustwide/target/debug/deps/libproptest-212328470b6b329a.rlib --extern regex=/opt/rustwide/target/debug/deps/libregex-487d8fadc448fad7.rlib --extern reqwest=/opt/rustwide/target/debug/deps/libreqwest-4511778304974f07.rlib --extern secrecy=/opt/rustwide/target/debug/deps/libsecrecy-79c8e6ce9f21dea1.rlib --extern serde=/opt/rustwide/target/debug/deps/libserde-83d36eee52c1f091.rlib --extern serde_json=/opt/rustwide/target/debug/deps/libserde_json-99114fd1b17b0494.rlib --extern stats_alloc=/opt/rustwide/target/debug/deps/libstats_alloc-fa37a7ed8455acb8.rlib --extern tempfile=/opt/rustwide/target/debug/deps/libtempfile-7097dee7cd462fc8.rlib --extern thiserror=/opt/rustwide/target/debug/deps/libthiserror-c87dffb594157b3e.rlib --extern tokio=/opt/rustwide/target/debug/deps/libtokio-13dd53feefb6e105.rlib --extern tokio_tungstenite=/opt/rustwide/target/debug/deps/libtokio_tungstenite-42c40ba54d9b150c.rlib --extern tokio_util=/opt/rustwide/target/debug/deps/libtokio_util-3ee38e6a5cbf91c9.rlib --extern tracing=/opt/rustwide/target/debug/deps/libtracing-f3d921f4cccf3d0d.rlib --extern tracing_subscriber=/opt/rustwide/target/debug/deps/libtracing_subscriber-b609c65bc2bff970.rlib --extern url=/opt/rustwide/target/debug/deps/liburl-f42fbf30b4841aac.rlib --extern validator=/opt/rustwide/target/debug/deps/libvalidator-f07d5b185a7d7938.rlib --extern zai_rs=/opt/rustwide/target/debug/deps/libzai_rs-ee64dfb8c7d0761b.rlib --cap-lints=warn -L native=/opt/rustwide/target/debug/build/alloca-a7055e67688701f3/out -L native=/opt/rustwide/target/debug/build/aws-lc-sys-45049d06e52acd93/out` (signal: 9, SIGKILL: kill)
[INFO] [stdout] error: linking with `cc` failed: exit status: 1
[INFO] [stdout]   |
[INFO] [stdout]   = note:  "cc" "-m64" "/opt/rustwide/target/debug/deps/rustcZbjUeJ/symbols.o" "<2 object files omitted>" "-Wl,--as-needed" "-Wl,-Bstatic" "<sysroot>/lib/rustlib/x86_64-unknown-linux-gnu/lib/{libtest-*,libgetopts-*,librustc_std_workspace_std-*}.rlib" "/opt/rustwide/target/debug/deps/{libzai_rs-ee64dfb8c7d0761b,libtempfile-7097dee7cd462fc8,libgetrandom-c13452f45e7d3932,librustix-02d97837cd9bd231,liblinux_raw_sys-0b6cde911e9a3109,libfastrand-8c711c36072d5b5b,libreqwest-4511778304974f07,librustls_platform_verifier-6f5d5ef2fc56e68b,librustls_native_certs-f8e9c0e099f9b771,libopenssl_probe-6b1b371432012237,libhyper_rustls-173ec26fedda27a6,libtokio_rustls-eee096a059ef9c29,librustls-dc97ba73ed641533,libsubtle-2ae6a7038b9a0630,libwebpki-f2889089bcb324b6,libuntrusted-b2f816886faf2178,libaws_lc_rs-a425905e70b7f641,libaws_lc_sys-cc047f189b13185f,librustls_pki_types-006bcc122d18cfc1,libmime_guess-96fc0112437da5c5,libunicase-14ef8cc0d70eefb8,libmime-0188e0814ca7ddbf,libtower_http-04f23b5cbf0ce9ac,libbitflags-4d66d68843710487,libasync_compression-036c11ecd5bbd225,libcompression_codecs-48eaf0a37021bcdc,libflate2-84acb1666c285b0c,libminiz_oxide-6d5382b540dd717a,libsimd_adler32-7babdb89f91b6742,libcrc32fast-77160f4e25d6fc25,libcompression_core-0d36efd7cc177ccc,libtower-287dd83822d70fd1,libtower_layer-d908dd771b239ecd,libhyper_util-d934a7dd4ca6f980,libipnet-61ca7a5e1c2863d4,libtower_service-3fb88d28c2218805,libhyper-e3c0c5b073e8a694,libwant-7a6260b9c50f1479,libtry_lock-8fa2f6971035be84,libhttparse-8c9b827b8f345444,libh2-11463cc07f83b722,libindexmap-b92bb9c25241b995,libequivalent-6a754676e6af62ae,libhashbrown-d7214d631586fd51,libfnv-79e2cbfbe03dcd16,libatomic_waker-06950c8c08d2b8fa,libhttpdate-331798cefc82cc7e,libfutures_channel-94289a78f74303ed,libhttp_body_util-e36a9964dc5d0ba7,libhttp_body-eafc967753803508,liblog-e0d376e8b63c8a72,libhttp-faa531d1f5c77dc0,libsync_wrapper-6bdfbc29c4269203,libchrono-792a649afad2fcc1,libiana_time_zone-bcd81aefedc374a6,libnum_traits-7eec24f0481d7d85,libdashmap-50f3af272fc2761d,liblock_api-16d46fed645f7bff,libscopeguard-7ec2214574194454,libhashbrown-7535884dad52ee2f,libcrossbeam_utils-f696a08ab1e94e7a,libparking_lot_core-4b8ca3fd72428851,libcfg_if-83060ec5685761ae,libtracing-f3d921f4cccf3d0d,libtracing_core-d26029c784af5925,libbase64-32787b0325ea6df8,libfutures_util-719f2e3fabfcab95,libslab-0582d648e59ab406,libfutures_task-36f327cfab86eddc,libtokio_util-3ee38e6a5cbf91c9,libfutures_core-1121ff913ed87f93,libfutures_sink-3971bde37bb30e19,libtokio-13dd53feefb6e105,libsocket2-73b9b85db3553b3d,libbytes-8d3fe75014eb498b,libmio-43415d66e2ceb9f1,liblibc-612664c2206eec43,libpin_project_lite-0a15d51c77964692,libsecrecy-79c8e6ce9f21dea1,libzeroize-37b2a6e0a2742c6a,libthiserror-c87dffb594157b3e,libvalidator-f07d5b185a7d7938,liburl-f42fbf30b4841aac,libform_urlencoded-98cc7da289c29f13,libpercent_encoding-fa055ecaa1e57cfa,libregex-487d8fadc448fad7,libregex_automata-2e12bec1d2063fd0,libaho_corasick-879963fcf148ece0,libregex_syntax-801391c65a42f645,libonce_cell-b5bdc597ed9676b3,libidna-62347cd27e3ef27e,libutf8_iter-51566bbad89f3a68,libidna_adapter-294393795788e20e,libicu_properties-0b861025de85de7a,libicu_properties_data-b217809bf575558a,libicu_normalizer-55fe6c191badf9a7,libsmallvec-3e75e18e66140be0,libicu_normalizer_data-ab8997d7cbbb3306,libicu_collections-ba182934f79e8d75,libpotential_utf-579c7637db1b1b1f,libicu_provider-412cd07399274d63,libicu_locale_core-01c9873a2c816ef1,libtinystr-2ffcd29900d38280,liblitemap-dc288f07f8f61193,libwriteable-48b3e52227924bb5,libzerovec-506e8a8f02a6d7c1,libzerotrie-3019fd812f81190c,libyoke-82d80b75b1bece8d,libstable_deref_trait-63cbf3f3d3f94e56,libzerofrom-45b0d4c4e399d17c,libserde_json-99114fd1b17b0494,libmemchr-2857f5b45a031ab1,libitoa-5de11b3b23bfe572,libzmij-ef63f1da73704b4c,libserde-83d36eee52c1f091,libserde_core-21f22ac7b803fb0e}.rlib" "<sysroot>/lib/rustlib/x86_64-unknown-linux-gnu/lib/{libstd-*,libpanic_unwind-*,libobject-*,libmemchr-*,libaddr2line-*,libgimli-*,libcfg_if-*,librustc_demangle-*,libstd_detect-*,libhashbrown-*,librustc_std_workspace_alloc-*,libminiz_oxide-*,libadler2-*,libunwind-*,liblibc-*,librustc_std_workspace_core-*,liballoc-*,libcore-*,libcompiler_builtins-*}.rlib" "-Wl,-Bdynamic" "-lgcc_s" "-lutil" "-lrt" "-lpthread" "-lm" "-ldl" "-lc" "-L" "/opt/rustwide/target/debug/deps/rustcZbjUeJ/raw-dylibs" "-B<sysroot>/lib/rustlib/x86_64-unknown-linux-gnu/bin/gcc-ld" "-fuse-ld=lld" "-Wl,--eh-frame-hdr" "-Wl,-z,noexecstack" "-L" "/opt/rustwide/target/debug/build/alloca-a7055e67688701f3/out" "-L" "/opt/rustwide/target/debug/build/aws-lc-sys-45049d06e52acd93/out" "-L" "<sysroot>/lib/rustlib/x86_64-unknown-linux-gnu/lib" "-o" "/opt/rustwide/target/debug/deps/pagination-4a08cf12bc82ea50" "-Wl,--gc-sections" "-pie" "-Wl,-z,relro,-z,now" "-nodefaultlibs"
[INFO] [stdout]   = note: some arguments are omitted. use `--verbose` to show all linker arguments
[INFO] [stdout]   = note: collect2: fatal error: ld terminated with signal 9 [Killed]
[INFO] [stdout]           compilation terminated.
[INFO] [stdout]           
[INFO] [stdout] 
[INFO] [stdout] 
[INFO] [stderr] error: could not compile `zai-rs` (test "pagination") due to 1 previous error
[INFO] [stdout] error: linking with `cc` failed: exit status: 1
[INFO] [stdout]   |
[INFO] [stdout]   = note:  "cc" "-m64" "/opt/rustwide/target/debug/deps/rustc11kOoL/symbols.o" "<3 object files omitted>" "-Wl,--as-needed" "-Wl,-Bstatic" "/opt/rustwide/target/debug/deps/{libzai_rs-ee64dfb8c7d0761b,libtempfile-7097dee7cd462fc8,libgetrandom-c13452f45e7d3932,librustix-02d97837cd9bd231,liblinux_raw_sys-0b6cde911e9a3109,libfastrand-8c711c36072d5b5b,libreqwest-4511778304974f07,librustls_platform_verifier-6f5d5ef2fc56e68b,librustls_native_certs-f8e9c0e099f9b771,libopenssl_probe-6b1b371432012237,libhyper_rustls-173ec26fedda27a6,libtokio_rustls-eee096a059ef9c29,librustls-dc97ba73ed641533,libsubtle-2ae6a7038b9a0630,libwebpki-f2889089bcb324b6,libuntrusted-b2f816886faf2178,libaws_lc_rs-a425905e70b7f641,libaws_lc_sys-cc047f189b13185f,librustls_pki_types-006bcc122d18cfc1,libmime_guess-96fc0112437da5c5,libunicase-14ef8cc0d70eefb8,libmime-0188e0814ca7ddbf,libtower_http-04f23b5cbf0ce9ac,libbitflags-4d66d68843710487,libasync_compression-036c11ecd5bbd225,libcompression_codecs-48eaf0a37021bcdc,libflate2-84acb1666c285b0c,libminiz_oxide-6d5382b540dd717a,libsimd_adler32-7babdb89f91b6742,libcrc32fast-77160f4e25d6fc25,libcompression_core-0d36efd7cc177ccc,libtower-287dd83822d70fd1,libtower_layer-d908dd771b239ecd,libhyper_util-d934a7dd4ca6f980,libipnet-61ca7a5e1c2863d4,libtower_service-3fb88d28c2218805,libhyper-e3c0c5b073e8a694,libwant-7a6260b9c50f1479,libtry_lock-8fa2f6971035be84,libhttparse-8c9b827b8f345444,libh2-11463cc07f83b722,libindexmap-b92bb9c25241b995,libequivalent-6a754676e6af62ae,libhashbrown-d7214d631586fd51,libfnv-79e2cbfbe03dcd16,libatomic_waker-06950c8c08d2b8fa,libhttpdate-331798cefc82cc7e,libfutures_channel-94289a78f74303ed,libhttp_body_util-e36a9964dc5d0ba7,libhttp_body-eafc967753803508,liblog-e0d376e8b63c8a72,libhttp-faa531d1f5c77dc0,libsync_wrapper-6bdfbc29c4269203,libchrono-792a649afad2fcc1,libiana_time_zone-bcd81aefedc374a6,libnum_traits-7eec24f0481d7d85,libdashmap-50f3af272fc2761d,liblock_api-16d46fed645f7bff,libscopeguard-7ec2214574194454,libhashbrown-7535884dad52ee2f,libcrossbeam_utils-f696a08ab1e94e7a,libparking_lot_core-4b8ca3fd72428851,libcfg_if-83060ec5685761ae,libtracing-f3d921f4cccf3d0d,libtracing_core-d26029c784af5925,libbase64-32787b0325ea6df8,libfutures_util-719f2e3fabfcab95,libslab-0582d648e59ab406,libfutures_task-36f327cfab86eddc,libtokio_util-3ee38e6a5cbf91c9,libfutures_core-1121ff913ed87f93,libfutures_sink-3971bde37bb30e19,libtokio-13dd53feefb6e105,libsocket2-73b9b85db3553b3d,libbytes-8d3fe75014eb498b,libmio-43415d66e2ceb9f1,liblibc-612664c2206eec43,libpin_project_lite-0a15d51c77964692,libsecrecy-79c8e6ce9f21dea1,libzeroize-37b2a6e0a2742c6a,libthiserror-c87dffb594157b3e,libvalidator-f07d5b185a7d7938,liburl-f42fbf30b4841aac,libform_urlencoded-98cc7da289c29f13,libpercent_encoding-fa055ecaa1e57cfa,libregex-487d8fadc448fad7,libregex_automata-2e12bec1d2063fd0,libaho_corasick-879963fcf148ece0,libregex_syntax-801391c65a42f645,libonce_cell-b5bdc597ed9676b3,libidna-62347cd27e3ef27e,libutf8_iter-51566bbad89f3a68,libidna_adapter-294393795788e20e,libicu_properties-0b861025de85de7a,libicu_properties_data-b217809bf575558a,libicu_normalizer-55fe6c191badf9a7,libsmallvec-3e75e18e66140be0,libicu_normalizer_data-ab8997d7cbbb3306,libicu_collections-ba182934f79e8d75,libpotential_utf-579c7637db1b1b1f,libicu_provider-412cd07399274d63,libicu_locale_core-01c9873a2c816ef1,libtinystr-2ffcd29900d38280,liblitemap-dc288f07f8f61193,libwriteable-48b3e52227924bb5,libzerovec-506e8a8f02a6d7c1,libzerotrie-3019fd812f81190c,libyoke-82d80b75b1bece8d,libstable_deref_trait-63cbf3f3d3f94e56,libzerofrom-45b0d4c4e399d17c,libserde_json-99114fd1b17b0494,libmemchr-2857f5b45a031ab1,libitoa-5de11b3b23bfe572,libzmij-ef63f1da73704b4c}.rlib" "<sysroot>/lib/rustlib/x86_64-unknown-linux-gnu/lib/{libtest-*,libgetopts-*,librustc_std_workspace_std-*}.rlib" "/opt/rustwide/target/debug/deps/{libserde-83d36eee52c1f091,libserde_core-21f22ac7b803fb0e}.rlib" "<sysroot>/lib/rustlib/x86_64-unknown-linux-gnu/lib/{libstd-*,libpanic_unwind-*,libobject-*,libmemchr-*,libaddr2line-*,libgimli-*,libcfg_if-*,librustc_demangle-*,libstd_detect-*,libhashbrown-*,librustc_std_workspace_alloc-*,libminiz_oxide-*,libadler2-*,libunwind-*,liblibc-*,librustc_std_workspace_core-*,liballoc-*,libcore-*,libcompiler_builtins-*}.rlib" "-Wl,-Bdynamic" "-lgcc_s" "-lutil" "-lrt" "-lpthread" "-lm" "-ldl" "-lc" "-L" "/opt/rustwide/target/debug/deps/rustc11kOoL/raw-dylibs" "-B<sysroot>/lib/rustlib/x86_64-unknown-linux-gnu/bin/gcc-ld" "-fuse-ld=lld" "-Wl,--eh-frame-hdr" "-Wl,-z,noexecstack" "-L" "/opt/rustwide/target/debug/build/alloca-a7055e67688701f3/out" "-L" "/opt/rustwide/target/debug/build/aws-lc-sys-45049d06e52acd93/out" "-L" "<sysroot>/lib/rustlib/x86_64-unknown-linux-gnu/lib" "-o" "/opt/rustwide/target/debug/deps/operation_public_bindings-57356a5e0134ef74" "-Wl,--gc-sections" "-pie" "-Wl,-z,relro,-z,now" "-nodefaultlibs"
[INFO] [stdout]   = note: some arguments are omitted. use `--verbose` to show all linker arguments
[INFO] [stdout]   = note: collect2: fatal error: ld terminated with signal 9 [Killed]
[INFO] [stdout]           compilation terminated.
[INFO] [stdout]           
[INFO] [stdout] 
[INFO] [stdout] 
[INFO] [stderr] error: could not compile `zai-rs` (test "operation_public_bindings") due to 1 previous error
[INFO] [stdout] error: linking with `cc` failed: exit status: 1
[INFO] [stdout]   |
[INFO] [stdout]   = note:  "cc" "-m64" "/opt/rustwide/target/debug/examples/rustc4VHtMZ/symbols.o" "<2 object files omitted>" "-Wl,--as-needed" "-Wl,-Bstatic" "/opt/rustwide/target/debug/deps/{libtracing_subscriber-b609c65bc2bff970,libsharded_slab-bd3e89e1e50b7c87,liblazy_static-3674be3f4245d19b,libmatchers-6167c1f5223de426,libnu_ansi_term-745c727bb3e87c52,libthread_local-b4f6fe44d641c0b1,libtracing_log-80ac2f4c89768e8b,libzai_rs-ee64dfb8c7d0761b,libtempfile-7097dee7cd462fc8,libgetrandom-c13452f45e7d3932,librustix-02d97837cd9bd231,liblinux_raw_sys-0b6cde911e9a3109,libfastrand-8c711c36072d5b5b,libreqwest-4511778304974f07,librustls_platform_verifier-6f5d5ef2fc56e68b,librustls_native_certs-f8e9c0e099f9b771,libopenssl_probe-6b1b371432012237,libhyper_rustls-173ec26fedda27a6,libtokio_rustls-eee096a059ef9c29,librustls-dc97ba73ed641533,libsubtle-2ae6a7038b9a0630,libwebpki-f2889089bcb324b6,libuntrusted-b2f816886faf2178,libaws_lc_rs-a425905e70b7f641,libaws_lc_sys-cc047f189b13185f,librustls_pki_types-006bcc122d18cfc1,libmime_guess-96fc0112437da5c5,libunicase-14ef8cc0d70eefb8,libmime-0188e0814ca7ddbf,libtower_http-04f23b5cbf0ce9ac,libbitflags-4d66d68843710487,libasync_compression-036c11ecd5bbd225,libcompression_codecs-48eaf0a37021bcdc,libflate2-84acb1666c285b0c,libminiz_oxide-6d5382b540dd717a,libsimd_adler32-7babdb89f91b6742,libcrc32fast-77160f4e25d6fc25,libcompression_core-0d36efd7cc177ccc,libtower-287dd83822d70fd1,libtower_layer-d908dd771b239ecd,libhyper_util-d934a7dd4ca6f980,libipnet-61ca7a5e1c2863d4,libtower_service-3fb88d28c2218805,libhyper-e3c0c5b073e8a694,libwant-7a6260b9c50f1479,libtry_lock-8fa2f6971035be84,libhttparse-8c9b827b8f345444,libh2-11463cc07f83b722,libindexmap-b92bb9c25241b995,libequivalent-6a754676e6af62ae,libhashbrown-d7214d631586fd51,libfnv-79e2cbfbe03dcd16,libatomic_waker-06950c8c08d2b8fa,libhttpdate-331798cefc82cc7e,libfutures_channel-94289a78f74303ed,libhttp_body_util-e36a9964dc5d0ba7,libhttp_body-eafc967753803508,liblog-e0d376e8b63c8a72,libhttp-faa531d1f5c77dc0,libsync_wrapper-6bdfbc29c4269203,libchrono-792a649afad2fcc1,libiana_time_zone-bcd81aefedc374a6,libnum_traits-7eec24f0481d7d85,libdashmap-50f3af272fc2761d,liblock_api-16d46fed645f7bff,libscopeguard-7ec2214574194454,libhashbrown-7535884dad52ee2f,libcrossbeam_utils-f696a08ab1e94e7a,libparking_lot_core-4b8ca3fd72428851,libcfg_if-83060ec5685761ae,libtracing-f3d921f4cccf3d0d,libtracing_core-d26029c784af5925,libbase64-32787b0325ea6df8,libfutures_util-719f2e3fabfcab95,libslab-0582d648e59ab406,libfutures_task-36f327cfab86eddc,libtokio_util-3ee38e6a5cbf91c9,libfutures_core-1121ff913ed87f93,libfutures_sink-3971bde37bb30e19,libtokio-13dd53feefb6e105,libsocket2-73b9b85db3553b3d,libbytes-8d3fe75014eb498b,libmio-43415d66e2ceb9f1,liblibc-612664c2206eec43,libpin_project_lite-0a15d51c77964692,libsecrecy-79c8e6ce9f21dea1,libzeroize-37b2a6e0a2742c6a,libthiserror-c87dffb594157b3e,libvalidator-f07d5b185a7d7938,liburl-f42fbf30b4841aac,libform_urlencoded-98cc7da289c29f13,libpercent_encoding-fa055ecaa1e57cfa,libregex-487d8fadc448fad7,libregex_automata-2e12bec1d2063fd0,libaho_corasick-879963fcf148ece0,libregex_syntax-801391c65a42f645,libonce_cell-b5bdc597ed9676b3,libidna-62347cd27e3ef27e,libutf8_iter-51566bbad89f3a68,libidna_adapter-294393795788e20e,libicu_properties-0b861025de85de7a,libicu_properties_data-b217809bf575558a,libicu_normalizer-55fe6c191badf9a7,libsmallvec-3e75e18e66140be0,libicu_normalizer_data-ab8997d7cbbb3306,libicu_collections-ba182934f79e8d75,libpotential_utf-579c7637db1b1b1f,libicu_provider-412cd07399274d63,libicu_locale_core-01c9873a2c816ef1,libtinystr-2ffcd29900d38280,liblitemap-dc288f07f8f61193,libwriteable-48b3e52227924bb5,libzerovec-506e8a8f02a6d7c1,libzerotrie-3019fd812f81190c,libyoke-82d80b75b1bece8d,libstable_deref_trait-63cbf3f3d3f94e56,libzerofrom-45b0d4c4e399d17c,libserde_json-99114fd1b17b0494,libmemchr-2857f5b45a031ab1,libitoa-5de11b3b23bfe572,libzmij-ef63f1da73704b4c,libserde-83d36eee52c1f091,libserde_core-21f22ac7b803fb0e}.rlib" "<sysroot>/lib/rustlib/x86_64-unknown-linux-gnu/lib/{libstd-*,libpanic_unwind-*,libobject-*,libmemchr-*,libaddr2line-*,libgimli-*,libcfg_if-*,librustc_demangle-*,libstd_detect-*,libhashbrown-*,librustc_std_workspace_alloc-*,libminiz_oxide-*,libadler2-*,libunwind-*,liblibc-*,librustc_std_workspace_core-*,liballoc-*,libcore-*,libcompiler_builtins-*}.rlib" "-Wl,-Bdynamic" "-lgcc_s" "-lutil" "-lrt" "-lpthread" "-lm" "-ldl" "-lc" "-L" "/opt/rustwide/target/debug/examples/rustc4VHtMZ/raw-dylibs" "-B<sysroot>/lib/rustlib/x86_64-unknown-linux-gnu/bin/gcc-ld" "-fuse-ld=lld" "-Wl,--eh-frame-hdr" "-Wl,-z,noexecstack" "-L" "/opt/rustwide/target/debug/build/alloca-a7055e67688701f3/out" "-L" "/opt/rustwide/target/debug/build/aws-lc-sys-45049d06e52acd93/out" "-L" "<sysroot>/lib/rustlib/x86_64-unknown-linux-gnu/lib" "-o" "/opt/rustwide/target/debug/examples/coding_plan_usage-b9b957b8fb799441" "-Wl,--gc-sections" "-pie" "-Wl,-z,relro,-z,now" "-nodefaultlibs"
[INFO] [stdout]   = note: some arguments are omitted. use `--verbose` to show all linker arguments
[INFO] [stdout]   = note: collect2: fatal error: ld terminated with signal 9 [Killed]
[INFO] [stdout]           compilation terminated.
[INFO] [stdout]           
[INFO] [stdout] 
[INFO] [stdout] 
[INFO] [stderr] error: could not compile `zai-rs` (example "coding_plan_usage") due to 1 previous error
[INFO] running `Command { std: "docker" "inspect" "a0c51b930c45b0e20ca307861fed96a47be4844347608d34ea254561618167a0", kill_on_drop: false }`
[INFO] running `Command { std: "docker" "rm" "-f" "a0c51b930c45b0e20ca307861fed96a47be4844347608d34ea254561618167a0", kill_on_drop: false }`
[INFO] [stdout] a0c51b930c45b0e20ca307861fed96a47be4844347608d34ea254561618167a0
