[INFO] fetching crate yurt-relayer 0.1.0...
[INFO] testing yurt-relayer-0.1.0 against 1.99.0-beta.8 for beta-1.100-2
[INFO] extracting crate yurt-relayer 0.1.0 into /workspace/builds/worker-7-tc1/source
[INFO] started tweaking crates.io crate yurt-relayer 0.1.0
[INFO] removed 0 missing tests
[INFO] finished tweaking crates.io crate yurt-relayer 0.1.0
[INFO] tweaked toml for crates.io crate yurt-relayer 0.1.0 written to /workspace/builds/worker-7-tc1/source/Cargo.toml
[INFO] validating manifest of crates.io crate yurt-relayer 0.1.0 on toolchain 1.99.0-beta.8
[INFO] running `Command { std: CARGO_HOME="/workspace/cargo-home" RUSTUP_HOME="/workspace/rustup-home" "/workspace/cargo-home/bin/cargo" "+1.99.0-beta.8" "metadata" "--manifest-path" "Cargo.toml" "--no-deps", kill_on_drop: false }`
[INFO] crate crates.io crate yurt-relayer 0.1.0 already has a lockfile, it will not be regenerated
[INFO] running `Command { std: CARGO_HOME="/workspace/cargo-home" RUSTUP_HOME="/workspace/rustup-home" "/workspace/cargo-home/bin/cargo" "+1.99.0-beta.8" "fetch" "--manifest-path" "Cargo.toml", kill_on_drop: false }`
[INFO] [stderr]     Blocking waiting for file lock on package cache
[INFO] [stderr]  Downloading crates ...
[INFO] [stderr]   Downloaded serde v1.0.214
[INFO] [stderr]   Downloaded bitcoin-io v0.1.2
[INFO] [stderr]   Downloaded serde_derive v1.0.214
[INFO] [stderr]   Downloaded thiserror-impl v1.0.65
[INFO] [stderr]   Downloaded thiserror v1.0.65
[INFO] [stderr]   Downloaded security-framework-sys v2.12.0
[INFO] [stderr]   Downloaded url v2.5.2
[INFO] [stderr]   Downloaded unicode-bidi v0.3.17
[INFO] [stderr]   Downloaded cc v1.1.31
[INFO] [stderr]   Downloaded tinyvec v1.8.0
[INFO] [stderr]   Downloaded hashbrown v0.15.0
[INFO] [stderr]   Downloaded syn v2.0.85
[INFO] [stderr]   Downloaded rustix v0.38.38
[INFO] [stderr]   Downloaded tokio v1.41.0
[INFO] running `Command { std: "docker" "create" "-v" "/var/lib/crater-agent-workspace/builds/worker-7-tc1/source:/opt/rustwide/workdir:ro,Z" "-v" "/var/lib/crater-agent-workspace/builds/worker-7-tc1/target:/opt/rustwide/target:rw,Z" "-v" "/var/lib/crater-agent-workspace/cargo-home:/opt/rustwide/cargo-home:ro,Z" "-v" "/var/lib/crater-agent-workspace/rustup-home:/opt/rustwide/rustup-home:ro,Z" "-m" "1610612736" "--network" "none" "ghcr.io/rust-lang/crates-build-env/linux@sha256:3111399a4047eeb3a02b7a90e478d715f38a8c6669b5c4b49d30a17385265909" "sleep" "infinity", kill_on_drop: false }`
[INFO] [stdout] 728b9e0e0c21b9be64a61ad05794c2490857b647d55b0b1d0aa7f77d9882e0c7
[INFO] running `Command { std: "docker" "start" "728b9e0e0c21b9be64a61ad05794c2490857b647d55b0b1d0aa7f77d9882e0c7", kill_on_drop: false }`
[INFO] running `Command { std: "docker" "inspect" "728b9e0e0c21b9be64a61ad05794c2490857b647d55b0b1d0aa7f77d9882e0c7", kill_on_drop: false }`
[INFO] running `Command { std: "docker" "exec" "-e" "SOURCE_DIR=/opt/rustwide/workdir" "-e" "CARGO_HOME=/opt/rustwide/cargo-home" "-e" "RUSTUP_HOME=/opt/rustwide/rustup-home" "-e" "CARGO_TARGET_DIR=/opt/rustwide/target" "-w" "/opt/rustwide/workdir" "--user" "0:0" "728b9e0e0c21b9be64a61ad05794c2490857b647d55b0b1d0aa7f77d9882e0c7" "/opt/rustwide/cargo-home/bin/cargo" "+1.99.0-beta.8" "metadata" "--no-deps" "--format-version=1", kill_on_drop: false }`
[INFO] running `Command { std: "docker" "inspect" "728b9e0e0c21b9be64a61ad05794c2490857b647d55b0b1d0aa7f77d9882e0c7", kill_on_drop: false }`
[INFO] running `Command { std: "docker" "exec" "-e" "SOURCE_DIR=/opt/rustwide/workdir" "-e" "CARGO_HOME=/opt/rustwide/cargo-home" "-e" "RUSTUP_HOME=/opt/rustwide/rustup-home" "-e" "CARGO_TARGET_DIR=/opt/rustwide/target" "-e" "CARGO_INCREMENTAL=0" "-e" "RUST_BACKTRACE=full" "-e" "RUSTFLAGS=--cap-lints=warn" "-e" "RUSTDOCFLAGS=--cap-lints=warn" "-w" "/opt/rustwide/workdir" "--user" "0:0" "728b9e0e0c21b9be64a61ad05794c2490857b647d55b0b1d0aa7f77d9882e0c7" "/opt/rustwide/cargo-home/bin/cargo" "+1.99.0-beta.8" "build" "--frozen" "--message-format=json", kill_on_drop: false }`
[INFO] [stderr]    Compiling proc-macro2 v1.0.89
[INFO] [stderr]    Compiling unicode-ident v1.0.13
[INFO] [stderr]    Compiling libc v0.2.161
[INFO] [stderr]    Compiling once_cell v1.20.2
[INFO] [stderr]    Compiling pkg-config v0.3.31
[INFO] [stderr]    Compiling vcpkg v0.2.15
[INFO] [stderr]    Compiling pin-project-lite v0.2.15
[INFO] [stderr]    Compiling bytes v1.8.0
[INFO] [stderr]    Compiling smallvec v1.13.2
[INFO] [stderr]    Compiling itoa v1.0.11
[INFO] [stderr]    Compiling serde v1.0.214
[INFO] [stderr]    Compiling cc v1.1.31
[INFO] [stderr]    Compiling typenum v1.17.0
[INFO] [stderr]    Compiling semver v1.0.23
[INFO] [stderr]    Compiling equivalent v1.0.1
[INFO] [stderr]    Compiling crossbeam-utils v0.8.20
[INFO] [stderr]    Compiling hashbrown v0.15.0
[INFO] [stderr]    Compiling parking_lot_core v0.9.10
[INFO] [stderr]    Compiling quote v1.0.37
[INFO] [stderr]    Compiling signal-hook-registry v1.4.2
[INFO] [stderr]    Compiling syn v2.0.85
[INFO] [stderr]    Compiling parking_lot v0.12.3
[INFO] [stderr]    Compiling mio v1.0.2
[INFO] [stderr]    Compiling socket2 v0.5.7
[INFO] [stderr]    Compiling indexmap v2.6.0
[INFO] [stderr]    Compiling openssl-sys v0.9.104
[INFO] [stderr]    Compiling bitflags v2.6.0
[INFO] [stderr]    Compiling generic-array v0.14.7
[INFO] [stderr]    Compiling rustc_version v0.4.1
[INFO] [stderr]    Compiling http v1.1.0
[INFO] [stderr]    Compiling ahash v0.8.11
[INFO] [stderr]    Compiling tracing-core v0.1.32
[INFO] [stderr]    Compiling openssl v0.10.68
[INFO] [stderr]    Compiling heapless v0.7.17
[INFO] [stderr]    Compiling zerocopy v0.7.35
[INFO] [stderr]    Compiling foreign-types-shared v0.1.1
[INFO] [stderr]    Compiling httparse v1.9.5
[INFO] [stderr]    Compiling byteorder v1.5.0
[INFO] [stderr]    Compiling ryu v1.0.18
[INFO] [stderr]    Compiling block-buffer v0.10.4
[INFO] [stderr]    Compiling crypto-common v0.1.6
[INFO] [stderr]    Compiling hash32 v0.2.1
[INFO] [stderr]    Compiling tracing v0.1.40
[INFO] [stderr]    Compiling foreign-types v0.3.2
[INFO] [stderr]    Compiling libsqlite3-sys v0.30.1
[INFO] [stderr]    Compiling spin v0.9.8
[INFO] [stderr]    Compiling stable_deref_trait v1.2.0
[INFO] [stderr]    Compiling http-body v1.0.1
[INFO] [stderr]    Compiling tinyvec_macros v0.1.1
[INFO] [stderr]    Compiling native-tls v0.2.12
[INFO] [stderr]    Compiling hashbrown v0.14.5
[INFO] [stderr]    Compiling digest v0.10.7
[INFO] [stderr]    Compiling tinyvec v1.8.0
[INFO] [stderr]    Compiling crossbeam-epoch v0.9.18
[INFO] [stderr]    Compiling cpufeatures v0.2.14
[INFO] [stderr]    Compiling cobs v0.2.3
[INFO] [stderr]    Compiling log v0.4.22
[INFO] [stderr]    Compiling openssl-probe v0.1.5
[INFO] [stderr]    Compiling sha2 v0.10.8
[INFO] [stderr]    Compiling hashlink v0.9.1
[INFO] [stderr]    Compiling crossbeam-deque v0.8.5
[INFO] [stderr]    Compiling form_urlencoded v1.2.1
[INFO] [stderr]    Compiling crossbeam-queue v0.3.11
[INFO] [stderr]    Compiling crossbeam-channel v0.5.13
[INFO] [stderr]    Compiling thiserror v1.0.65
[INFO] [stderr]    Compiling serde_json v1.0.132
[INFO] [stderr]    Compiling unicode-normalization v0.1.24
[INFO] [stderr]    Compiling unicode-bidi v0.3.17
[INFO] [stderr]    Compiling fallible-streaming-iterator v0.1.9
[INFO] [stderr]    Compiling fallible-iterator v0.3.0
[INFO] [stderr]    Compiling rustls-pki-types v1.10.0
[INFO] [stderr]    Compiling num_cpus v1.16.0
[INFO] [stderr]    Compiling sync_wrapper v1.0.1
[INFO] [stderr]    Compiling encoding_rs v0.8.35
[INFO] [stderr]    Compiling crossbeam v0.8.4
[INFO] [stderr]    Compiling yurt-node-db-sql v0.1.0
[INFO] [stderr]    Compiling ipnet v2.10.1
[INFO] [stderr]    Compiling rustls-pemfile v2.2.0
[INFO] [stderr]    Compiling idna v0.5.0
[INFO] [stderr]    Compiling rusqlite v0.32.1
[INFO] [stderr]    Compiling serde_derive v1.0.214
[INFO] [stderr]    Compiling tokio-macros v2.4.0
[INFO] [stderr]    Compiling futures-macro v0.3.31
[INFO] [stderr]    Compiling openssl-macros v0.1.1
[INFO] [stderr]    Compiling thiserror-impl v1.0.65
[INFO] [stderr]    Compiling tokio v1.41.0
[INFO] [stderr]    Compiling url v2.5.2
[INFO] [stderr]    Compiling futures-util v0.3.31
[INFO] [stderr]    Compiling http-body-util v0.1.2
[INFO] [stderr]    Compiling futures-executor v0.3.31
[INFO] [stderr]    Compiling futures v0.3.31
[INFO] [stderr]    Compiling hex v0.4.3
[INFO] [stderr]    Compiling serde_yaml v0.9.34+deprecated
[INFO] [stderr]    Compiling serde_urlencoded v0.7.1
[INFO] [stderr]    Compiling yurt-types v0.1.0
[INFO] [stderr]    Compiling postcard v1.0.10
[INFO] [stderr]    Compiling tokio-util v0.7.12
[INFO] [stderr]    Compiling tokio-native-tls v0.3.1
[INFO] [stderr]    Compiling yurt-rusqlite-pool v0.1.0
[INFO] [stderr]    Compiling yurt-hash v0.1.0
[INFO] [stderr]    Compiling h2 v0.4.6
[INFO] [stderr]    Compiling yurt-node-types v0.1.0
[INFO] [stderr]    Compiling yurt-node-db v0.1.0
[INFO] [stderr]    Compiling hyper v1.5.0
[INFO] [stderr]    Compiling hyper-util v0.1.10
[INFO] [stderr]    Compiling hyper-tls v0.6.0
[INFO] [stderr]    Compiling reqwest v0.12.9
[INFO] [stderr]    Compiling yurt-relayer v0.1.0 (/opt/rustwide/workdir)
[INFO] [stderr]     Finished `dev` profile [unoptimized + debuginfo] target(s) in 47.91s
[INFO] running `Command { std: "docker" "inspect" "728b9e0e0c21b9be64a61ad05794c2490857b647d55b0b1d0aa7f77d9882e0c7", kill_on_drop: false }`
[INFO] running `Command { std: "docker" "exec" "-e" "SOURCE_DIR=/opt/rustwide/workdir" "-e" "CARGO_HOME=/opt/rustwide/cargo-home" "-e" "RUSTUP_HOME=/opt/rustwide/rustup-home" "-e" "CARGO_TARGET_DIR=/opt/rustwide/target" "-e" "CARGO_INCREMENTAL=0" "-e" "RUST_BACKTRACE=full" "-e" "RUSTFLAGS=--cap-lints=warn" "-e" "RUSTDOCFLAGS=--cap-lints=warn" "-w" "/opt/rustwide/workdir" "--user" "0:0" "728b9e0e0c21b9be64a61ad05794c2490857b647d55b0b1d0aa7f77d9882e0c7" "/opt/rustwide/cargo-home/bin/cargo" "+1.99.0-beta.8" "test" "--frozen" "--no-run" "--message-format=json", kill_on_drop: false }`
[INFO] [stderr]    Compiling zerocopy-derive v0.7.35
[INFO] [stderr]    Compiling tracing-core v0.1.32
[INFO] [stderr]    Compiling log v0.4.22
[INFO] [stderr]    Compiling getrandom v0.2.15
[INFO] [stderr]    Compiling secp256k1-sys v0.10.1
[INFO] [stderr]    Compiling hex-conservative v0.2.1
[INFO] [stderr]    Compiling bitcoin-io v0.1.2
[INFO] [stderr]    Compiling regex-syntax v0.8.5
[INFO] [stderr]    Compiling native-tls v0.2.12
[INFO] [stderr]    Compiling rand_core v0.6.4
[INFO] [stderr]    Compiling bitcoin_hashes v0.14.0
[INFO] [stderr]    Compiling thread_local v1.1.8
[INFO] [stderr]    Compiling tracing v0.1.40
[INFO] [stderr]    Compiling tokio-native-tls v0.3.1
[INFO] [stderr]    Compiling tracing-log v0.2.0
[INFO] [stderr]    Compiling uuid v1.11.0
[INFO] [stderr]    Compiling h2 v0.4.6
[INFO] [stderr]    Compiling zerocopy v0.7.35
[INFO] [stderr]    Compiling regex-automata v0.4.8
[INFO] [stderr]    Compiling ahash v0.8.11
[INFO] [stderr]    Compiling ppv-lite86 v0.2.20
[INFO] [stderr]    Compiling rand_chacha v0.3.1
[INFO] [stderr]    Compiling hashbrown v0.14.5
[INFO] [stderr]    Compiling rand v0.8.5
[INFO] [stderr]    Compiling hashlink v0.9.1
[INFO] [stderr]    Compiling rusqlite v0.32.1
[INFO] [stderr]    Compiling regex v1.11.1
[INFO] [stderr]    Compiling tracing-subscriber v0.3.18
[INFO] [stderr]    Compiling yurt-rusqlite-pool v0.1.0
[INFO] [stderr]    Compiling yurt-node-db v0.1.0
[INFO] [stderr]    Compiling hyper v1.5.0
[INFO] [stderr]    Compiling secp256k1 v0.30.0
[INFO] [stderr]    Compiling yurt-sign v0.1.0
[INFO] [stderr]    Compiling hyper-util v0.1.10
[INFO] [stderr]    Compiling hyper-tls v0.6.0
[INFO] [stderr]    Compiling reqwest v0.12.9
[INFO] [stderr]    Compiling yurt-relayer v0.1.0 (/opt/rustwide/workdir)
[INFO] [stdout] error[E0433]: cannot find module or crate `yurt_node` in this scope
[INFO] [stdout]  --> tests/integration.rs:1:5
[INFO] [stdout]   |
[INFO] [stdout] 1 | use yurt_node::db::{
[INFO] [stdout]   |     ^^^^^^^^^ use of unresolved module or unlinked crate `yurt_node`
[INFO] [stdout]   |
[INFO] [stdout] help: there is a crate or module with a similar name
[INFO] [stdout]   |
[INFO] [stdout] 1 | use yurt_node_db::db::{
[INFO] [stdout]   |              +++
[INFO] [stdout] 
[INFO] [stdout] 
[INFO] [stdout] error[E0433]: cannot find module or crate `yurt_node_api` in this scope
[INFO] [stdout]    --> tests/integration.rs:168:18
[INFO] [stdout]     |
[INFO] [stdout] 168 |     let router = yurt_node_api::router(state);
[INFO] [stdout]     |                  ^^^^^^^^^^^^^ use of unresolved module or unlinked crate `yurt_node_api`
[INFO] [stdout]     |
[INFO] [stdout] help: there is a crate or module with a similar name
[INFO] [stdout]     |
[INFO] [stdout] 168 -     let router = yurt_node_api::router(state);
[INFO] [stdout] 168 +     let router = yurt_node_db::router(state);
[INFO] [stdout]     |
[INFO] [stdout] 
[INFO] [stdout] 
[INFO] [stdout] error[E0433]: cannot find module or crate `yurt_node_api` in this scope
[INFO] [stdout]    --> tests/integration.rs:174:17
[INFO] [stdout]     |
[INFO] [stdout] 174 |             _ = yurt_node_api::serve(&router, &listener, yurt_node_api::DEFAULT_CONNECTION_LIMIT) => {},
[INFO] [stdout]     |                 ^^^^^^^^^^^^^ use of unresolved module or unlinked crate `yurt_node_api`
[INFO] [stdout]     |
[INFO] [stdout] help: there is a crate or module with a similar name
[INFO] [stdout]     |
[INFO] [stdout] 174 -             _ = yurt_node_api::serve(&router, &listener, yurt_node_api::DEFAULT_CONNECTION_LIMIT) => {},
[INFO] [stdout] 174 +             _ = yurt_node_db::serve(&router, &listener, yurt_node_api::DEFAULT_CONNECTION_LIMIT) => {},
[INFO] [stdout]     |
[INFO] [stdout] 
[INFO] [stdout] 
[INFO] [stdout] error[E0433]: cannot find module or crate `yurt_node_api` in this scope
[INFO] [stdout]    --> tests/integration.rs:174:58
[INFO] [stdout]     |
[INFO] [stdout] 174 |             _ = yurt_node_api::serve(&router, &listener, yurt_node_api::DEFAULT_CONNECTION_LIMIT) => {},
[INFO] [stdout]     |                                                          ^^^^^^^^^^^^^ use of unresolved module or unlinked crate `yurt_node_api`
[INFO] [stdout]     |
[INFO] [stdout] help: there is a crate or module with a similar name
[INFO] [stdout]     |
[INFO] [stdout] 174 -             _ = yurt_node_api::serve(&router, &listener, yurt_node_api::DEFAULT_CONNECTION_LIMIT) => {},
[INFO] [stdout] 174 +             _ = yurt_node_api::serve(&router, &listener, yurt_node_db::DEFAULT_CONNECTION_LIMIT) => {},
[INFO] [stdout]     |
[INFO] [stdout] 
[INFO] [stdout] 
[INFO] [stdout] error[E0433]: cannot find module or crate `yurt_node_api` in this scope
[INFO] [stdout]    --> tests/integration.rs:166:38
[INFO] [stdout]     |
[INFO] [stdout] 166 | async fn setup_node_as_server(state: yurt_node_api::State) -> NodeServer {
[INFO] [stdout]     |                                      ^^^^^^^^^^^^^ use of unresolved module or unlinked crate `yurt_node_api`
[INFO] [stdout]     |
[INFO] [stdout] help: there is a crate or module with a similar name
[INFO] [stdout]     |
[INFO] [stdout] 166 - async fn setup_node_as_server(state: yurt_node_api::State) -> NodeServer {
[INFO] [stdout] 166 + async fn setup_node_as_server(state: yurt_node_db::State) -> NodeServer {
[INFO] [stdout]     |
[INFO] [stdout] 
[INFO] [stdout] 
[INFO] [stdout] error[E0433]: cannot find module or crate `yurt_node_api` in this scope
[INFO] [stdout]    --> tests/integration.rs:197:17
[INFO] [stdout]     |
[INFO] [stdout] 197 |     let state = yurt_node_api::State {
[INFO] [stdout]     |                 ^^^^^^^^^^^^^ use of unresolved module or unlinked crate `yurt_node_api`
[INFO] [stdout]     |
[INFO] [stdout] help: there is a crate or module with a similar name
[INFO] [stdout]     |
[INFO] [stdout] 197 -     let state = yurt_node_api::State {
[INFO] [stdout] 197 +     let state = yurt_node_db::State {
[INFO] [stdout]     |
[INFO] [stdout] 
[INFO] [stdout] 
[INFO] [stdout] For more information about this error, try `rustc --explain E0433`.
[INFO] [stdout] 
[INFO] [stderr] error: could not compile `yurt-relayer` (test "integration") due to 6 previous errors
[INFO] [stderr] warning: build failed, waiting for other jobs to finish...
[INFO] running `Command { std: "docker" "inspect" "728b9e0e0c21b9be64a61ad05794c2490857b647d55b0b1d0aa7f77d9882e0c7", kill_on_drop: false }`
[INFO] running `Command { std: "docker" "rm" "-f" "728b9e0e0c21b9be64a61ad05794c2490857b647d55b0b1d0aa7f77d9882e0c7", kill_on_drop: false }`
[INFO] [stdout] 728b9e0e0c21b9be64a61ad05794c2490857b647d55b0b1d0aa7f77d9882e0c7
