[INFO] fetching crate yt-transcript-rs 0.1.8...
[INFO] testing yt-transcript-rs-0.1.8 against 1.99.0-beta.8 for beta-1.100-2
[INFO] extracting crate yt-transcript-rs 0.1.8 into /workspace/builds/worker-1-tc1/source
[INFO] started tweaking crates.io crate yt-transcript-rs 0.1.8
[INFO] removed 0 missing examples
[INFO] finished tweaking crates.io crate yt-transcript-rs 0.1.8
[INFO] tweaked toml for crates.io crate yt-transcript-rs 0.1.8 written to /workspace/builds/worker-1-tc1/source/Cargo.toml
[INFO] validating manifest of crates.io crate yt-transcript-rs 0.1.8 on toolchain 1.99.0-beta.8
[INFO] running `Command { std: CARGO_HOME="/workspace/cargo-home" RUSTUP_HOME="/workspace/rustup-home" "/workspace/cargo-home/bin/cargo" "+1.99.0-beta.8" "metadata" "--manifest-path" "Cargo.toml" "--no-deps", kill_on_drop: false }`
[INFO] crate crates.io crate yt-transcript-rs 0.1.8 already has a lockfile, it will not be regenerated
[INFO] running `Command { std: CARGO_HOME="/workspace/cargo-home" RUSTUP_HOME="/workspace/rustup-home" "/workspace/cargo-home/bin/cargo" "+1.99.0-beta.8" "fetch" "--manifest-path" "Cargo.toml", kill_on_drop: false }`
[INFO] [stderr]     Updating crates.io index
[INFO] [stderr]  Downloading crates ...
[INFO] [stderr]   Downloaded cssparser v0.34.0
[INFO] [stderr]   Downloaded scraper v0.23.1
[INFO] [stderr]   Downloaded servo_arc v0.4.0
[INFO] [stderr]   Downloaded selectors v0.26.0
[INFO] [stderr]   Downloaded match_token v0.1.0
[INFO] [stderr]   Downloaded utf8-width v0.1.7
[INFO] [stderr]   Downloaded windows-strings v0.4.0
[INFO] [stderr]   Downloaded cargo-husky v1.5.0
[INFO] [stderr]   Downloaded html-escape v0.2.13
[INFO] [stderr]   Downloaded ego-tree v0.10.0
[INFO] [stderr]   Downloaded web_atoms v0.1.2
[INFO] [stderr]   Downloaded markup5ever v0.16.1
[INFO] [stderr]   Downloaded mockito v1.7.0
[INFO] [stderr]   Downloaded colored v3.0.0
[INFO] [stderr]   Downloaded markup5ever v0.14.1
[INFO] [stderr]   Downloaded windows-core v0.61.0
[INFO] [stderr]   Downloaded html5ever v0.29.1
[INFO] [stderr]   Downloaded rustls-webpki v0.103.2
[INFO] [stderr]   Downloaded html5ever v0.31.0
[INFO] [stderr]   Downloaded rand v0.9.1
[INFO] [stderr]   Downloaded html2text v0.14.4
[INFO] [stderr]   Downloaded openssl-sys v0.9.108
[INFO] [stderr]   Downloaded cc v1.2.21
[INFO] [stderr]   Downloaded quick-xml v0.37.5
[INFO] [stderr]   Downloaded h2 v0.4.10
[INFO] [stderr]   Downloaded rustls v0.23.27
[INFO] running `Command { std: "docker" "create" "-v" "/var/lib/crater-agent-workspace/builds/worker-1-tc1/source:/opt/rustwide/workdir:ro,Z" "-v" "/var/lib/crater-agent-workspace/builds/worker-1-tc1/target:/opt/rustwide/target:rw,Z" "-v" "/var/lib/crater-agent-workspace/cargo-home:/opt/rustwide/cargo-home:ro,Z" "-v" "/var/lib/crater-agent-workspace/rustup-home:/opt/rustwide/rustup-home:ro,Z" "-m" "1610612736" "--network" "none" "ghcr.io/rust-lang/crates-build-env/linux@sha256:3111399a4047eeb3a02b7a90e478d715f38a8c6669b5c4b49d30a17385265909" "sleep" "infinity", kill_on_drop: false }`
[INFO] [stdout] 609f7cafbed6c4f30cf31f84c49c67e013fbb305352f242a00e46b4e6463f051
[INFO] running `Command { std: "docker" "start" "609f7cafbed6c4f30cf31f84c49c67e013fbb305352f242a00e46b4e6463f051", kill_on_drop: false }`
[INFO] running `Command { std: "docker" "inspect" "609f7cafbed6c4f30cf31f84c49c67e013fbb305352f242a00e46b4e6463f051", kill_on_drop: false }`
[INFO] running `Command { std: "docker" "exec" "-e" "SOURCE_DIR=/opt/rustwide/workdir" "-e" "CARGO_HOME=/opt/rustwide/cargo-home" "-e" "RUSTUP_HOME=/opt/rustwide/rustup-home" "-e" "CARGO_TARGET_DIR=/opt/rustwide/target" "-w" "/opt/rustwide/workdir" "--user" "0:0" "609f7cafbed6c4f30cf31f84c49c67e013fbb305352f242a00e46b4e6463f051" "/opt/rustwide/cargo-home/bin/cargo" "+1.99.0-beta.8" "metadata" "--no-deps" "--format-version=1", kill_on_drop: false }`
[INFO] running `Command { std: "docker" "inspect" "609f7cafbed6c4f30cf31f84c49c67e013fbb305352f242a00e46b4e6463f051", kill_on_drop: false }`
[INFO] running `Command { std: "docker" "exec" "-e" "SOURCE_DIR=/opt/rustwide/workdir" "-e" "CARGO_HOME=/opt/rustwide/cargo-home" "-e" "RUSTUP_HOME=/opt/rustwide/rustup-home" "-e" "CARGO_TARGET_DIR=/opt/rustwide/target" "-e" "CARGO_INCREMENTAL=0" "-e" "RUST_BACKTRACE=full" "-e" "RUSTFLAGS=--cap-lints=warn" "-e" "RUSTDOCFLAGS=--cap-lints=warn" "-w" "/opt/rustwide/workdir" "--user" "0:0" "609f7cafbed6c4f30cf31f84c49c67e013fbb305352f242a00e46b4e6463f051" "/opt/rustwide/cargo-home/bin/cargo" "+1.99.0-beta.8" "build" "--frozen" "--message-format=json", kill_on_drop: false }`
[INFO] [stderr]    Compiling proc-macro2 v1.0.95
[INFO] [stderr]    Compiling autocfg v1.4.0
[INFO] [stderr]    Compiling libc v0.2.172
[INFO] [stderr]    Compiling smallvec v1.15.0
[INFO] [stderr]    Compiling siphasher v1.0.1
[INFO] [stderr]    Compiling cfg-if v1.0.0
[INFO] [stderr]    Compiling rand_core v0.6.4
[INFO] [stderr]    Compiling parking_lot_core v0.9.10
[INFO] [stderr]    Compiling stable_deref_trait v1.2.0
[INFO] [stderr]    Compiling serde v1.0.219
[INFO] [stderr]    Compiling bytes v1.10.1
[INFO] [stderr]    Compiling log v0.4.27
[INFO] [stderr]    Compiling writeable v0.5.5
[INFO] [stderr]    Compiling new_debug_unreachable v1.0.6
[INFO] [stderr]    Compiling icu_locid_transform_data v1.5.1
[INFO] [stderr]    Compiling futures-core v0.3.31
[INFO] [stderr]    Compiling litemap v0.7.5
[INFO] [stderr]    Compiling cc v1.2.21
[INFO] [stderr]    Compiling icu_properties_data v1.5.1
[INFO] [stderr]    Compiling phf_shared v0.11.3
[INFO] [stderr]    Compiling icu_normalizer_data v1.5.1
[INFO] [stderr]    Compiling precomputed-hash v0.1.1
[INFO] [stderr]    Compiling rand v0.8.5
[INFO] [stderr]    Compiling mac v0.1.1
[INFO] [stderr]    Compiling utf-8 v0.7.6
[INFO] [stderr]    Compiling write16 v1.0.0
[INFO] [stderr]    Compiling utf16_iter v1.0.5
[INFO] [stderr]    Compiling memchr v2.7.4
[INFO] [stderr]    Compiling futf v0.1.5
[INFO] [stderr]    Compiling bitflags v2.9.0
[INFO] [stderr]    Compiling tracing-core v0.1.33
[INFO] [stderr]    Compiling percent-encoding v2.3.1
[INFO] [stderr]    Compiling futures-task v0.3.31
[INFO] [stderr]    Compiling tendril v0.4.3
[INFO] [stderr]    Compiling openssl v0.10.72
[INFO] [stderr]    Compiling foreign-types-shared v0.1.1
[INFO] [stderr]    Compiling pin-utils v0.1.0
[INFO] [stderr]    Compiling hashbrown v0.15.3
[INFO] [stderr]    Compiling futures-sink v0.3.31
[INFO] [stderr]    Compiling foreign-types v0.3.2
[INFO] [stderr]    Compiling futures-util v0.3.31
[INFO] [stderr]    Compiling time-core v0.1.4
[INFO] [stderr]    Compiling native-tls v0.2.14
[INFO] [stderr]    Compiling try-lock v0.2.5
[INFO] [stderr]    Compiling powerfmt v0.2.0
[INFO] [stderr]    Compiling num-conv v0.1.0
[INFO] [stderr]    Compiling form_urlencoded v1.2.1
[INFO] [stderr]    Compiling want v0.3.1
[INFO] [stderr]    Compiling cookie v0.18.1
[INFO] [stderr]    Compiling lock_api v0.4.12
[INFO] [stderr]    Compiling slab v0.4.9
[INFO] [stderr]    Compiling phf_generator v0.11.3
[INFO] [stderr]    Compiling time-macros v0.2.22
[INFO] [stderr]    Compiling deranged v0.4.0
[INFO] [stderr]    Compiling futures-channel v0.3.31
[INFO] [stderr]    Compiling phf_codegen v0.11.3
[INFO] [stderr]    Compiling indexmap v2.9.0
[INFO] [stderr]    Compiling dtoa v1.0.10
[INFO] [stderr]    Compiling tower-service v0.3.3
[INFO] [stderr]    Compiling openssl-probe v0.1.6
[INFO] [stderr]    Compiling serde_json v1.0.140
[INFO] [stderr]    Compiling anstyle-parse v0.2.6
[INFO] [stderr]    Compiling dtoa-short v0.3.5
[INFO] [stderr]    Compiling selectors v0.26.0
[INFO] [stderr]    Compiling num-traits v0.2.19
[INFO] [stderr]    Compiling quote v1.0.40
[INFO] [stderr]    Compiling colorchoice v1.0.3
[INFO] [stderr]    Compiling anstyle v1.0.10
[INFO] [stderr]    Compiling litrs v0.4.1
[INFO] [stderr]    Compiling syn v2.0.101
[INFO] [stderr]    Compiling string_cache_codegen v0.5.4
[INFO] [stderr]    Compiling http v1.3.1
[INFO] [stderr]    Compiling tracing v0.1.41
[INFO] [stderr]    Compiling anstyle-query v1.1.2
[INFO] [stderr]    Compiling thiserror v2.0.12
[INFO] [stderr]    Compiling psl-types v2.0.11
[INFO] [stderr]    Compiling is_terminal_polyfill v1.70.1
[INFO] [stderr]    Compiling anstream v0.6.18
[INFO] [stderr]    Compiling fxhash v0.2.1
[INFO] [stderr]    Compiling aho-corasick v1.1.3
[INFO] [stderr]    Compiling sync_wrapper v1.0.2
[INFO] [stderr]    Compiling servo_arc v0.4.0
[INFO] [stderr]    Compiling clap_lex v0.7.4
[INFO] [stderr]    Compiling web_atoms v0.1.2
[INFO] [stderr]    Compiling markup5ever v0.14.1
[INFO] [stderr]    Compiling mio v1.0.3
[INFO] [stderr]    Compiling socket2 v0.5.9
[INFO] [stderr]    Compiling signal-hook-registry v1.4.5
[INFO] [stderr]    Compiling cargo-husky v1.5.0
[INFO] [stderr]    Compiling document-features v0.2.11
[INFO] [stderr]    Compiling regex-syntax v0.8.5
[INFO] [stderr]    Compiling parking_lot v0.12.3
[INFO] [stderr]    Compiling rustls-pki-types v1.11.0
[INFO] [stderr]    Compiling tower-layer v0.3.3
[INFO] [stderr]    Compiling anyhow v1.0.98
[INFO] [stderr]    Compiling getopts v0.2.21
[INFO] [stderr]    Compiling clap_builder v4.5.38
[INFO] [stderr]    Compiling openssl-sys v0.9.108
[INFO] [stderr]    Compiling http-body v1.0.1
[INFO] [stderr]    Compiling time v0.3.41
[INFO] [stderr]    Compiling http-body-util v0.1.3
[INFO] [stderr]    Compiling encoding_rs v0.8.35
[INFO] [stderr]    Compiling iana-time-zone v0.1.63
[INFO] [stderr]    Compiling rustls-pemfile v2.2.0
[INFO] [stderr]    Compiling ipnet v2.11.0
[INFO] [stderr]    Compiling utf8-width v0.1.7
[INFO] [stderr]    Compiling unicode-width v0.2.0
[INFO] [stderr]    Compiling mime v0.3.17
[INFO] [stderr]    Compiling ego-tree v0.10.0
[INFO] [stderr]    Compiling html-escape v0.2.13
[INFO] [stderr]    Compiling regex-automata v0.4.9
[INFO] [stderr]    Compiling clap v4.5.38
[INFO] [stderr]    Compiling synstructure v0.13.2
[INFO] [stderr]    Compiling regex v1.11.1
[INFO] [stderr]    Compiling serde_derive v1.0.219
[INFO] [stderr]    Compiling zerovec-derive v0.10.3
[INFO] [stderr]    Compiling displaydoc v0.2.5
[INFO] [stderr]    Compiling icu_provider_macros v1.5.0
[INFO] [stderr]    Compiling phf_macros v0.11.3
[INFO] [stderr]    Compiling tokio-macros v2.5.0
[INFO] [stderr]    Compiling openssl-macros v0.1.1
[INFO] [stderr]    Compiling match_token v0.1.0
[INFO] [stderr]    Compiling cssparser-macros v0.6.1
[INFO] [stderr]    Compiling derive_more v0.99.20
[INFO] [stderr]    Compiling thiserror-impl v2.0.12
[INFO] [stderr]    Compiling zerofrom-derive v0.1.6
[INFO] [stderr]    Compiling yoke-derive v0.7.5
[INFO] [stderr]    Compiling phf v0.11.3
[INFO] [stderr]    Compiling cssparser v0.34.0
[INFO] [stderr]    Compiling tokio v1.45.0
[INFO] [stderr]    Compiling zerofrom v0.1.6
[INFO] [stderr]    Compiling yoke v0.7.5
[INFO] [stderr]    Compiling zerovec v0.10.4
[INFO] [stderr]    Compiling tinystr v0.7.6
[INFO] [stderr]    Compiling icu_collections v1.5.0
[INFO] [stderr]    Compiling icu_locid v1.5.0
[INFO] [stderr]    Compiling icu_provider v1.5.0
[INFO] [stderr]    Compiling icu_locid_transform v1.5.0
[INFO] [stderr]    Compiling icu_properties v1.5.1
[INFO] [stderr]    Compiling tokio-util v0.7.15
[INFO] [stderr]    Compiling tokio-native-tls v0.3.1
[INFO] [stderr]    Compiling tower v0.5.2
[INFO] [stderr]    Compiling h2 v0.4.10
[INFO] [stderr]    Compiling string_cache v0.8.9
[INFO] [stderr]    Compiling serde_urlencoded v0.7.1
[INFO] [stderr]    Compiling quick-xml v0.37.5
[INFO] [stderr]    Compiling chrono v0.4.41
[INFO] [stderr]    Compiling icu_normalizer v1.5.0
[INFO] [stderr]    Compiling markup5ever v0.16.1
[INFO] [stderr]    Compiling html5ever v0.31.0
[INFO] [stderr]    Compiling html5ever v0.29.1
[INFO] [stderr]    Compiling idna_adapter v1.2.0
[INFO] [stderr]    Compiling idna v1.0.3
[INFO] [stderr]    Compiling html2text v0.14.4
[INFO] [stderr]    Compiling publicsuffix v2.3.0
[INFO] [stderr]    Compiling url v2.5.4
[INFO] [stderr]    Compiling scraper v0.23.1
[INFO] [stderr]    Compiling cookie_store v0.21.1
[INFO] [stderr]    Compiling hyper v1.6.0
[INFO] [stderr]    Compiling hyper-util v0.1.11
[INFO] [stderr]    Compiling hyper-tls v0.6.0
[INFO] [stderr]    Compiling reqwest v0.12.15
[INFO] [stderr]    Compiling yt-transcript-rs v0.1.8 (/opt/rustwide/workdir)
[INFO] [stdout] warning: struct `Transcript` is never constructed
[INFO] [stdout]   --> src/transcript_parser.rs:12:8
[INFO] [stdout]    |
[INFO] [stdout] 12 | struct Transcript {
[INFO] [stdout]    |        ^^^^^^^^^^
[INFO] [stdout]    |
[INFO] [stdout]    = note: `#[warn(dead_code)]` (part of `#[warn(unused)]`) on by default
[INFO] [stdout] 
[INFO] [stdout] 
[INFO] [stdout] warning: struct `Text` is never constructed
[INFO] [stdout]   --> src/transcript_parser.rs:18:8
[INFO] [stdout]    |
[INFO] [stdout] 18 | struct Text {
[INFO] [stdout]    |        ^^^^
[INFO] [stdout] 
[INFO] [stdout] 
[INFO] [stderr]     Finished `dev` profile [unoptimized + debuginfo] target(s) in 51.90s
[INFO] running `Command { std: "docker" "inspect" "609f7cafbed6c4f30cf31f84c49c67e013fbb305352f242a00e46b4e6463f051", kill_on_drop: false }`
[INFO] running `Command { std: "docker" "exec" "-e" "SOURCE_DIR=/opt/rustwide/workdir" "-e" "CARGO_HOME=/opt/rustwide/cargo-home" "-e" "RUSTUP_HOME=/opt/rustwide/rustup-home" "-e" "CARGO_TARGET_DIR=/opt/rustwide/target" "-e" "CARGO_INCREMENTAL=0" "-e" "RUST_BACKTRACE=full" "-e" "RUSTFLAGS=--cap-lints=warn" "-e" "RUSTDOCFLAGS=--cap-lints=warn" "-w" "/opt/rustwide/workdir" "--user" "0:0" "609f7cafbed6c4f30cf31f84c49c67e013fbb305352f242a00e46b4e6463f051" "/opt/rustwide/cargo-home/bin/cargo" "+1.99.0-beta.8" "test" "--frozen" "--no-run" "--message-format=json", kill_on_drop: false }`
[INFO] [stderr]    Compiling log v0.4.27
[INFO] [stderr]    Compiling tracing-core v0.1.33
[INFO] [stderr]    Compiling bitflags v2.9.0
[INFO] [stderr]    Compiling getrandom v0.3.2
[INFO] [stderr]    Compiling httpdate v1.0.3
[INFO] [stderr]    Compiling zerocopy v0.8.25
[INFO] [stderr]    Compiling regex-syntax v0.6.29
[INFO] [stderr]    Compiling rustix v1.0.7
[INFO] [stderr]    Compiling clap_derive v4.5.32
[INFO] [stderr]    Compiling linux-raw-sys v0.9.4
[INFO] [stderr]    Compiling overload v0.1.1
[INFO] [stderr]    Compiling sharded-slab v0.1.7
[INFO] [stderr]    Compiling assert-json-diff v2.0.2
[INFO] [stderr]    Compiling thread_local v1.1.8
[INFO] [stderr]    Compiling similar v2.7.0
[INFO] [stderr]    Compiling colored v3.0.0
[INFO] [stderr]    Compiling openssl v0.10.72
[INFO] [stderr]    Compiling markup5ever v0.16.1
[INFO] [stderr]    Compiling markup5ever v0.14.1
[INFO] [stderr]    Compiling selectors v0.26.0
[INFO] [stderr]    Compiling cookie_store v0.21.1
[INFO] [stderr]    Compiling nu-ansi-term v0.46.0
[INFO] [stderr]    Compiling rand_core v0.9.3
[INFO] [stderr]    Compiling tracing v0.1.41
[INFO] [stderr]    Compiling html5ever v0.31.0
[INFO] [stderr]    Compiling tracing-log v0.2.0
[INFO] [stderr]    Compiling dotenvy v0.15.7
[INFO] [stderr]    Compiling h2 v0.4.10
[INFO] [stderr]    Compiling html2text v0.14.4
[INFO] [stderr]    Compiling html5ever v0.29.1
[INFO] [stderr]    Compiling regex-automata v0.1.10
[INFO] [stderr]    Compiling clap v4.5.38
[INFO] [stderr]    Compiling ppv-lite86 v0.2.21
[INFO] [stderr]    Compiling scraper v0.23.1
[INFO] [stderr]    Compiling tempfile v3.19.1
[INFO] [stderr]    Compiling matchers v0.1.0
[INFO] [stderr]    Compiling tracing-subscriber v0.3.19
[INFO] [stderr]    Compiling rand_chacha v0.9.0
[INFO] [stderr]    Compiling rand v0.9.1
[INFO] [stderr]    Compiling hyper v1.6.0
[INFO] [stderr]    Compiling native-tls v0.2.14
[INFO] [stderr]    Compiling tokio-native-tls v0.3.1
[INFO] [stderr]    Compiling hyper-util v0.1.11
[INFO] [stderr]    Compiling hyper-tls v0.6.0
[INFO] [stderr]    Compiling mockito v1.7.0
[INFO] [stderr]    Compiling reqwest v0.12.15
[INFO] [stderr]    Compiling yt-transcript-rs v0.1.8 (/opt/rustwide/workdir)
[INFO] [stdout] warning: struct `Transcript` is never constructed
[INFO] [stdout]   --> src/transcript_parser.rs:12:8
[INFO] [stdout]    |
[INFO] [stdout] 12 | struct Transcript {
[INFO] [stdout]    |        ^^^^^^^^^^
[INFO] [stdout]    |
[INFO] [stdout]    = note: `#[warn(dead_code)]` (part of `#[warn(unused)]`) on by default
[INFO] [stdout] 
[INFO] [stdout] 
[INFO] [stdout] warning: struct `Text` is never constructed
[INFO] [stdout]   --> src/transcript_parser.rs:18:8
[INFO] [stdout]    |
[INFO] [stdout] 18 | struct Text {
[INFO] [stdout]    |        ^^^^
[INFO] [stdout] 
[INFO] [stdout] 
[INFO] [stderr] error: could not compile `yt-transcript-rs` (lib test)
[INFO] [stderr] 
[INFO] [stderr] Caused by:
[INFO] [stderr]   process didn't exit successfully: `/opt/rustwide/rustup-home/toolchains/1.99.0-beta.8-x86_64-unknown-linux-gnu/bin/rustc --crate-name yt_transcript_rs --edition=2021 src/lib.rs --error-format=json --json=diagnostic-rendered-ansi,artifacts,future-incompat --emit=dep-info,link -C embed-bitcode=no -C debuginfo=2 --test --cfg 'feature="default"' --check-cfg 'cfg(docsrs,test)' --check-cfg 'cfg(feature, values("ci", "default", "mock"))' -C metadata=eb04186476997d3c -C extra-filename=-d8b40ae3411bd071 --out-dir /opt/rustwide/target/debug/deps -L dependency=/opt/rustwide/target/debug/deps --extern anyhow=/opt/rustwide/target/debug/deps/libanyhow-5c5020a1011a8ef6.rlib --extern base64=/opt/rustwide/target/debug/deps/libbase64-32787b0325ea6df8.rlib --extern cargo_husky=/opt/rustwide/target/debug/deps/libcargo_husky-c75831721ba31698.rlib --extern chrono=/opt/rustwide/target/debug/deps/libchrono-4cfd3715441e5d08.rlib --extern clap=/opt/rustwide/target/debug/deps/libclap-8dea425435efd512.rlib --extern dotenvy=/opt/rustwide/target/debug/deps/libdotenvy-6d8015f91495fe74.rlib --extern html_escape=/opt/rustwide/target/debug/deps/libhtml_escape-5c3d265d41ef62d0.rlib --extern html2text=/opt/rustwide/target/debug/deps/libhtml2text-24df201c902718a6.rlib --extern mockito=/opt/rustwide/target/debug/deps/libmockito-5b0b5ebe02c5391d.rlib --extern quick_xml=/opt/rustwide/target/debug/deps/libquick_xml-2b489b965907fb63.rlib --extern regex=/opt/rustwide/target/debug/deps/libregex-6c01582c2a55ef83.rlib --extern reqwest=/opt/rustwide/target/debug/deps/libreqwest-18126ed2049bd3b4.rlib --extern scraper=/opt/rustwide/target/debug/deps/libscraper-e3d96ae4c7b0d951.rlib --extern serde=/opt/rustwide/target/debug/deps/libserde-d4985f00a5e5a353.rlib --extern serde_json=/opt/rustwide/target/debug/deps/libserde_json-99c82fd6eaa188ef.rlib --extern tempfile=/opt/rustwide/target/debug/deps/libtempfile-1421ab4a9aae25b3.rlib --extern thiserror=/opt/rustwide/target/debug/deps/libthiserror-4bcd13ceacafcd6e.rlib --extern tokio=/opt/rustwide/target/debug/deps/libtokio-2ad40df9b6f63d59.rlib --extern tracing_subscriber=/opt/rustwide/target/debug/deps/libtracing_subscriber-a41a49afbf1db48d.rlib --extern url=/opt/rustwide/target/debug/deps/liburl-ad4be1c063201ff1.rlib --cap-lints=warn` (signal: 9, SIGKILL: kill)
[INFO] [stderr] warning: build failed, waiting for other jobs to finish...
[INFO] [stdout] error: linking with `cc` failed: exit status: 1
[INFO] [stdout]   |
[INFO] [stdout]   = note:  "cc" "-m64" "/opt/rustwide/target/debug/examples/rustcgPlE15/symbols.o" "<5 object files omitted>" "-Wl,--as-needed" "-Wl,-Bstatic" "/opt/rustwide/target/debug/deps/{libyt_transcript_rs-48edc462c2afb110,libscraper-e3d96ae4c7b0d951,libego_tree-7a9e77d3f01fba8d,libselectors-081d95b89eea32b3,libfxhash-280ac890dc5dd30e,libbyteorder-8f59b6d1bfdaa844,libservo_arc-a22edf74c97e7f9a,libcssparser-9ee638175b724102,libdtoa_short-f86c769c4696ac56,libdtoa-3ccbc6d68634781a,libhtml5ever-5f370e5fd53da0d5,libmarkup5ever-01339f8f8e3f4b8e,libstring_cache-f99b9682c9fd711e,libprecomputed_hash-b8aaee179f87ad21,libphf-586a5e3a5168853c,libphf_shared-fb5536ebcaabcc1e,libsiphasher-03bcd832dc490f0a,libtendril-486600bfb93d60f1,libutf8-f4341c3c7568480d,libfutf-aa6475a3f02abc9b,libdebug_unreachable-2bce5da2715432ba,libmac-fd2d43da8dd761a5,libquick_xml-2b489b965907fb63,libhtml_escape-5c3d265d41ef62d0,libutf8_width-3ffa4db567cb99fb,libregex-6c01582c2a55ef83,libregex_automata-364a2725dc1d6a56,libaho_corasick-c633c294b3f5f5b4,libregex_syntax-cf9ef9729ec61e4c,libthiserror-4bcd13ceacafcd6e,libreqwest-18126ed2049bd3b4,librustls_pemfile-6ed9ce0160316b93,librustls_pki_types-7013f2d5aa634e0b,libserde_urlencoded-17dc9760b5059ccd,libcookie_store-4c8b046c73c432a8,libpublicsuffix-ce8e30ff235f181f,libpsl_types-be5f8942940e3a9c,libcookie-09f1ac0b286afc56,libtime-620311eacf68bda7,libtime_core-ebad1aa9d4f81543,libnum_conv-d3297905cfb69f59,libderanged-d7d77992636cfc06,libpowerfmt-f6019a2766e431f7,libbase64-32787b0325ea6df8,libipnet-a38805d99c19843f,libhyper_tls-319c3fbdd063f447,libtokio_native_tls-e279dd9dfa6196c6,libmime-0188e0814ca7ddbf,libencoding_rs-55bc2f0c3e70aa1b,libserde_json-99c82fd6eaa188ef,libmemchr-08f38e9718637002,libryu-a7164637bc4900ee,libserde-d4985f00a5e5a353,libtower-9c55f5435ed6577c,libsync_wrapper-a254cb6192850e87,libtower_layer-d908dd771b239ecd,libnative_tls-5443ee7425ff7625,libopenssl_probe-2c6d21a9709cae46,libopenssl-5034c538d44a5bed,libbitflags-1ec459e74ae68f4e,libforeign_types-4fe1886d5d9265b9,libforeign_types_shared-47b443a4583fd949,libopenssl_sys-fdf481323329f256,libhyper_util-f4a2e91be63614af,libtower_service-3fb88d28c2218805,libhyper-b1922ef470d85b0c,libwant-7a6260b9c50f1479,libtry_lock-8fa2f6971035be84,libhttparse-8c9b827b8f345444,libh2-690261db3524a698,libtracing-7755b2e8e969347f,libtracing_core-fc740c2d164c51ea,libonce_cell-e9252a7b5119f3eb,libindexmap-44c99edc07836dd0,libequivalent-6a754676e6af62ae,libhashbrown-92fc59f706273dbb,libslab-3788524c377108ad,libatomic_waker-06950c8c08d2b8fa,libtokio_util-8916761495c1601d,libfutures_sink-ae1eb2d060de53a2,libhttpdate-331798cefc82cc7e,libfutures_channel-0897301d97903da3,libfutures_util-6588f3c11f416f98,libfutures_task-f13500651ee1eef1,libpin_utils-3860774ad9b215b5,libtokio-2ad40df9b6f63d59,libsignal_hook_registry-9f58287b993b8142,libsocket2-8d5dc24c94e1011f,libmio-5e917abddd2c0b4e,libparking_lot-325d4fad75d4a591,libparking_lot_core-11304153129d1112,liblibc-e97dc10e4d08f66c,libcfg_if-3e7fc4e38d4a72b5,liblock_api-172be1fcd34e42db,libscopeguard-7ec2214574194454,libhttp_body_util-3e17c470bd7f7a50,libpin_project_lite-72bf04572caa1c84,libfutures_core-3b920243fce8fec0,libhttp_body-105ee97081f5a2ad,liblog-d6f7bb1298e9acd0,liburl-ad4be1c063201ff1,libidna-8199e5e9490d9a26,libidna_adapter-69f8e6889c131852,libicu_normalizer-7ae62e1c3dfa8fe6,libicu_normalizer_data-c33c55b3cec027b2,libwrite16-e996c39ad8ba5f0b,libutf8_iter-51566bbad89f3a68,libutf16_iter-7ca3c212f3ee1c68,libsmallvec-a1468abc3d2c62db,libicu_properties-5071bacc82437fb5,libicu_properties_data-2474cd73d9d0fc17,libicu_locid_transform-d9bb60c522375710,libicu_locid_transform_data-d08f8e04e6076fc3,libicu_collections-fbbdb5aaf45373f0,libicu_provider-2f7ab7a87eec56ad,libicu_locid-3b8f4a7f22d6e9aa,liblitemap-79485f3bd9d9879d,libtinystr-0f243647918b07af,libzerovec-f4a105f4093791c5,libwriteable-1e5dea0053e4c229,libyoke-339da493493e264a,libzerofrom-0db5ebf64bc9fecb,libstable_deref_trait-a9f42b1d2f15127d,libform_urlencoded-48069ad4ff13b53d,libpercent_encoding-af9df9186596bd92,libhttp-2d03230cfda7aff1,libitoa-ef40fa516293a9d3,libbytes-82ad4f0211bdc963,libfnv-79e2cbfbe03dcd16,libanyhow-5c5020a1011a8ef6}.rlib" "<sysroot>/lib/rustlib/x86_64-unknown-linux-gnu/lib/{libstd-*,libpanic_unwind-*,libobject-*,libmemchr-*,libaddr2line-*,libgimli-*,libcfg_if-*,librustc_demangle-*,libstd_detect-*,libhashbrown-*,librustc_std_workspace_alloc-*,libminiz_oxide-*,libadler2-*,libunwind-*,liblibc-*,librustc_std_workspace_core-*,liballoc-*,libcore-*,libcompiler_builtins-*}.rlib" "-Wl,-Bdynamic" "-lssl" "-lcrypto" "-lgcc_s" "-lutil" "-lrt" "-lpthread" "-lm" "-ldl" "-lc" "-L" "/opt/rustwide/target/debug/examples/rustcgPlE15/raw-dylibs" "-B<sysroot>/lib/rustlib/x86_64-unknown-linux-gnu/bin/gcc-ld" "-fuse-ld=lld" "-Wl,--eh-frame-hdr" "-Wl,-z,noexecstack" "-L" "<sysroot>/lib/rustlib/x86_64-unknown-linux-gnu/lib" "-o" "/opt/rustwide/target/debug/examples/youtube_transcript_basic-4ad2c8ec55346a25" "-Wl,--gc-sections" "-pie" "-Wl,-z,relro,-z,now" "-nodefaultlibs"
[INFO] [stdout]   = note: some arguments are omitted. use `--verbose` to show all linker arguments
[INFO] [stdout]   = note: collect2: fatal error: ld terminated with signal 9 [Killed]
[INFO] [stdout]           compilation terminated.
[INFO] [stdout]           
[INFO] [stdout] 
[INFO] [stdout] 
[INFO] [stderr] error: could not compile `yt-transcript-rs` (example "youtube_transcript_basic") due to 1 previous error
[INFO] [stdout] error: linking with `cc` failed: exit status: 1
[INFO] [stdout]   |
[INFO] [stdout]   = note:  "cc" "-m64" "/opt/rustwide/target/debug/examples/rustc70Iquq/symbols.o" "<5 object files omitted>" "-Wl,--as-needed" "-Wl,-Bstatic" "/opt/rustwide/target/debug/deps/{libyt_transcript_rs-48edc462c2afb110,libscraper-e3d96ae4c7b0d951,libego_tree-7a9e77d3f01fba8d,libselectors-081d95b89eea32b3,libfxhash-280ac890dc5dd30e,libbyteorder-8f59b6d1bfdaa844,libservo_arc-a22edf74c97e7f9a,libcssparser-9ee638175b724102,libdtoa_short-f86c769c4696ac56,libdtoa-3ccbc6d68634781a,libhtml5ever-5f370e5fd53da0d5,libmarkup5ever-01339f8f8e3f4b8e,libstring_cache-f99b9682c9fd711e,libprecomputed_hash-b8aaee179f87ad21,libphf-586a5e3a5168853c,libphf_shared-fb5536ebcaabcc1e,libsiphasher-03bcd832dc490f0a,libtendril-486600bfb93d60f1,libutf8-f4341c3c7568480d,libfutf-aa6475a3f02abc9b,libdebug_unreachable-2bce5da2715432ba,libmac-fd2d43da8dd761a5,libquick_xml-2b489b965907fb63,libhtml_escape-5c3d265d41ef62d0,libutf8_width-3ffa4db567cb99fb,libregex-6c01582c2a55ef83,libregex_automata-364a2725dc1d6a56,libaho_corasick-c633c294b3f5f5b4,libregex_syntax-cf9ef9729ec61e4c,libthiserror-4bcd13ceacafcd6e,libreqwest-18126ed2049bd3b4,librustls_pemfile-6ed9ce0160316b93,librustls_pki_types-7013f2d5aa634e0b,libserde_urlencoded-17dc9760b5059ccd,libcookie_store-4c8b046c73c432a8,libpublicsuffix-ce8e30ff235f181f,libpsl_types-be5f8942940e3a9c,libcookie-09f1ac0b286afc56,libtime-620311eacf68bda7,libtime_core-ebad1aa9d4f81543,libnum_conv-d3297905cfb69f59,libderanged-d7d77992636cfc06,libpowerfmt-f6019a2766e431f7,libbase64-32787b0325ea6df8,libipnet-a38805d99c19843f,libhyper_tls-319c3fbdd063f447,libtokio_native_tls-e279dd9dfa6196c6,libmime-0188e0814ca7ddbf,libencoding_rs-55bc2f0c3e70aa1b,libserde_json-99c82fd6eaa188ef,libmemchr-08f38e9718637002,libryu-a7164637bc4900ee,libserde-d4985f00a5e5a353,libtower-9c55f5435ed6577c,libsync_wrapper-a254cb6192850e87,libtower_layer-d908dd771b239ecd,libnative_tls-5443ee7425ff7625,libopenssl_probe-2c6d21a9709cae46,libopenssl-5034c538d44a5bed,libbitflags-1ec459e74ae68f4e,libforeign_types-4fe1886d5d9265b9,libforeign_types_shared-47b443a4583fd949,libopenssl_sys-fdf481323329f256,libhyper_util-f4a2e91be63614af,libtower_service-3fb88d28c2218805,libhyper-b1922ef470d85b0c,libwant-7a6260b9c50f1479,libtry_lock-8fa2f6971035be84,libhttparse-8c9b827b8f345444,libh2-690261db3524a698,libtracing-7755b2e8e969347f,libtracing_core-fc740c2d164c51ea,libonce_cell-e9252a7b5119f3eb,libindexmap-44c99edc07836dd0,libequivalent-6a754676e6af62ae,libhashbrown-92fc59f706273dbb,libslab-3788524c377108ad,libatomic_waker-06950c8c08d2b8fa,libtokio_util-8916761495c1601d,libfutures_sink-ae1eb2d060de53a2,libhttpdate-331798cefc82cc7e,libfutures_channel-0897301d97903da3,libfutures_util-6588f3c11f416f98,libfutures_task-f13500651ee1eef1,libpin_utils-3860774ad9b215b5,libtokio-2ad40df9b6f63d59,libsignal_hook_registry-9f58287b993b8142,libsocket2-8d5dc24c94e1011f,libmio-5e917abddd2c0b4e,libparking_lot-325d4fad75d4a591,libparking_lot_core-11304153129d1112,liblibc-e97dc10e4d08f66c,libcfg_if-3e7fc4e38d4a72b5,liblock_api-172be1fcd34e42db,libscopeguard-7ec2214574194454,libhttp_body_util-3e17c470bd7f7a50,libpin_project_lite-72bf04572caa1c84,libfutures_core-3b920243fce8fec0,libhttp_body-105ee97081f5a2ad,liblog-d6f7bb1298e9acd0,liburl-ad4be1c063201ff1,libidna-8199e5e9490d9a26,libidna_adapter-69f8e6889c131852,libicu_normalizer-7ae62e1c3dfa8fe6,libicu_normalizer_data-c33c55b3cec027b2,libwrite16-e996c39ad8ba5f0b,libutf8_iter-51566bbad89f3a68,libutf16_iter-7ca3c212f3ee1c68,libsmallvec-a1468abc3d2c62db,libicu_properties-5071bacc82437fb5,libicu_properties_data-2474cd73d9d0fc17,libicu_locid_transform-d9bb60c522375710,libicu_locid_transform_data-d08f8e04e6076fc3,libicu_collections-fbbdb5aaf45373f0,libicu_provider-2f7ab7a87eec56ad,libicu_locid-3b8f4a7f22d6e9aa,liblitemap-79485f3bd9d9879d,libtinystr-0f243647918b07af,libzerovec-f4a105f4093791c5,libwriteable-1e5dea0053e4c229,libyoke-339da493493e264a,libzerofrom-0db5ebf64bc9fecb,libstable_deref_trait-a9f42b1d2f15127d,libform_urlencoded-48069ad4ff13b53d,libpercent_encoding-af9df9186596bd92,libhttp-2d03230cfda7aff1,libitoa-ef40fa516293a9d3,libbytes-82ad4f0211bdc963,libfnv-79e2cbfbe03dcd16,libanyhow-5c5020a1011a8ef6}.rlib" "<sysroot>/lib/rustlib/x86_64-unknown-linux-gnu/lib/{libstd-*,libpanic_unwind-*,libobject-*,libmemchr-*,libaddr2line-*,libgimli-*,libcfg_if-*,librustc_demangle-*,libstd_detect-*,libhashbrown-*,librustc_std_workspace_alloc-*,libminiz_oxide-*,libadler2-*,libunwind-*,liblibc-*,librustc_std_workspace_core-*,liballoc-*,libcore-*,libcompiler_builtins-*}.rlib" "-Wl,-Bdynamic" "-lssl" "-lcrypto" "-lgcc_s" "-lutil" "-lrt" "-lpthread" "-lm" "-ldl" "-lc" "-L" "/opt/rustwide/target/debug/examples/rustc70Iquq/raw-dylibs" "-B<sysroot>/lib/rustlib/x86_64-unknown-linux-gnu/bin/gcc-ld" "-fuse-ld=lld" "-Wl,--eh-frame-hdr" "-Wl,-z,noexecstack" "-L" "<sysroot>/lib/rustlib/x86_64-unknown-linux-gnu/lib" "-o" "/opt/rustwide/target/debug/examples/youtube_transcript_translation-33dd7c0485b1ec51" "-Wl,--gc-sections" "-pie" "-Wl,-z,relro,-z,now" "-nodefaultlibs"
[INFO] [stdout]   = note: some arguments are omitted. use `--verbose` to show all linker arguments
[INFO] [stdout]   = note: collect2: fatal error: ld terminated with signal 9 [Killed]
[INFO] [stdout]           compilation terminated.
[INFO] [stdout]           
[INFO] [stdout] 
[INFO] [stdout] 
[INFO] [stdout] error: linking with `cc` failed: exit status: 1
[INFO] [stdout]   |
[INFO] [stdout]   = note:  "cc" "-m64" "/opt/rustwide/target/debug/examples/rustcq8LYEx/symbols.o" "<5 object files omitted>" "-Wl,--as-needed" "-Wl,-Bstatic" "/opt/rustwide/target/debug/deps/{libyt_transcript_rs-48edc462c2afb110,libscraper-e3d96ae4c7b0d951,libego_tree-7a9e77d3f01fba8d,libselectors-081d95b89eea32b3,libfxhash-280ac890dc5dd30e,libbyteorder-8f59b6d1bfdaa844,libservo_arc-a22edf74c97e7f9a,libcssparser-9ee638175b724102,libdtoa_short-f86c769c4696ac56,libdtoa-3ccbc6d68634781a,libhtml5ever-5f370e5fd53da0d5,libmarkup5ever-01339f8f8e3f4b8e,libstring_cache-f99b9682c9fd711e,libprecomputed_hash-b8aaee179f87ad21,libphf-586a5e3a5168853c,libphf_shared-fb5536ebcaabcc1e,libsiphasher-03bcd832dc490f0a,libtendril-486600bfb93d60f1,libutf8-f4341c3c7568480d,libfutf-aa6475a3f02abc9b,libdebug_unreachable-2bce5da2715432ba,libmac-fd2d43da8dd761a5,libquick_xml-2b489b965907fb63,libhtml_escape-5c3d265d41ef62d0,libutf8_width-3ffa4db567cb99fb,libregex-6c01582c2a55ef83,libregex_automata-364a2725dc1d6a56,libaho_corasick-c633c294b3f5f5b4,libregex_syntax-cf9ef9729ec61e4c,libthiserror-4bcd13ceacafcd6e,libreqwest-18126ed2049bd3b4,librustls_pemfile-6ed9ce0160316b93,librustls_pki_types-7013f2d5aa634e0b,libserde_urlencoded-17dc9760b5059ccd,libcookie_store-4c8b046c73c432a8,libpublicsuffix-ce8e30ff235f181f,libpsl_types-be5f8942940e3a9c,libcookie-09f1ac0b286afc56,libtime-620311eacf68bda7,libtime_core-ebad1aa9d4f81543,libnum_conv-d3297905cfb69f59,libderanged-d7d77992636cfc06,libpowerfmt-f6019a2766e431f7,libbase64-32787b0325ea6df8,libipnet-a38805d99c19843f,libhyper_tls-319c3fbdd063f447,libtokio_native_tls-e279dd9dfa6196c6,libmime-0188e0814ca7ddbf,libencoding_rs-55bc2f0c3e70aa1b,libserde_json-99c82fd6eaa188ef,libmemchr-08f38e9718637002,libryu-a7164637bc4900ee,libserde-d4985f00a5e5a353,libtower-9c55f5435ed6577c,libsync_wrapper-a254cb6192850e87,libtower_layer-d908dd771b239ecd,libnative_tls-5443ee7425ff7625,libopenssl_probe-2c6d21a9709cae46,libopenssl-5034c538d44a5bed,libbitflags-1ec459e74ae68f4e,libforeign_types-4fe1886d5d9265b9,libforeign_types_shared-47b443a4583fd949,libopenssl_sys-fdf481323329f256,libhyper_util-f4a2e91be63614af,libtower_service-3fb88d28c2218805,libhyper-b1922ef470d85b0c,libwant-7a6260b9c50f1479,libtry_lock-8fa2f6971035be84,libhttparse-8c9b827b8f345444,libh2-690261db3524a698,libtracing-7755b2e8e969347f,libtracing_core-fc740c2d164c51ea,libonce_cell-e9252a7b5119f3eb,libindexmap-44c99edc07836dd0,libequivalent-6a754676e6af62ae,libhashbrown-92fc59f706273dbb,libslab-3788524c377108ad,libatomic_waker-06950c8c08d2b8fa,libtokio_util-8916761495c1601d,libfutures_sink-ae1eb2d060de53a2,libhttpdate-331798cefc82cc7e,libfutures_channel-0897301d97903da3,libfutures_util-6588f3c11f416f98,libfutures_task-f13500651ee1eef1,libpin_utils-3860774ad9b215b5,libtokio-2ad40df9b6f63d59,libsignal_hook_registry-9f58287b993b8142,libsocket2-8d5dc24c94e1011f,libmio-5e917abddd2c0b4e,libparking_lot-325d4fad75d4a591,libparking_lot_core-11304153129d1112,liblibc-e97dc10e4d08f66c,libcfg_if-3e7fc4e38d4a72b5,liblock_api-172be1fcd34e42db,libscopeguard-7ec2214574194454,libhttp_body_util-3e17c470bd7f7a50,libpin_project_lite-72bf04572caa1c84,libfutures_core-3b920243fce8fec0,libhttp_body-105ee97081f5a2ad,liblog-d6f7bb1298e9acd0,liburl-ad4be1c063201ff1,libidna-8199e5e9490d9a26,libidna_adapter-69f8e6889c131852,libicu_normalizer-7ae62e1c3dfa8fe6,libicu_normalizer_data-c33c55b3cec027b2,libwrite16-e996c39ad8ba5f0b,libutf8_iter-51566bbad89f3a68,libutf16_iter-7ca3c212f3ee1c68,libsmallvec-a1468abc3d2c62db,libicu_properties-5071bacc82437fb5,libicu_properties_data-2474cd73d9d0fc17,libicu_locid_transform-d9bb60c522375710,libicu_locid_transform_data-d08f8e04e6076fc3,libicu_collections-fbbdb5aaf45373f0,libicu_provider-2f7ab7a87eec56ad,libicu_locid-3b8f4a7f22d6e9aa,liblitemap-79485f3bd9d9879d,libtinystr-0f243647918b07af,libzerovec-f4a105f4093791c5,libwriteable-1e5dea0053e4c229,libyoke-339da493493e264a,libzerofrom-0db5ebf64bc9fecb,libstable_deref_trait-a9f42b1d2f15127d,libform_urlencoded-48069ad4ff13b53d,libpercent_encoding-af9df9186596bd92,libhttp-2d03230cfda7aff1,libitoa-ef40fa516293a9d3,libbytes-82ad4f0211bdc963,libfnv-79e2cbfbe03dcd16,libanyhow-5c5020a1011a8ef6}.rlib" "<sysroot>/lib/rustlib/x86_64-unknown-linux-gnu/lib/{libstd-*,libpanic_unwind-*,libobject-*,libmemchr-*,libaddr2line-*,libgimli-*,libcfg_if-*,librustc_demangle-*,libstd_detect-*,libhashbrown-*,librustc_std_workspace_alloc-*,libminiz_oxide-*,libadler2-*,libunwind-*,liblibc-*,librustc_std_workspace_core-*,liballoc-*,libcore-*,libcompiler_builtins-*}.rlib" "-Wl,-Bdynamic" "-lssl" "-lcrypto" "-lgcc_s" "-lutil" "-lrt" "-lpthread" "-lm" "-ldl" "-lc" "-L" "/opt/rustwide/target/debug/examples/rustcq8LYEx/raw-dylibs" "-B<sysroot>/lib/rustlib/x86_64-unknown-linux-gnu/bin/gcc-ld" "-fuse-ld=lld" "-Wl,--eh-frame-hdr" "-Wl,-z,noexecstack" "-L" "<sysroot>/lib/rustlib/x86_64-unknown-linux-gnu/lib" "-o" "/opt/rustwide/target/debug/examples/youtube_transcript_cookie_consent-870fce87f901f3c8" "-Wl,--gc-sections" "-pie" "-Wl,-z,relro,-z,now" "-nodefaultlibs"
[INFO] [stdout]   = note: some arguments are omitted. use `--verbose` to show all linker arguments
[INFO] [stdout]   = note: collect2: fatal error: ld terminated with signal 9 [Killed]
[INFO] [stdout]           compilation terminated.
[INFO] [stdout]           
[INFO] [stdout] 
[INFO] [stdout] 
[INFO] [stderr] error: could not compile `yt-transcript-rs` (example "youtube_transcript_translation") due to 1 previous error
[INFO] [stderr] error: could not compile `yt-transcript-rs` (example "youtube_transcript_cookie_consent") due to 1 previous error
[INFO] running `Command { std: "docker" "inspect" "609f7cafbed6c4f30cf31f84c49c67e013fbb305352f242a00e46b4e6463f051", kill_on_drop: false }`
[INFO] running `Command { std: "docker" "rm" "-f" "609f7cafbed6c4f30cf31f84c49c67e013fbb305352f242a00e46b4e6463f051", kill_on_drop: false }`
[INFO] [stdout] 609f7cafbed6c4f30cf31f84c49c67e013fbb305352f242a00e46b4e6463f051
